105.164.128.112 - - [31/Aug/2026:12:08:21 -0500] "GET /list/goods/rx240oqdxo3t_4779.shtml HTTP/1.1" 404 5951 "-" "Mozilla/5.0 (Macintosh; Intel Mac OS X 11_5_0) AppleWebKit/537.36 (KHTML, like Gecko) Chrome/132.0.6834.110 Safari/537.36"
66.249.68.36 - - [31/Aug/2026:12:08:33 -0500] "GET /?jp/058021074.html HTTP/1.1" 301 5175 "-" "Mozilla/5.0 (Linux; Android 6.0.1; Nexus 5X Build/MMB29P) AppleWebKit/537.36 (KHTML, like Gecko) Chrome/151.0.7922.173 Mobile Safari/537.36 (compatible; Googlebot/2.1; +http://www.google.com/bot.html)"
66.249.68.37 - - [31/Aug/2026:12:08:40 -0500] "GET /list/goods/nrxvx61urk3ivp19k_42210.shtml HTTP/1.1" 404 5951 "-" "Mozilla/5.0 (Linux; Android 6.0.1; Nexus 5X Build/MMB29P) AppleWebKit/537.36 (KHTML, like Gecko) Chrome/151.0.7922.173 Mobile Safari/537.36 (compatible; Googlebot/2.1; +http://www.google.com/bot.html)"
66.249.68.201 - - [31/Aug/2026:12:08:47 -0500] "GET /?jp%2F058021074_html HTTP/1.1" 200 153839 "-" "Mozilla/5.0 (Linux; Android 6.0.1; Nexus 5X Build/MMB29P) AppleWebKit/537.36 (KHTML, like Gecko) Chrome/151.0.7922.173 Mobile Safari/537.36 (compatible; Googlebot/2.1; +http://www.google.com/bot.html)"
66.249.68.36 - - [31/Aug/2026:12:08:52 -0500] "GET /?goods/159001417 HTTP/1.1" 301 5173 "-" "Mozilla/5.0 (Linux; Android 6.0.1; Nexus 5X Build/MMB29P) AppleWebKit/537.36 (KHTML, like Gecko) Chrome/151.0.7922.173 Mobile Safari/537.36 (compatible; Googlebot/2.1; +http://www.google.com/bot.html)"
200.71.121.250 - - [31/Aug/2026:12:08:58 -0500] "GET /list/goods/sgomg44tohcoo7d_34915.shtml HTTP/1.1" 404 5951 "-" "Mozilla/5.0 (Macintosh; Intel Mac OS X 14_5_1) AppleWebKit/537.36 (KHTML, like Gecko) Chrome/130.0.6723.191 Safari/537.36"
66.249.68.201 - - [31/Aug/2026:12:08:57 -0500] "GET /?goods%2F159001417 HTTP/1.1" 200 153839 "-" "Mozilla/5.0 (Linux; Android 6.0.1; Nexus 5X Build/MMB29P) AppleWebKit/537.36 (KHTML, like Gecko) Chrome/151.0.7922.173 Mobile Safari/537.36 (compatible; Googlebot/2.1; +http://www.google.com/bot.html)"
119.160.168.133 - - [31/Aug/2026:12:09:00 -0500] "GET /items/V196014718 HTTP/1.1" 404 5719 "https://motionave.com/sitemap916.xml" "Mozilla/5.0 (Linux; Android 14; M2102J24) AppleWebKit/537.36 (KHTML, like Gecko) Chrome/145.0.5685.24 Mobile Safari/537.36 MicroMessenger/8.0.46(0x18001B3F) NetType/WIFI Language/zh_CN"
46.150.15.13 - - [31/Aug/2026:12:09:37 -0500] "GET /list/goods/sk96mk9yvb_18211.shtml HTTP/1.1" 404 5951 "-" "Mozilla/5.0 (Macintosh; Intel Mac OS X 13_6_0) AppleWebKit/537.36 (KHTML, like Gecko) Chrome/128.0.6613.36 Safari/537.36"
3.234.252.56 - - [31/Aug/2026:12:09:54 -0500] "GET /wp-content/plugins/leaflet-maps-marker/inc/img/icon-fullscreen.png HTTP/1.1" 404 5982 "-" "Mozilla/5.0 (Windows NT 10.0; Win64; x64) AppleWebKit/537.36 (KHTML, like Gecko) Chrome/120.0.0.0 Safari/537.36"
3.234.252.56 - - [31/Aug/2026:12:09:59 -0500] "GET /wp-content/plugins/leaflet-maps-marker/inc/img/icon-kml.png HTTP/1.1" 404 5982 "-" "Mozilla/5.0 (Windows NT 10.0; Win64; x64) AppleWebKit/537.36 (KHTML, like Gecko) Chrome/120.0.0.0 Safari/537.36"
136.65.84.161 - - [31/Aug/2026:12:10:01 -0500] "GET /robots.txt HTTP/1.1" 404 5926 "-" "Mozilla/5.0 (compatible; Reflectionbot/1.0; +https://reflection.ai/bot)"
136.65.84.161 - - [31/Aug/2026:12:10:01 -0500] "GET /items/O095026765 HTTP/1.1" 404 1301 "-" "Mozilla/5.0 (compatible; Reflectionbot/1.0; +https://reflection.ai/bot)"
43.166.128.86 - - [31/Aug/2026:12:10:04 -0500] "GET / HTTP/1.1" 200 153607 "-" "Mozilla/5.0 (iPhone; CPU iPhone OS 13_2_3 like Mac OS X) AppleWebKit/605.1.15 (KHTML, like Gecko) Version/13.0.3 Mobile/15E148 Safari/604.1"
3.234.252.56 - - [31/Aug/2026:12:10:14 -0500] "GET /wp-content/uploads/2019/05/MOTION_-BLOG-POST-may-2-855x425.jpg HTTP/1.1" 404 5982 "-" "Mozilla/5.0 (Windows NT 10.0; Win64; x64) AppleWebKit/537.36 (KHTML, like Gecko) Chrome/120.0.0.0 Safari/537.36"
200.75.181.151 - - [31/Aug/2026:12:10:18 -0500] "GET /list/goods/snaac3tltrxx165_41518.shtml HTTP/1.1" 404 5951 "-" "Mozilla/5.0 (Macintosh; Intel Mac OS X 10_15_7) AppleWebKit/537.36 (KHTML, like Gecko) Chrome/131.0.6778.204 Safari/537.36"
154.85.52.67 - - [31/Aug/2026:12:10:19 -0500] "GET /wp-content/uploads/2019/01/image20-300x285.png HTTP/1.1" 404 5945 "-" "Mozilla/5.0 (X11; Ubuntu; Linux x86_64; rv:72.0) Gecko/20100101 Firefox/72.0"
154.85.58.64 - - [31/Aug/2026:12:10:25 -0500] "GET /wp-content/uploads/2019/01/image20-300x285.png HTTP/1.1" 404 5945 "-" "Mozilla/5.0 (X11; Ubuntu; Linux x86_64; rv:72.0) Gecko/20100101 Firefox/72.0"
3.234.252.56 - - [31/Aug/2026:12:10:27 -0500] "GET /wp-content/uploads/2019/05/photo5071517054523255027-855x425.jpg HTTP/1.1" 404 5982 "-" "Mozilla/5.0 (Windows NT 10.0; Win64; x64) AppleWebKit/537.36 (KHTML, like Gecko) Chrome/120.0.0.0 Safari/537.36"
66.249.68.37 - - [31/Aug/2026:12:10:37 -0500] "GET /?jp/210021585.html HTTP/1.1" 301 5175 "-" "Mozilla/5.0 (Linux; Android 6.0.1; Nexus 5X Build/MMB29P) AppleWebKit/537.36 (KHTML, like Gecko) Chrome/151.0.7922.173 Mobile Safari/537.36 (compatible; Googlebot/2.1; +http://www.google.com/bot.html)"
3.234.252.56 - - [31/Aug/2026:12:10:37 -0500] "GET /wp-content/uploads/2019/06/photo4909050871350929456-855x425.jpg HTTP/1.1" 404 5982 "-" "Mozilla/5.0 (Windows NT 10.0; Win64; x64) AppleWebKit/537.36 (KHTML, like Gecko) Chrome/120.0.0.0 Safari/537.36"
66.249.68.201 - - [31/Aug/2026:12:10:43 -0500] "GET /?jp%2F210021585_html HTTP/1.1" 200 153839 "-" "Mozilla/5.0 (Linux; Android 6.0.1; Nexus 5X Build/MMB29P) AppleWebKit/537.36 (KHTML, like Gecko) Chrome/151.0.7922.173 Mobile Safari/537.36 (compatible; Googlebot/2.1; +http://www.google.com/bot.html)"
20.104.18.15 - - [31/Aug/2026:12:10:46 -0500] "GET /wp-content/plugins/hellopress/wp_filemanager.php HTTP/1.1" 404 5895 "-" "-"
20.104.18.15 - - [31/Aug/2026:12:10:47 -0500] "GET /this_is_a_new_hello_world.php HTTP/1.1" 404 317 "-" "-"
3.234.252.56 - - [31/Aug/2026:12:10:47 -0500] "GET /wp-content/uploads/2019/05/photo5116401721919252508-855x425.jpg HTTP/1.1" 404 5982 "-" "Mozilla/5.0 (Windows NT 10.0; Win64; x64) AppleWebKit/537.36 (KHTML, like Gecko) Chrome/120.0.0.0 Safari/537.36"
3.234.252.56 - - [31/Aug/2026:12:10:50 -0500] "GET /wp-content/uploads/2019/05/MOTION_-BLOG-POST-may-2-855x425.jpg HTTP/1.1" 404 5982 "-" "Mozilla/5.0 (Windows NT 10.0; Win64; x64) AppleWebKit/537.36 (KHTML, like Gecko) Chrome/120.0.0.0 Safari/537.36"
3.234.252.56 - - [31/Aug/2026:12:10:55 -0500] "GET /wp-content/uploads/2019/06/photo4909050871350929456-855x425.jpg HTTP/1.1" 404 5982 "-" "Mozilla/5.0 (Windows NT 10.0; Win64; x64) AppleWebKit/537.36 (KHTML, like Gecko) Chrome/120.0.0.0 Safari/537.36"
3.234.252.56 - - [31/Aug/2026:12:10:55 -0500] "GET /wp-content/uploads/2019/05/photo5116401721919252508-855x425.jpg HTTP/1.1" 404 5982 "-" "Mozilla/5.0 (Windows NT 10.0; Win64; x64) AppleWebKit/537.36 (KHTML, like Gecko) Chrome/120.0.0.0 Safari/537.36"
85.154.17.177 - - [31/Aug/2026:12:10:59 -0500] "GET /list/goods/so137avyz43_16414.shtml HTTP/1.1" 404 5951 "-" "Mozilla/5.0 (Windows NT 10.0; Win64; x64) AppleWebKit/537.36 (KHTML, like Gecko) Chrome/134.0.6998.88 Safari/537.36"
3.234.252.56 - - [31/Aug/2026:12:11:00 -0500] "GET /wp-content/uploads/2019/06/photo4909050871350929456-855x425.jpg HTTP/1.1" 404 5982 "-" "Mozilla/5.0 (Windows NT 10.0; Win64; x64) AppleWebKit/537.36 (KHTML, like Gecko) Chrome/120.0.0.0 Safari/537.36"
20.104.18.15 - - [31/Aug/2026:12:11:02 -0500] "GET /adminfuns.php HTTP/1.1" 404 426 "-" "-"
20.104.18.15 - - [31/Aug/2026:12:11:02 -0500] "GET /classwithtostring.php?p= HTTP/1.1" 404 317 "-" "-"
20.104.18.15 - - [31/Aug/2026:12:11:02 -0500] "GET /3PJcpMFsD8B.php HTTP/1.1" 404 317 "-" "-"
20.104.18.15 - - [31/Aug/2026:12:11:02 -0500] "GET /4PJcpMFsD8B.php HTTP/1.1" 404 317 "-" "-"
20.104.18.15 - - [31/Aug/2026:12:11:02 -0500] "GET /wsd.php HTTP/1.1" 404 317 "-" "-"
20.104.18.15 - - [31/Aug/2026:12:11:02 -0500] "GET /bulet.php HTTP/1.1" 404 317 "-" "-"
20.104.18.15 - - [31/Aug/2026:12:11:02 -0500] "GET /av.php HTTP/1.1" 404 317 "-" "-"
20.104.18.15 - - [31/Aug/2026:12:11:02 -0500] "GET /images.php HTTP/1.1" 404 317 "-" "-"
20.104.18.15 - - [31/Aug/2026:12:11:02 -0500] "GET /ops.php HTTP/1.1" 404 317 "-" "-"
20.104.18.15 - - [31/Aug/2026:12:11:03 -0500] "GET /BDKR28WP.php HTTP/1.1" 404 317 "-" "-"
20.104.18.15 - - [31/Aug/2026:12:11:03 -0500] "GET /k.php?p= HTTP/1.1" 404 317 "-" "-"
20.104.18.15 - - [31/Aug/2026:12:11:03 -0500] "GET /dex.php HTTP/1.1" 404 317 "-" "-"
20.104.18.15 - - [31/Aug/2026:12:11:03 -0500] "GET /img.php HTTP/1.1" 404 317 "-" "-"
20.104.18.15 - - [31/Aug/2026:12:11:03 -0500] "GET /222.php HTTP/1.1" 404 317 "-" "-"
20.104.18.15 - - [31/Aug/2026:12:11:03 -0500] "GET /key.php HTTP/1.1" 404 317 "-" "-"
20.104.18.15 - - [31/Aug/2026:12:11:03 -0500] "GET /chosen.php HTTP/1.1" 404 317 "-" "-"
20.104.18.15 - - [31/Aug/2026:12:11:03 -0500] "GET /file1221.php HTTP/1.1" 404 317 "-" "-"
20.104.18.15 - - [31/Aug/2026:12:11:03 -0500] "GET /nox.php HTTP/1.1" 404 317 "-" "-"
20.104.18.15 - - [31/Aug/2026:12:11:03 -0500] "GET /1.php?p= HTTP/1.1" 404 317 "-" "-"
3.234.252.56 - - [31/Aug/2026:12:11:06 -0500] "GET /wp-content/uploads/2019/05/photo5071517054523255027-855x425.jpg HTTP/1.1" 404 5982 "-" "Mozilla/5.0 (Windows NT 10.0; Win64; x64) AppleWebKit/537.36 (KHTML, like Gecko) Chrome/120.0.0.0 Safari/537.36"
66.249.68.38 - - [31/Aug/2026:12:11:08 -0500] "GET /?detail/062019439499 HTTP/1.1" 301 5177 "-" "Mozilla/5.0 (Linux; Android 6.0.1; Nexus 5X Build/MMB29P) AppleWebKit/537.36 (KHTML, like Gecko) Chrome/151.0.7922.173 Mobile Safari/537.36 (compatible; Googlebot/2.1; +http://www.google.com/bot.html)"
66.249.68.37 - - [31/Aug/2026:12:11:14 -0500] "GET /?jp/041009183.html HTTP/1.1" 301 5175 "-" "Mozilla/5.0 (Linux; Android 6.0.1; Nexus 5X Build/MMB29P) AppleWebKit/537.36 (KHTML, like Gecko) Chrome/151.0.7922.173 Mobile Safari/537.36 (compatible; Googlebot/2.1; +http://www.google.com/bot.html)"
20.104.18.15 - - [31/Aug/2026:12:11:18 -0500] "GET /btyuio.php HTTP/1.1" 404 426 "-" "-"
20.104.18.15 - - [31/Aug/2026:12:11:19 -0500] "GET /dehnl.php HTTP/1.1" 404 317 "-" "-"
20.104.18.15 - - [31/Aug/2026:12:11:19 -0500] "GET /zoo1.php?p= HTTP/1.1" 404 317 "-" "-"
20.104.18.15 - - [31/Aug/2026:12:11:19 -0500] "GET /radio.php HTTP/1.1" 404 317 "-" "-"
20.104.18.15 - - [31/Aug/2026:12:11:19 -0500] "GET /one.php HTTP/1.1" 404 317 "-" "-"
20.104.18.15 - - [31/Aug/2026:12:11:19 -0500] "GET /504.php HTTP/1.1" 404 317 "-" "-"
20.104.18.15 - - [31/Aug/2026:12:11:19 -0500] "GET /ano.php HTTP/1.1" 404 317 "-" "-"
20.104.18.15 - - [31/Aug/2026:12:11:19 -0500] "GET /mac.php HTTP/1.1" 404 317 "-" "-"
20.104.18.15 - - [31/Aug/2026:12:11:19 -0500] "GET /simple.php HTTP/1.1" 404 317 "-" "-"
20.104.18.15 - - [31/Aug/2026:12:11:19 -0500] "GET /sallu.php HTTP/1.1" 404 317 "-" "-"
20.104.18.15 - - [31/Aug/2026:12:11:19 -0500] "GET /biufile.php HTTP/1.1" 404 317 "-" "-"
20.104.18.15 - - [31/Aug/2026:12:11:19 -0500] "GET /blacks.php HTTP/1.1" 404 317 "-" "-"
20.104.18.15 - - [31/Aug/2026:12:11:19 -0500] "GET /wp.php HTTP/1.1" 404 317 "-" "-"
20.104.18.15 - - [31/Aug/2026:12:11:19 -0500] "GET /wander.php HTTP/1.1" 404 317 "-" "-"
20.104.18.15 - - [31/Aug/2026:12:11:19 -0500] "GET /abcd.php HTTP/1.1" 404 317 "-" "-"
20.104.18.15 - - [31/Aug/2026:12:11:19 -0500] "GET /nofile.php HTTP/1.1" 404 317 "-" "-"
20.104.18.15 - - [31/Aug/2026:12:11:20 -0500] "GET /run.php HTTP/1.1" 404 317 "-" "-"
20.104.18.15 - - [31/Aug/2026:12:11:20 -0500] "GET /new.php HTTP/1.1" 404 317 "-" "-"
20.104.18.15 - - [31/Aug/2026:12:11:20 -0500] "GET /vpn.php HTTP/1.1" 404 317 "-" "-"
20.104.18.15 - - [31/Aug/2026:12:11:20 -0500] "GET /goods.php HTTP/1.1" 404 317 "-" "-"
20.104.18.15 - - [31/Aug/2026:12:11:20 -0500] "GET /alfa.php HTTP/1.1" 404 317 "-" "-"
66.249.68.200 - - [31/Aug/2026:12:11:19 -0500] "GET /?jp%2F041009183_html HTTP/1.1" 200 153839 "-" "Mozilla/5.0 (Linux; Android 6.0.1; Nexus 5X Build/MMB29P) AppleWebKit/537.36 (KHTML, like Gecko) Chrome/151.0.7922.173 Mobile Safari/537.36 (compatible; Googlebot/2.1; +http://www.google.com/bot.html)"
20.104.18.15 - - [31/Aug/2026:12:11:20 -0500] "GET /133.php HTTP/1.1" 404 317 "-" "-"
20.104.18.15 - - [31/Aug/2026:12:11:20 -0500] "GET /sym.php?p= HTTP/1.1" 404 317 "-" "-"
20.104.18.15 - - [31/Aug/2026:12:11:20 -0500] "GET /8.php HTTP/1.1" 404 317 "-" "-"
20.104.18.15 - - [31/Aug/2026:12:11:20 -0500] "GET /ws55.php?p= HTTP/1.1" 404 317 "-" "-"
20.104.18.15 - - [31/Aug/2026:12:11:20 -0500] "GET /indo.php HTTP/1.1" 404 317 "-" "-"
20.104.18.15 - - [31/Aug/2026:12:11:20 -0500] "GET /wnnjpsby.php HTTP/1.1" 404 317 "-" "-"
20.104.18.15 - - [31/Aug/2026:12:11:20 -0500] "GET /info.php/new.php HTTP/1.1" 404 317 "-" "-"
20.104.18.15 - - [31/Aug/2026:12:11:20 -0500] "GET /wp-content/uploads/ HTTP/1.1" 403 1132 "-" "-"
20.104.18.15 - - [31/Aug/2026:12:11:20 -0500] "GET /w.php HTTP/1.1" 404 317 "-" "-"
20.104.18.15 - - [31/Aug/2026:12:11:21 -0500] "GET /x.php HTTP/1.1" 404 317 "-" "-"
20.104.18.15 - - [31/Aug/2026:12:11:21 -0500] "GET /wp-admin/maint/wp-is.php HTTP/1.1" 404 317 "-" "-"
20.104.18.15 - - [31/Aug/2026:12:11:21 -0500] "GET /wp-includes/index.php HTTP/1.1" 404 317 "-" "-"
20.104.18.15 - - [31/Aug/2026:12:11:21 -0500] "GET /dk.php HTTP/1.1" 404 317 "-" "-"
20.104.18.15 - - [31/Aug/2026:12:11:21 -0500] "GET /wp-content/mod/adminfuns.php HTTP/1.1" 404 1145 "-" "-"
20.104.18.15 - - [31/Aug/2026:12:11:21 -0500] "GET /xc.php HTTP/1.1" 404 317 "-" "-"
20.104.18.15 - - [31/Aug/2026:12:11:21 -0500] "GET /wp-content/l.php HTTP/1.1" 404 317 "-" "-"
20.104.18.15 - - [31/Aug/2026:12:11:21 -0500] "GET /wp-admin/w.php HTTP/1.1" 404 317 "-" "-"
20.104.18.15 - - [31/Aug/2026:12:11:21 -0500] "GET /wp-content/k.php HTTP/1.1" 404 317 "-" "-"
20.104.18.15 - - [31/Aug/2026:12:11:21 -0500] "GET /dev.php?p HTTP/1.1" 404 317 "-" "-"
20.104.18.15 - - [31/Aug/2026:12:11:21 -0500] "GET /wp-activate.php HTTP/1.1" 302 477 "-" "-"
20.104.18.15 - - [31/Aug/2026:12:11:22 -0500] "GET /wp-login.php?action=register HTTP/1.1" 302 693 "-" "-"
20.104.18.15 - - [31/Aug/2026:12:11:22 -0500] "GET /wp-login.php?registration=disabled HTTP/1.1" 200 6886 "-" "-"
20.104.18.15 - - [31/Aug/2026:12:11:22 -0500] "GET /wp_blog_footer.php HTTP/1.1" 404 317 "-" "-"
20.104.18.15 - - [31/Aug/2026:12:11:22 -0500] "GET /wefile.php HTTP/1.1" 404 317 "-" "-"
20.104.18.15 - - [31/Aug/2026:12:11:22 -0500] "GET /wp-load.php HTTP/1.1" 200 274 "-" "-"
20.104.18.15 - - [31/Aug/2026:12:11:23 -0500] "GET /robot.php HTTP/1.1" 404 317 "-" "-"
66.249.68.201 - - [31/Aug/2026:12:11:24 -0500] "GET /?detail%2F062019439499 HTTP/1.1" 200 153839 "-" "Mozilla/5.0 (Linux; Android 6.0.1; Nexus 5X Build/MMB29P) AppleWebKit/537.36 (KHTML, like Gecko) Chrome/151.0.7922.173 Mobile Safari/537.36 (compatible; Googlebot/2.1; +http://www.google.com/bot.html)"
20.104.18.15 - - [31/Aug/2026:12:11:38 -0500] "GET /gulu.php HTTP/1.1" 404 426 "-" "-"
20.104.18.15 - - [31/Aug/2026:12:11:38 -0500] "GET /replace.php HTTP/1.1" 404 317 "-" "-"
20.104.18.15 - - [31/Aug/2026:12:11:38 -0500] "GET /c4.php HTTP/1.1" 404 317 "-" "-"
20.104.18.15 - - [31/Aug/2026:12:11:38 -0500] "GET /rxr.php HTTP/1.1" 404 317 "-" "-"
20.104.18.15 - - [31/Aug/2026:12:11:38 -0500] "GET /reviall.php HTTP/1.1" 404 317 "-" "-"
20.104.18.15 - - [31/Aug/2026:12:11:39 -0500] "GET /os.php HTTP/1.1" 404 317 "-" "-"
20.104.18.15 - - [31/Aug/2026:12:11:39 -0500] "GET /44.php HTTP/1.1" 404 317 "-" "-"
20.104.18.15 - - [31/Aug/2026:12:11:39 -0500] "GET /ant.php HTTP/1.1" 404 317 "-" "-"
20.104.18.15 - - [31/Aug/2026:12:11:39 -0500] "GET /wp-includes/js/fosil.php HTTP/1.1" 404 317 "-" "-"
20.104.18.15 - - [31/Aug/2026:12:11:39 -0500] "GET /mari.php HTTP/1.1" 404 317 "-" "-"
122.171.19.228 - - [31/Aug/2026:12:11:39 -0500] "GET /list/goods/sod271mf2577lnx_41954.shtml HTTP/1.1" 404 5951 "-" "Mozilla/5.0 (Macintosh; Intel Mac OS X 13_3_1) AppleWebKit/537.36 (KHTML, like Gecko) Chrome/124.0.6367.207 Safari/537.36"
20.104.18.15 - - [31/Aug/2026:12:11:39 -0500] "GET /botwdhur.php HTTP/1.1" 404 317 "-" "-"
20.104.18.15 - - [31/Aug/2026:12:11:39 -0500] "GET /dnjyoumb.php HTTP/1.1" 404 317 "-" "-"
20.104.18.15 - - [31/Aug/2026:12:11:39 -0500] "GET /bezzozdp.php HTTP/1.1" 404 317 "-" "-"
20.104.18.15 - - [31/Aug/2026:12:11:39 -0500] "GET /wp-admin/includes/fex.php HTTP/1.1" 404 317 "-" "-"
20.104.18.15 - - [31/Aug/2026:12:11:39 -0500] "GET /gel4y.php HTTP/1.1" 404 317 "-" "-"
20.104.18.15 - - [31/Aug/2026:12:11:39 -0500] "GET /avbxfstf.php HTTP/1.1" 404 317 "-" "-"
168.228.60.152 - - [31/Aug/2026:12:12:19 -0500] "GET /list/goods/sqzm250sa7tv_8765.shtml HTTP/1.1" 404 5951 "-" "Mozilla/5.0 (Macintosh; Intel Mac OS X 12.3; rv:131.0) Gecko/20100101 Firefox/131.0"
35.153.106.201 - - [31/Aug/2026:12:12:19 -0500] "GET /wp-content/plugins/simple-share-buttons-adder/buttons/somacro/linkedin.png HTTP/1.1" 404 5982 "-" "Mozilla/5.0 (Windows NT 10.0; Win64; x64) AppleWebKit/537.36 (KHTML, like Gecko) Chrome/120.0.0.0 Safari/537.36"
66.249.68.36 - - [31/Aug/2026:12:12:32 -0500] "GET /?jp/253009229.html HTTP/1.1" 301 5175 "-" "Mozilla/5.0 (Linux; Android 6.0.1; Nexus 5X Build/MMB29P) AppleWebKit/537.36 (KHTML, like Gecko) Chrome/151.0.7922.173 Mobile Safari/537.36 (compatible; Googlebot/2.1; +http://www.google.com/bot.html)"
20.104.18.15 - - [31/Aug/2026:12:11:03 -0500] "GET /m.php?p= HTTP/1.1" 404 317 "-" "-"
20.104.18.15 - - [31/Aug/2026:12:11:23 -0500] "GET /sss.php?p= HTTP/1.1" 404 317 "-" "-"
20.104.18.15 - - [31/Aug/2026:12:12:39 -0500] "GET /fling.php?p= HTTP/1.1" 404 317 "-" "-"
20.104.18.15 - - [31/Aug/2026:12:12:39 -0500] "GET /xmini4.php HTTP/1.1" 404 317 "-" "-"
35.153.106.201 - - [31/Aug/2026:12:12:40 -0500] "GET /wp-content/plugins/simple-share-buttons-adder/buttons/somacro/facebook.png HTTP/1.1" 404 5982 "-" "Mozilla/5.0 (Windows NT 10.0; Win64; x64) AppleWebKit/537.36 (KHTML, like Gecko) Chrome/120.0.0.0 Safari/537.36"
66.249.68.200 - - [31/Aug/2026:12:12:39 -0500] "GET /?jp%2F253009229_html HTTP/1.1" 200 153839 "-" "Mozilla/5.0 (Linux; Android 6.0.1; Nexus 5X Build/MMB29P) AppleWebKit/537.36 (KHTML, like Gecko) Chrome/151.0.7922.173 Mobile Safari/537.36 (compatible; Googlebot/2.1; +http://www.google.com/bot.html)"
35.153.106.201 - - [31/Aug/2026:12:12:44 -0500] "GET /wp-content/plugins/simple-share-buttons-adder/buttons/somacro/linkedin.png HTTP/1.1" 404 5982 "-" "Mozilla/5.0 (Windows NT 10.0; Win64; x64) AppleWebKit/537.36 (KHTML, like Gecko) Chrome/120.0.0.0 Safari/537.36"
35.153.106.201 - - [31/Aug/2026:12:12:54 -0500] "GET /wp-content/uploads/2019/05/photo5071517054523255027-855x425.jpg HTTP/1.1" 404 5982 "-" "Mozilla/5.0 (Windows NT 10.0; Win64; x64) AppleWebKit/537.36 (KHTML, like Gecko) Chrome/120.0.0.0 Safari/537.36"
204.77.7.157 - - [31/Aug/2026:12:12:58 -0500] "GET /list/goods/srnnt76ju4yjw73b_28843.shtml HTTP/1.1" 404 5951 "-" "Mozilla/5.0 (Windows NT 10.0; Win64; x64; rv:134.0) Gecko/20100101 Firefox/134.0"
85.208.98.55 - - [31/Aug/2026:12:12:59 -0500] "GET /robots.txt HTTP/1.1" 404 5700 "http://motionave.com/robots.txt" "Mozilla/5.0 (compatible; SemrushBot-BA; +http://www.semrush.com/bot.html)"
35.153.106.201 - - [31/Aug/2026:12:13:05 -0500] "GET /wp-content/plugins/simple-share-buttons-adder/buttons/somacro/facebook.png HTTP/1.1" 404 5982 "-" "Mozilla/5.0 (Windows NT 10.0; Win64; x64) AppleWebKit/537.36 (KHTML, like Gecko) Chrome/120.0.0.0 Safari/537.36"
35.153.106.201 - - [31/Aug/2026:12:13:14 -0500] "GET /wp-content/plugins/simple-share-buttons-adder/buttons/somacro/twitter.png HTTP/1.1" 404 5982 "-" "Mozilla/5.0 (Windows NT 10.0; Win64; x64) AppleWebKit/537.36 (KHTML, like Gecko) Chrome/120.0.0.0 Safari/537.36"
35.153.106.201 - - [31/Aug/2026:12:13:19 -0500] "GET /wp-content/plugins/simple-share-buttons-adder/buttons/somacro/twitter.png HTTP/1.1" 404 5982 "-" "Mozilla/5.0 (Windows NT 10.0; Win64; x64) AppleWebKit/537.36 (KHTML, like Gecko) Chrome/120.0.0.0 Safari/537.36"
85.208.98.57 - - [31/Aug/2026:12:13:21 -0500] "GET /category/marketing-funnel-marketing-goals-planning/ HTTP/1.1" 404 5700 "-" "Mozilla/5.0 (compatible; SemrushBot-BA; +http://www.semrush.com/bot.html)"
45.61.187.30 - - [31/Aug/2026:12:13:35 -0500] "GET /wp-login.php HTTP/1.1" 200 11320 "-" "Mozilla/5.0 (X11; Linux x86_64; rv:30.0) Gecko/20100101 Firefox/30.0"
106.223.201.197 - - [31/Aug/2026:12:13:39 -0500] "GET /list/goods/svzc277kergors5_37646.shtml HTTP/1.1" 404 5951 "-" "Mozilla/5.0 (Macintosh; Intel Mac OS X 15.4; rv:134.0) Gecko/20100101 Firefox/134.0"
66.249.68.192 - - [31/Aug/2026:12:13:45 -0500] "GET /list/goods/mkzdk38cpscp0j_42225.shtml HTTP/1.1" 404 5951 "-" "Mozilla/5.0 (compatible; Googlebot/2.1; +http://www.google.com/bot.html)"
66.249.68.201 - - [31/Aug/2026:12:13:51 -0500] "GET /list/goods/mkzdk38cpscp0j_42225.shtml HTTP/1.1" 404 5951 "-" "Mozilla/5.0 (compatible; Googlebot/2.1; +http://www.google.com/bot.html)"
151.244.156.104 - - [31/Aug/2026:12:14:18 -0500] "GET /list/goods/tk128fzfkxb_4623.shtml HTTP/1.1" 404 5951 "-" "Mozilla/4.0 (Windows; MSIE 6.0; Windows NT 6.0)"
45.61.187.30 - - [31/Aug/2026:12:14:22 -0500] "POST /wp-login.php HTTP/1.1" 200 11746 "-" "Mozilla/5.0 (X11; Linux x86_64; rv:30.0) Gecko/20100101 Firefox/30.0"
85.208.98.55 - - [31/Aug/2026:12:14:42 -0500] "GET /tag/target-audience/ HTTP/1.1" 404 5700 "-" "Mozilla/5.0 (compatible; SemrushBot-BA; +http://www.semrush.com/bot.html)"
112.205.132.80 - - [31/Aug/2026:12:14:58 -0500] "GET /list/goods/tr157wrbkwj1iho8_27406.shtml HTTP/1.1" 404 5951 "-" "Mozilla/5.0 (Macintosh; U; PPC Mac OS X; de-de) AppleWebKit/125.5.7 (KHTML, like Gecko) Safari/125.12"
34.58.17.83 - - [31/Aug/2026:12:15:22 -0500] "GET /tag/youtube-ads HTTP/1.1" 404 5926 "-" "Mozilla/5.0 (compatible; Reflectionbot/1.0; +https://reflection.ai/bot)"
138.185.21.217 - - [31/Aug/2026:12:15:39 -0500] "GET /list/goods/tugdg192tmwmhq8dwqf_18279.shtml HTTP/1.1" 404 5951 "-" "Mozilla/5.0 (Macintosh; U; PPC Mac OS X; it-it) AppleWebKit/312.8 (KHTML, like Gecko) Safari/312.6"
51.68.111.202 - - [31/Aug/2026:12:15:56 -0500] "GET /robots.txt HTTP/1.1" 404 5951 "-" "Mozilla/5.0 (compatible; MJ12bot/v2.0.5; http://mj12bot.com/)"
51.68.111.202 - - [31/Aug/2026:12:15:56 -0500] "GET / HTTP/1.1" 200 149088 "-" "Mozilla/5.0 (compatible; MJ12bot/v2.0.5; http://mj12bot.com/)"
85.208.98.57 - - [31/Aug/2026:12:16:01 -0500] "GET /are-your-facebook-campaigns-giant-mess/ HTTP/1.1" 404 5700 "-" "Mozilla/5.0 (compatible; SemrushBot-BA; +http://www.semrush.com/bot.html)"
66.249.68.38 - - [31/Aug/2026:12:16:12 -0500] "GET /?goods/252003227 HTTP/1.1" 301 5173 "-" "Mozilla/5.0 (Linux; Android 6.0.1; Nexus 5X Build/MMB29P) AppleWebKit/537.36 (KHTML, like Gecko) Chrome/151.0.7922.173 Mobile Safari/537.36 (compatible; Googlebot/2.1; +http://www.google.com/bot.html)"
37.65.25.124 - - [31/Aug/2026:12:16:18 -0500] "GET /list/goods/tugxu75msb0732_18870.shtml HTTP/1.1" 404 5951 "-" "Mozilla/5.0 (Macintosh; Intel Mac OS X 11.3; rv:136.0) Gecko/20100101 Firefox/136.0"
66.249.68.200 - - [31/Aug/2026:12:16:24 -0500] "GET /?goods%2F252003227 HTTP/1.1" 200 153839 "-" "Mozilla/5.0 (Linux; Android 6.0.1; Nexus 5X Build/MMB29P) AppleWebKit/537.36 (KHTML, like Gecko) Chrome/151.0.7922.173 Mobile Safari/537.36 (compatible; Googlebot/2.1; +http://www.google.com/bot.html)"
113.174.61.37 - - [31/Aug/2026:12:16:58 -0500] "GET /list/goods/u242nuxecqv_23559.shtml HTTP/1.1" 404 5951 "-" "Mozilla/5.0 (Macintosh; Intel Mac OS X 12_6_0) AppleWebKit/537.36 (KHTML, like Gecko) Chrome/129.0.6668.58 Safari/537.36"
66.249.68.37 - - [31/Aug/2026:12:17:20 -0500] "GET /?detail/257041184533 HTTP/1.1" 301 5177 "-" "Mozilla/5.0 (Linux; Android 6.0.1; Nexus 5X Build/MMB29P) AppleWebKit/537.36 (KHTML, like Gecko) Chrome/151.0.7922.173 Mobile Safari/537.36 (compatible; Googlebot/2.1; +http://www.google.com/bot.html)"
66.249.68.37 - - [31/Aug/2026:12:17:25 -0500] "GET /?detail/253013522777 HTTP/1.1" 301 5177 "-" "Mozilla/5.0 (Linux; Android 6.0.1; Nexus 5X Build/MMB29P) AppleWebKit/537.36 (KHTML, like Gecko) Chrome/151.0.7922.173 Mobile Safari/537.36 (compatible; Googlebot/2.1; +http://www.google.com/bot.html)"
66.249.68.192 - - [31/Aug/2026:12:17:30 -0500] "GET /?detail%2F257041184533 HTTP/1.1" 200 153839 "-" "Mozilla/5.0 (Linux; Android 6.0.1; Nexus 5X Build/MMB29P) AppleWebKit/537.36 (KHTML, like Gecko) Chrome/151.0.7922.173 Mobile Safari/537.36 (compatible; Googlebot/2.1; +http://www.google.com/bot.html)"
66.249.68.201 - - [31/Aug/2026:12:17:34 -0500] "GET /?detail%2F253013522777 HTTP/1.1" 200 153839 "-" "Mozilla/5.0 (Linux; Android 6.0.1; Nexus 5X Build/MMB29P) AppleWebKit/537.36 (KHTML, like Gecko) Chrome/151.0.7922.173 Mobile Safari/537.36 (compatible; Googlebot/2.1; +http://www.google.com/bot.html)"
177.12.159.61 - - [31/Aug/2026:12:17:39 -0500] "GET /list/goods/ugeki280f5qqld_5969.shtml HTTP/1.1" 404 5951 "-" "Mozilla/5.0 (Macintosh; Intel Mac OS X 14.3; rv:127.0) Gecko/20100101 Firefox/127.0"
85.208.98.57 - - [31/Aug/2026:12:17:48 -0500] "GET /tag/budget/ HTTP/1.1" 404 5700 "-" "Mozilla/5.0 (compatible; SemrushBot-BA; +http://www.semrush.com/bot.html)"
81.56.217.47 - - [31/Aug/2026:12:18:17 -0500] "GET /list/goods/v291ttupxi6gj02dk_16544.shtml HTTP/1.1" 404 5951 "-" "Mozilla/5.0 (Macintosh; U; PPC Mac OS X 10_5_6; en-us) AppleWebKit/528.16 (KHTML, like Gecko)"
32.192.68.230 - - [31/Aug/2026:12:18:31 -0500] "GET /wp-content/uploads/2019/01/image8.png HTTP/1.1" 404 5982 "-" "Mozilla/5.0 (Windows NT 10.0; Win64; x64) AppleWebKit/537.36 (KHTML, like Gecko) Chrome/120.0.0.0 Safari/537.36"
32.192.68.230 - - [31/Aug/2026:12:18:31 -0500] "GET /wp-content/uploads/2019/05/image9.png HTTP/1.1" 404 5982 "-" "Mozilla/5.0 (Windows NT 10.0; Win64; x64) AppleWebKit/537.36 (KHTML, like Gecko) Chrome/120.0.0.0 Safari/537.36"
32.192.68.230 - - [31/Aug/2026:12:18:33 -0500] "GET /wp-content/uploads/2019/01/image16.png HTTP/1.1" 404 5982 "-" "Mozilla/5.0 (Windows NT 10.0; Win64; x64) AppleWebKit/537.36 (KHTML, like Gecko) Chrome/120.0.0.0 Safari/537.36"
32.192.68.230 - - [31/Aug/2026:12:18:34 -0500] "GET /wp-content/uploads/2019/01/image15.png HTTP/1.1" 404 5982 "-" "Mozilla/5.0 (Windows NT 10.0; Win64; x64) AppleWebKit/537.36 (KHTML, like Gecko) Chrome/120.0.0.0 Safari/537.36"
32.192.68.230 - - [31/Aug/2026:12:18:36 -0500] "GET /wp-content/uploads/2019/03/image5.png HTTP/1.1" 404 5982 "-" "Mozilla/5.0 (Windows NT 10.0; Win64; x64) AppleWebKit/537.36 (KHTML, like Gecko) Chrome/120.0.0.0 Safari/537.36"
32.192.68.230 - - [31/Aug/2026:12:18:36 -0500] "GET /wp-content/uploads/2019/05/photo5071517054523255027-855x425.jpg HTTP/1.1" 404 5982 "-" "Mozilla/5.0 (Windows NT 10.0; Win64; x64) AppleWebKit/537.36 (KHTML, like Gecko) Chrome/120.0.0.0 Safari/537.36"
34.122.242.146 - - [31/Aug/2026:12:18:37 -0500] "GET /robots.txt HTTP/1.1" 404 5926 "-" "Mozilla/5.0 (compatible; Reflectionbot/1.0; +https://reflection.ai/bot)"
34.122.242.146 - - [31/Aug/2026:12:18:37 -0500] "GET /list/goods/z7fofgx80_27960.shtml HTTP/1.1" 404 1301 "-" "Mozilla/5.0 (compatible; Reflectionbot/1.0; +https://reflection.ai/bot)"
32.192.68.230 - - [31/Aug/2026:12:18:38 -0500] "GET /wp-content/uploads/2019/01/image14.png HTTP/1.1" 404 5982 "-" "Mozilla/5.0 (Windows NT 10.0; Win64; x64) AppleWebKit/537.36 (KHTML, like Gecko) Chrome/120.0.0.0 Safari/537.36"
32.192.68.230 - - [31/Aug/2026:12:18:40 -0500] "GET /wp-content/uploads/2019/03/image7.png HTTP/1.1" 404 5982 "-" "Mozilla/5.0 (Windows NT 10.0; Win64; x64) AppleWebKit/537.36 (KHTML, like Gecko) Chrome/120.0.0.0 Safari/537.36"
32.192.68.230 - - [31/Aug/2026:12:18:41 -0500] "GET /wp-content/uploads/2019/03/image3.png HTTP/1.1" 404 5982 "-" "Mozilla/5.0 (Windows NT 10.0; Win64; x64) AppleWebKit/537.36 (KHTML, like Gecko) Chrome/120.0.0.0 Safari/537.36"
32.192.68.230 - - [31/Aug/2026:12:18:42 -0500] "GET /wp-content/uploads/2019/01/image4.png HTTP/1.1" 404 5982 "-" "Mozilla/5.0 (Windows NT 10.0; Win64; x64) AppleWebKit/537.36 (KHTML, like Gecko) Chrome/120.0.0.0 Safari/537.36"
32.192.68.230 - - [31/Aug/2026:12:18:43 -0500] "GET /wp-content/uploads/2019/05/MOTION_-BLOG-POST-may-2-855x425.jpg HTTP/1.1" 404 5982 "-" "Mozilla/5.0 (Windows NT 10.0; Win64; x64) AppleWebKit/537.36 (KHTML, like Gecko) Chrome/120.0.0.0 Safari/537.36"
32.192.68.230 - - [31/Aug/2026:12:18:44 -0500] "GET /wp-content/uploads/2019/01/image20.png HTTP/1.1" 404 5982 "-" "Mozilla/5.0 (Windows NT 10.0; Win64; x64) AppleWebKit/537.36 (KHTML, like Gecko) Chrome/120.0.0.0 Safari/537.36"
39.34.172.30 - - [31/Aug/2026:12:18:46 -0500] "GET /list/goods/gg232o0jd_28385.shtml HTTP/1.1" 404 5719 "https://motionave.com/sitemap940.xml" "Mozilla/5.0 (Linux; Android 12; M2102J27) AppleWebKit/537.36 (KHTML, like Gecko) Chrome/154.0.5895.10 Mobile Safari/537.36 MicroMessenger/8.0.43(0x18001B3F) NetType/WIFI Language/zh_CN"
32.192.68.230 - - [31/Aug/2026:12:18:50 -0500] "GET /wp-content/uploads/2019/05/image5.png HTTP/1.1" 404 5982 "-" "Mozilla/5.0 (Windows NT 10.0; Win64; x64) AppleWebKit/537.36 (KHTML, like Gecko) Chrome/120.0.0.0 Safari/537.36"
32.192.68.230 - - [31/Aug/2026:12:18:50 -0500] "GET /wp-content/uploads/2019/05/image11.png HTTP/1.1" 404 5982 "-" "Mozilla/5.0 (Windows NT 10.0; Win64; x64) AppleWebKit/537.36 (KHTML, like Gecko) Chrome/120.0.0.0 Safari/537.36"
32.192.68.230 - - [31/Aug/2026:12:18:51 -0500] "GET /wp-content/uploads/2019/01/image10.png HTTP/1.1" 404 5982 "-" "Mozilla/5.0 (Windows NT 10.0; Win64; x64) AppleWebKit/537.36 (KHTML, like Gecko) Chrome/120.0.0.0 Safari/537.36"
32.192.68.230 - - [31/Aug/2026:12:18:54 -0500] "GET /wp-content/uploads/2019/01/image1.png HTTP/1.1" 404 5982 "-" "Mozilla/5.0 (Windows NT 10.0; Win64; x64) AppleWebKit/537.36 (KHTML, like Gecko) Chrome/120.0.0.0 Safari/537.36"
102.205.250.53 - - [31/Aug/2026:12:18:59 -0500] "GET /list/goods/vooy199llwwncw_19328.shtml HTTP/1.1" 404 5951 "-" "Mozilla/5.0 (Macintosh; Intel Mac OS X 14_2_1) AppleWebKit/537.36 (KHTML, like Gecko) Chrome/125.0.6422.60 Safari/537.36"
32.192.68.230 - - [31/Aug/2026:12:18:59 -0500] "GET /wp-content/uploads/2019/01/image21.png HTTP/1.1" 404 5982 "-" "Mozilla/5.0 (Windows NT 10.0; Win64; x64) AppleWebKit/537.36 (KHTML, like Gecko) Chrome/120.0.0.0 Safari/537.36"
85.208.98.55 - - [31/Aug/2026:12:19:03 -0500] "GET /author/edgar/page/2/ HTTP/1.1" 404 5700 "-" "Mozilla/5.0 (compatible; SemrushBot-BA; +http://www.semrush.com/bot.html)"
32.192.68.230 - - [31/Aug/2026:12:19:03 -0500] "GET /wp-content/uploads/2019/01/image5.png HTTP/1.1" 404 5982 "-" "Mozilla/5.0 (Windows NT 10.0; Win64; x64) AppleWebKit/537.36 (KHTML, like Gecko) Chrome/120.0.0.0 Safari/537.36"
32.192.68.230 - - [31/Aug/2026:12:19:05 -0500] "GET /wp-content/uploads/2019/01/image11.png HTTP/1.1" 404 5982 "-" "Mozilla/5.0 (Windows NT 10.0; Win64; x64) AppleWebKit/537.36 (KHTML, like Gecko) Chrome/120.0.0.0 Safari/537.36"
32.192.68.230 - - [31/Aug/2026:12:19:05 -0500] "GET /wp-content/uploads/2019/05/image3.png HTTP/1.1" 404 5982 "-" "Mozilla/5.0 (Windows NT 10.0; Win64; x64) AppleWebKit/537.36 (KHTML, like Gecko) Chrome/120.0.0.0 Safari/537.36"
32.192.68.230 - - [31/Aug/2026:12:19:11 -0500] "GET /wp-content/uploads/2019/05/MOTION_-BLOG-POST-may-3-855x425.jpg HTTP/1.1" 404 5982 "-" "Mozilla/5.0 (Windows NT 10.0; Win64; x64) AppleWebKit/537.36 (KHTML, like Gecko) Chrome/120.0.0.0 Safari/537.36"
136.114.20.174 - - [31/Aug/2026:12:19:12 -0500] "GET /items/W034041356 HTTP/1.1" 404 5926 "-" "Mozilla/5.0 (compatible; Reflectionbot/1.0; +https://reflection.ai/bot)"
32.192.68.230 - - [31/Aug/2026:12:19:13 -0500] "GET /wp-content/uploads/2019/05/image2.png HTTP/1.1" 404 5982 "-" "Mozilla/5.0 (Windows NT 10.0; Win64; x64) AppleWebKit/537.36 (KHTML, like Gecko) Chrome/120.0.0.0 Safari/537.36"
32.192.68.230 - - [31/Aug/2026:12:19:14 -0500] "GET /wp-content/uploads/2019/05/image6.png HTTP/1.1" 404 5982 "-" "Mozilla/5.0 (Windows NT 10.0; Win64; x64) AppleWebKit/537.36 (KHTML, like Gecko) Chrome/120.0.0.0 Safari/537.36"
32.192.68.230 - - [31/Aug/2026:12:19:15 -0500] "GET /wp-content/uploads/2019/01/image12-855x425.png HTTP/1.1" 404 5982 "-" "Mozilla/5.0 (Windows NT 10.0; Win64; x64) AppleWebKit/537.36 (KHTML, like Gecko) Chrome/120.0.0.0 Safari/537.36"
32.192.68.230 - - [31/Aug/2026:12:19:16 -0500] "GET /wp-content/uploads/2019/01/image9.png HTTP/1.1" 404 5982 "-" "Mozilla/5.0 (Windows NT 10.0; Win64; x64) AppleWebKit/537.36 (KHTML, like Gecko) Chrome/120.0.0.0 Safari/537.36"
50.87.179.84 - - [31/Aug/2026:12:19:15 -0500] "GET /wp-login.php HTTP/1.1" 200 11475 "-" "50.87.179.84"
32.192.68.230 - - [31/Aug/2026:12:19:20 -0500] "GET /wp-content/uploads/2019/05/photo5116401721919252508-855x425.jpg HTTP/1.1" 404 5982 "-" "Mozilla/5.0 (Windows NT 10.0; Win64; x64) AppleWebKit/537.36 (KHTML, like Gecko) Chrome/120.0.0.0 Safari/537.36"
32.192.68.230 - - [31/Aug/2026:12:19:22 -0500] "GET /wp-content/uploads/2019/01/image17.png HTTP/1.1" 404 5982 "-" "Mozilla/5.0 (Windows NT 10.0; Win64; x64) AppleWebKit/537.36 (KHTML, like Gecko) Chrome/120.0.0.0 Safari/537.36"
32.192.68.230 - - [31/Aug/2026:12:19:24 -0500] "GET /wp-content/uploads/2019/01/image2.png HTTP/1.1" 404 5982 "-" "Mozilla/5.0 (Windows NT 10.0; Win64; x64) AppleWebKit/537.36 (KHTML, like Gecko) Chrome/120.0.0.0 Safari/537.36"
50.87.179.84 - - [31/Aug/2026:12:19:25 -0500] "GET /wp-json/wp/v2/users/me HTTP/1.1" 404 5926 "-" "50.87.179.84"
32.192.68.230 - - [31/Aug/2026:12:19:27 -0500] "GET /wp-content/uploads/2019/05/image7.png HTTP/1.1" 404 5982 "-" "Mozilla/5.0 (Windows NT 10.0; Win64; x64) AppleWebKit/537.36 (KHTML, like Gecko) Chrome/120.0.0.0 Safari/537.36"
32.192.68.230 - - [31/Aug/2026:12:19:28 -0500] "GET /wp-content/uploads/2019/03/Facebook-Dynamic-Creatives2-855x425.png HTTP/1.1" 404 5982 "-" "Mozilla/5.0 (Windows NT 10.0; Win64; x64) AppleWebKit/537.36 (KHTML, like Gecko) Chrome/120.0.0.0 Safari/537.36"
32.192.68.230 - - [31/Aug/2026:12:19:30 -0500] "GET /wp-content/uploads/2019/01/image13.png HTTP/1.1" 404 5982 "-" "Mozilla/5.0 (Windows NT 10.0; Win64; x64) AppleWebKit/537.36 (KHTML, like Gecko) Chrome/120.0.0.0 Safari/537.36"
32.192.68.230 - - [31/Aug/2026:12:19:31 -0500] "GET /wp-content/uploads/2019/03/image2.png HTTP/1.1" 404 5982 "-" "Mozilla/5.0 (Windows NT 10.0; Win64; x64) AppleWebKit/537.36 (KHTML, like Gecko) Chrome/120.0.0.0 Safari/537.36"
32.192.68.230 - - [31/Aug/2026:12:19:35 -0500] "GET /wp-content/uploads/2019/01/image7.png HTTP/1.1" 404 5982 "-" "Mozilla/5.0 (Windows NT 10.0; Win64; x64) AppleWebKit/537.36 (KHTML, like Gecko) Chrome/120.0.0.0 Safari/537.36"
32.192.68.230 - - [31/Aug/2026:12:19:36 -0500] "GET /wp-content/uploads/2019/05/image4.png HTTP/1.1" 404 5982 "-" "Mozilla/5.0 (Windows NT 10.0; Win64; x64) AppleWebKit/537.36 (KHTML, like Gecko) Chrome/120.0.0.0 Safari/537.36"
32.192.68.230 - - [31/Aug/2026:12:19:39 -0500] "GET /wp-content/uploads/2019/05/image8.png HTTP/1.1" 404 5982 "-" "Mozilla/5.0 (Windows NT 10.0; Win64; x64) AppleWebKit/537.36 (KHTML, like Gecko) Chrome/120.0.0.0 Safari/537.36"
32.192.68.230 - - [31/Aug/2026:12:19:41 -0500] "GET /wp-content/uploads/2019/03/image6.png HTTP/1.1" 404 5982 "-" "Mozilla/5.0 (Windows NT 10.0; Win64; x64) AppleWebKit/537.36 (KHTML, like Gecko) Chrome/120.0.0.0 Safari/537.36"
32.192.68.230 - - [31/Aug/2026:12:19:41 -0500] "GET /wp-content/uploads/2019/03/image1.png HTTP/1.1" 404 5982 "-" "Mozilla/5.0 (Windows NT 10.0; Win64; x64) AppleWebKit/537.36 (KHTML, like Gecko) Chrome/120.0.0.0 Safari/537.36"
32.192.68.230 - - [31/Aug/2026:12:19:44 -0500] "GET /wp-content/uploads/2019/05/image1-2.png HTTP/1.1" 404 5982 "-" "Mozilla/5.0 (Windows NT 10.0; Win64; x64) AppleWebKit/537.36 (KHTML, like Gecko) Chrome/120.0.0.0 Safari/537.36"
32.192.68.230 - - [31/Aug/2026:12:19:58 -0500] "GET /wp-content/uploads/2019/01/image3.png HTTP/1.1" 404 5982 "-" "Mozilla/5.0 (Windows NT 10.0; Win64; x64) AppleWebKit/537.36 (KHTML, like Gecko) Chrome/120.0.0.0 Safari/537.36"
34.122.242.146 - - [31/Aug/2026:12:20:01 -0500] "GET /items/J250009388 HTTP/1.1" 404 5926 "-" "Mozilla/5.0 (compatible; Reflectionbot/1.0; +https://reflection.ai/bot)"
32.192.68.230 - - [31/Aug/2026:12:20:02 -0500] "GET /wp-content/uploads/2019/01/image18.png HTTP/1.1" 404 5982 "-" "Mozilla/5.0 (Windows NT 10.0; Win64; x64) AppleWebKit/537.36 (KHTML, like Gecko) Chrome/120.0.0.0 Safari/537.36"
32.192.68.230 - - [31/Aug/2026:12:20:02 -0500] "GET /wp-content/uploads/2019/01/image19.png HTTP/1.1" 404 5982 "-" "Mozilla/5.0 (Windows NT 10.0; Win64; x64) AppleWebKit/537.36 (KHTML, like Gecko) Chrome/120.0.0.0 Safari/537.36"
32.192.68.230 - - [31/Aug/2026:12:20:02 -0500] "GET /wp-content/uploads/2019/05/photo5116401721919252508-855x425.jpg HTTP/1.1" 404 5982 "-" "Mozilla/5.0 (Windows NT 10.0; Win64; x64) AppleWebKit/537.36 (KHTML, like Gecko) Chrome/120.0.0.0 Safari/537.36"
32.192.68.230 - - [31/Aug/2026:12:20:02 -0500] "GET /wp-content/uploads/2019/01/image6.png HTTP/1.1" 404 5982 "-" "Mozilla/5.0 (Windows NT 10.0; Win64; x64) AppleWebKit/537.36 (KHTML, like Gecko) Chrome/120.0.0.0 Safari/537.36"
66.249.68.200 - - [31/Aug/2026:12:20:10 -0500] "GET /list/goods/c198wfbdnznk3pn_32597.shtml HTTP/1.1" 404 5951 "-" "Mozilla/5.0 (compatible; Googlebot/2.1; +http://www.google.com/bot.html)"
66.249.68.38 - - [31/Aug/2026:12:20:15 -0500] "GET /?goods/047044566 HTTP/1.1" 301 5173 "-" "Mozilla/5.0 (Linux; Android 6.0.1; Nexus 5X Build/MMB29P) AppleWebKit/537.36 (KHTML, like Gecko) Chrome/151.0.7922.173 Mobile Safari/537.36 (compatible; Googlebot/2.1; +http://www.google.com/bot.html)"
46.52.120.43 - - [31/Aug/2026:12:20:19 -0500] "GET /list/goods/vyd77e2eh860_40524.shtml HTTP/1.1" 404 5951 "-" "Mozilla/5.0 (Macintosh; Intel Mac OS X 12_5_1) AppleWebKit/537.36 (KHTML, like Gecko) Chrome/124.0.6367.207 Safari/537.36"
66.249.68.201 - - [31/Aug/2026:12:20:20 -0500] "GET /?goods%2F047044566 HTTP/1.1" 200 153839 "-" "Mozilla/5.0 (Linux; Android 6.0.1; Nexus 5X Build/MMB29P) AppleWebKit/537.36 (KHTML, like Gecko) Chrome/151.0.7922.173 Mobile Safari/537.36 (compatible; Googlebot/2.1; +http://www.google.com/bot.html)"
32.192.68.230 - - [31/Aug/2026:12:20:26 -0500] "GET /wp-content/uploads/2019/03/image4.png HTTP/1.1" 404 5982 "-" "Mozilla/5.0 (Windows NT 10.0; Win64; x64) AppleWebKit/537.36 (KHTML, like Gecko) Chrome/120.0.0.0 Safari/537.36"
85.208.98.56 - - [31/Aug/2026:12:20:33 -0500] "GET /tag/ad-campaigns/ HTTP/1.1" 404 5700 "-" "Mozilla/5.0 (compatible; SemrushBot-BA; +http://www.semrush.com/bot.html)"
34.41.90.133 - - [31/Aug/2026:12:20:47 -0500] "GET /robots.txt HTTP/1.1" 404 5926 "-" "Mozilla/5.0 (compatible; Reflectionbot/1.0; +https://reflection.ai/bot)"
34.41.90.133 - - [31/Aug/2026:12:20:48 -0500] "GET /items/T299046905 HTTP/1.1" 404 1301 "-" "Mozilla/5.0 (compatible; Reflectionbot/1.0; +https://reflection.ai/bot)"
170.245.253.172 - - [31/Aug/2026:12:21:00 -0500] "GET /list/goods/w248o9qbezsy_31869.shtml HTTP/1.1" 404 5951 "-" "Mozilla/5.0 (Macintosh; Intel Mac OS X 12_7_4) AppleWebKit/537.36 (KHTML, like Gecko) Chrome/133.0.6943.98 Safari/537.36"
44.221.81.133 - - [31/Aug/2026:12:21:33 -0500] "GET /wp-content/uploads/2019/05/MOTION_-BLOG-POST-may-2-855x425.jpg HTTP/1.1" 404 5982 "-" "Mozilla/5.0 (Windows NT 10.0; Win64; x64) AppleWebKit/537.36 (KHTML, like Gecko) Chrome/120.0.0.0 Safari/537.36"
200.225.112.189 - - [31/Aug/2026:12:21:39 -0500] "GET /list/goods/wa57ixmhffpi3_13198.shtml HTTP/1.1" 404 5951 "-" "Mozilla/5.0 (Macintosh; Intel Mac OS X 12.1; rv:136.0) Gecko/20100101 Firefox/136.0"
85.208.98.56 - - [31/Aug/2026:12:22:02 -0500] "GET /category/digital-marketing-facebook-ads-marketing-goals-brands/ HTTP/1.1" 404 5700 "-" "Mozilla/5.0 (compatible; SemrushBot-BA; +http://www.semrush.com/bot.html)"
93.146.171.207 - - [31/Aug/2026:12:22:17 -0500] "GET /list/goods/x268rmkjg1nxa_20513.shtml HTTP/1.1" 404 5951 "-" "Mozilla/5.0 (Macintosh; Intel Mac OS X 12_4_0) AppleWebKit/537.36 (KHTML, like Gecko) Chrome/126.0.6478.126 Safari/537.36"
66.249.68.37 - - [31/Aug/2026:12:22:38 -0500] "GET /?goods/176003676 HTTP/1.1" 301 5173 "-" "Mozilla/5.0 (Linux; Android 6.0.1; Nexus 5X Build/MMB29P) AppleWebKit/537.36 (KHTML, like Gecko) Chrome/151.0.7922.173 Mobile Safari/537.36 (compatible; Googlebot/2.1; +http://www.google.com/bot.html)"
66.249.68.201 - - [31/Aug/2026:12:22:43 -0500] "GET /?goods%2F176003676 HTTP/1.1" 200 153839 "-" "Mozilla/5.0 (Linux; Android 6.0.1; Nexus 5X Build/MMB29P) AppleWebKit/537.36 (KHTML, like Gecko) Chrome/151.0.7922.173 Mobile Safari/537.36 (compatible; Googlebot/2.1; +http://www.google.com/bot.html)"
44.221.81.133 - - [31/Aug/2026:12:22:45 -0500] "GET /wp-content/plugins/leaflet-maps-marker/inc/img/icon-kml.png HTTP/1.1" 404 5982 "-" "Mozilla/5.0 (Windows NT 10.0; Win64; x64) AppleWebKit/537.36 (KHTML, like Gecko) Chrome/120.0.0.0 Safari/537.36"
66.249.68.36 - - [31/Aug/2026:12:22:56 -0500] "GET /?detail/21803340701809 HTTP/1.1" 301 5179 "-" "Mozilla/5.0 (Linux; Android 6.0.1; Nexus 5X Build/MMB29P) AppleWebKit/537.36 (KHTML, like Gecko) Chrome/151.0.7922.173 Mobile Safari/537.36 (compatible; Googlebot/2.1; +http://www.google.com/bot.html)"
200.66.124.117 - - [31/Aug/2026:12:22:59 -0500] "GET /list/goods/xew153adbr7w_4226.shtml HTTP/1.1" 404 5951 "-" "Mozilla/5.0 (Macintosh; Intel Mac OS X 13.1; rv:132.0) Gecko/20100101 Firefox/132.0"
66.249.68.192 - - [31/Aug/2026:12:23:00 -0500] "GET /?detail%2F21803340701809 HTTP/1.1" 200 153839 "-" "Mozilla/5.0 (Linux; Android 6.0.1; Nexus 5X Build/MMB29P) AppleWebKit/537.36 (KHTML, like Gecko) Chrome/151.0.7922.173 Mobile Safari/537.36 (compatible; Googlebot/2.1; +http://www.google.com/bot.html)"
44.221.81.133 - - [31/Aug/2026:12:23:04 -0500] "GET /wp-content/plugins/leaflet-maps-marker/inc/img/icon-fullscreen.png HTTP/1.1" 404 5982 "-" "Mozilla/5.0 (Windows NT 10.0; Win64; x64) AppleWebKit/537.36 (KHTML, like Gecko) Chrome/120.0.0.0 Safari/537.36"
222.107.159.49 - - [31/Aug/2026:12:23:32 -0500] "HEAD / HTTP/1.1" 200 5302 "http://motionave.com/" "Mozilla/5.0 (X11; Linux x86_64) AppleWebKit/537.36 (KHTML, like Gecko) Chrome/96.0.4664.45 Safari/537.36"
223.185.112.166 - - [31/Aug/2026:12:23:38 -0500] "GET /list/goods/xhkuj225adgwzu4madt_18428.shtml HTTP/1.1" 404 5951 "-" "Mozilla/5.0 (Macintosh; Intel Mac OS X 13.1; rv:132.0) Gecko/20100101 Firefox/132.0"
85.208.98.55 - - [31/Aug/2026:12:23:40 -0500] "GET /tag/facebook-campaign/ HTTP/1.1" 404 5700 "-" "Mozilla/5.0 (compatible; SemrushBot-BA; +http://www.semrush.com/bot.html)"
45.78.207.10 - - [31/Aug/2026:12:23:51 -0500] "GET /wp-content/uploads/2019/11/image3-855x425.jpg HTTP/1.1" 404 5926 "http://motionave.com/wp-content/uploads/2019/11/image3-855x425.jpg" "Mozilla/5.0 (Macintosh; Intel Mac OS X 10_15_7) AppleWebKit/537.36 (KHTML, like Gecko) Chrome/123.0.0.0 Safari/537.36"
65.108.44.54 - - [31/Aug/2026:12:24:01 -0500] "HEAD /robots.txt HTTP/1.1" 404 5135 "-" "MBCrawler/1.0 (https://monitorbacklinks.com/robot)"
65.108.44.54 - - [31/Aug/2026:12:24:02 -0500] "GET /robots.txt HTTP/1.1" 404 5719 "-" "MBCrawler/1.0 (https://monitorbacklinks.com/robot)"
65.108.44.54 - - [31/Aug/2026:12:24:02 -0500] "HEAD /category/chatbots-customer-service-uncategorized/ HTTP/1.1" 404 5135 "-" "MBCrawler/1.0 (https://monitorbacklinks.com/robot)"
65.108.44.54 - - [31/Aug/2026:12:24:03 -0500] "GET /category/chatbots-customer-service-uncategorized/ HTTP/1.1" 404 5719 "-" "MBCrawler/1.0 (https://monitorbacklinks.com/robot)"
106.219.217.152 - - [31/Aug/2026:12:24:18 -0500] "GET /list/goods/xo161tymr7f5zq_136.shtml HTTP/1.1" 404 5951 "-" "Mozilla/5.0 (Macintosh; Intel Mac OS X 15_3_1) AppleWebKit/537.36 (KHTML, like Gecko) Chrome/129.0.6668.29 Safari/537.36"
44.222.101.122 - - [31/Aug/2026:12:24:42 -0500] "GET /wp-content/uploads/2019/04/image13.png HTTP/1.1" 404 5982 "-" "Mozilla/5.0 (Windows NT 10.0; Win64; x64) AppleWebKit/537.36 (KHTML, like Gecko) Chrome/120.0.0.0 Safari/537.36"
44.222.101.122 - - [31/Aug/2026:12:24:43 -0500] "GET /wp-content/uploads/2019/04/Imagen-4.1.png HTTP/1.1" 404 5982 "-" "Mozilla/5.0 (Windows NT 10.0; Win64; x64) AppleWebKit/537.36 (KHTML, like Gecko) Chrome/120.0.0.0 Safari/537.36"
44.222.101.122 - - [31/Aug/2026:12:24:46 -0500] "GET /wp-content/uploads/2019/11/photo5078159577928804444-3-855x425.jpg HTTP/1.1" 404 5982 "-" "Mozilla/5.0 (Windows NT 10.0; Win64; x64) AppleWebKit/537.36 (KHTML, like Gecko) Chrome/120.0.0.0 Safari/537.36"
44.222.101.122 - - [31/Aug/2026:12:24:47 -0500] "GET /wp-content/uploads/2019/04/Imagen-5-Motion.png HTTP/1.1" 404 5982 "-" "Mozilla/5.0 (Windows NT 10.0; Win64; x64) AppleWebKit/537.36 (KHTML, like Gecko) Chrome/120.0.0.0 Safari/537.36"
44.222.101.122 - - [31/Aug/2026:12:24:48 -0500] "GET /wp-content/uploads/2019/08/image3-1.png HTTP/1.1" 404 5982 "-" "Mozilla/5.0 (Windows NT 10.0; Win64; x64) AppleWebKit/537.36 (KHTML, like Gecko) Chrome/120.0.0.0 Safari/537.36"
44.222.101.122 - - [31/Aug/2026:12:24:52 -0500] "GET /wp-content/uploads/2019/04/image5.jpg HTTP/1.1" 404 5982 "-" "Mozilla/5.0 (Windows NT 10.0; Win64; x64) AppleWebKit/537.36 (KHTML, like Gecko) Chrome/120.0.0.0 Safari/537.36"
44.222.101.122 - - [31/Aug/2026:12:24:54 -0500] "GET /wp-content/uploads/2019/08/image1.png HTTP/1.1" 404 5982 "-" "Mozilla/5.0 (Windows NT 10.0; Win64; x64) AppleWebKit/537.36 (KHTML, like Gecko) Chrome/120.0.0.0 Safari/537.36"
44.222.101.122 - - [31/Aug/2026:12:24:55 -0500] "GET /wp-content/uploads/2019/11/image2.png HTTP/1.1" 404 5982 "-" "Mozilla/5.0 (Windows NT 10.0; Win64; x64) AppleWebKit/537.36 (KHTML, like Gecko) Chrome/120.0.0.0 Safari/537.36"
44.222.101.122 - - [31/Aug/2026:12:24:56 -0500] "GET /wp-content/uploads/2019/04/image14.png HTTP/1.1" 404 5982 "-" "Mozilla/5.0 (Windows NT 10.0; Win64; x64) AppleWebKit/537.36 (KHTML, like Gecko) Chrome/120.0.0.0 Safari/537.36"
44.222.101.122 - - [31/Aug/2026:12:24:57 -0500] "GET /wp-content/uploads/2019/08/MOTION_-BLOG-POST-AUG-2-855x425.jpg HTTP/1.1" 404 5982 "-" "Mozilla/5.0 (Windows NT 10.0; Win64; x64) AppleWebKit/537.36 (KHTML, like Gecko) Chrome/120.0.0.0 Safari/537.36"
44.222.101.122 - - [31/Aug/2026:12:24:57 -0500] "GET /wp-content/uploads/2019/11/image3-855x425.jpg HTTP/1.1" 404 5982 "-" "Mozilla/5.0 (Windows NT 10.0; Win64; x64) AppleWebKit/537.36 (KHTML, like Gecko) Chrome/120.0.0.0 Safari/537.36"
44.222.101.122 - - [31/Aug/2026:12:24:58 -0500] "GET /wp-content/uploads/2019/11/image2-1.png HTTP/1.1" 404 5982 "-" "Mozilla/5.0 (Windows NT 10.0; Win64; x64) AppleWebKit/537.36 (KHTML, like Gecko) Chrome/120.0.0.0 Safari/537.36"
192.141.19.207 - - [31/Aug/2026:12:24:58 -0500] "GET /list/goods/xr286sbhix7yniwjh_4085.shtml HTTP/1.1" 404 5951 "-" "Mozilla/5.0 (Macintosh; Intel Mac OS X 14.5; rv:127.0) Gecko/20100101 Firefox/127.0"
44.222.101.122 - - [31/Aug/2026:12:24:59 -0500] "GET /wp-content/uploads/2019/05/MOTION_-BLOG-POST-may-2-855x425.jpg HTTP/1.1" 404 5982 "-" "Mozilla/5.0 (Windows NT 10.0; Win64; x64) AppleWebKit/537.36 (KHTML, like Gecko) Chrome/120.0.0.0 Safari/537.36"
44.222.101.122 - - [31/Aug/2026:12:25:01 -0500] "GET /wp-content/uploads/2019/11/image4.png HTTP/1.1" 404 5982 "-" "Mozilla/5.0 (Windows NT 10.0; Win64; x64) AppleWebKit/537.36 (KHTML, like Gecko) Chrome/120.0.0.0 Safari/537.36"
44.222.101.122 - - [31/Aug/2026:12:25:03 -0500] "GET /wp-content/uploads/2019/11/image5.png HTTP/1.1" 404 5982 "-" "Mozilla/5.0 (Windows NT 10.0; Win64; x64) AppleWebKit/537.36 (KHTML, like Gecko) Chrome/120.0.0.0 Safari/537.36"
44.222.101.122 - - [31/Aug/2026:12:25:03 -0500] "GET /wp-content/uploads/2019/06/photo4909050871350929456-855x425.jpg HTTP/1.1" 404 5982 "-" "Mozilla/5.0 (Windows NT 10.0; Win64; x64) AppleWebKit/537.36 (KHTML, like Gecko) Chrome/120.0.0.0 Safari/537.36"
44.222.101.122 - - [31/Aug/2026:12:25:04 -0500] "GET /wp-content/uploads/2019/08/image5.png HTTP/1.1" 404 5982 "-" "Mozilla/5.0 (Windows NT 10.0; Win64; x64) AppleWebKit/537.36 (KHTML, like Gecko) Chrome/120.0.0.0 Safari/537.36"
44.222.101.122 - - [31/Aug/2026:12:25:07 -0500] "GET /wp-content/uploads/2019/04/Imagen-3-Motion.png HTTP/1.1" 404 5982 "-" "Mozilla/5.0 (Windows NT 10.0; Win64; x64) AppleWebKit/537.36 (KHTML, like Gecko) Chrome/120.0.0.0 Safari/537.36"
85.208.98.57 - - [31/Aug/2026:12:25:07 -0500] "GET /blog-2/page/4/ HTTP/1.1" 404 5700 "-" "Mozilla/5.0 (compatible; SemrushBot-BA; +http://www.semrush.com/bot.html)"
44.222.101.122 - - [31/Aug/2026:12:25:08 -0500] "GET /wp-content/uploads/2019/11/image1.png HTTP/1.1" 404 5982 "-" "Mozilla/5.0 (Windows NT 10.0; Win64; x64) AppleWebKit/537.36 (KHTML, like Gecko) Chrome/120.0.0.0 Safari/537.36"
44.222.101.122 - - [31/Aug/2026:12:25:10 -0500] "GET /wp-content/plugins/leaflet-maps-marker/inc/img/icon-fullscreen.png HTTP/1.1" 404 5982 "-" "Mozilla/5.0 (Windows NT 10.0; Win64; x64) AppleWebKit/537.36 (KHTML, like Gecko) Chrome/120.0.0.0 Safari/537.36"
44.222.101.122 - - [31/Aug/2026:12:25:13 -0500] "GET /wp-content/uploads/2019/04/image11-855x425.jpg HTTP/1.1" 404 5982 "-" "Mozilla/5.0 (Windows NT 10.0; Win64; x64) AppleWebKit/537.36 (KHTML, like Gecko) Chrome/120.0.0.0 Safari/537.36"
44.222.101.122 - - [31/Aug/2026:12:25:15 -0500] "GET /wp-content/uploads/2019/04/image10.png HTTP/1.1" 404 5982 "-" "Mozilla/5.0 (Windows NT 10.0; Win64; x64) AppleWebKit/537.36 (KHTML, like Gecko) Chrome/120.0.0.0 Safari/537.36"
44.222.101.122 - - [31/Aug/2026:12:25:16 -0500] "GET /wp-content/uploads/2019/04/CStudy_Teatro_Ads.jpg HTTP/1.1" 404 5982 "-" "Mozilla/5.0 (Windows NT 10.0; Win64; x64) AppleWebKit/537.36 (KHTML, like Gecko) Chrome/120.0.0.0 Safari/537.36"
44.222.101.122 - - [31/Aug/2026:12:25:16 -0500] "GET /wp-content/uploads/2019/08/image4-1.png HTTP/1.1" 404 5982 "-" "Mozilla/5.0 (Windows NT 10.0; Win64; x64) AppleWebKit/537.36 (KHTML, like Gecko) Chrome/120.0.0.0 Safari/537.36"
44.222.101.122 - - [31/Aug/2026:12:25:17 -0500] "GET /wp-content/uploads/2019/04/photo5064484470777817169-855x425.jpg HTTP/1.1" 404 5982 "-" "Mozilla/5.0 (Windows NT 10.0; Win64; x64) AppleWebKit/537.36 (KHTML, like Gecko) Chrome/120.0.0.0 Safari/537.36"
98.93.91.70 - - [31/Aug/2026:12:25:19 -0500] "GET /wp-content/uploads/2019/06/photo4909050871350929456-855x425.jpg HTTP/1.1" 404 5982 "-" "Mozilla/5.0 (Windows NT 10.0; Win64; x64) AppleWebKit/537.36 (KHTML, like Gecko) Chrome/120.0.0.0 Safari/537.36"
