62.167.164.43 - - [31/Aug/2026:16:13:18 -0500] "POST /xmlrpc.php HTTP/1.1" 200 5468 "-" "Jetpack by WordPress.com (Jetpack 12.0; WordPress 6.3)"
62.167.164.43 - - [31/Aug/2026:16:13:28 -0500] "POST /xmlrpc.php HTTP/1.1" 200 5468 "-" "WordPress.com; https://wordpress.com"
136.112.153.229 - - [31/Aug/2026:16:13:32 -0500] "GET /items/C175042149 HTTP/1.1" 404 5926 "-" "Mozilla/5.0 (compatible; Reflectionbot/1.0; +https://reflection.ai/bot)"
62.167.164.43 - - [31/Aug/2026:16:13:39 -0500] "POST /xmlrpc.php HTTP/1.1" 200 5468 "-" "Jetpack by WordPress.com"
14.236.130.8 - - [31/Aug/2026:16:13:48 -0500] "GET /list/goods/qfn249gmmos_7644.shtml HTTP/1.1" 404 5951 "-" "Mozilla/5.0 (Macintosh; Intel Mac OS X 14.1; rv:127.0) Gecko/20100101 Firefox/127.0"
62.167.164.43 - - [31/Aug/2026:16:13:50 -0500] "POST /xmlrpc.php HTTP/1.1" 200 5468 "-" "Jetpack/13.0; WordPress/6.2; http://site79650785.com"
62.167.164.43 - - [31/Aug/2026:16:14:00 -0500] "POST /xmlrpc.php HTTP/1.1" 200 5468 "-" "Jetpack/12.0; WordPress/6.3; http://site25728247.com"
66.249.68.36 - - [31/Aug/2026:16:14:08 -0500] "GET /?detail/0710461342453 HTTP/1.1" 301 5178 "-" "Mozilla/5.0 (compatible; Googlebot/2.1; +http://www.google.com/bot.html)"
62.167.164.43 - - [31/Aug/2026:16:14:11 -0500] "POST /xmlrpc.php HTTP/1.1" 200 5468 "-" "Jetpack/13.0; WordPress/6.2; http://site96940181.com"
136.64.84.117 - - [31/Aug/2026:16:14:15 -0500] "GET /items/G240013128 HTTP/1.1" 404 5926 "-" "Mozilla/5.0 (compatible; Reflectionbot/1.0; +https://reflection.ai/bot)"
45.132.227.251 - - [31/Aug/2026:16:14:16 -0500] "GET / HTTP/1.1" 200 133614 "-" "Mozilla/5.0 (X11; Linux x86_64) AppleWebKit/537.36 (KHTML, like Gecko) Chrome/122.0.0.0 Safari/537.36"
66.249.68.201 - - [31/Aug/2026:16:14:17 -0500] "GET /list/goods/yhald148bmrhjslrv_25197.shtml HTTP/1.1" 404 5951 "-" "Mozilla/5.0 (Linux; Android 6.0.1; Nexus 5X Build/MMB29P) AppleWebKit/537.36 (KHTML, like Gecko) Chrome/151.0.7922.173 Mobile Safari/537.36 (compatible; Googlebot/2.1; +http://www.google.com/bot.html)"
62.167.164.43 - - [31/Aug/2026:16:14:21 -0500] "POST /xmlrpc.php HTTP/1.1" 200 5468 "-" "Jetpack by WordPress.com"
179.129.163.81 - - [31/Aug/2026:16:14:24 -0500] "GET /list/goods/qjsu134zhfmljog_9647.shtml HTTP/1.1" 404 5951 "-" "Mozilla/5.0 (Macintosh; Intel Mac OS X 11.5; rv:130.0) Gecko/20100101 Firefox/130.0"
62.167.164.43 - - [31/Aug/2026:16:14:32 -0500] "POST /xmlrpc.php HTTP/1.1" 200 5468 "-" "Jetpack by WordPress.com"
62.167.164.43 - - [31/Aug/2026:16:14:43 -0500] "POST /xmlrpc.php HTTP/1.1" 200 5468 "-" "Jetpack by WordPress.com"
3.233.229.17 - - [31/Aug/2026:16:14:59 -0500] "GET /wp-content/plugins/simple-share-buttons-adder/buttons/somacro/facebook.png HTTP/1.1" 404 5982 "-" "Mozilla/5.0 (Windows NT 10.0; Win64; x64) AppleWebKit/537.36 (KHTML, like Gecko) Chrome/120.0.0.0 Safari/537.36"
197.232.50.59 - - [31/Aug/2026:16:14:59 -0500] "GET /list/goods/qjyh46uce3n0p_39487.shtml HTTP/1.1" 404 5951 "-" "Mozilla/4.0 (Compatible; MSIE 5.5; Windows NT5.0; Q312461; SV1; .NET CLR 1.1.4322; InfoPath.2)"
62.167.164.43 - - [31/Aug/2026:16:14:53 -0500] "POST /xmlrpc.php HTTP/1.1" 200 5468 "-" "Jetpack/12.0; WordPress/6.1; http://site62718402.com"
3.233.229.17 - - [31/Aug/2026:16:15:04 -0500] "GET /wp-content/plugins/simple-share-buttons-adder/buttons/somacro/linkedin.png HTTP/1.1" 404 5982 "-" "Mozilla/5.0 (Windows NT 10.0; Win64; x64) AppleWebKit/537.36 (KHTML, like Gecko) Chrome/120.0.0.0 Safari/537.36"
62.167.164.43 - - [31/Aug/2026:16:15:04 -0500] "POST /xmlrpc.php HTTP/1.1" 200 5468 "-" "Jetpack/13.0; WordPress/6.1; http://site54475145.com"
45.3.51.32 - - [31/Aug/2026:16:15:09 -0500] "GET /wp-content/uploads/2019/04/image2.jpg HTTP/1.1" 404 5982 "-" "MathPicDatasetCrawler/0.1 (+research)"
62.167.164.43 - - [31/Aug/2026:16:15:14 -0500] "POST /xmlrpc.php HTTP/1.1" 200 5468 "-" "Jetpack by WordPress.com (Jetpack 12.0; WordPress 6.3)"
3.233.229.17 - - [31/Aug/2026:16:15:21 -0500] "GET /wp-content/uploads/2019/05/photo5116401721919252508-855x425.jpg HTTP/1.1" 404 5982 "-" "Mozilla/5.0 (Windows NT 10.0; Win64; x64) AppleWebKit/537.36 (KHTML, like Gecko) Chrome/120.0.0.0 Safari/537.36"
62.167.164.43 - - [31/Aug/2026:16:15:25 -0500] "POST /xmlrpc.php HTTP/1.1" 200 5468 "-" "Jetpack by WordPress.com"
3.233.229.17 - - [31/Aug/2026:16:15:26 -0500] "GET /wp-content/plugins/simple-share-buttons-adder/buttons/somacro/facebook.png HTTP/1.1" 404 5982 "-" "Mozilla/5.0 (Windows NT 10.0; Win64; x64) AppleWebKit/537.36 (KHTML, like Gecko) Chrome/120.0.0.0 Safari/537.36"
62.167.164.43 - - [31/Aug/2026:16:15:35 -0500] "POST /xmlrpc.php HTTP/1.1" 200 5468 "-" "Jetpack/12.0; WordPress/6.1; http://site45790198.com"
34.122.242.146 - - [31/Aug/2026:16:15:43 -0500] "GET /list/goods/eim145olsgku13_17854.shtml HTTP/1.1" 404 5926 "-" "Mozilla/5.0 (compatible; Reflectionbot/1.0; +https://reflection.ai/bot)"
62.167.164.43 - - [31/Aug/2026:16:15:46 -0500] "POST /xmlrpc.php HTTP/1.1" 200 5468 "-" "WordPress.com; https://wordpress.com"
3.233.229.17 - - [31/Aug/2026:16:15:56 -0500] "GET /wp-content/plugins/simple-share-buttons-adder/buttons/somacro/twitter.png HTTP/1.1" 404 5982 "-" "Mozilla/5.0 (Windows NT 10.0; Win64; x64) AppleWebKit/537.36 (KHTML, like Gecko) Chrome/120.0.0.0 Safari/537.36"
62.167.164.43 - - [31/Aug/2026:16:15:57 -0500] "POST /xmlrpc.php HTTP/1.1" 200 5468 "-" "WordPress.com; https://wordpress.com"
3.233.229.17 - - [31/Aug/2026:16:15:58 -0500] "GET /wp-content/plugins/simple-share-buttons-adder/buttons/somacro/linkedin.png HTTP/1.1" 404 5982 "-" "Mozilla/5.0 (Windows NT 10.0; Win64; x64) AppleWebKit/537.36 (KHTML, like Gecko) Chrome/120.0.0.0 Safari/537.36"
3.233.229.17 - - [31/Aug/2026:16:16:03 -0500] "GET /wp-content/plugins/simple-share-buttons-adder/buttons/somacro/twitter.png HTTP/1.1" 404 5982 "-" "Mozilla/5.0 (Windows NT 10.0; Win64; x64) AppleWebKit/537.36 (KHTML, like Gecko) Chrome/120.0.0.0 Safari/537.36"
62.167.164.43 - - [31/Aug/2026:16:16:07 -0500] "POST /xmlrpc.php HTTP/1.1" 200 5468 "-" "Jetpack by WordPress.com"
66.249.68.200 - - [31/Aug/2026:16:14:11 -0500] "GET /?detail%2F0710461342453 HTTP/1.1" 200 133696 "-" "Mozilla/5.0 (compatible; Googlebot/2.1; +http://www.google.com/bot.html)"
62.167.164.43 - - [31/Aug/2026:16:16:18 -0500] "POST /xmlrpc.php HTTP/1.1" 200 5468 "-" "Jetpack by WordPress.com (Jetpack 12.5; WordPress 6.2)"
62.167.164.43 - - [31/Aug/2026:16:16:28 -0500] "POST /xmlrpc.php HTTP/1.1" 200 5468 "-" "Jetpack by WordPress.com (Jetpack 12.0; WordPress 6.1)"
104.155.133.75 - - [31/Aug/2026:16:16:39 -0500] "GET /items/J040002012 HTTP/1.1" 404 5926 "-" "Mozilla/5.0 (compatible; Reflectionbot/1.0; +https://reflection.ai/bot)"
62.167.164.43 - - [31/Aug/2026:16:16:39 -0500] "POST /xmlrpc.php HTTP/1.1" 200 5468 "-" "Jetpack by WordPress.com (Jetpack 13.0; WordPress 6.4)"
45.19.210.26 - - [31/Aug/2026:16:16:48 -0500] "GET /list/goods/r284yoxqwf_23299.shtml HTTP/1.1" 404 5951 "-" "Mozilla/5.0 (Macintosh; Intel Mac OS X 13_6_3) AppleWebKit/537.36 (KHTML, like Gecko) Chrome/131.0.6778.139 Safari/537.36"
62.167.164.43 - - [31/Aug/2026:16:16:50 -0500] "POST /xmlrpc.php HTTP/1.1" 200 5468 "-" "Jetpack by WordPress.com"
62.167.164.43 - - [31/Aug/2026:16:17:00 -0500] "POST /xmlrpc.php HTTP/1.1" 200 5468 "-" "Jetpack by WordPress.com"
62.167.164.43 - - [31/Aug/2026:16:17:11 -0500] "POST /xmlrpc.php HTTP/1.1" 200 5468 "-" "Jetpack by WordPress.com"
102.218.51.153 - - [31/Aug/2026:16:17:16 -0500] "GET / HTTP/1.1" 301 5186 "-" "Mozilla/5.0 (Linux; Android 16; SM-A065F Build/BP2A.250605.031.A3; wv) AppleWebKit/537.36 (KHTML, like Gecko) Version/4.0 Chrome/151.0.7922.85 Mobile Safari/537.36 [FB_IAB/FB4A;FBAV/549.0.0.61.62;IABMV/1;]"
102.218.51.153 - - [31/Aug/2026:16:17:21 -0500] "GET /wp-content/themes/hello-elementor/assets/css/theme.css?ver=3.4.9 HTTP/1.1" 200 10265 "https://motionave.com/" "Mozilla/5.0 (Linux; Android 16; SM-A065F Build/BP2A.250605.031.A3; wv) AppleWebKit/537.36 (KHTML, like Gecko) Version/4.0 Chrome/151.0.7922.85 Mobile Safari/537.36 [FB_IAB/FB4A;FBAV/549.0.0.61.62;IABMV/1;]"
102.218.51.153 - - [31/Aug/2026:16:17:21 -0500] "GET /wp-content/themes/hello-elementor/assets/css/reset.css?ver=3.4.9 HTTP/1.1" 200 5882 "https://motionave.com/" "Mozilla/5.0 (Linux; Android 16; SM-A065F Build/BP2A.250605.031.A3; wv) AppleWebKit/537.36 (KHTML, like Gecko) Version/4.0 Chrome/151.0.7922.85 Mobile Safari/537.36 [FB_IAB/FB4A;FBAV/549.0.0.61.62;IABMV/1;]"
102.218.51.153 - - [31/Aug/2026:16:17:22 -0500] "GET /wp-content/themes/hello-elementor/assets/css/header-footer.css?ver=3.4.9 HTTP/1.1" 200 7725 "https://motionave.com/" "Mozilla/5.0 (Linux; Android 16; SM-A065F Build/BP2A.250605.031.A3; wv) AppleWebKit/537.36 (KHTML, like Gecko) Version/4.0 Chrome/151.0.7922.85 Mobile Safari/537.36 [FB_IAB/FB4A;FBAV/549.0.0.61.62;IABMV/1;]"
102.218.51.153 - - [31/Aug/2026:16:17:22 -0500] "GET /wp-content/uploads/elementor/css/post-6.css?ver=1786721379 HTTP/1.1" 200 1867 "https://motionave.com/" "Mozilla/5.0 (Linux; Android 16; SM-A065F Build/BP2A.250605.031.A3; wv) AppleWebKit/537.36 (KHTML, like Gecko) Version/4.0 Chrome/151.0.7922.85 Mobile Safari/537.36 [FB_IAB/FB4A;FBAV/549.0.0.61.62;IABMV/1;]"
102.218.51.153 - - [31/Aug/2026:16:17:22 -0500] "GET /wp-content/plugins/elementor/assets/css/widget-image.min.css?ver=4.2.2 HTTP/1.1" 200 754 "https://motionave.com/" "Mozilla/5.0 (Linux; Android 16; SM-A065F Build/BP2A.250605.031.A3; wv) AppleWebKit/537.36 (KHTML, like Gecko) Version/4.0 Chrome/151.0.7922.85 Mobile Safari/537.36 [FB_IAB/FB4A;FBAV/549.0.0.61.62;IABMV/1;]"
102.218.51.153 - - [31/Aug/2026:16:17:22 -0500] "GET /wp-content/plugins/elementor/assets/css/frontend.min.css?ver=4.2.2 HTTP/1.1" 200 55384 "https://motionave.com/" "Mozilla/5.0 (Linux; Android 16; SM-A065F Build/BP2A.250605.031.A3; wv) AppleWebKit/537.36 (KHTML, like Gecko) Version/4.0 Chrome/151.0.7922.85 Mobile Safari/537.36 [FB_IAB/FB4A;FBAV/549.0.0.61.62;IABMV/1;]"
102.218.51.153 - - [31/Aug/2026:16:17:22 -0500] "GET /wp-content/plugins/elementor/assets/css/widget-heading.min.css?ver=4.2.2 HTTP/1.1" 200 944 "https://motionave.com/" "Mozilla/5.0 (Linux; Android 16; SM-A065F Build/BP2A.250605.031.A3; wv) AppleWebKit/537.36 (KHTML, like Gecko) Version/4.0 Chrome/151.0.7922.85 Mobile Safari/537.36 [FB_IAB/FB4A;FBAV/549.0.0.61.62;IABMV/1;]"
102.218.51.153 - - [31/Aug/2026:16:17:22 -0500] "GET /wp-content/plugins/elementor-pro/assets/css/modules/sticky.min.css?ver=4.2.1 HTTP/1.1" 200 545 "https://motionave.com/" "Mozilla/5.0 (Linux; Android 16; SM-A065F Build/BP2A.250605.031.A3; wv) AppleWebKit/537.36 (KHTML, like Gecko) Version/4.0 Chrome/151.0.7922.85 Mobile Safari/537.36 [FB_IAB/FB4A;FBAV/549.0.0.61.62;IABMV/1;]"
102.218.51.153 - - [31/Aug/2026:16:17:22 -0500] "GET /wp-content/plugins/elementor/assets/css/widget-icon-list.min.css?ver=4.2.2 HTTP/1.1" 200 10671 "https://motionave.com/" "Mozilla/5.0 (Linux; Android 16; SM-A065F Build/BP2A.250605.031.A3; wv) AppleWebKit/537.36 (KHTML, like Gecko) Version/4.0 Chrome/151.0.7922.85 Mobile Safari/537.36 [FB_IAB/FB4A;FBAV/549.0.0.61.62;IABMV/1;]"
103.138.173.136 - - [31/Aug/2026:16:17:22 -0500] "GET /list/goods/r40hgktq6_12319.shtml HTTP/1.1" 404 5951 "-" "Mozilla/5.0 (Macintosh; Intel Mac OS X 14.6; rv:133.0) Gecko/20100101 Firefox/133.0"
102.218.51.153 - - [31/Aug/2026:16:17:22 -0500] "GET /wp-content/plugins/elementor/assets/css/widget-social-icons.min.css?ver=4.2.2 HTTP/1.1" 200 5496 "https://motionave.com/" "Mozilla/5.0 (Linux; Android 16; SM-A065F Build/BP2A.250605.031.A3; wv) AppleWebKit/537.36 (KHTML, like Gecko) Version/4.0 Chrome/151.0.7922.85 Mobile Safari/537.36 [FB_IAB/FB4A;FBAV/549.0.0.61.62;IABMV/1;]"
102.218.51.153 - - [31/Aug/2026:16:17:22 -0500] "GET /wp-content/plugins/elementor/assets/css/conditionals/apple-webkit.min.css?ver=4.2.2 HTTP/1.1" 200 7099 "https://motionave.com/" "Mozilla/5.0 (Linux; Android 16; SM-A065F Build/BP2A.250605.031.A3; wv) AppleWebKit/537.36 (KHTML, like Gecko) Version/4.0 Chrome/151.0.7922.85 Mobile Safari/537.36 [FB_IAB/FB4A;FBAV/549.0.0.61.62;IABMV/1;]"
102.218.51.153 - - [31/Aug/2026:16:17:23 -0500] "GET /wp-content/plugins/elementor/assets/css/widget-spacer.min.css?ver=4.2.2 HTTP/1.1" 200 2178 "https://motionave.com/" "Mozilla/5.0 (Linux; Android 16; SM-A065F Build/BP2A.250605.031.A3; wv) AppleWebKit/537.36 (KHTML, like Gecko) Version/4.0 Chrome/151.0.7922.85 Mobile Safari/537.36 [FB_IAB/FB4A;FBAV/549.0.0.61.62;IABMV/1;]"
102.218.51.153 - - [31/Aug/2026:16:17:19 -0500] "GET / HTTP/1.1" 200 133881 "-" "Mozilla/5.0 (Linux; Android 16; SM-A065F Build/BP2A.250605.031.A3; wv) AppleWebKit/537.36 (KHTML, like Gecko) Version/4.0 Chrome/151.0.7922.85 Mobile Safari/537.36 [FB_IAB/FB4A;FBAV/549.0.0.61.62;IABMV/1;]"
102.218.51.153 - - [31/Aug/2026:16:17:23 -0500] "GET /wp-content/plugins/elementor/assets/lib/animations/styles/fadeIn.min.css?ver=4.2.2 HTTP/1.1" 200 459 "https://motionave.com/" "Mozilla/5.0 (Linux; Android 16; SM-A065F Build/BP2A.250605.031.A3; wv) AppleWebKit/537.36 (KHTML, like Gecko) Version/4.0 Chrome/151.0.7922.85 Mobile Safari/537.36 [FB_IAB/FB4A;FBAV/549.0.0.61.62;IABMV/1;]"
102.218.51.153 - - [31/Aug/2026:16:17:23 -0500] "GET /wp-content/plugins/elementor/assets/lib/animations/styles/fadeInRight.min.css?ver=4.2.2 HTTP/1.1" 200 522 "https://motionave.com/" "Mozilla/5.0 (Linux; Android 16; SM-A065F Build/BP2A.250605.031.A3; wv) AppleWebKit/537.36 (KHTML, like Gecko) Version/4.0 Chrome/151.0.7922.85 Mobile Safari/537.36 [FB_IAB/FB4A;FBAV/549.0.0.61.62;IABMV/1;]"
102.218.51.153 - - [31/Aug/2026:16:17:24 -0500] "GET /wp-content/plugins/elementor/assets/lib/animations/styles/fadeInUp.min.css?ver=4.2.2 HTTP/1.1" 200 513 "https://motionave.com/" "Mozilla/5.0 (Linux; Android 16; SM-A065F Build/BP2A.250605.031.A3; wv) AppleWebKit/537.36 (KHTML, like Gecko) Version/4.0 Chrome/151.0.7922.85 Mobile Safari/537.36 [FB_IAB/FB4A;FBAV/549.0.0.61.62;IABMV/1;]"
102.218.51.153 - - [31/Aug/2026:16:17:24 -0500] "GET /wp-content/plugins/elementor/assets/css/widget-divider.min.css?ver=4.2.2 HTTP/1.1" 200 4801 "https://motionave.com/" "Mozilla/5.0 (Linux; Android 16; SM-A065F Build/BP2A.250605.031.A3; wv) AppleWebKit/537.36 (KHTML, like Gecko) Version/4.0 Chrome/151.0.7922.85 Mobile Safari/537.36 [FB_IAB/FB4A;FBAV/549.0.0.61.62;IABMV/1;]"
102.218.51.153 - - [31/Aug/2026:16:17:24 -0500] "GET /wp-content/plugins/elementor/assets/css/widget-menu-anchor.min.css?ver=4.2.2 HTTP/1.1" 200 451 "https://motionave.com/" "Mozilla/5.0 (Linux; Android 16; SM-A065F Build/BP2A.250605.031.A3; wv) AppleWebKit/537.36 (KHTML, like Gecko) Version/4.0 Chrome/151.0.7922.85 Mobile Safari/537.36 [FB_IAB/FB4A;FBAV/549.0.0.61.62;IABMV/1;]"
102.218.51.153 - - [31/Aug/2026:16:17:24 -0500] "GET /wp-content/plugins/elementor/assets/css/widget-accordion.min.css?ver=4.2.2 HTTP/1.1" 200 2129 "https://motionave.com/" "Mozilla/5.0 (Linux; Android 16; SM-A065F Build/BP2A.250605.031.A3; wv) AppleWebKit/537.36 (KHTML, like Gecko) Version/4.0 Chrome/151.0.7922.85 Mobile Safari/537.36 [FB_IAB/FB4A;FBAV/549.0.0.61.62;IABMV/1;]"
102.218.51.153 - - [31/Aug/2026:16:17:24 -0500] "GET /wp-content/plugins/elementor/assets/css/widget-star-rating.min.css?ver=4.2.2 HTTP/1.1" 200 5188 "https://motionave.com/" "Mozilla/5.0 (Linux; Android 16; SM-A065F Build/BP2A.250605.031.A3; wv) AppleWebKit/537.36 (KHTML, like Gecko) Version/4.0 Chrome/151.0.7922.85 Mobile Safari/537.36 [FB_IAB/FB4A;FBAV/549.0.0.61.62;IABMV/1;]"
102.218.51.153 - - [31/Aug/2026:16:17:24 -0500] "GET /wp-content/plugins/elementor/assets/css/widget-icon-box.min.css?ver=4.2.2 HTTP/1.1" 200 5112 "https://motionave.com/" "Mozilla/5.0 (Linux; Android 16; SM-A065F Build/BP2A.250605.031.A3; wv) AppleWebKit/537.36 (KHTML, like Gecko) Version/4.0 Chrome/151.0.7922.85 Mobile Safari/537.36 [FB_IAB/FB4A;FBAV/549.0.0.61.62;IABMV/1;]"
102.218.51.153 - - [31/Aug/2026:16:17:24 -0500] "GET /wp-content/plugins/elementor/assets/lib/animations/styles/fadeInLeft.min.css?ver=4.2.2 HTTP/1.1" 200 520 "https://motionave.com/" "Mozilla/5.0 (Linux; Android 16; SM-A065F Build/BP2A.250605.031.A3; wv) AppleWebKit/537.36 (KHTML, like Gecko) Version/4.0 Chrome/151.0.7922.85 Mobile Safari/537.36 [FB_IAB/FB4A;FBAV/549.0.0.61.62;IABMV/1;]"
102.218.51.153 - - [31/Aug/2026:16:17:24 -0500] "GET /wp-content/uploads/elementor/css/post-227.css?ver=1786721376 HTTP/1.1" 200 6515 "https://motionave.com/" "Mozilla/5.0 (Linux; Android 16; SM-A065F Build/BP2A.250605.031.A3; wv) AppleWebKit/537.36 (KHTML, like Gecko) Version/4.0 Chrome/151.0.7922.85 Mobile Safari/537.36 [FB_IAB/FB4A;FBAV/549.0.0.61.62;IABMV/1;]"
102.218.51.153 - - [31/Aug/2026:16:17:24 -0500] "GET /wp-content/uploads/elementor/css/post-241.css?ver=1786721377 HTTP/1.1" 200 10314 "https://motionave.com/" "Mozilla/5.0 (Linux; Android 16; SM-A065F Build/BP2A.250605.031.A3; wv) AppleWebKit/537.36 (KHTML, like Gecko) Version/4.0 Chrome/151.0.7922.85 Mobile Safari/537.36 [FB_IAB/FB4A;FBAV/549.0.0.61.62;IABMV/1;]"
102.218.51.153 - - [31/Aug/2026:16:17:25 -0500] "GET /wp-includes/js/jquery/jquery.min.js?ver=3.7.1 HTTP/1.1" 200 88245 "https://motionave.com/" "Mozilla/5.0 (Linux; Android 16; SM-A065F Build/BP2A.250605.031.A3; wv) AppleWebKit/537.36 (KHTML, like Gecko) Version/4.0 Chrome/151.0.7922.85 Mobile Safari/537.36 [FB_IAB/FB4A;FBAV/549.0.0.61.62;IABMV/1;]"
102.218.51.153 - - [31/Aug/2026:16:17:25 -0500] "GET /wp-includes/js/jquery/jquery-migrate.min.js?ver=3.4.1 HTTP/1.1" 200 14007 "https://motionave.com/" "Mozilla/5.0 (Linux; Android 16; SM-A065F Build/BP2A.250605.031.A3; wv) AppleWebKit/537.36 (KHTML, like Gecko) Version/4.0 Chrome/151.0.7922.85 Mobile Safari/537.36 [FB_IAB/FB4A;FBAV/549.0.0.61.62;IABMV/1;]"
102.218.51.153 - - [31/Aug/2026:16:17:25 -0500] "GET /wp-content/uploads/2024/02/logo-motion-horizontal-blue.svg HTTP/1.1" 200 11756 "https://motionave.com/" "Mozilla/5.0 (Linux; Android 16; SM-A065F Build/BP2A.250605.031.A3; wv) AppleWebKit/537.36 (KHTML, like Gecko) Version/4.0 Chrome/151.0.7922.85 Mobile Safari/537.36 [FB_IAB/FB4A;FBAV/549.0.0.61.62;IABMV/1;]"
102.218.51.153 - - [31/Aug/2026:16:17:24 -0500] "GET /wp-content/uploads/elementor/css/post-8.css?ver=1786721383 HTTP/1.1" 200 70695 "https://motionave.com/" "Mozilla/5.0 (Linux; Android 16; SM-A065F Build/BP2A.250605.031.A3; wv) AppleWebKit/537.36 (KHTML, like Gecko) Version/4.0 Chrome/151.0.7922.85 Mobile Safari/537.36 [FB_IAB/FB4A;FBAV/549.0.0.61.62;IABMV/1;]"
102.218.51.153 - - [31/Aug/2026:16:17:26 -0500] "GET /wp-content/uploads/2024/02/experience-5stars.png HTTP/1.1" 200 28818 "https://motionave.com/" "Mozilla/5.0 (Linux; Android 16; SM-A065F Build/BP2A.250605.031.A3; wv) AppleWebKit/537.36 (KHTML, like Gecko) Version/4.0 Chrome/151.0.7922.85 Mobile Safari/537.36 [FB_IAB/FB4A;FBAV/549.0.0.61.62;IABMV/1;]"
102.218.51.153 - - [31/Aug/2026:16:17:29 -0500] "GET /wp-content/uploads/2024/02/marketing-expert2-768x181.png HTTP/1.1" 200 35660 "https://motionave.com/" "Mozilla/5.0 (Linux; Android 16; SM-A065F Build/BP2A.250605.031.A3; wv) AppleWebKit/537.36 (KHTML, like Gecko) Version/4.0 Chrome/151.0.7922.85 Mobile Safari/537.36 [FB_IAB/FB4A;FBAV/549.0.0.61.62;IABMV/1;]"
102.218.51.153 - - [31/Aug/2026:16:17:30 -0500] "GET /wp-content/uploads/2024/02/social-proof-768x108.png HTTP/1.1" 200 29280 "https://motionave.com/" "Mozilla/5.0 (Linux; Android 16; SM-A065F Build/BP2A.250605.031.A3; wv) AppleWebKit/537.36 (KHTML, like Gecko) Version/4.0 Chrome/151.0.7922.85 Mobile Safari/537.36 [FB_IAB/FB4A;FBAV/549.0.0.61.62;IABMV/1;]"
62.167.164.43 - - [31/Aug/2026:16:17:21 -0500] "POST /xmlrpc.php HTTP/1.1" 200 5468 "-" "WordPress.com; https://wordpress.com"
35.188.213.35 - - [31/Aug/2026:16:17:30 -0500] "GET /items/Z128049874 HTTP/1.1" 404 5926 "-" "Mozilla/5.0 (compatible; Reflectionbot/1.0; +https://reflection.ai/bot)"
102.218.51.153 - - [31/Aug/2026:16:17:31 -0500] "GET /wp-content/uploads/2024/01/Marketing-Automation.png HTTP/1.1" 200 14101 "https://motionave.com/" "Mozilla/5.0 (Linux; Android 16; SM-A065F Build/BP2A.250605.031.A3; wv) AppleWebKit/537.36 (KHTML, like Gecko) Version/4.0 Chrome/151.0.7922.85 Mobile Safari/537.36 [FB_IAB/FB4A;FBAV/549.0.0.61.62;IABMV/1;]"
62.167.164.43 - - [31/Aug/2026:16:17:32 -0500] "POST /xmlrpc.php HTTP/1.1" 200 5468 "-" "Jetpack/12.0; WordPress/6.4; http://site17886113.com"
102.218.51.153 - - [31/Aug/2026:16:17:38 -0500] "GET /wp-content/uploads/2024/02/cropped-favicon-2-32x32.png HTTP/1.1" 200 1230 "https://motionave.com/" "Mozilla/5.0 (Linux; Android 16; SM-A065F Build/BP2A.250605.031.A3; wv) AppleWebKit/537.36 (KHTML, like Gecko) Version/4.0 Chrome/151.0.7922.85 Mobile Safari/537.36 [FB_IAB/FB4A;FBAV/549.0.0.61.62;IABMV/1;]"
62.167.164.43 - - [31/Aug/2026:16:17:43 -0500] "POST /xmlrpc.php HTTP/1.1" 200 5468 "-" "Jetpack by WordPress.com (Jetpack 12.1; WordPress 6.4)"
62.167.164.43 - - [31/Aug/2026:16:17:53 -0500] "POST /xmlrpc.php HTTP/1.1" 200 5468 "-" "Jetpack by WordPress.com (Jetpack 12.1; WordPress 6.4)"
3.226.250.14 - - [31/Aug/2026:16:17:57 -0500] "GET /wp-content/uploads/2019/03/image3-2.png HTTP/1.1" 404 5982 "-" "Mozilla/5.0 (Windows NT 10.0; Win64; x64) AppleWebKit/537.36 (KHTML, like Gecko) Chrome/120.0.0.0 Safari/537.36"
177.190.66.199 - - [31/Aug/2026:16:17:59 -0500] "GET /list/goods/r42qboy35b5pg_18221.shtml HTTP/1.1" 404 5951 "-" "Mozilla/5.0 (Macintosh; Intel Mac OS X 10_15_7) AppleWebKit/537.36 (KHTML, like Gecko) Chrome/125.0.6422.176 Safari/537.36"
3.226.250.14 - - [31/Aug/2026:16:18:04 -0500] "GET /wp-content/uploads/2019/05/image9.jpg HTTP/1.1" 404 5982 "-" "Mozilla/5.0 (Windows NT 10.0; Win64; x64) AppleWebKit/537.36 (KHTML, like Gecko) Chrome/120.0.0.0 Safari/537.36"
62.167.164.43 - - [31/Aug/2026:16:18:04 -0500] "POST /xmlrpc.php HTTP/1.1" 200 5468 "-" "Jetpack by WordPress.com"
62.167.164.43 - - [31/Aug/2026:16:18:14 -0500] "POST /xmlrpc.php HTTP/1.1" 200 5468 "-" "Jetpack/12.0; WordPress/6.3; http://site56791613.com"
3.226.250.14 - - [31/Aug/2026:16:18:16 -0500] "GET /wp-content/plugins/leaflet-maps-marker/inc/img/icon-kml.png HTTP/1.1" 404 5982 "-" "Mozilla/5.0 (Windows NT 10.0; Win64; x64) AppleWebKit/537.36 (KHTML, like Gecko) Chrome/120.0.0.0 Safari/537.36"
3.226.250.14 - - [31/Aug/2026:16:18:17 -0500] "GET /wp-content/uploads/2019/03/image6-2.png HTTP/1.1" 404 5982 "-" "Mozilla/5.0 (Windows NT 10.0; Win64; x64) AppleWebKit/537.36 (KHTML, like Gecko) Chrome/120.0.0.0 Safari/537.36"
102.218.51.153 - - [31/Aug/2026:16:17:26 -0500] "GET /wp-content/uploads/2024/02/marketing-industries-768x677.png HTTP/1.1" 200 427230 "https://motionave.com/" "Mozilla/5.0 (Linux; Android 16; SM-A065F Build/BP2A.250605.031.A3; wv) AppleWebKit/537.36 (KHTML, like Gecko) Version/4.0 Chrome/151.0.7922.85 Mobile Safari/537.36 [FB_IAB/FB4A;FBAV/549.0.0.61.62;IABMV/1;]"
102.218.51.153 - - [31/Aug/2026:16:18:21 -0500] "GET /wp-content/uploads/2024/02/cropped-favicon-2-192x192.png HTTP/1.1" 200 7621 "https://motionave.com/" "Mozilla/5.0 (Linux; Android 16; SM-A065F Build/BP2A.250605.031.A3; wv) AppleWebKit/537.36 (KHTML, like Gecko) Version/4.0 Chrome/151.0.7922.85 Mobile Safari/537.36 [FB_IAB/FB4A;FBAV/549.0.0.61.62;IABMV/1;]"
66.249.68.37 - - [31/Aug/2026:16:18:24 -0500] "GET /?detail/2810430916959 HTTP/1.1" 301 5178 "-" "Mozilla/5.0 (Linux; Android 6.0.1; Nexus 5X Build/MMB29P) AppleWebKit/537.36 (KHTML, like Gecko) Chrome/151.0.7922.173 Mobile Safari/537.36 (compatible; Googlebot/2.1; +http://www.google.com/bot.html)"
62.167.164.43 - - [31/Aug/2026:16:18:25 -0500] "POST /xmlrpc.php HTTP/1.1" 200 5468 "-" "Jetpack by WordPress.com"
66.249.68.200 - - [31/Aug/2026:16:18:27 -0500] "GET /?detail%2F2810430916959 HTTP/1.1" 200 133696 "-" "Mozilla/5.0 (Linux; Android 6.0.1; Nexus 5X Build/MMB29P) AppleWebKit/537.36 (KHTML, like Gecko) Chrome/151.0.7922.173 Mobile Safari/537.36 (compatible; Googlebot/2.1; +http://www.google.com/bot.html)"
3.226.250.14 - - [31/Aug/2026:16:18:34 -0500] "GET /wp-content/uploads/2019/05/image5.jpg HTTP/1.1" 404 5982 "-" "Mozilla/5.0 (Windows NT 10.0; Win64; x64) AppleWebKit/537.36 (KHTML, like Gecko) Chrome/120.0.0.0 Safari/537.36"
189.91.10.171 - - [31/Aug/2026:16:18:35 -0500] "GET /list/goods/ri14am65_12509.shtml HTTP/1.1" 404 5951 "-" "Mozilla/5.0 (Macintosh; Intel Mac OS X 13_4_1) AppleWebKit/537.36 (KHTML, like Gecko) Chrome/126.0.6478.182 Safari/537.36"
62.167.164.43 - - [31/Aug/2026:16:18:35 -0500] "POST /xmlrpc.php HTTP/1.1" 200 5468 "-" "WordPress.com; https://wordpress.com"
3.226.250.14 - - [31/Aug/2026:16:18:39 -0500] "GET /wp-content/uploads/2019/03/image2-2.png HTTP/1.1" 404 5982 "-" "Mozilla/5.0 (Windows NT 10.0; Win64; x64) AppleWebKit/537.36 (KHTML, like Gecko) Chrome/120.0.0.0 Safari/537.36"
3.226.250.14 - - [31/Aug/2026:16:18:39 -0500] "GET /wp-content/uploads/2019/05/image6-1.jpg HTTP/1.1" 404 5982 "-" "Mozilla/5.0 (Windows NT 10.0; Win64; x64) AppleWebKit/537.36 (KHTML, like Gecko) Chrome/120.0.0.0 Safari/537.36"
3.226.250.14 - - [31/Aug/2026:16:18:40 -0500] "GET /wp-content/uploads/2019/03/image1-1-855x425.jpg HTTP/1.1" 404 5982 "-" "Mozilla/5.0 (Windows NT 10.0; Win64; x64) AppleWebKit/537.36 (KHTML, like Gecko) Chrome/120.0.0.0 Safari/537.36"
3.226.250.14 - - [31/Aug/2026:16:18:44 -0500] "GET /wp-content/uploads/2019/03/image4-2.png HTTP/1.1" 404 5982 "-" "Mozilla/5.0 (Windows NT 10.0; Win64; x64) AppleWebKit/537.36 (KHTML, like Gecko) Chrome/120.0.0.0 Safari/537.36"
62.167.164.43 - - [31/Aug/2026:16:18:46 -0500] "POST /xmlrpc.php HTTP/1.1" 200 5468 "-" "Jetpack by WordPress.com"
3.226.250.14 - - [31/Aug/2026:16:18:48 -0500] "GET /wp-content/uploads/2019/03/image5-2.png HTTP/1.1" 404 5982 "-" "Mozilla/5.0 (Windows NT 10.0; Win64; x64) AppleWebKit/537.36 (KHTML, like Gecko) Chrome/120.0.0.0 Safari/537.36"
62.167.164.43 - - [31/Aug/2026:16:18:56 -0500] "POST /xmlrpc.php HTTP/1.1" 200 5468 "-" "WordPress.com; https://wordpress.com"
3.226.250.14 - - [31/Aug/2026:16:18:58 -0500] "GET /wp-content/plugins/leaflet-maps-marker/inc/img/icon-fullscreen.png HTTP/1.1" 404 5982 "-" "Mozilla/5.0 (Windows NT 10.0; Win64; x64) AppleWebKit/537.36 (KHTML, like Gecko) Chrome/120.0.0.0 Safari/537.36"
3.226.250.14 - - [31/Aug/2026:16:19:01 -0500] "GET /wp-content/uploads/2019/05/image2-1.jpg HTTP/1.1" 404 5982 "-" "Mozilla/5.0 (Windows NT 10.0; Win64; x64) AppleWebKit/537.36 (KHTML, like Gecko) Chrome/120.0.0.0 Safari/537.36"
62.167.164.43 - - [31/Aug/2026:16:19:07 -0500] "POST /xmlrpc.php HTTP/1.1" 200 5468 "-" "Jetpack by WordPress.com (Jetpack 12.0; WordPress 6.4)"
146.174.176.12 - - [31/Aug/2026:16:19:10 -0500] "GET /list/goods/sc247ehwtprvuo_39782.shtml HTTP/1.1" 404 5951 "-" "Mozilla/5.0 (Macintosh; Intel Mac OS X 14_6_1) AppleWebKit/537.36 (KHTML, like Gecko) Chrome/127.0.6533.72 Safari/537.36"
3.226.250.14 - - [31/Aug/2026:16:19:13 -0500] "GET /wp-content/uploads/2019/05/image1-1-855x425.png HTTP/1.1" 404 5982 "-" "Mozilla/5.0 (Windows NT 10.0; Win64; x64) AppleWebKit/537.36 (KHTML, like Gecko) Chrome/120.0.0.0 Safari/537.36"
62.167.164.43 - - [31/Aug/2026:16:19:17 -0500] "POST /xmlrpc.php HTTP/1.1" 200 5468 "-" "Jetpack/12.5; WordPress/6.2; http://site49871994.com"
173.252.97.113 - - [31/Aug/2026:16:19:18 -0500] "GET / HTTP/1.1" 206 133665 "-" "facebookexternalhit/1.1 (+http://www.facebook.com/externalhit_uatext.php)"
173.252.87.12 - - [31/Aug/2026:16:19:20 -0500] "GET / HTTP/1.1" 200 133881 "-" "facebookexternalhit/1.1 (+http://www.facebook.com/externalhit_uatext.php)"
173.252.97.112 - - [31/Aug/2026:16:19:20 -0500] "GET / HTTP/1.1" 200 133881 "-" "facebookexternalhit/1.1 (+http://www.facebook.com/externalhit_uatext.php)"
173.252.87.16 - - [31/Aug/2026:16:19:21 -0500] "GET /wp-content/uploads/2024/02/marketing-expert2.png HTTP/1.1" 200 34054 "-" "facebookexternalhit/1.1 (+http://www.facebook.com/externalhit_uatext.php)"
173.252.87.37 - - [31/Aug/2026:16:19:21 -0500] "GET /wp-content/uploads/2024/02/LOGOS-GSP-orange-1024x356.png HTTP/1.1" 200 50617 "-" "facebookexternalhit/1.1 (+http://www.facebook.com/externalhit_uatext.php)"
173.252.87.44 - - [31/Aug/2026:16:19:21 -0500] "GET /wp-content/uploads/2024/02/wow.png HTTP/1.1" 200 55844 "-" "facebookexternalhit/1.1 (+http://www.facebook.com/externalhit_uatext.php)"
173.252.87.3 - - [31/Aug/2026:16:19:21 -0500] "GET /wp-content/uploads/2024/01/Marketing-Automation.png HTTP/1.1" 200 18726 "-" "facebookexternalhit/1.1 (+http://www.facebook.com/externalhit_uatext.php)"
173.252.87.5 - - [31/Aug/2026:16:19:21 -0500] "GET /wp-content/uploads/2024/02/Transparent-Communication-1024x580.png HTTP/1.1" 200 130504 "-" "facebookexternalhit/1.1 (+http://www.facebook.com/externalhit_uatext.php)"
173.252.87.46 - - [31/Aug/2026:16:19:21 -0500] "GET /wp-content/uploads/2024/01/Facebook-Advertising.png HTTP/1.1" 200 16822 "-" "facebookexternalhit/1.1 (+http://www.facebook.com/externalhit_uatext.php)"
173.252.87.3 - - [31/Aug/2026:16:19:21 -0500] "GET /wp-content/uploads/2024/01/BANNER-1.png HTTP/1.1" 200 62053 "-" "facebookexternalhit/1.1 (+http://www.facebook.com/externalhit_uatext.php)"
173.252.87.49 - - [31/Aug/2026:16:19:21 -0500] "GET /wp-content/uploads/2024/01/Analytics-Optimization.png HTTP/1.1" 200 29318 "-" "facebookexternalhit/1.1 (+http://www.facebook.com/externalhit_uatext.php)"
173.252.87.7 - - [31/Aug/2026:16:19:21 -0500] "GET /wp-content/uploads/2024/02/market.png HTTP/1.1" 200 81702 "-" "facebookexternalhit/1.1 (+http://www.facebook.com/externalhit_uatext.php)"
173.252.87.12 - - [31/Aug/2026:16:19:21 -0500] "GET /wp-content/uploads/2024/02/ilustracion3-1024x580.png HTTP/1.1" 200 107428 "-" "facebookexternalhit/1.1 (+http://www.facebook.com/externalhit_uatext.php)"
173.252.87.46 - - [31/Aug/2026:16:19:21 -0500] "GET /wp-content/uploads/2024/02/ilustracion4-1024x580.png HTTP/1.1" 200 142403 "-" "facebookexternalhit/1.1 (+http://www.facebook.com/externalhit_uatext.php)"
173.252.87.13 - - [31/Aug/2026:16:19:21 -0500] "GET /wp-content/uploads/2024/02/ilustracion6-1024x580.png HTTP/1.1" 200 127409 "-" "facebookexternalhit/1.1 (+http://www.facebook.com/externalhit_uatext.php)"
173.252.87.20 - - [31/Aug/2026:16:19:21 -0500] "GET /wp-content/uploads/2024/02/tech-1024x428.png HTTP/1.1" 200 111337 "-" "facebookexternalhit/1.1 (+http://www.facebook.com/externalhit_uatext.php)"
173.252.87.40 - - [31/Aug/2026:16:19:21 -0500] "GET /wp-content/uploads/2024/02/social-proof.png HTTP/1.1" 200 83320 "-" "facebookexternalhit/1.1 (+http://www.facebook.com/externalhit_uatext.php)"
173.252.87.38 - - [31/Aug/2026:16:19:21 -0500] "GET /wp-content/uploads/2024/02/MDR-00-Horizontal-Full-Color_Outline-1024x520.png HTTP/1.1" 200 124656 "-" "facebookexternalhit/1.1 (+http://www.facebook.com/externalhit_uatext.php)"
173.252.87.46 - - [31/Aug/2026:16:19:21 -0500] "GET /wp-content/uploads/2024/02/coaching-1024x580.png HTTP/1.1" 200 138669 "-" "facebookexternalhit/1.1 (+http://www.facebook.com/externalhit_uatext.php)"
173.252.87.49 - - [31/Aug/2026:16:19:21 -0500] "GET /wp-content/uploads/2024/02/marketing-industries.png HTTP/1.1" 200 522667 "-" "facebookexternalhit/1.1 (+http://www.facebook.com/externalhit_uatext.php)"
173.252.127.6 - - [31/Aug/2026:16:19:22 -0500] "GET /wp-content/uploads/2024/02/marketing-industries.png HTTP/1.1" 200 522667 "-" "facebookexternalhit/1.1 (+http://www.facebook.com/externalhit_uatext.php)"
102.218.51.153 - - [31/Aug/2026:16:19:21 -0500] "GET /wp-content/uploads/2024/02/marketing-industries.png HTTP/1.1" 200 522667 "fbapp://350685531728/unknown" "[FBAN/FB4A;FBAV/549.0.0.61.62;FBBV/891620527;FBDM/{density=1.875,width=720,height=1600};FBLC/en_GB;FBRV/899682611;FBCR/Safaricom;FBMF/samsung;FBBD/samsung;FBPN/com.facebook.katana;FBDV/SM-A065F;FBSV/16;FBOP/1;FBCA/arm64-v8a:;]"
62.167.164.43 - - [31/Aug/2026:16:19:28 -0500] "POST /xmlrpc.php HTTP/1.1" 200 5468 "-" "Jetpack by WordPress.com"
105.159.141.45 - - [31/Aug/2026:16:19:48 -0500] "GET /list/goods/sgk246uqdwh8eu_41301.shtml HTTP/1.1" 404 5951 "-" "Mozilla/5.0 (Macintosh; Intel Mac OS X 12.7; rv:125.0) Gecko/20100101 Firefox/125.0"
62.167.164.43 - - [31/Aug/2026:16:19:39 -0500] "POST /xmlrpc.php HTTP/1.1" 200 4750 "-" "Jetpack/12.1; WordPress/6.3; http://site17644794.com"
62.167.164.43 - - [31/Aug/2026:16:19:49 -0500] "POST /xmlrpc.php HTTP/1.1" 200 5468 "-" "Jetpack/12.5; WordPress/6.1; http://site37826731.com"
66.249.68.37 - - [31/Aug/2026:16:19:57 -0500] "GET /?goods/248008691 HTTP/1.1" 301 5173 "-" "Mozilla/5.0 (compatible; Googlebot/2.1; +http://www.google.com/bot.html)"
62.167.164.43 - - [31/Aug/2026:16:20:00 -0500] "POST /xmlrpc.php HTTP/1.1" 200 5468 "-" "Jetpack by WordPress.com (Jetpack 12.1; WordPress 6.2)"
66.249.68.200 - - [31/Aug/2026:16:20:01 -0500] "GET /?goods%2F248008691 HTTP/1.1" 200 133696 "-" "Mozilla/5.0 (compatible; Googlebot/2.1; +http://www.google.com/bot.html)"
62.167.164.43 - - [31/Aug/2026:16:20:10 -0500] "POST /xmlrpc.php HTTP/1.1" 200 5468 "-" "Jetpack by WordPress.com"
66.249.68.200 - - [31/Aug/2026:16:20:21 -0500] "GET /list/goods/fjodc85lbrfw98_13974.shtml HTTP/1.1" 404 5951 "-" "Mozilla/5.0 (Linux; Android 6.0.1; Nexus 5X Build/MMB29P) AppleWebKit/537.36 (KHTML, like Gecko) Chrome/151.0.7922.173 Mobile Safari/537.36 (compatible; Googlebot/2.1; +http://www.google.com/bot.html)"
62.167.164.43 - - [31/Aug/2026:16:20:21 -0500] "POST /xmlrpc.php HTTP/1.1" 200 5468 "-" "Jetpack by WordPress.com"
212.133.202.253 - - [31/Aug/2026:16:20:25 -0500] "GET /list/goods/swfl12q91qmd1_17727.shtml HTTP/1.1" 404 5951 "-" "Mozilla/5.0 (Macintosh; Intel Mac OS X 14_7_0) AppleWebKit/537.36 (KHTML, like Gecko) Chrome/134.0.6998.45 Safari/537.36"
66.249.68.37 - - [31/Aug/2026:16:20:26 -0500] "GET /?detail/10204494182922 HTTP/1.1" 301 5179 "-" "Mozilla/5.0 (compatible; Googlebot/2.1; +http://www.google.com/bot.html)"
66.249.68.200 - - [31/Aug/2026:16:20:30 -0500] "GET /?detail%2F10204494182922 HTTP/1.1" 200 133696 "-" "Mozilla/5.0 (compatible; Googlebot/2.1; +http://www.google.com/bot.html)"
62.167.164.43 - - [31/Aug/2026:16:20:31 -0500] "POST /xmlrpc.php HTTP/1.1" 200 5468 "-" "Jetpack by WordPress.com (Jetpack 12.0; WordPress 6.4)"
62.167.164.43 - - [31/Aug/2026:16:20:42 -0500] "POST /xmlrpc.php HTTP/1.1" 200 5468 "-" "Jetpack/12.1; WordPress/6.4; http://site15162492.com"
62.167.164.43 - - [31/Aug/2026:16:20:53 -0500] "POST /xmlrpc.php HTTP/1.1" 200 5468 "-" "Jetpack by WordPress.com"
186.211.162.152 - - [31/Aug/2026:16:21:00 -0500] "GET /list/goods/t106ecczcodzo9nn_34257.shtml HTTP/1.1" 404 5951 "-" "Mozilla/5.0 (Macintosh; Intel Mac OS X 15_3_1) AppleWebKit/537.36 (KHTML, like Gecko) Chrome/125.0.6422.176 Safari/537.36"
62.167.164.43 - - [31/Aug/2026:16:21:03 -0500] "POST /xmlrpc.php HTTP/1.1" 200 5468 "-" "Jetpack/12.0; WordPress/6.4; http://site89032203.com"
62.167.164.43 - - [31/Aug/2026:16:21:14 -0500] "POST /xmlrpc.php HTTP/1.1" 200 5468 "-" "Jetpack/13.0; WordPress/6.2; http://site10165524.com"
62.167.164.43 - - [31/Aug/2026:16:21:24 -0500] "POST /xmlrpc.php HTTP/1.1" 200 5468 "-" "Jetpack by WordPress.com (Jetpack 12.0; WordPress 6.1)"
66.249.68.192 - - [31/Aug/2026:16:21:34 -0500] "GET /list/goods/sphf203pmqus922hxas_49682.shtml HTTP/1.1" 404 5951 "-" "Mozilla/5.0 (Linux; Android 6.0.1; Nexus 5X Build/MMB29P) AppleWebKit/537.36 (KHTML, like Gecko) Chrome/151.0.7922.173 Mobile Safari/537.36 (compatible; Googlebot/2.1; +http://www.google.com/bot.html)"
62.167.164.43 - - [31/Aug/2026:16:21:35 -0500] "POST /xmlrpc.php HTTP/1.1" 200 5468 "-" "Jetpack by WordPress.com (Jetpack 13.0; WordPress 6.4)"
167.62.231.89 - - [31/Aug/2026:16:21:36 -0500] "GET /list/goods/t280dudl1xlbda_40571.shtml HTTP/1.1" 404 5951 "-" "Mozilla/5.0 (Macintosh; Intel Mac OS X 15.4; rv:127.0) Gecko/20100101 Firefox/127.0"
62.167.164.43 - - [31/Aug/2026:16:21:45 -0500] "POST /xmlrpc.php HTTP/1.1" 200 5468 "-" "WordPress.com; https://wordpress.com"
62.167.164.43 - - [31/Aug/2026:16:21:56 -0500] "POST /xmlrpc.php HTTP/1.1" 200 5468 "-" "Jetpack/13.0; WordPress/6.3; http://site25921276.com"
62.167.164.43 - - [31/Aug/2026:16:22:06 -0500] "POST /xmlrpc.php HTTP/1.1" 200 5468 "-" "Jetpack by WordPress.com (Jetpack 12.0; WordPress 6.3)"
177.148.172.99 - - [31/Aug/2026:16:22:11 -0500] "GET /list/goods/tus283vp6f3vm_18608.shtml HTTP/1.1" 404 5951 "-" "Mozilla/5.0 (Macintosh; U; PPC Mac OS X; en-us) AppleWebKit/412.7 (KHTML, like Gecko) Safari/412.5"
62.167.164.43 - - [31/Aug/2026:16:22:17 -0500] "POST /xmlrpc.php HTTP/1.1" 200 5468 "-" "Jetpack by WordPress.com"
66.249.68.36 - - [31/Aug/2026:16:22:22 -0500] "GET /category/43_2459_2859/1 HTTP/1.1" 404 5951 "-" "Mozilla/5.0 (Linux; Android 6.0.1; Nexus 5X Build/MMB29P) AppleWebKit/537.36 (KHTML, like Gecko) Chrome/151.0.7922.173 Mobile Safari/537.36 (compatible; Googlebot/2.1; +http://www.google.com/bot.html)"
62.167.164.43 - - [31/Aug/2026:16:22:28 -0500] "POST /xmlrpc.php HTTP/1.1" 200 5468 "-" "Jetpack/12.1; WordPress/6.4; http://site75797590.com"
4.43.184.113 - - [31/Aug/2026:16:22:30 -0500] "GET / HTTP/1.1" 200 133881 "-" "Mozilla/5.0 (X11; Linux x86_64) AppleWebKit/537.36 (KHTML, like Gecko) Chrome/44.0.2403.157 Safari/537.36"
62.167.164.43 - - [31/Aug/2026:16:22:38 -0500] "POST /xmlrpc.php HTTP/1.1" 200 5468 "-" "Jetpack/12.5; WordPress/6.2; http://site15480672.com"
98.242.201.83 - - [31/Aug/2026:16:22:46 -0500] "GET /list/goods/uc217lworpuprmfox_28366.shtml HTTP/1.1" 404 5951 "-" "Mozilla/5.0 (Macintosh; Intel Mac OS X 13.5; rv:136.0) Gecko/20100101 Firefox/136.0"
62.167.164.43 - - [31/Aug/2026:16:22:49 -0500] "POST /xmlrpc.php HTTP/1.1" 200 5468 "-" "Jetpack by WordPress.com (Jetpack 13.0; WordPress 6.2)"
62.167.164.43 - - [31/Aug/2026:16:22:59 -0500] "POST /xmlrpc.php HTTP/1.1" 200 5468 "-" "WordPress.com; https://wordpress.com"
66.249.68.38 - - [31/Aug/2026:16:23:05 -0500] "GET /?detail/026032813551 HTTP/1.1" 301 5177 "-" "Mozilla/5.0 (Linux; Android 6.0.1; Nexus 5X Build/MMB29P) AppleWebKit/537.36 (KHTML, like Gecko) Chrome/151.0.7922.173 Mobile Safari/537.36 (compatible; Googlebot/2.1; +http://www.google.com/bot.html)"
62.167.164.43 - - [31/Aug/2026:16:23:10 -0500] "POST /xmlrpc.php HTTP/1.1" 200 5468 "-" "WordPress.com; https://wordpress.com"
66.249.68.37 - - [31/Aug/2026:16:23:22 -0500] "GET /?detail/300004936307 HTTP/1.1" 301 5177 "-" "Mozilla/5.0 (Linux; Android 6.0.1; Nexus 5X Build/MMB29P) AppleWebKit/537.36 (KHTML, like Gecko) Chrome/151.0.7922.173 Mobile Safari/537.36 (compatible; Googlebot/2.1; +http://www.google.com/bot.html)"
84.54.70.29 - - [31/Aug/2026:16:23:23 -0500] "GET /list/goods/udvr217dnpdp0fh9_47694.shtml HTTP/1.1" 404 5951 "-" "Mozilla/5.0 (Macintosh; Intel Mac OS X 14.5; rv:126.0) Gecko/20100101 Firefox/126.0"
66.249.68.192 - - [31/Aug/2026:16:23:29 -0500] "GET /?detail%2F026032813551 HTTP/1.1" 200 133696 "-" "Mozilla/5.0 (Linux; Android 6.0.1; Nexus 5X Build/MMB29P) AppleWebKit/537.36 (KHTML, like Gecko) Chrome/151.0.7922.173 Mobile Safari/537.36 (compatible; Googlebot/2.1; +http://www.google.com/bot.html)"
62.167.164.43 - - [31/Aug/2026:16:23:31 -0500] "POST /xmlrpc.php HTTP/1.1" 200 5468 "-" "Jetpack by WordPress.com"
62.167.164.43 - - [31/Aug/2026:16:23:21 -0500] "POST /xmlrpc.php HTTP/1.1" 200 5468 "-" "Jetpack by WordPress.com (Jetpack 12.1; WordPress 6.1)"
66.249.68.200 - - [31/Aug/2026:16:23:41 -0500] "GET /?detail%2F300004936307 HTTP/1.1" 200 133696 "-" "Mozilla/5.0 (Linux; Android 6.0.1; Nexus 5X Build/MMB29P) AppleWebKit/537.36 (KHTML, like Gecko) Chrome/151.0.7922.173 Mobile Safari/537.36 (compatible; Googlebot/2.1; +http://www.google.com/bot.html)"
62.167.164.43 - - [31/Aug/2026:16:23:42 -0500] "POST /xmlrpc.php HTTP/1.1" 200 5468 "-" "Jetpack by WordPress.com"
62.167.164.43 - - [31/Aug/2026:16:23:53 -0500] "POST /xmlrpc.php HTTP/1.1" 200 5468 "-" "Jetpack by WordPress.com"
34.135.152.197 - - [31/Aug/2026:16:23:56 -0500] "GET /items/K211038005 HTTP/1.1" 404 5926 "-" "Mozilla/5.0 (compatible; Reflectionbot/1.0; +https://reflection.ai/bot)"
92.167.94.44 - - [31/Aug/2026:16:24:00 -0500] "GET /list/goods/v13ahpwwrfrr_17972.shtml HTTP/1.1" 404 5951 "-" "Mozilla/5.0 (Macintosh; Intel Mac OS X 14_4_1) AppleWebKit/537.36 (KHTML, like Gecko) Chrome/134.0.6998.45 Safari/537.36"
136.111.68.24 - - [31/Aug/2026:16:24:01 -0500] "GET /items/S140004956 HTTP/1.1" 404 5926 "-" "Mozilla/5.0 (compatible; Reflectionbot/1.0; +https://reflection.ai/bot)"
62.167.164.43 - - [31/Aug/2026:16:24:03 -0500] "POST /xmlrpc.php HTTP/1.1" 200 5468 "-" "WordPress.com; https://wordpress.com"
162.240.171.12 - - [31/Aug/2026:16:24:08 -0500] "GET /wp-login.php HTTP/1.1" 200 11475 "-" "162.240.171.12"
162.240.171.12 - - [31/Aug/2026:16:24:08 -0500] "POST /wp-login.php HTTP/1.1" 200 7120 "https://motionave.com/wp-login.php" "162.240.171.12"
66.249.68.37 - - [31/Aug/2026:16:24:11 -0500] "GET /?detail/133015840559 HTTP/1.1" 301 5177 "-" "Mozilla/5.0 (Linux; Android 6.0.1; Nexus 5X Build/MMB29P) AppleWebKit/537.36 (KHTML, like Gecko) Chrome/151.0.7922.173 Mobile Safari/537.36 (compatible; Googlebot/2.1; +http://www.google.com/bot.html)"
62.167.164.43 - - [31/Aug/2026:16:24:14 -0500] "POST /xmlrpc.php HTTP/1.1" 200 5468 "-" "Jetpack/12.0; WordPress/6.3; http://site37850698.com"
66.249.68.36 - - [31/Aug/2026:16:24:15 -0500] "GET /?goods/107000046 HTTP/1.1" 301 5173 "-" "Mozilla/5.0 (Linux; Android 6.0.1; Nexus 5X Build/MMB29P) AppleWebKit/537.36 (KHTML, like Gecko) Chrome/151.0.7922.173 Mobile Safari/537.36 (compatible; Googlebot/2.1; +http://www.google.com/bot.html)"
66.249.68.201 - - [31/Aug/2026:16:24:18 -0500] "GET /?detail%2F133015840559 HTTP/1.1" 200 133696 "-" "Mozilla/5.0 (Linux; Android 6.0.1; Nexus 5X Build/MMB29P) AppleWebKit/537.36 (KHTML, like Gecko) Chrome/151.0.7922.173 Mobile Safari/537.36 (compatible; Googlebot/2.1; +http://www.google.com/bot.html)"
66.249.68.200 - - [31/Aug/2026:16:24:21 -0500] "GET /?goods%2F107000046 HTTP/1.1" 200 133696 "-" "Mozilla/5.0 (Linux; Android 6.0.1; Nexus 5X Build/MMB29P) AppleWebKit/537.36 (KHTML, like Gecko) Chrome/151.0.7922.173 Mobile Safari/537.36 (compatible; Googlebot/2.1; +http://www.google.com/bot.html)"
62.167.164.43 - - [31/Aug/2026:16:24:24 -0500] "POST /xmlrpc.php HTTP/1.1" 200 5468 "-" "WordPress.com; https://wordpress.com"
37.41.140.93 - - [31/Aug/2026:16:24:35 -0500] "GET /list/goods/vdhn60jmbep9pn_7509.shtml HTTP/1.1" 404 5951 "-" "Mozilla/5.0 (Macintosh; Intel Mac OS X 11_3_1) AppleWebKit/537.36 (KHTML, like Gecko) Chrome/125.0.6422.176 Safari/537.36"
62.167.164.43 - - [31/Aug/2026:16:24:35 -0500] "POST /xmlrpc.php HTTP/1.1" 200 5468 "-" "WordPress.com; https://wordpress.com"
102.222.140.195 - - [31/Aug/2026:16:24:36 -0500] "GET /items/V092019976 HTTP/1.1" 404 5719 "https://motionave.com/sitemap635.xml" "Mozilla/5.0 (Linux; Android 15; M2102J22) AppleWebKit/537.36 (KHTML, like Gecko) Chrome/151.0.5048.103 Mobile Safari/537.36"
62.167.164.43 - - [31/Aug/2026:16:24:45 -0500] "POST /xmlrpc.php HTTP/1.1" 200 5468 "-" "Jetpack by WordPress.com (Jetpack 12.5; WordPress 6.1)"
62.167.164.43 - - [31/Aug/2026:16:24:56 -0500] "POST /xmlrpc.php HTTP/1.1" 200 5468 "-" "Jetpack/12.0; WordPress/6.2; http://site37988196.com"
207.244.250.86 - - [31/Aug/2026:16:25:07 -0500] "POST /wp-cron.php?doing_wp_cron=1788211507.5650599002838134765625 HTTP/1.1" 200 4956 "-" "WordPress/7.0.4; https://motionave.com"
62.167.164.43 - - [31/Aug/2026:16:25:07 -0500] "POST /xmlrpc.php HTTP/1.1" 200 5468 "-" "WordPress.com; https://wordpress.com"
197.200.89.63 - - [31/Aug/2026:16:25:11 -0500] "GET /list/goods/vfv227rvkqazxer1g3_45528.shtml HTTP/1.1" 404 5951 "-" "Mozilla/5.0 (Windows NT 10.0; Win64; x64) AppleWebKit/537.36 (KHTML, like Gecko) Chrome/130.0.6723.191 Safari/537.36"
3.238.242.92 - - [31/Aug/2026:16:25:19 -0500] "GET /wp-content/uploads/2019/05/photo5116401721919252508-855x425.jpg HTTP/1.1" 404 5982 "-" "Mozilla/5.0 (Windows NT 10.0; Win64; x64) AppleWebKit/537.36 (KHTML, like Gecko) Chrome/120.0.0.0 Safari/537.36"
62.167.164.43 - - [31/Aug/2026:16:25:17 -0500] "POST /xmlrpc.php HTTP/1.1" 200 5468 "-" "WordPress.com; https://wordpress.com"
3.238.242.92 - - [31/Aug/2026:16:25:27 -0500] "GET /wp-content/plugins/leaflet-maps-marker/inc/img/icon-fullscreen.png HTTP/1.1" 404 5982 "-" "Mozilla/5.0 (Windows NT 10.0; Win64; x64) AppleWebKit/537.36 (KHTML, like Gecko) Chrome/120.0.0.0 Safari/537.36"
62.167.164.43 - - [31/Aug/2026:16:25:28 -0500] "POST /xmlrpc.php HTTP/1.1" 200 5468 "-" "Jetpack by WordPress.com"
66.249.68.37 - - [31/Aug/2026:16:25:34 -0500] "GET /?jp/248010256.html HTTP/1.1" 301 5175 "-" "Mozilla/5.0 (compatible; Googlebot/2.1; +http://www.google.com/bot.html)"
3.238.242.92 - - [31/Aug/2026:16:25:35 -0500] "GET /wp-content/uploads/2019/05/photo5071517054523255027-855x425.jpg HTTP/1.1" 404 5982 "-" "Mozilla/5.0 (Windows NT 10.0; Win64; x64) AppleWebKit/537.36 (KHTML, like Gecko) Chrome/120.0.0.0 Safari/537.36"
62.167.164.43 - - [31/Aug/2026:16:25:38 -0500] "POST /xmlrpc.php HTTP/1.1" 200 5468 "-" "Jetpack/12.1; WordPress/6.1; http://site84554573.com"
34.132.142.153 - - [31/Aug/2026:16:25:40 -0500] "GET /tag/target-market HTTP/1.1" 404 5926 "-" "Mozilla/5.0 (compatible; Reflectionbot/1.0; +https://reflection.ai/bot)"
66.249.68.192 - - [31/Aug/2026:16:25:39 -0500] "GET /?jp%2F248010256_html HTTP/1.1" 200 133696 "-" "Mozilla/5.0 (compatible; Googlebot/2.1; +http://www.google.com/bot.html)"
136.65.84.161 - - [31/Aug/2026:16:25:41 -0500] "GET /list/goods/e117xyzkqglg_42718.shtml HTTP/1.1" 404 5926 "-" "Mozilla/5.0 (compatible; Reflectionbot/1.0; +https://reflection.ai/bot)"
3.238.242.92 - - [31/Aug/2026:16:25:42 -0500] "GET /wp-content/uploads/2019/06/photo4909050871350929456-855x425.jpg HTTP/1.1" 404 5982 "-" "Mozilla/5.0 (Windows NT 10.0; Win64; x64) AppleWebKit/537.36 (KHTML, like Gecko) Chrome/120.0.0.0 Safari/537.36"
3.238.242.92 - - [31/Aug/2026:16:25:45 -0500] "GET /wp-content/uploads/2019/05/MOTION_-BLOG-POST-may-2-855x425.jpg HTTP/1.1" 404 5982 "-" "Mozilla/5.0 (Windows NT 10.0; Win64; x64) AppleWebKit/537.36 (KHTML, like Gecko) Chrome/120.0.0.0 Safari/537.36"
88.241.35.17 - - [31/Aug/2026:16:25:47 -0500] "GET /list/goods/vgf96cbcpj1n9_46949.shtml HTTP/1.1" 404 5951 "-" "Mozilla/4.0 (compatible; MSIE 4.01; Windows 98; Hotbar 3.0)"
62.167.164.43 - - [31/Aug/2026:16:25:49 -0500] "POST /xmlrpc.php HTTP/1.1" 200 5468 "-" "Jetpack/12.5; WordPress/6.1; http://site94210518.com"
64.137.200.28 - - [31/Aug/2026:16:25:50 -0500] "GET /items/V068022196 HTTP/1.1" 404 5719 "https://motionave.com/sitemap280.xml" "Mozilla/5.0 (Linux; Android 13; OPPO PCLM7) AppleWebKit/537.36 (KHTML, like Gecko) Chrome/150.0.5337.153 Mobile Safari/537.36"
62.167.164.43 - - [31/Aug/2026:16:26:00 -0500] "POST /xmlrpc.php HTTP/1.1" 200 5468 "-" "Jetpack by WordPress.com"
62.167.164.43 - - [31/Aug/2026:16:26:10 -0500] "POST /xmlrpc.php HTTP/1.1" 200 5468 "-" "Jetpack by WordPress.com"
62.167.164.43 - - [31/Aug/2026:16:26:21 -0500] "POST /xmlrpc.php HTTP/1.1" 200 5468 "-" "Jetpack/12.5; WordPress/6.2; http://site65356669.com"
38.158.202.74 - - [31/Aug/2026:16:26:24 -0500] "GET /list/goods/vivt119ztmlb971icf_14054.shtml HTTP/1.1" 404 5951 "-" "Mozilla/5.0 (Macintosh; Intel Mac OS X 15_4_1) AppleWebKit/537.36 (KHTML, like Gecko) Chrome/127.0.6533.17 Safari/537.36"
3.238.242.92 - - [31/Aug/2026:16:26:27 -0500] "GET /wp-content/uploads/2019/05/MOTION_-BLOG-POST-may-2-855x425.jpg HTTP/1.1" 404 5982 "-" "Mozilla/5.0 (Windows NT 10.0; Win64; x64) AppleWebKit/537.36 (KHTML, like Gecko) Chrome/120.0.0.0 Safari/537.36"
62.167.164.43 - - [31/Aug/2026:16:26:31 -0500] "POST /xmlrpc.php HTTP/1.1" 200 5468 "-" "Jetpack by WordPress.com (Jetpack 13.0; WordPress 6.1)"
3.238.242.92 - - [31/Aug/2026:16:26:33 -0500] "GET /wp-content/uploads/2019/05/photo5116401721919252508-855x425.jpg HTTP/1.1" 404 5982 "-" "Mozilla/5.0 (Windows NT 10.0; Win64; x64) AppleWebKit/537.36 (KHTML, like Gecko) Chrome/120.0.0.0 Safari/537.36"
3.238.242.92 - - [31/Aug/2026:16:26:36 -0500] "GET /wp-content/uploads/2019/05/photo5116401721919252508-855x425.jpg HTTP/1.1" 404 5982 "-" "Mozilla/5.0 (Windows NT 10.0; Win64; x64) AppleWebKit/537.36 (KHTML, like Gecko) Chrome/120.0.0.0 Safari/537.36"
3.238.242.92 - - [31/Aug/2026:16:26:39 -0500] "GET /wp-content/plugins/leaflet-maps-marker/inc/img/icon-kml.png HTTP/1.1" 404 5982 "-" "Mozilla/5.0 (Windows NT 10.0; Win64; x64) AppleWebKit/537.36 (KHTML, like Gecko) Chrome/120.0.0.0 Safari/537.36"
34.173.118.33 - - [31/Aug/2026:16:26:41 -0500] "GET /items/P218047562 HTTP/1.1" 404 5926 "-" "Mozilla/5.0 (compatible; Reflectionbot/1.0; +https://reflection.ai/bot)"
3.238.242.92 - - [31/Aug/2026:16:26:41 -0500] "GET /wp-content/uploads/2019/05/photo5116401721919252508-855x425.jpg HTTP/1.1" 404 5982 "-" "Mozilla/5.0 (Windows NT 10.0; Win64; x64) AppleWebKit/537.36 (KHTML, like Gecko) Chrome/120.0.0.0 Safari/537.36"
62.167.164.43 - - [31/Aug/2026:16:26:42 -0500] "POST /xmlrpc.php HTTP/1.1" 200 5468 "-" "Jetpack by WordPress.com (Jetpack 12.5; WordPress 6.2)"
3.238.242.92 - - [31/Aug/2026:16:26:48 -0500] "GET /wp-content/uploads/2019/05/photo5071517054523255027-855x425.jpg HTTP/1.1" 404 5982 "-" "Mozilla/5.0 (Windows NT 10.0; Win64; x64) AppleWebKit/537.36 (KHTML, like Gecko) Chrome/120.0.0.0 Safari/537.36"
3.238.242.92 - - [31/Aug/2026:16:26:48 -0500] "GET /wp-content/uploads/2019/06/photo4909050871350929456-855x425.jpg HTTP/1.1" 404 5982 "-" "Mozilla/5.0 (Windows NT 10.0; Win64; x64) AppleWebKit/537.36 (KHTML, like Gecko) Chrome/120.0.0.0 Safari/537.36"
62.167.164.43 - - [31/Aug/2026:16:26:52 -0500] "POST /xmlrpc.php HTTP/1.1" 200 5468 "-" "WordPress.com; https://wordpress.com"
41.254.83.117 - - [31/Aug/2026:16:26:59 -0500] "GET /list/goods/vs240chimgl1_15739.shtml HTTP/1.1" 404 5951 "-" "Mozilla/5.0 (Macintosh; Intel Mac OS X 10_15_7) AppleWebKit/537.36 (KHTML, like Gecko) Chrome/131.0.6778.204 Safari/537.36"
179.48.254.61 - - [31/Aug/2026:16:27:09 -0500] "GET /sitemap843.xml HTTP/1.1" 404 5719 "https://motionave.com/sitemap843.xml" "Mozilla/5.0 (Linux; Android 13; OPPO PCLM3) AppleWebKit/537.36 (KHTML, like Gecko) Chrome/154.0.5498.63 Mobile Safari/537.36 MicroMessenger/8.0.41(0x18001B3F) NetType/WIFI Language/zh_CN"
62.167.164.43 - - [31/Aug/2026:16:27:03 -0500] "POST /xmlrpc.php HTTP/1.1" 200 4750 "-" "Jetpack by WordPress.com (Jetpack 13.0; WordPress 6.1)"
