1.187.224.220 - - [31/Aug/2026:10:47:29 -0500] "GET /list/goods/vpht268ztuutpta_43661.shtml HTTP/1.1" 404 5951 "-" "Mozilla/5.0 (Macintosh; Intel Mac OS X 13.6; rv:125.0) Gecko/20100101 Firefox/125.0"
66.249.68.36 - - [31/Aug/2026:10:47:29 -0500] "GET /?goods/072033789 HTTP/1.1" 301 5173 "-" "Mozilla/5.0 (Linux; Android 6.0.1; Nexus 5X Build/MMB29P) AppleWebKit/537.36 (KHTML, like Gecko) Chrome/151.0.7922.173 Mobile Safari/537.36 (compatible; Googlebot/2.1; +http://www.google.com/bot.html)"
66.249.68.200 - - [31/Aug/2026:10:47:33 -0500] "GET /?goods%2F072033789 HTTP/1.1" 200 153839 "-" "Mozilla/5.0 (Linux; Android 6.0.1; Nexus 5X Build/MMB29P) AppleWebKit/537.36 (KHTML, like Gecko) Chrome/151.0.7922.173 Mobile Safari/537.36 (compatible; Googlebot/2.1; +http://www.google.com/bot.html)"
103.138.51.150 - - [31/Aug/2026:10:47:34 -0500] "POST /xmlrpc.php HTTP/1.1" 200 5468 "-" "WordPress.com; https://wordpress.com"
100.28.129.171 - - [31/Aug/2026:10:47:39 -0500] "GET /wp-content/uploads/2019/06/photo4909050871350929456-855x425.jpg HTTP/1.1" 404 5982 "-" "Mozilla/5.0 (Windows NT 10.0; Win64; x64) AppleWebKit/537.36 (KHTML, like Gecko) Chrome/120.0.0.0 Safari/537.36"
100.56.11.113 - - [31/Aug/2026:10:47:41 -0500] "GET /wp-content/uploads/2019/05/photo5071517054523255027-855x425.jpg HTTP/1.1" 404 5982 "-" "Mozilla/5.0 (Windows NT 10.0; Win64; x64) AppleWebKit/537.36 (KHTML, like Gecko) Chrome/120.0.0.0 Safari/537.36"
103.138.51.150 - - [31/Aug/2026:10:47:45 -0500] "POST /xmlrpc.php HTTP/1.1" 200 5468 "-" "WordPress.com; https://wordpress.com"
108.167.161.80 - - [31/Aug/2026:10:47:46 -0500] "GET /wp-login.php HTTP/1.1" 200 11475 "-" "Mozilla/5.0 (Windows NT 10.0; Win64; x64) AppleWebKit/537.36 (KHTML, like Gecko) Chrome/151.0.0.0 Safari/537.36"
108.167.161.80 - - [31/Aug/2026:10:47:46 -0500] "POST /wp-login.php HTTP/1.1" 200 7120 "https://motionave.com/wp-login.php" "Mozilla/5.0 (Windows NT 10.0; Win64; x64) AppleWebKit/537.36 (KHTML, like Gecko) Chrome/151.0.0.0 Safari/537.36"
103.138.51.150 - - [31/Aug/2026:10:47:56 -0500] "POST /xmlrpc.php HTTP/1.1" 200 5468 "-" "Jetpack/12.1; WordPress/6.3; http://site91435459.com"
5.36.216.140 - - [31/Aug/2026:10:48:05 -0500] "GET /list/goods/wl129cygu80iekiu2_3630.shtml HTTP/1.1" 404 5951 "-" "Mozilla/5.0 (Macintosh; Intel Mac OS X 11.2; rv:129.0) Gecko/20100101 Firefox/129.0"
103.138.51.150 - - [31/Aug/2026:10:48:06 -0500] "POST /xmlrpc.php HTTP/1.1" 200 5468 "-" "Jetpack by WordPress.com (Jetpack 13.0; WordPress 6.1)"
100.48.49.32 - - [31/Aug/2026:10:48:17 -0500] "GET /wp-content/plugins/leaflet-maps-marker/inc/img/icon-fullscreen.png HTTP/1.1" 404 5982 "-" "Mozilla/5.0 (Windows NT 10.0; Win64; x64) AppleWebKit/537.36 (KHTML, like Gecko) Chrome/120.0.0.0 Safari/537.36"
103.138.51.150 - - [31/Aug/2026:10:48:17 -0500] "POST /xmlrpc.php HTTP/1.1" 200 5468 "-" "Jetpack/12.1; WordPress/6.3; http://site80118202.com"
66.249.68.38 - - [31/Aug/2026:10:48:24 -0500] "GET /?jp/294048768.html HTTP/1.1" 301 5175 "-" "Mozilla/5.0 (Linux; Android 6.0.1; Nexus 5X Build/MMB29P) AppleWebKit/537.36 (KHTML, like Gecko) Chrome/151.0.7922.173 Mobile Safari/537.36 (compatible; Googlebot/2.1; +http://www.google.com/bot.html)"
66.249.68.200 - - [31/Aug/2026:10:48:27 -0500] "GET /?jp%2F294048768_html HTTP/1.1" 200 153839 "-" "Mozilla/5.0 (Linux; Android 6.0.1; Nexus 5X Build/MMB29P) AppleWebKit/537.36 (KHTML, like Gecko) Chrome/151.0.7922.173 Mobile Safari/537.36 (compatible; Googlebot/2.1; +http://www.google.com/bot.html)"
103.138.51.150 - - [31/Aug/2026:10:48:28 -0500] "POST /xmlrpc.php HTTP/1.1" 200 5468 "-" "WordPress.com; https://wordpress.com"
103.138.51.150 - - [31/Aug/2026:10:48:39 -0500] "POST /xmlrpc.php HTTP/1.1" 200 5468 "-" "Jetpack by WordPress.com"
103.138.51.150 - - [31/Aug/2026:10:48:50 -0500] "POST /xmlrpc.php HTTP/1.1" 200 5468 "-" "Jetpack by WordPress.com (Jetpack 12.5; WordPress 6.1)"
103.138.51.150 - - [31/Aug/2026:10:49:01 -0500] "POST /xmlrpc.php HTTP/1.1" 200 5468 "-" "Jetpack by WordPress.com"
103.138.51.150 - - [31/Aug/2026:10:49:11 -0500] "POST /xmlrpc.php HTTP/1.1" 200 5468 "-" "WordPress.com; https://wordpress.com"
5.82.251.84 - - [31/Aug/2026:10:49:20 -0500] "GET /list/goods/xzm19sa732_5148.shtml HTTP/1.1" 404 5951 "-" "Mozilla/5.0 (Macintosh; U; PPC Mac OS X; en-us) AppleWebKit/125.2 (KHTML, like Gecko) Safari/125.7"
100.48.75.101 - - [31/Aug/2026:10:49:20 -0500] "GET /wp-content/plugins/leaflet-maps-marker/inc/img/icon-kml.png HTTP/1.1" 404 5982 "-" "Mozilla/5.0 (Windows NT 10.0; Win64; x64) AppleWebKit/537.36 (KHTML, like Gecko) Chrome/120.0.0.0 Safari/537.36"
103.138.51.150 - - [31/Aug/2026:10:49:22 -0500] "POST /xmlrpc.php HTTP/1.1" 200 5468 "-" "Jetpack by WordPress.com"
103.138.51.150 - - [31/Aug/2026:10:49:33 -0500] "POST /xmlrpc.php HTTP/1.1" 200 5468 "-" "Jetpack/12.5; WordPress/6.1; http://site29674717.com"
66.249.68.36 - - [31/Aug/2026:10:49:34 -0500] "GET /?jp/165003971.html HTTP/1.1" 301 5175 "-" "Mozilla/5.0 (Linux; Android 6.0.1; Nexus 5X Build/MMB29P) AppleWebKit/537.36 (KHTML, like Gecko) Chrome/151.0.7922.173 Mobile Safari/537.36 (compatible; Googlebot/2.1; +http://www.google.com/bot.html)"
66.249.68.36 - - [31/Aug/2026:10:49:42 -0500] "GET /?goods/226047770 HTTP/1.1" 301 5173 "-" "Mozilla/5.0 (Linux; Android 6.0.1; Nexus 5X Build/MMB29P) AppleWebKit/537.36 (KHTML, like Gecko) Chrome/151.0.7922.173 Mobile Safari/537.36 (compatible; Googlebot/2.1; +http://www.google.com/bot.html)"
103.138.51.150 - - [31/Aug/2026:10:49:44 -0500] "POST /xmlrpc.php HTTP/1.1" 200 5468 "-" "Jetpack/12.1; WordPress/6.2; http://site91530758.com"
103.138.51.150 - - [31/Aug/2026:10:49:55 -0500] "POST /xmlrpc.php HTTP/1.1" 200 5468 "-" "WordPress.com; https://wordpress.com"
66.249.68.201 - - [31/Aug/2026:10:49:55 -0500] "GET /?jp%2F165003971_html HTTP/1.1" 200 153839 "-" "Mozilla/5.0 (Linux; Android 6.0.1; Nexus 5X Build/MMB29P) AppleWebKit/537.36 (KHTML, like Gecko) Chrome/151.0.7922.173 Mobile Safari/537.36 (compatible; Googlebot/2.1; +http://www.google.com/bot.html)"
177.36.65.155 - - [31/Aug/2026:10:49:57 -0500] "GET /list/goods/y47wkbpxk0np2_3990.shtml HTTP/1.1" 404 5951 "-" "Mozilla/5.0 (Windows NT 10.0; Win64; x64) AppleWebKit/537.36 (KHTML, like Gecko) Chrome/130.0.6723.191 Safari/537.36"
66.249.68.201 - - [31/Aug/2026:10:50:01 -0500] "GET /?goods%2F226047770 HTTP/1.1" 200 153839 "-" "Mozilla/5.0 (Linux; Android 6.0.1; Nexus 5X Build/MMB29P) AppleWebKit/537.36 (KHTML, like Gecko) Chrome/151.0.7922.173 Mobile Safari/537.36 (compatible; Googlebot/2.1; +http://www.google.com/bot.html)"
103.138.51.150 - - [31/Aug/2026:10:50:06 -0500] "POST /xmlrpc.php HTTP/1.1" 200 5468 "-" "Jetpack by WordPress.com"
103.138.51.150 - - [31/Aug/2026:10:50:17 -0500] "POST /xmlrpc.php HTTP/1.1" 200 5468 "-" "Jetpack/12.0; WordPress/6.4; http://site86189202.com"
103.138.51.150 - - [31/Aug/2026:10:50:29 -0500] "POST /xmlrpc.php HTTP/1.1" 200 5468 "-" "Jetpack by WordPress.com (Jetpack 12.1; WordPress 6.1)"
117.18.20.224 - - [31/Aug/2026:10:50:34 -0500] "GET /list/goods/y67glqib7z_28804.shtml HTTP/1.1" 404 5951 "-" "Mozilla/5.0 (Macintosh; Intel Mac OS X 15_3_0) AppleWebKit/537.36 (KHTML, like Gecko) Chrome/133.0.6943.141 Safari/537.36"
103.138.51.150 - - [31/Aug/2026:10:50:40 -0500] "POST /xmlrpc.php HTTP/1.1" 200 5468 "-" "Jetpack/12.5; WordPress/6.2; http://site12058908.com"
100.48.75.101 - - [31/Aug/2026:10:50:42 -0500] "GET /wp-content/uploads/2016/08/Presidential-slogans-the-race-for-capturing-votes-2-1024x353.jpg HTTP/1.1" 404 5982 "-" "Mozilla/5.0 (Windows NT 10.0; Win64; x64) AppleWebKit/537.36 (KHTML, like Gecko) Chrome/120.0.0.0 Safari/537.36"
18.212.108.27 - - [31/Aug/2026:10:50:47 -0500] "GET / HTTP/1.1" 301 5155 "-" "Mozilla/5.0 (Windows NT 10.0; Win64; x64) AppleWebKit/537.36 (KHTML, like Gecko) Chrome/120.0.0.0 Safari/537.36"
18.212.108.27 - - [31/Aug/2026:10:50:47 -0500] "GET / HTTP/1.1" 200 153839 "-" "Mozilla/5.0 (Windows NT 10.0; Win64; x64) AppleWebKit/537.36 (KHTML, like Gecko) Chrome/120.0.0.0 Safari/537.36"
18.212.108.27 - - [31/Aug/2026:10:50:49 -0500] "GET /contact HTTP/1.1" 404 1200 "-" "Mozilla/5.0 (Windows NT 10.0; Win64; x64) AppleWebKit/537.36 (KHTML, like Gecko) Chrome/120.0.0.0 Safari/537.36"
18.212.108.27 - - [31/Aug/2026:10:50:51 -0500] "GET /contact-us HTTP/1.1" 404 1200 "-" "Mozilla/5.0 (Windows NT 10.0; Win64; x64) AppleWebKit/537.36 (KHTML, like Gecko) Chrome/120.0.0.0 Safari/537.36"
103.138.51.150 - - [31/Aug/2026:10:50:51 -0500] "POST /xmlrpc.php HTTP/1.1" 200 5468 "-" "Jetpack by WordPress.com (Jetpack 12.0; WordPress 6.1)"
18.212.108.27 - - [31/Aug/2026:10:50:52 -0500] "GET /contact_us HTTP/1.1" 404 1200 "-" "Mozilla/5.0 (Windows NT 10.0; Win64; x64) AppleWebKit/537.36 (KHTML, like Gecko) Chrome/120.0.0.0 Safari/537.36"
18.212.108.27 - - [31/Aug/2026:10:50:54 -0500] "GET /contactus HTTP/1.1" 404 1200 "-" "Mozilla/5.0 (Windows NT 10.0; Win64; x64) AppleWebKit/537.36 (KHTML, like Gecko) Chrome/120.0.0.0 Safari/537.36"
18.212.108.27 - - [31/Aug/2026:10:50:55 -0500] "GET /get-in-touch HTTP/1.1" 404 1200 "-" "Mozilla/5.0 (Windows NT 10.0; Win64; x64) AppleWebKit/537.36 (KHTML, like Gecko) Chrome/120.0.0.0 Safari/537.36"
103.138.51.150 - - [31/Aug/2026:10:51:02 -0500] "POST /xmlrpc.php HTTP/1.1" 200 5468 "-" "Jetpack by WordPress.com"
103.179.171.41 - - [31/Aug/2026:10:51:10 -0500] "GET /list/goods/ybmk89vougxo8t_18936.shtml HTTP/1.1" 404 5951 "-" "Mozilla/5.0 (Macintosh; Intel Mac OS X 12_2_1) AppleWebKit/537.36 (KHTML, like Gecko) Chrome/126.0.6478.55 Safari/537.36"
103.138.51.150 - - [31/Aug/2026:10:51:13 -0500] "POST /xmlrpc.php HTTP/1.1" 200 4750 "-" "Jetpack by WordPress.com (Jetpack 13.0; WordPress 6.2)"
103.138.51.150 - - [31/Aug/2026:10:51:24 -0500] "POST /xmlrpc.php HTTP/1.1" 200 5468 "-" "Jetpack by WordPress.com (Jetpack 12.0; WordPress 6.4)"
66.249.68.37 - - [31/Aug/2026:10:51:25 -0500] "GET /?goods/044008532 HTTP/1.1" 301 5173 "-" "Mozilla/5.0 (Linux; Android 6.0.1; Nexus 5X Build/MMB29P) AppleWebKit/537.36 (KHTML, like Gecko) Chrome/151.0.7922.173 Mobile Safari/537.36 (compatible; Googlebot/2.1; +http://www.google.com/bot.html)"
66.249.68.201 - - [31/Aug/2026:10:51:31 -0500] "GET /?goods%2F044008532 HTTP/1.1" 200 153839 "-" "Mozilla/5.0 (Linux; Android 6.0.1; Nexus 5X Build/MMB29P) AppleWebKit/537.36 (KHTML, like Gecko) Chrome/151.0.7922.173 Mobile Safari/537.36 (compatible; Googlebot/2.1; +http://www.google.com/bot.html)"
103.138.51.150 - - [31/Aug/2026:10:51:35 -0500] "POST /xmlrpc.php HTTP/1.1" 200 5468 "-" "WordPress.com; https://wordpress.com"
103.138.51.150 - - [31/Aug/2026:10:51:47 -0500] "POST /xmlrpc.php HTTP/1.1" 200 5468 "-" "WordPress.com; https://wordpress.com"
189.38.23.176 - - [31/Aug/2026:10:51:48 -0500] "GET /list/goods/yzrnc225sr4keyr_3394.shtml HTTP/1.1" 404 5951 "-" "Mozilla/5.0 (Windows NT 10.0; WOW64; rv:132.0) Gecko/20100101 Firefox/132.0"
103.138.51.150 - - [31/Aug/2026:10:51:56 -0500] "POST /xmlrpc.php HTTP/1.1" 200 5468 "-" "WordPress.com; https://wordpress.com"
100.48.75.101 - - [31/Aug/2026:10:51:58 -0500] "GET /wp-content/plugins/leaflet-maps-marker/inc/img/icon-fullscreen.png HTTP/1.1" 404 5982 "-" "Mozilla/5.0 (Windows NT 10.0; Win64; x64) AppleWebKit/537.36 (KHTML, like Gecko) Chrome/120.0.0.0 Safari/537.36"
103.138.51.150 - - [31/Aug/2026:10:52:07 -0500] "POST /xmlrpc.php HTTP/1.1" 200 5468 "-" "WordPress.com; https://wordpress.com"
66.249.68.38 - - [31/Aug/2026:10:52:11 -0500] "GET /?goods/181046857 HTTP/1.1" 301 5173 "-" "Mozilla/5.0 (Linux; Android 6.0.1; Nexus 5X Build/MMB29P) AppleWebKit/537.36 (KHTML, like Gecko) Chrome/151.0.7922.173 Mobile Safari/537.36 (compatible; Googlebot/2.1; +http://www.google.com/bot.html)"
66.249.68.201 - - [31/Aug/2026:10:52:16 -0500] "GET /?goods%2F181046857 HTTP/1.1" 200 153839 "-" "Mozilla/5.0 (Linux; Android 6.0.1; Nexus 5X Build/MMB29P) AppleWebKit/537.36 (KHTML, like Gecko) Chrome/151.0.7922.173 Mobile Safari/537.36 (compatible; Googlebot/2.1; +http://www.google.com/bot.html)"
103.138.51.150 - - [31/Aug/2026:10:52:18 -0500] "POST /xmlrpc.php HTTP/1.1" 200 5468 "-" "WordPress.com; https://wordpress.com"
103.140.205.208 - - [31/Aug/2026:10:52:26 -0500] "GET /list/goods/za55ucpenhfz_38430.shtml HTTP/1.1" 404 5951 "-" "Mozilla/5.0 (Macintosh; Intel Mac OS X 11.6; rv:135.0) Gecko/20100101 Firefox/135.0"
103.138.51.150 - - [31/Aug/2026:10:52:29 -0500] "POST /xmlrpc.php HTTP/1.1" 200 5468 "-" "Jetpack by WordPress.com (Jetpack 12.0; WordPress 6.2)"
44.221.76.208 - - [31/Aug/2026:10:52:32 -0500] "GET /wp-content/plugins/simple-share-buttons-adder/buttons/somacro/twitter.png HTTP/1.1" 404 5982 "-" "Mozilla/5.0 (Windows NT 10.0; Win64; x64) AppleWebKit/537.36 (KHTML, like Gecko) Chrome/120.0.0.0 Safari/537.36"
103.138.51.150 - - [31/Aug/2026:10:52:40 -0500] "POST /xmlrpc.php HTTP/1.1" 200 5468 "-" "WordPress.com; https://wordpress.com"
66.249.68.36 - - [31/Aug/2026:10:52:46 -0500] "GET /?goods/074019075 HTTP/1.1" 301 5173 "-" "Mozilla/5.0 (Linux; Android 6.0.1; Nexus 5X Build/MMB29P) AppleWebKit/537.36 (KHTML, like Gecko) Chrome/151.0.7922.173 Mobile Safari/537.36 (compatible; Googlebot/2.1; +http://www.google.com/bot.html)"
103.138.51.150 - - [31/Aug/2026:10:52:52 -0500] "POST /xmlrpc.php HTTP/1.1" 200 5468 "-" "Jetpack/13.0; WordPress/6.1; http://site66707232.com"
66.249.68.200 - - [31/Aug/2026:10:52:51 -0500] "GET /?goods%2F074019075 HTTP/1.1" 200 153839 "-" "Mozilla/5.0 (Linux; Android 6.0.1; Nexus 5X Build/MMB29P) AppleWebKit/537.36 (KHTML, like Gecko) Chrome/151.0.7922.173 Mobile Safari/537.36 (compatible; Googlebot/2.1; +http://www.google.com/bot.html)"
44.221.76.208 - - [31/Aug/2026:10:52:53 -0500] "GET /wp-content/plugins/simple-share-buttons-adder/buttons/somacro/linkedin.png HTTP/1.1" 404 5982 "-" "Mozilla/5.0 (Windows NT 10.0; Win64; x64) AppleWebKit/537.36 (KHTML, like Gecko) Chrome/120.0.0.0 Safari/537.36"
44.221.76.208 - - [31/Aug/2026:10:52:56 -0500] "GET /wp-content/plugins/simple-share-buttons-adder/buttons/somacro/facebook.png HTTP/1.1" 404 5982 "-" "Mozilla/5.0 (Windows NT 10.0; Win64; x64) AppleWebKit/537.36 (KHTML, like Gecko) Chrome/120.0.0.0 Safari/537.36"
102.213.92.30 - - [31/Aug/2026:10:53:01 -0500] "GET /list/goods/zfpmh126pwknypxd2xux_43187.shtml HTTP/1.1" 404 5951 "-" "Mozilla/5.0 (Macintosh; Intel Mac OS X 12_5_0) AppleWebKit/537.36 (KHTML, like Gecko) Chrome/130.0.6723.69 Safari/537.36"
103.138.51.150 - - [31/Aug/2026:10:53:02 -0500] "POST /xmlrpc.php HTTP/1.1" 200 5468 "-" "WordPress.com; https://wordpress.com"
103.138.51.150 - - [31/Aug/2026:10:53:13 -0500] "POST /xmlrpc.php HTTP/1.1" 200 5468 "-" "WordPress.com; https://wordpress.com"
103.138.51.150 - - [31/Aug/2026:10:53:24 -0500] "POST /xmlrpc.php HTTP/1.1" 200 5468 "-" "WordPress.com; https://wordpress.com"
44.221.76.208 - - [31/Aug/2026:10:53:25 -0500] "GET /wp-content/plugins/simple-share-buttons-adder/buttons/somacro/linkedin.png HTTP/1.1" 404 5982 "-" "Mozilla/5.0 (Windows NT 10.0; Win64; x64) AppleWebKit/537.36 (KHTML, like Gecko) Chrome/120.0.0.0 Safari/537.36"
44.221.76.208 - - [31/Aug/2026:10:53:29 -0500] "GET /wp-content/plugins/simple-share-buttons-adder/buttons/somacro/twitter.png HTTP/1.1" 404 5982 "-" "Mozilla/5.0 (Windows NT 10.0; Win64; x64) AppleWebKit/537.36 (KHTML, like Gecko) Chrome/120.0.0.0 Safari/537.36"
103.138.51.150 - - [31/Aug/2026:10:53:35 -0500] "POST /xmlrpc.php HTTP/1.1" 200 5468 "-" "WordPress.com; https://wordpress.com"
103.138.51.150 - - [31/Aug/2026:10:53:46 -0500] "POST /xmlrpc.php HTTP/1.1" 200 5468 "-" "WordPress.com; https://wordpress.com"
44.221.76.208 - - [31/Aug/2026:10:53:54 -0500] "GET /wp-content/uploads/2019/06/photo4909050871350929456-855x425.jpg HTTP/1.1" 404 5982 "-" "Mozilla/5.0 (Windows NT 10.0; Win64; x64) AppleWebKit/537.36 (KHTML, like Gecko) Chrome/120.0.0.0 Safari/537.36"
103.138.51.150 - - [31/Aug/2026:10:53:57 -0500] "POST /xmlrpc.php HTTP/1.1" 200 5468 "-" "Jetpack by WordPress.com"
103.138.51.150 - - [31/Aug/2026:10:54:08 -0500] "POST /xmlrpc.php HTTP/1.1" 200 5468 "-" "WordPress.com; https://wordpress.com"
103.138.51.150 - - [31/Aug/2026:10:54:18 -0500] "POST /xmlrpc.php HTTP/1.1" 200 5468 "-" "Jetpack by WordPress.com"
189.120.75.41 - - [31/Aug/2026:10:54:28 -0500] "GET /tag/facebook-dynamics-creatives/ HTTP/1.1" 404 5951 "-" "Mozilla/5.0 (Windows NT 10.0; Win64; x64) AppleWebKit/537.36 (KHTML, like Gecko) Chrome/131.0.6778.204 Safari/537.36"
103.138.51.150 - - [31/Aug/2026:10:54:29 -0500] "POST /xmlrpc.php HTTP/1.1" 200 5468 "-" "Jetpack by WordPress.com (Jetpack 13.0; WordPress 6.2)"
3.236.100.10 - - [31/Aug/2026:10:54:30 -0500] "GET /wp-content/uploads/2016/07/How-Content-Marketing-is-like-going-Back-to-School-855x425.jpg HTTP/1.1" 404 5982 "-" "Mozilla/5.0 (Windows NT 10.0; Win64; x64) AppleWebKit/537.36 (KHTML, like Gecko) Chrome/120.0.0.0 Safari/537.36"
103.138.51.150 - - [31/Aug/2026:10:54:41 -0500] "POST /xmlrpc.php HTTP/1.1" 200 5468 "-" "WordPress.com; https://wordpress.com"
66.249.68.37 - - [31/Aug/2026:10:54:51 -0500] "GET /?jp/038018702.html HTTP/1.1" 301 5175 "-" "Mozilla/5.0 (Linux; Android 6.0.1; Nexus 5X Build/MMB29P) AppleWebKit/537.36 (KHTML, like Gecko) Chrome/151.0.7922.173 Mobile Safari/537.36 (compatible; Googlebot/2.1; +http://www.google.com/bot.html)"
103.138.51.150 - - [31/Aug/2026:10:54:51 -0500] "POST /xmlrpc.php HTTP/1.1" 200 5468 "-" "Jetpack by WordPress.com"
66.249.68.201 - - [31/Aug/2026:10:54:55 -0500] "GET /?jp%2F038018702_html HTTP/1.1" 200 153839 "-" "Mozilla/5.0 (Linux; Android 6.0.1; Nexus 5X Build/MMB29P) AppleWebKit/537.36 (KHTML, like Gecko) Chrome/151.0.7922.173 Mobile Safari/537.36 (compatible; Googlebot/2.1; +http://www.google.com/bot.html)"
66.249.68.36 - - [31/Aug/2026:10:54:58 -0500] "GET /?detail/2070005803481 HTTP/1.1" 301 5178 "-" "Mozilla/5.0 (Linux; Android 6.0.1; Nexus 5X Build/MMB29P) AppleWebKit/537.36 (KHTML, like Gecko) Chrome/151.0.7922.173 Mobile Safari/537.36 (compatible; Googlebot/2.1; +http://www.google.com/bot.html)"
103.138.51.150 - - [31/Aug/2026:10:55:03 -0500] "POST /xmlrpc.php HTTP/1.1" 200 5468 "-" "WordPress.com; https://wordpress.com"
66.249.68.192 - - [31/Aug/2026:10:55:05 -0500] "GET /?detail%2F2070005803481 HTTP/1.1" 200 153839 "-" "Mozilla/5.0 (Linux; Android 6.0.1; Nexus 5X Build/MMB29P) AppleWebKit/537.36 (KHTML, like Gecko) Chrome/151.0.7922.173 Mobile Safari/537.36 (compatible; Googlebot/2.1; +http://www.google.com/bot.html)"
49.36.223.142 - - [31/Aug/2026:10:55:09 -0500] "GET /four-ways-master-customer-service-brand/ HTTP/1.1" 404 5951 "-" "Mozilla/5.0 (Macintosh; Intel Mac OS X 11.6; rv:130.0) Gecko/20100101 Firefox/130.0"
44.221.76.208 - - [31/Aug/2026:10:55:10 -0500] "GET /wp-content/plugins/simple-share-buttons-adder/buttons/somacro/facebook.png HTTP/1.1" 404 5982 "-" "Mozilla/5.0 (Windows NT 10.0; Win64; x64) AppleWebKit/537.36 (KHTML, like Gecko) Chrome/120.0.0.0 Safari/537.36"
103.138.51.150 - - [31/Aug/2026:10:55:14 -0500] "POST /xmlrpc.php HTTP/1.1" 200 5468 "-" "WordPress.com; https://wordpress.com"
103.138.51.150 - - [31/Aug/2026:10:55:23 -0500] "POST /xmlrpc.php HTTP/1.1" 200 5468 "-" "WordPress.com; https://wordpress.com"
103.138.51.150 - - [31/Aug/2026:10:55:35 -0500] "POST /xmlrpc.php HTTP/1.1" 200 5468 "-" "Jetpack by WordPress.com"
157.100.88.86 - - [31/Aug/2026:10:55:42 -0500] "GET /list/goods/a144rlrto6krkc9qn_33727.shtml HTTP/1.1" 404 5951 "-" "Mozilla/5.0 (Macintosh; Intel Mac OS X 12.6; rv:136.0) Gecko/20100101 Firefox/136.0"
98.92.155.165 - - [31/Aug/2026:10:55:43 -0500] "GET /wp-content/uploads/2019/04/Imagen-4.1.png HTTP/1.1" 404 5982 "-" "Mozilla/5.0 (Windows NT 10.0; Win64; x64) AppleWebKit/537.36 (KHTML, like Gecko) Chrome/120.0.0.0 Safari/537.36"
103.138.51.150 - - [31/Aug/2026:10:55:46 -0500] "POST /xmlrpc.php HTTP/1.1" 200 5468 "-" "WordPress.com; https://wordpress.com"
98.92.155.165 - - [31/Aug/2026:10:55:47 -0500] "GET /wp-content/plugins/leaflet-maps-marker/inc/img/icon-kml.png HTTP/1.1" 404 5982 "-" "Mozilla/5.0 (Windows NT 10.0; Win64; x64) AppleWebKit/537.36 (KHTML, like Gecko) Chrome/120.0.0.0 Safari/537.36"
98.92.155.165 - - [31/Aug/2026:10:55:50 -0500] "GET /wp-content/uploads/2019/05/image5.png HTTP/1.1" 404 5982 "-" "Mozilla/5.0 (Windows NT 10.0; Win64; x64) AppleWebKit/537.36 (KHTML, like Gecko) Chrome/120.0.0.0 Safari/537.36"
98.92.155.165 - - [31/Aug/2026:10:55:51 -0500] "GET /wp-content/uploads/2019/04/image9.png HTTP/1.1" 404 5982 "-" "Mozilla/5.0 (Windows NT 10.0; Win64; x64) AppleWebKit/537.36 (KHTML, like Gecko) Chrome/120.0.0.0 Safari/537.36"
66.249.68.200 - - [31/Aug/2026:10:55:51 -0500] "GET /?detail/187030313845 HTTP/1.1" 301 5177 "-" "Mozilla/5.0 (compatible; Googlebot/2.1; +http://www.google.com/bot.html)"
66.249.68.200 - - [31/Aug/2026:10:55:54 -0500] "GET /?detail%2F187030313845 HTTP/1.1" 200 149088 "-" "Mozilla/5.0 (compatible; Googlebot/2.1; +http://www.google.com/bot.html)"
98.92.155.165 - - [31/Aug/2026:10:55:56 -0500] "GET /wp-content/plugins/leaflet-maps-marker/inc/img/icon-fullscreen.png HTTP/1.1" 404 5982 "-" "Mozilla/5.0 (Windows NT 10.0; Win64; x64) AppleWebKit/537.36 (KHTML, like Gecko) Chrome/120.0.0.0 Safari/537.36"
103.138.51.150 - - [31/Aug/2026:10:55:57 -0500] "POST /xmlrpc.php HTTP/1.1" 200 5468 "-" "Jetpack by WordPress.com"
66.249.68.36 - - [31/Aug/2026:10:55:57 -0500] "GET /?jp/051024879.html HTTP/1.1" 301 5175 "-" "Mozilla/5.0 (compatible; Googlebot/2.1; +http://www.google.com/bot.html)"
66.249.68.200 - - [31/Aug/2026:10:56:01 -0500] "GET /?jp%2F051024879_html HTTP/1.1" 200 153839 "-" "Mozilla/5.0 (compatible; Googlebot/2.1; +http://www.google.com/bot.html)"
103.138.51.150 - - [31/Aug/2026:10:56:07 -0500] "POST /xmlrpc.php HTTP/1.1" 200 5468 "-" "Jetpack/12.0; WordPress/6.3; http://site38588301.com"
98.92.155.165 - - [31/Aug/2026:10:56:11 -0500] "GET /wp-content/uploads/2019/05/image11.png HTTP/1.1" 404 5982 "-" "Mozilla/5.0 (Windows NT 10.0; Win64; x64) AppleWebKit/537.36 (KHTML, like Gecko) Chrome/120.0.0.0 Safari/537.36"
103.138.51.150 - - [31/Aug/2026:10:56:18 -0500] "POST /xmlrpc.php HTTP/1.1" 200 5468 "-" "Jetpack by WordPress.com (Jetpack 12.1; WordPress 6.4)"
181.44.116.23 - - [31/Aug/2026:10:56:19 -0500] "GET /list/goods/atoi268awslbe3rd_48051.shtml HTTP/1.1" 404 5951 "-" "Mozilla/5.0 (Macintosh; Intel Mac OS X 15.4; rv:128.0) Gecko/20100101 Firefox/128.0"
103.138.51.150 - - [31/Aug/2026:10:56:28 -0500] "POST /xmlrpc.php HTTP/1.1" 200 5468 "-" "WordPress.com; https://wordpress.com"
98.92.155.165 - - [31/Aug/2026:10:56:35 -0500] "GET /wp-content/uploads/2019/05/image2.png HTTP/1.1" 404 5982 "-" "Mozilla/5.0 (Windows NT 10.0; Win64; x64) AppleWebKit/537.36 (KHTML, like Gecko) Chrome/120.0.0.0 Safari/537.36"
98.92.155.165 - - [31/Aug/2026:10:56:37 -0500] "GET /wp-content/uploads/2019/05/image4.png HTTP/1.1" 404 5982 "-" "Mozilla/5.0 (Windows NT 10.0; Win64; x64) AppleWebKit/537.36 (KHTML, like Gecko) Chrome/120.0.0.0 Safari/537.36"
98.92.155.165 - - [31/Aug/2026:10:56:38 -0500] "GET /wp-content/uploads/2019/05/image3.png HTTP/1.1" 404 5982 "-" "Mozilla/5.0 (Windows NT 10.0; Win64; x64) AppleWebKit/537.36 (KHTML, like Gecko) Chrome/120.0.0.0 Safari/537.36"
98.92.155.165 - - [31/Aug/2026:10:56:38 -0500] "GET /wp-content/uploads/2019/05/MOTION_-BLOG-POST-may-3-855x425.jpg HTTP/1.1" 404 5982 "-" "Mozilla/5.0 (Windows NT 10.0; Win64; x64) AppleWebKit/537.36 (KHTML, like Gecko) Chrome/120.0.0.0 Safari/537.36"
103.138.51.150 - - [31/Aug/2026:10:56:40 -0500] "POST /xmlrpc.php HTTP/1.1" 200 5468 "-" "WordPress.com; https://wordpress.com"
66.249.68.38 - - [31/Aug/2026:10:56:50 -0500] "GET /?goods/280008088 HTTP/1.1" 301 5173 "-" "Mozilla/5.0 (Linux; Android 6.0.1; Nexus 5X Build/MMB29P) AppleWebKit/537.36 (KHTML, like Gecko) Chrome/151.0.7922.173 Mobile Safari/537.36 (compatible; Googlebot/2.1; +http://www.google.com/bot.html)"
103.138.51.150 - - [31/Aug/2026:10:56:50 -0500] "POST /xmlrpc.php HTTP/1.1" 200 5468 "-" "Jetpack by WordPress.com"
66.249.68.200 - - [31/Aug/2026:10:56:53 -0500] "GET /?goods%2F280008088 HTTP/1.1" 200 153839 "-" "Mozilla/5.0 (Linux; Android 6.0.1; Nexus 5X Build/MMB29P) AppleWebKit/537.36 (KHTML, like Gecko) Chrome/151.0.7922.173 Mobile Safari/537.36 (compatible; Googlebot/2.1; +http://www.google.com/bot.html)"
186.247.35.32 - - [31/Aug/2026:10:56:55 -0500] "GET /list/goods/atz215tsnj1lvyzaf_22710.shtml HTTP/1.1" 404 5951 "-" "Mozilla/5.0 (Windows NT 10.0; Win64; x64) AppleWebKit/537.36 (KHTML, like Gecko) Chrome/134.0.6998.88 Safari/537.36"
103.138.51.150 - - [31/Aug/2026:10:57:12 -0500] "POST /xmlrpc.php HTTP/1.1" 200 5468 "-" "Jetpack by WordPress.com"
98.92.155.165 - - [31/Aug/2026:10:57:21 -0500] "GET /wp-content/uploads/2019/04/Imagen-8-Motion.png HTTP/1.1" 404 5982 "-" "Mozilla/5.0 (Windows NT 10.0; Win64; x64) AppleWebKit/537.36 (KHTML, like Gecko) Chrome/120.0.0.0 Safari/537.36"
98.92.155.165 - - [31/Aug/2026:10:57:21 -0500] "GET /wp-content/uploads/2019/05/image9.png HTTP/1.1" 404 5982 "-" "Mozilla/5.0 (Windows NT 10.0; Win64; x64) AppleWebKit/537.36 (KHTML, like Gecko) Chrome/120.0.0.0 Safari/537.36"
66.249.68.36 - - [31/Aug/2026:10:57:25 -0500] "GET /?jp/152007089.html HTTP/1.1" 301 5175 "-" "Mozilla/5.0 (Linux; Android 6.0.1; Nexus 5X Build/MMB29P) AppleWebKit/537.36 (KHTML, like Gecko) Chrome/151.0.7922.173 Mobile Safari/537.36 (compatible; Googlebot/2.1; +http://www.google.com/bot.html)"
103.138.51.150 - - [31/Aug/2026:10:57:23 -0500] "POST /xmlrpc.php HTTP/1.1" 200 5468 "-" "Jetpack by WordPress.com (Jetpack 12.1; WordPress 6.3)"
66.249.68.192 - - [31/Aug/2026:10:57:29 -0500] "GET /?jp%2F152007089_html HTTP/1.1" 200 153839 "-" "Mozilla/5.0 (Linux; Android 6.0.1; Nexus 5X Build/MMB29P) AppleWebKit/537.36 (KHTML, like Gecko) Chrome/151.0.7922.173 Mobile Safari/537.36 (compatible; Googlebot/2.1; +http://www.google.com/bot.html)"
98.92.155.165 - - [31/Aug/2026:10:57:30 -0500] "GET /wp-content/uploads/2019/04/Imagen-1-Motion.png HTTP/1.1" 404 5982 "-" "Mozilla/5.0 (Windows NT 10.0; Win64; x64) AppleWebKit/537.36 (KHTML, like Gecko) Chrome/120.0.0.0 Safari/537.36"
98.92.155.165 - - [31/Aug/2026:10:57:30 -0500] "GET /wp-content/uploads/2019/04/image13.png HTTP/1.1" 404 5982 "-" "Mozilla/5.0 (Windows NT 10.0; Win64; x64) AppleWebKit/537.36 (KHTML, like Gecko) Chrome/120.0.0.0 Safari/537.36"
138.97.185.233 - - [31/Aug/2026:10:57:32 -0500] "GET /list/goods/bh90jphvxsji1_34189.shtml HTTP/1.1" 404 5951 "-" "Mozilla/5.0 (Macintosh; Intel Mac OS X 10_15_7) AppleWebKit/537.36 (KHTML, like Gecko) Chrome/128.0.6613.137 Safari/537.36"
103.138.51.150 - - [31/Aug/2026:10:57:34 -0500] "POST /xmlrpc.php HTTP/1.1" 200 5468 "-" "WordPress.com; https://wordpress.com"
98.92.155.165 - - [31/Aug/2026:10:57:44 -0500] "GET /wp-content/uploads/2019/04/image14.png HTTP/1.1" 404 5982 "-" "Mozilla/5.0 (Windows NT 10.0; Win64; x64) AppleWebKit/537.36 (KHTML, like Gecko) Chrome/120.0.0.0 Safari/537.36"
98.92.155.165 - - [31/Aug/2026:10:57:44 -0500] "GET /wp-content/uploads/2019/04/Imagen-3-Motion.png HTTP/1.1" 404 5982 "-" "Mozilla/5.0 (Windows NT 10.0; Win64; x64) AppleWebKit/537.36 (KHTML, like Gecko) Chrome/120.0.0.0 Safari/537.36"
103.138.51.150 - - [31/Aug/2026:10:57:44 -0500] "POST /xmlrpc.php HTTP/1.1" 200 5468 "-" "Jetpack by WordPress.com (Jetpack 12.1; WordPress 6.2)"
98.92.155.165 - - [31/Aug/2026:10:57:45 -0500] "GET /wp-content/uploads/2019/05/image8.png HTTP/1.1" 404 5982 "-" "Mozilla/5.0 (Windows NT 10.0; Win64; x64) AppleWebKit/537.36 (KHTML, like Gecko) Chrome/120.0.0.0 Safari/537.36"
98.92.155.165 - - [31/Aug/2026:10:57:47 -0500] "GET /wp-content/uploads/2019/04/image10.png HTTP/1.1" 404 5982 "-" "Mozilla/5.0 (Windows NT 10.0; Win64; x64) AppleWebKit/537.36 (KHTML, like Gecko) Chrome/120.0.0.0 Safari/537.36"
98.92.155.165 - - [31/Aug/2026:10:57:54 -0500] "GET /wp-content/uploads/2019/04/image11-855x425.jpg HTTP/1.1" 404 5982 "-" "Mozilla/5.0 (Windows NT 10.0; Win64; x64) AppleWebKit/537.36 (KHTML, like Gecko) Chrome/120.0.0.0 Safari/537.36"
103.138.51.150 - - [31/Aug/2026:10:57:56 -0500] "POST /xmlrpc.php HTTP/1.1" 200 5468 "-" "Jetpack by WordPress.com"
98.92.155.165 - - [31/Aug/2026:10:57:59 -0500] "GET /wp-content/uploads/2019/05/image1-2.png HTTP/1.1" 404 5982 "-" "Mozilla/5.0 (Windows NT 10.0; Win64; x64) AppleWebKit/537.36 (KHTML, like Gecko) Chrome/120.0.0.0 Safari/537.36"
98.92.155.165 - - [31/Aug/2026:10:58:01 -0500] "GET /wp-content/uploads/2019/05/image6.png HTTP/1.1" 404 5982 "-" "Mozilla/5.0 (Windows NT 10.0; Win64; x64) AppleWebKit/537.36 (KHTML, like Gecko) Chrome/120.0.0.0 Safari/537.36"
103.138.51.150 - - [31/Aug/2026:10:58:06 -0500] "POST /xmlrpc.php HTTP/1.1" 200 5468 "-" "Jetpack by WordPress.com"
189.190.249.145 - - [31/Aug/2026:10:58:08 -0500] "GET /list/goods/bqk65ly0n96_38546.shtml HTTP/1.1" 404 5951 "-" "Mozilla/5.0 (Macintosh; Intel Mac OS X 11_7_0) AppleWebKit/537.36 (KHTML, like Gecko) Chrome/126.0.6478.126 Safari/537.36"
98.92.155.165 - - [31/Aug/2026:10:58:12 -0500] "GET /wp-content/uploads/2019/04/Imagen-5-Motion.png HTTP/1.1" 404 5982 "-" "Mozilla/5.0 (Windows NT 10.0; Win64; x64) AppleWebKit/537.36 (KHTML, like Gecko) Chrome/120.0.0.0 Safari/537.36"
98.92.155.165 - - [31/Aug/2026:10:58:12 -0500] "GET /wp-content/uploads/2019/05/image7.png HTTP/1.1" 404 5982 "-" "Mozilla/5.0 (Windows NT 10.0; Win64; x64) AppleWebKit/537.36 (KHTML, like Gecko) Chrome/120.0.0.0 Safari/537.36"
103.138.51.150 - - [31/Aug/2026:10:57:01 -0500] "POST /xmlrpc.php HTTP/1.1" 200 5468 "-" "WordPress.com; https://wordpress.com"
103.138.51.150 - - [31/Aug/2026:10:58:17 -0500] "POST /xmlrpc.php HTTP/1.1" 200 5468 "-" "WordPress.com; https://wordpress.com"
103.138.51.150 - - [31/Aug/2026:10:58:28 -0500] "POST /xmlrpc.php HTTP/1.1" 200 5468 "-" "Jetpack/12.1; WordPress/6.3; http://site40646286.com"
66.249.68.37 - - [31/Aug/2026:10:58:32 -0500] "GET /?detail/0810425983893 HTTP/1.1" 301 5178 "-" "Mozilla/5.0 (Linux; Android 6.0.1; Nexus 5X Build/MMB29P) AppleWebKit/537.36 (KHTML, like Gecko) Chrome/151.0.7922.173 Mobile Safari/537.36 (compatible; Googlebot/2.1; +http://www.google.com/bot.html)"
66.249.68.201 - - [31/Aug/2026:10:58:35 -0500] "GET /?detail%2F0810425983893 HTTP/1.1" 200 153839 "-" "Mozilla/5.0 (Linux; Android 6.0.1; Nexus 5X Build/MMB29P) AppleWebKit/537.36 (KHTML, like Gecko) Chrome/151.0.7922.173 Mobile Safari/537.36 (compatible; Googlebot/2.1; +http://www.google.com/bot.html)"
103.138.51.150 - - [31/Aug/2026:10:58:39 -0500] "POST /xmlrpc.php HTTP/1.1" 200 5468 "-" "WordPress.com; https://wordpress.com"
66.249.68.36 - - [31/Aug/2026:10:58:42 -0500] "GET /?detail/2180412800918 HTTP/1.1" 301 5178 "-" "Mozilla/5.0 (Linux; Android 6.0.1; Nexus 5X Build/MMB29P) AppleWebKit/537.36 (KHTML, like Gecko) Chrome/151.0.7922.173 Mobile Safari/537.36 (compatible; Googlebot/2.1; +http://www.google.com/bot.html)"
177.104.101.66 - - [31/Aug/2026:10:58:45 -0500] "GET /list/goods/bqou198auds8j7t_19385.shtml HTTP/1.1" 404 5951 "-" "Mozilla/5.0 (Macintosh; Intel Mac OS X 14_3_1) AppleWebKit/537.36 (KHTML, like Gecko) Chrome/127.0.6533.17 Safari/537.36"
66.249.68.201 - - [31/Aug/2026:10:58:45 -0500] "GET /?detail%2F2180412800918 HTTP/1.1" 200 153839 "-" "Mozilla/5.0 (Linux; Android 6.0.1; Nexus 5X Build/MMB29P) AppleWebKit/537.36 (KHTML, like Gecko) Chrome/151.0.7922.173 Mobile Safari/537.36 (compatible; Googlebot/2.1; +http://www.google.com/bot.html)"
103.138.51.150 - - [31/Aug/2026:10:58:50 -0500] "POST /xmlrpc.php HTTP/1.1" 200 5468 "-" "Jetpack/13.0; WordPress/6.1; http://site99718958.com"
103.138.51.150 - - [31/Aug/2026:10:59:00 -0500] "POST /xmlrpc.php HTTP/1.1" 200 5468 "-" "WordPress.com; https://wordpress.com"
66.249.68.36 - - [31/Aug/2026:10:59:03 -0500] "GET /?goods/200006326 HTTP/1.1" 301 5173 "-" "Mozilla/5.0 (Linux; Android 6.0.1; Nexus 5X Build/MMB29P) AppleWebKit/537.36 (KHTML, like Gecko) Chrome/151.0.7922.173 Mobile Safari/537.36 (compatible; Googlebot/2.1; +http://www.google.com/bot.html)"
66.249.68.192 - - [31/Aug/2026:10:59:07 -0500] "GET /?goods%2F200006326 HTTP/1.1" 200 153839 "-" "Mozilla/5.0 (Linux; Android 6.0.1; Nexus 5X Build/MMB29P) AppleWebKit/537.36 (KHTML, like Gecko) Chrome/151.0.7922.173 Mobile Safari/537.36 (compatible; Googlebot/2.1; +http://www.google.com/bot.html)"
103.138.51.150 - - [31/Aug/2026:10:59:12 -0500] "POST /xmlrpc.php HTTP/1.1" 200 5468 "-" "Jetpack/12.0; WordPress/6.4; http://site82798063.com"
98.93.91.70 - - [31/Aug/2026:10:59:20 -0500] "GET /wp-content/uploads/2019/05/photo5116401721919252508-855x425.jpg HTTP/1.1" 404 5982 "-" "Mozilla/5.0 (Windows NT 10.0; Win64; x64) AppleWebKit/537.36 (KHTML, like Gecko) Chrome/120.0.0.0 Safari/537.36"
153.117.48.47 - - [31/Aug/2026:10:59:22 -0500] "GET /list/goods/coah92fkcq4bv_49541.shtml HTTP/1.1" 404 5951 "-" "Mozilla/5.0 (Windows NT 10.0; Win64; x64) AppleWebKit/537.36 (KHTML, like Gecko) Chrome/134.0.6998.45 Safari/537.36"
103.138.51.150 - - [31/Aug/2026:10:59:23 -0500] "POST /xmlrpc.php HTTP/1.1" 200 5468 "-" "Jetpack/12.0; WordPress/6.1; http://site83537505.com"
103.138.51.150 - - [31/Aug/2026:10:59:33 -0500] "POST /xmlrpc.php HTTP/1.1" 200 5468 "-" "Jetpack by WordPress.com"
34.207.117.150 - - [31/Aug/2026:10:59:41 -0500] "GET / HTTP/1.1" 301 5155 "-" "Mozilla/5.0 (Windows NT 10.0; Win64; x64) AppleWebKit/537.36 (KHTML, like Gecko) Chrome/120.0.0.0 Safari/537.36"
34.207.117.150 - - [31/Aug/2026:10:59:41 -0500] "GET / HTTP/1.1" 200 153839 "-" "Mozilla/5.0 (Windows NT 10.0; Win64; x64) AppleWebKit/537.36 (KHTML, like Gecko) Chrome/120.0.0.0 Safari/537.36"
34.207.117.150 - - [31/Aug/2026:10:59:43 -0500] "GET /contact HTTP/1.1" 404 1200 "-" "Mozilla/5.0 (Windows NT 10.0; Win64; x64) AppleWebKit/537.36 (KHTML, like Gecko) Chrome/120.0.0.0 Safari/537.36"
103.138.51.150 - - [31/Aug/2026:10:59:44 -0500] "POST /xmlrpc.php HTTP/1.1" 200 5468 "-" "Jetpack by WordPress.com"
34.207.117.150 - - [31/Aug/2026:10:59:44 -0500] "GET /contact-us HTTP/1.1" 404 1200 "-" "Mozilla/5.0 (Windows NT 10.0; Win64; x64) AppleWebKit/537.36 (KHTML, like Gecko) Chrome/120.0.0.0 Safari/537.36"
34.207.117.150 - - [31/Aug/2026:10:59:46 -0500] "GET /contact_us HTTP/1.1" 404 1200 "-" "Mozilla/5.0 (Windows NT 10.0; Win64; x64) AppleWebKit/537.36 (KHTML, like Gecko) Chrome/120.0.0.0 Safari/537.36"
34.207.117.150 - - [31/Aug/2026:10:59:47 -0500] "GET /contactus HTTP/1.1" 404 1200 "-" "Mozilla/5.0 (Windows NT 10.0; Win64; x64) AppleWebKit/537.36 (KHTML, like Gecko) Chrome/120.0.0.0 Safari/537.36"
34.207.117.150 - - [31/Aug/2026:10:59:49 -0500] "GET /get-in-touch HTTP/1.1" 404 1200 "-" "Mozilla/5.0 (Windows NT 10.0; Win64; x64) AppleWebKit/537.36 (KHTML, like Gecko) Chrome/120.0.0.0 Safari/537.36"
103.138.51.150 - - [31/Aug/2026:10:59:55 -0500] "POST /xmlrpc.php HTTP/1.1" 200 5468 "-" "Jetpack by WordPress.com (Jetpack 12.1; WordPress 6.3)"
181.127.227.14 - - [31/Aug/2026:11:00:00 -0500] "GET /list/goods/culnk140xnatfz74_13559.shtml HTTP/1.1" 404 5951 "-" "Mozilla/5.0 (Windows NT 10.0; Win64; x64) AppleWebKit/537.36 (KHTML, like Gecko) Chrome/127.0.6533.120 Safari/537.36"
117.5.152.107 - - [31/Aug/2026:11:00:03 -0500] "GET /list/goods/tlwhq23e1cx_6828.shtml HTTP/1.1" 404 5951 "-" "Mozilla/5.0 (Macintosh; Intel Mac OS X 14.5; rv:132.0) Gecko/20100101 Firefox/132.0"
103.138.51.150 - - [31/Aug/2026:11:00:05 -0500] "POST /xmlrpc.php HTTP/1.1" 200 5468 "-" "Jetpack by WordPress.com"
103.138.51.150 - - [31/Aug/2026:11:00:17 -0500] "POST /xmlrpc.php HTTP/1.1" 200 5468 "-" "Jetpack by WordPress.com"
103.138.51.150 - - [31/Aug/2026:11:00:27 -0500] "POST /xmlrpc.php HTTP/1.1" 200 5468 "-" "WordPress.com; https://wordpress.com"
103.138.51.150 - - [31/Aug/2026:11:00:38 -0500] "POST /xmlrpc.php HTTP/1.1" 200 5468 "-" "Jetpack/12.0; WordPress/6.3; http://site24749876.com"
186.188.252.106 - - [31/Aug/2026:11:00:42 -0500] "GET /list/goods/toxx162keewnfu1lczi_35251.shtml HTTP/1.1" 404 5951 "-" "Mozilla/4.0 (compatible; MSIE 6.01; Windows NT 6.0)"
13.140.187.88 - - [31/Aug/2026:11:00:43 -0500] "GET /wp-login.php HTTP/1.1" 200 11475 "-" "13.140.187.88"
13.140.187.88 - - [31/Aug/2026:11:00:44 -0500] "POST /wp-login.php HTTP/1.1" 200 7120 "https://motionave.com/wp-login.php" "13.140.187.88"
66.249.68.36 - - [31/Aug/2026:11:00:44 -0500] "GET /?goods/279008029 HTTP/1.1" 301 5173 "-" "Mozilla/5.0 (Linux; Android 6.0.1; Nexus 5X Build/MMB29P) AppleWebKit/537.36 (KHTML, like Gecko) Chrome/151.0.7922.173 Mobile Safari/537.36 (compatible; Googlebot/2.1; +http://www.google.com/bot.html)"
66.249.68.200 - - [31/Aug/2026:11:00:47 -0500] "GET /?goods%2F279008029 HTTP/1.1" 200 153839 "-" "Mozilla/5.0 (Linux; Android 6.0.1; Nexus 5X Build/MMB29P) AppleWebKit/537.36 (KHTML, like Gecko) Chrome/151.0.7922.173 Mobile Safari/537.36 (compatible; Googlebot/2.1; +http://www.google.com/bot.html)"
103.138.51.150 - - [31/Aug/2026:11:00:49 -0500] "POST /xmlrpc.php HTTP/1.1" 200 5468 "-" "Jetpack/12.0; WordPress/6.2; http://site66812308.com"
103.138.51.150 - - [31/Aug/2026:11:01:00 -0500] "POST /xmlrpc.php HTTP/1.1" 200 5468 "-" "WordPress.com; https://wordpress.com"
66.249.68.192 - - [31/Aug/2026:11:01:09 -0500] "GET /?goods/001012285 HTTP/1.1" 301 5173 "-" "Mozilla/5.0 (Linux; Android 6.0.1; Nexus 5X Build/MMB29P) AppleWebKit/537.36 (KHTML, like Gecko) Chrome/151.0.7922.173 Mobile Safari/537.36 (compatible; Googlebot/2.1; +http://www.google.com/bot.html)"
103.138.51.150 - - [31/Aug/2026:11:01:11 -0500] "POST /xmlrpc.php HTTP/1.1" 200 5468 "-" "Jetpack/12.0; WordPress/6.1; http://site53854832.com"
66.249.68.192 - - [31/Aug/2026:11:01:12 -0500] "GET /?goods%2F001012285 HTTP/1.1" 200 149088 "-" "Mozilla/5.0 (Linux; Android 6.0.1; Nexus 5X Build/MMB29P) AppleWebKit/537.36 (KHTML, like Gecko) Chrome/151.0.7922.173 Mobile Safari/537.36 (compatible; Googlebot/2.1; +http://www.google.com/bot.html)"
177.227.96.233 - - [31/Aug/2026:11:01:15 -0500] "GET /list/goods/tru138r713_23975.shtml HTTP/1.1" 404 5951 "-" "Mozilla/5.0 (Macintosh; Intel Mac OS X 15_2_0) AppleWebKit/537.36 (KHTML, like Gecko) Chrome/125.0.6422.60 Safari/537.36"
103.138.51.150 - - [31/Aug/2026:11:01:22 -0500] "POST /xmlrpc.php HTTP/1.1" 200 5468 "-" "WordPress.com; https://wordpress.com"
103.138.51.150 - - [31/Aug/2026:11:01:32 -0500] "POST /xmlrpc.php HTTP/1.1" 200 5468 "-" "WordPress.com; https://wordpress.com"
103.138.51.150 - - [31/Aug/2026:11:01:49 -0500] "POST /xmlrpc.php HTTP/1.1" 200 5468 "-" "Jetpack by WordPress.com"
187.7.123.63 - - [31/Aug/2026:11:01:53 -0500] "GET /list/goods/tvvr216sspqfr0eezix_1331.shtml HTTP/1.1" 404 5951 "-" "Mozilla/5.0 (Macintosh; Intel Mac OS X 14_4_1) AppleWebKit/537.36 (KHTML, like Gecko) Chrome/124.0.6367.207 Safari/537.36"
103.138.51.150 - - [31/Aug/2026:11:01:54 -0500] "POST /xmlrpc.php HTTP/1.1" 200 5468 "-" "WordPress.com; https://wordpress.com"
44.223.39.26 - - [31/Aug/2026:11:02:00 -0500] "GET /wp-content/uploads/2019/06/photo4909050871350929456-855x425.jpg HTTP/1.1" 404 5982 "-" "Mozilla/5.0 (Windows NT 10.0; Win64; x64) AppleWebKit/537.36 (KHTML, like Gecko) Chrome/120.0.0.0 Safari/537.36"
44.223.39.26 - - [31/Aug/2026:11:02:00 -0500] "GET /wp-content/uploads/2019/08/7-Team-Motion-300x300.jpg HTTP/1.1" 404 5982 "-" "Mozilla/5.0 (Windows NT 10.0; Win64; x64) AppleWebKit/537.36 (KHTML, like Gecko) Chrome/120.0.0.0 Safari/537.36"
44.223.39.26 - - [31/Aug/2026:11:02:01 -0500] "GET /wp-content/uploads/2019/06/photo4909050871350929456-855x425.jpg HTTP/1.1" 404 5982 "-" "Mozilla/5.0 (Windows NT 10.0; Win64; x64) AppleWebKit/537.36 (KHTML, like Gecko) Chrome/120.0.0.0 Safari/537.36"
181.78.44.138 - - [31/Aug/2026:11:02:02 -0500] "GET /buy.php?i225001955 HTTP/1.1" 404 4891 "https://motionave.com/buy.php?sitemap12.xml" "Mozilla/5.0 (iPhone; CPU iPhone OS 18_5 like Mac OS X) AppleWebKit/605.1.15 (KHTML, like Gecko) Version/18.5 Mobile/15E148 Safari/604.1 MicroMessenger/8.0.39(0x18001B3F) NetType/WIFI Language/zh_CN"
44.223.39.26 - - [31/Aug/2026:11:02:03 -0500] "GET /wp-content/uploads/2019/05/MOTION_-BLOG-POST-may-2-855x425.jpg HTTP/1.1" 404 5982 "-" "Mozilla/5.0 (Windows NT 10.0; Win64; x64) AppleWebKit/537.36 (KHTML, like Gecko) Chrome/120.0.0.0 Safari/537.36"
44.223.39.26 - - [31/Aug/2026:11:02:03 -0500] "GET /wp-content/uploads/2019/05/photo5116401721919252508-855x425.jpg HTTP/1.1" 404 5982 "-" "Mozilla/5.0 (Windows NT 10.0; Win64; x64) AppleWebKit/537.36 (KHTML, like Gecko) Chrome/120.0.0.0 Safari/537.36"
103.138.51.150 - - [31/Aug/2026:11:02:05 -0500] "POST /xmlrpc.php HTTP/1.1" 200 5468 "-" "Jetpack/12.0; WordPress/6.3; http://site68710299.com"
44.223.39.26 - - [31/Aug/2026:11:02:07 -0500] "GET /wp-content/uploads/2019/08/img14-1-1024x565.jpg HTTP/1.1" 404 5982 "-" "Mozilla/5.0 (Windows NT 10.0; Win64; x64) AppleWebKit/537.36 (KHTML, like Gecko) Chrome/120.0.0.0 Safari/537.36"
44.223.39.26 - - [31/Aug/2026:11:02:12 -0500] "GET /wp-content/uploads/2019/08/img13-1024x565.jpg HTTP/1.1" 404 5982 "-" "Mozilla/5.0 (Windows NT 10.0; Win64; x64) AppleWebKit/537.36 (KHTML, like Gecko) Chrome/120.0.0.0 Safari/537.36"
44.223.39.26 - - [31/Aug/2026:11:02:13 -0500] "GET /wp-content/uploads/2019/08/image2.png HTTP/1.1" 404 5982 "-" "Mozilla/5.0 (Windows NT 10.0; Win64; x64) AppleWebKit/537.36 (KHTML, like Gecko) Chrome/120.0.0.0 Safari/537.36"
44.223.39.26 - - [31/Aug/2026:11:02:16 -0500] "GET /wp-content/uploads/2019/08/image3-1.png HTTP/1.1" 404 5982 "-" "Mozilla/5.0 (Windows NT 10.0; Win64; x64) AppleWebKit/537.36 (KHTML, like Gecko) Chrome/120.0.0.0 Safari/537.36"
44.223.39.26 - - [31/Aug/2026:11:02:16 -0500] "GET /wp-content/uploads/2019/08/img6-1024x565.jpg HTTP/1.1" 404 5982 "-" "Mozilla/5.0 (Windows NT 10.0; Win64; x64) AppleWebKit/537.36 (KHTML, like Gecko) Chrome/120.0.0.0 Safari/537.36"
103.138.51.150 - - [31/Aug/2026:11:02:19 -0500] "POST /xmlrpc.php HTTP/1.1" 200 5468 "-" "Jetpack/12.1; WordPress/6.2; http://site74223705.com"
44.223.39.26 - - [31/Aug/2026:11:02:25 -0500] "GET /wp-content/uploads/2019/05/photo5116401721919252508-855x425.jpg HTTP/1.1" 404 5982 "-" "Mozilla/5.0 (Windows NT 10.0; Win64; x64) AppleWebKit/537.36 (KHTML, like Gecko) Chrome/120.0.0.0 Safari/537.36"
44.223.39.26 - - [31/Aug/2026:11:02:25 -0500] "GET /wp-content/uploads/2019/08/Week4_02-300x300.png HTTP/1.1" 404 5982 "-" "Mozilla/5.0 (Windows NT 10.0; Win64; x64) AppleWebKit/537.36 (KHTML, like Gecko) Chrome/120.0.0.0 Safari/537.36"
44.223.39.26 - - [31/Aug/2026:11:02:26 -0500] "GET /wp-content/uploads/2019/08/MOTION_-BLOG-POST-AUG-2-855x425.jpg HTTP/1.1" 404 5982 "-" "Mozilla/5.0 (Windows NT 10.0; Win64; x64) AppleWebKit/537.36 (KHTML, like Gecko) Chrome/120.0.0.0 Safari/537.36"
44.223.39.26 - - [31/Aug/2026:11:02:27 -0500] "GET /wp-content/uploads/2019/08/MOTION-6-300x300.jpg HTTP/1.1" 404 5982 "-" "Mozilla/5.0 (Windows NT 10.0; Win64; x64) AppleWebKit/537.36 (KHTML, like Gecko) Chrome/120.0.0.0 Safari/537.36"
103.138.51.150 - - [31/Aug/2026:11:02:27 -0500] "POST /xmlrpc.php HTTP/1.1" 200 5468 "-" "Jetpack by WordPress.com (Jetpack 13.0; WordPress 6.3)"
150.129.52.163 - - [31/Aug/2026:11:02:27 -0500] "GET /list/goods/u176enody3zv3lk_4079.shtml HTTP/1.1" 404 5951 "-" "Mozilla/5.0 (Macintosh; Intel Mac OS X 11_3_1) AppleWebKit/537.36 (KHTML, like Gecko) Chrome/125.0.6422.176 Safari/537.36"
44.223.39.26 - - [31/Aug/2026:11:02:28 -0500] "GET /wp-content/uploads/2019/08/image4-1.png HTTP/1.1" 404 5982 "-" "Mozilla/5.0 (Windows NT 10.0; Win64; x64) AppleWebKit/537.36 (KHTML, like Gecko) Chrome/120.0.0.0 Safari/537.36"
44.223.39.26 - - [31/Aug/2026:11:02:31 -0500] "GET /wp-content/uploads/2019/07/B-MOTION_-BLOG-POST-JUN-2-.png HTTP/1.1" 404 5982 "-" "Mozilla/5.0 (Windows NT 10.0; Win64; x64) AppleWebKit/537.36 (KHTML, like Gecko) Chrome/120.0.0.0 Safari/537.36"
44.223.39.26 - - [31/Aug/2026:11:02:32 -0500] "GET /wp-content/uploads/2019/08/img10-1024x565.jpg HTTP/1.1" 404 5982 "-" "Mozilla/5.0 (Windows NT 10.0; Win64; x64) AppleWebKit/537.36 (KHTML, like Gecko) Chrome/120.0.0.0 Safari/537.36"
44.223.39.26 - - [31/Aug/2026:11:02:36 -0500] "GET /wp-content/uploads/2019/08/image5.png HTTP/1.1" 404 5982 "-" "Mozilla/5.0 (Windows NT 10.0; Win64; x64) AppleWebKit/537.36 (KHTML, like Gecko) Chrome/120.0.0.0 Safari/537.36"
103.138.51.150 - - [31/Aug/2026:11:02:40 -0500] "POST /xmlrpc.php HTTP/1.1" 200 5468 "-" "Jetpack/12.5; WordPress/6.2; http://site40941762.com"
44.223.39.26 - - [31/Aug/2026:11:02:41 -0500] "GET /wp-content/uploads/2019/07/c-MOTION_-BLOG-POST-JUN-2-.jpg HTTP/1.1" 404 5982 "-" "Mozilla/5.0 (Windows NT 10.0; Win64; x64) AppleWebKit/537.36 (KHTML, like Gecko) Chrome/120.0.0.0 Safari/537.36"
44.223.39.26 - - [31/Aug/2026:11:02:45 -0500] "GET /wp-content/uploads/2019/08/Week3_01-300x300.png HTTP/1.1" 404 5982 "-" "Mozilla/5.0 (Windows NT 10.0; Win64; x64) AppleWebKit/537.36 (KHTML, like Gecko) Chrome/120.0.0.0 Safari/537.36"
85.206.168.219 - - [31/Aug/2026:11:02:45 -0500] "GET /wp-login.php HTTP/1.1" 200 11500 "-" "Mozilla/5.0 (Windows NT 10.0; Win64; x64) AppleWebKit/537.36 (KHTML, like Gecko) obsidian/1.8.3 Chrome/130.0.6723.191 Electron/33.3.2 Safari/537.36"
85.206.168.219 - - [31/Aug/2026:11:02:46 -0500] "POST /wp-login.php HTTP/1.1" 200 7118 "-" "Mozilla/5.0 (Windows NT 10.0; Win64; x64) AppleWebKit/537.36 (KHTML, like Gecko) obsidian/1.8.3 Chrome/130.0.6723.191 Electron/33.3.2 Safari/537.36"
44.223.39.26 - - [31/Aug/2026:11:02:49 -0500] "GET /wp-content/uploads/2019/08/15effdgive-855x425.png HTTP/1.1" 404 5982 "-" "Mozilla/5.0 (Windows NT 10.0; Win64; x64) AppleWebKit/537.36 (KHTML, like Gecko) Chrome/120.0.0.0 Safari/537.36"
44.223.39.26 - - [31/Aug/2026:11:02:51 -0500] "GET /wp-content/uploads/2019/08/IG_Thursday01-1-300x300.png HTTP/1.1" 404 5982 "-" "Mozilla/5.0 (Windows NT 10.0; Win64; x64) AppleWebKit/537.36 (KHTML, like Gecko) Chrome/120.0.0.0 Safari/537.36"
103.138.51.150 - - [31/Aug/2026:11:02:51 -0500] "POST /xmlrpc.php HTTP/1.1" 200 5468 "-" "Jetpack by WordPress.com (Jetpack 12.1; WordPress 6.4)"
44.223.39.26 - - [31/Aug/2026:11:02:57 -0500] "GET /wp-content/uploads/2019/08/ig_Friday-1-300x300.png HTTP/1.1" 404 5982 "-" "Mozilla/5.0 (Windows NT 10.0; Win64; x64) AppleWebKit/537.36 (KHTML, like Gecko) Chrome/120.0.0.0 Safari/537.36"
44.223.39.26 - - [31/Aug/2026:11:02:59 -0500] "GET /wp-content/uploads/2019/07/MOTION_-BLOG-POST-JUN-2--855x425.jpg HTTP/1.1" 404 5982 "-" "Mozilla/5.0 (Windows NT 10.0; Win64; x64) AppleWebKit/537.36 (KHTML, like Gecko) Chrome/120.0.0.0 Safari/537.36"
103.138.51.150 - - [31/Aug/2026:11:02:59 -0500] "POST /xmlrpc.php HTTP/1.1" 200 5468 "-" "WordPress.com; https://wordpress.com"
44.223.39.26 - - [31/Aug/2026:11:03:00 -0500] "GET /wp-content/uploads/2019/08/Tuesday-300x300.jpg HTTP/1.1" 404 5982 "-" "Mozilla/5.0 (Windows NT 10.0; Win64; x64) AppleWebKit/537.36 (KHTML, like Gecko) Chrome/120.0.0.0 Safari/537.36"
66.249.68.37 - - [31/Aug/2026:11:03:02 -0500] "GET /?jp/150010598.html HTTP/1.1" 301 5175 "-" "Mozilla/5.0 (Linux; Android 6.0.1; Nexus 5X Build/MMB29P) AppleWebKit/537.36 (KHTML, like Gecko) Chrome/151.0.7922.173 Mobile Safari/537.36 (compatible; Googlebot/2.1; +http://www.google.com/bot.html)"
152.59.187.79 - - [31/Aug/2026:11:03:04 -0500] "GET /list/goods/u73qt26hp909_34728.shtml HTTP/1.1" 404 5951 "-" "Mozilla/5.0 (Macintosh; Intel Mac OS X 15_2_1) AppleWebKit/537.36 (KHTML, like Gecko) Chrome/127.0.6533.120 Safari/537.36"
44.223.39.26 - - [31/Aug/2026:11:03:06 -0500] "GET /wp-content/uploads/2019/08/image4-300x300.png HTTP/1.1" 404 5982 "-" "Mozilla/5.0 (Windows NT 10.0; Win64; x64) AppleWebKit/537.36 (KHTML, like Gecko) Chrome/120.0.0.0 Safari/537.36"
66.249.68.201 - - [31/Aug/2026:11:03:06 -0500] "GET /?jp%2F150010598_html HTTP/1.1" 200 153839 "-" "Mozilla/5.0 (Linux; Android 6.0.1; Nexus 5X Build/MMB29P) AppleWebKit/537.36 (KHTML, like Gecko) Chrome/151.0.7922.173 Mobile Safari/537.36 (compatible; Googlebot/2.1; +http://www.google.com/bot.html)"
44.223.39.26 - - [31/Aug/2026:11:03:10 -0500] "GET /wp-content/uploads/2019/08/img12-2-1024x565.jpg HTTP/1.1" 404 5982 "-" "Mozilla/5.0 (Windows NT 10.0; Win64; x64) AppleWebKit/537.36 (KHTML, like Gecko) Chrome/120.0.0.0 Safari/537.36"
103.138.51.150 - - [31/Aug/2026:11:03:10 -0500] "POST /xmlrpc.php HTTP/1.1" 200 5468 "-" "WordPress.com; https://wordpress.com"
44.223.39.26 - - [31/Aug/2026:11:03:12 -0500] "GET /wp-content/uploads/2019/08/1-MOTION-thanos-300x300.jpg HTTP/1.1" 404 5982 "-" "Mozilla/5.0 (Windows NT 10.0; Win64; x64) AppleWebKit/537.36 (KHTML, like Gecko) Chrome/120.0.0.0 Safari/537.36"
44.223.39.26 - - [31/Aug/2026:11:03:12 -0500] "GET /wp-content/uploads/2019/08/2-MOTION-thanos-300x300.jpg HTTP/1.1" 404 5982 "-" "Mozilla/5.0 (Windows NT 10.0; Win64; x64) AppleWebKit/537.36 (KHTML, like Gecko) Chrome/120.0.0.0 Safari/537.36"
44.223.39.26 - - [31/Aug/2026:11:03:17 -0500] "GET /wp-content/uploads/2019/05/photo5116401721919252508-855x425.jpg HTTP/1.1" 404 5982 "-" "Mozilla/5.0 (Windows NT 10.0; Win64; x64) AppleWebKit/537.36 (KHTML, like Gecko) Chrome/120.0.0.0 Safari/537.36"
103.138.51.150 - - [31/Aug/2026:11:03:22 -0500] "POST /xmlrpc.php HTTP/1.1" 200 5468 "-" "Jetpack by WordPress.com"
103.138.51.150 - - [31/Aug/2026:11:03:32 -0500] "POST /xmlrpc.php HTTP/1.1" 200 5468 "-" "Jetpack by WordPress.com (Jetpack 12.5; WordPress 6.4)"
18.204.48.62 - - [31/Aug/2026:11:03:32 -0500] "GET /wp-content/uploads/2019/01/CStudy_Header_Janpro_-855x425.png HTTP/1.1" 404 5982 "-" "Mozilla/5.0 (Windows NT 10.0; Win64; x64) AppleWebKit/537.36 (KHTML, like Gecko) Chrome/120.0.0.0 Safari/537.36"
44.223.39.26 - - [31/Aug/2026:11:03:36 -0500] "GET /wp-content/uploads/2019/05/photo5071517054523255027-855x425.jpg HTTP/1.1" 404 5982 "-" "Mozilla/5.0 (Windows NT 10.0; Win64; x64) AppleWebKit/537.36 (KHTML, like Gecko) Chrome/120.0.0.0 Safari/537.36"
102.20.30.127 - - [31/Aug/2026:11:03:39 -0500] "GET /buy.php?h288005454 HTTP/1.1" 404 4891 "https://motionave.com/buy.php?sitemap12.xml" "Mozilla/5.0 (Linux; Android 14; OPPO PCLM7) AppleWebKit/537.36 (KHTML, like Gecko) Chrome/142.0.5065.106 Mobile Safari/537.36"
44.223.39.26 - - [31/Aug/2026:11:03:40 -0500] "GET /wp-content/uploads/2019/08/image1.png HTTP/1.1" 404 5982 "-" "Mozilla/5.0 (Windows NT 10.0; Win64; x64) AppleWebKit/537.36 (KHTML, like Gecko) Chrome/120.0.0.0 Safari/537.36"
