172.103.75.53 - - [31/Aug/2026:18:31:53 -0500] "GET /list/goods/dwk284huvtrppu_47639.shtml HTTP/1.1" 404 5951 "-" "Mozilla/5.0 (Windows NT 10.0; Win64; x64) AppleWebKit/537.36 (KHTML, like Gecko) Chrome/130.0.6723.116 Safari/537.36"
66.249.68.38 - - [31/Aug/2026:18:32:09 -0500] "GET /?jp/239003837.html HTTP/1.1" 301 5175 "-" "Mozilla/5.0 (Linux; Android 6.0.1; Nexus 5X Build/MMB29P) AppleWebKit/537.36 (KHTML, like Gecko) Chrome/151.0.7922.173 Mobile Safari/537.36 (compatible; Googlebot/2.1; +http://www.google.com/bot.html)"
66.249.68.200 - - [31/Aug/2026:18:32:11 -0500] "GET /?jp%2F239003837_html HTTP/1.1" 200 133696 "-" "Mozilla/5.0 (Linux; Android 6.0.1; Nexus 5X Build/MMB29P) AppleWebKit/537.36 (KHTML, like Gecko) Chrome/151.0.7922.173 Mobile Safari/537.36 (compatible; Googlebot/2.1; +http://www.google.com/bot.html)"
34.239.171.175 - - [31/Aug/2026:18:32:17 -0500] "GET /wp-content/plugins/leaflet-maps-marker/inc/img/icon-kml.png HTTP/1.1" 404 5982 "-" "Mozilla/5.0 (Windows NT 10.0; Win64; x64) AppleWebKit/537.36 (KHTML, like Gecko) Chrome/120.0.0.0 Safari/537.36"
136.119.153.148 - - [31/Aug/2026:18:32:19 -0500] "GET /items/U145032309 HTTP/1.1" 404 5926 "-" "Mozilla/5.0 (compatible; Reflectionbot/1.0; +https://reflection.ai/bot)"
66.249.68.200 - - [31/Aug/2026:18:32:20 -0500] "GET /?detail/0100018097540 HTTP/1.1" 301 5178 "-" "Mozilla/5.0 (compatible; Googlebot/2.1; +http://www.google.com/bot.html)"
66.249.68.201 - - [31/Aug/2026:18:32:22 -0500] "GET /?detail%2F0100018097540 HTTP/1.1" 200 133696 "-" "Mozilla/5.0 (compatible; Googlebot/2.1; +http://www.google.com/bot.html)"
98.84.19.148 - - [31/Aug/2026:18:32:31 -0500] "GET /wp-content/uploads/2019/05/photo5116401721919252508-855x425.jpg HTTP/1.1" 404 5982 "-" "Mozilla/5.0 (Windows NT 10.0; Win64; x64) AppleWebKit/537.36 (KHTML, like Gecko) Chrome/120.0.0.0 Safari/537.36"
92.142.218.97 - - [31/Aug/2026:18:32:37 -0500] "GET /buy.php?v234034074 HTTP/1.1" 404 4891 "https://motionave.com/buy.php?sitemap12.xml" "Mozilla/5.0 (Linux; Android 12; OPPO PCLM7) AppleWebKit/537.36 (KHTML, like Gecko) Chrome/143.0.5490.3 Mobile Safari/537.36 MicroMessenger/8.0.46(0x18001B3F) NetType/WIFI Language/zh_CN"
102.217.240.177 - - [31/Aug/2026:18:32:44 -0500] "GET /list/goods/dylmh284lkvqzzsq1tic_18925.shtml HTTP/1.1" 404 5951 "-" "Mozilla/5.0 (Windows NT 10.0; Win64; x64) AppleWebKit/537.36 (KHTML, like Gecko) Chrome/133.0.6943.53 Safari/537.36"
35.188.213.35 - - [31/Aug/2026:18:32:55 -0500] "GET /tag/linkedin-stories HTTP/1.1" 404 5926 "-" "Mozilla/5.0 (compatible; Reflectionbot/1.0; +https://reflection.ai/bot)"
190.219.197.165 - - [31/Aug/2026:18:33:13 -0500] "GET /list/goods/e160txtmno1bsnu_16263.shtml HTTP/1.1" 404 5951 "-" "Mozilla/5.0 (Macintosh; Intel Mac OS X 12_5_0) AppleWebKit/537.36 (KHTML, like Gecko) Chrome/132.0.6834.160 Safari/537.36"
202.76.187.74 - - [31/Aug/2026:18:33:52 -0500] "GET /list/goods/eez121jlhub13e_12712.shtml HTTP/1.1" 404 5951 "-" "Mozilla/5.0 (Windows NT 10.0; WOW64; rv:131.0) Gecko/20100101 Firefox/131.0"
136.65.190.192 - - [31/Aug/2026:18:34:06 -0500] "GET /items/T114019678 HTTP/1.1" 404 5926 "-" "Mozilla/5.0 (compatible; Reflectionbot/1.0; +https://reflection.ai/bot)"
136.112.153.229 - - [31/Aug/2026:18:34:12 -0500] "GET /list/goods/paily46htxd6h_10221.shtml HTTP/1.1" 404 5926 "-" "Mozilla/5.0 (compatible; Reflectionbot/1.0; +https://reflection.ai/bot)"
198.98.54.225 - - [31/Aug/2026:18:34:12 -0500] "GET /wp-login.php HTTP/1.1" 200 11320 "-" "Mozilla/5.0 (Windows NT 5.1; rv:30.0) Gecko/20100101 Firefox/30.0"
198.98.54.225 - - [31/Aug/2026:18:34:13 -0500] "POST /wp-login.php HTTP/1.1" 200 7173 "-" "Mozilla/5.0 (Windows NT 5.1; rv:30.0) Gecko/20100101 Firefox/30.0"
181.178.15.212 - - [31/Aug/2026:18:34:32 -0500] "GET /list/goods/egmf165dw0jwt3mko_31822.shtml HTTP/1.1" 404 5951 "-" "Mozilla/5.0 (Macintosh; Intel Mac OS X 15_2_0) AppleWebKit/537.36 (KHTML, like Gecko) Chrome/125.0.6422.60 Safari/537.36"
136.114.86.244 - - [31/Aug/2026:18:34:51 -0500] "GET /list/goods/td186ti14mfz_21217.shtml HTTP/1.1" 404 5926 "-" "Mozilla/5.0 (compatible; Reflectionbot/1.0; +https://reflection.ai/bot)"
5.107.245.36 - - [31/Aug/2026:18:35:14 -0500] "GET /list/goods/es280ymifdrondayi_4535.shtml HTTP/1.1" 404 5951 "-" "Mozilla/5.0 (Macintosh; Intel Mac OS X 14_4_1) AppleWebKit/537.36 (KHTML, like Gecko) Chrome/134.0.6998.45 Safari/537.36"
136.114.86.244 - - [31/Aug/2026:18:35:42 -0500] "GET /items/Z087008629 HTTP/1.1" 404 5926 "-" "Mozilla/5.0 (compatible; Reflectionbot/1.0; +https://reflection.ai/bot)"
45.70.102.19 - - [31/Aug/2026:18:35:54 -0500] "GET /list/goods/fafl209low4xh04mo_41794.shtml HTTP/1.1" 404 5951 "-" "Mozilla/5.0 (Macintosh; Intel Mac OS X 14.7; rv:127.0) Gecko/20100101 Firefox/127.0"
181.114.188.72 - - [31/Aug/2026:18:36:32 -0500] "GET /list/goods/g116s7czd_2245.shtml HTTP/1.1" 404 5951 "-" "Mozilla/5.0 (Macintosh; Intel Mac OS X 12_5_0) AppleWebKit/537.36 (KHTML, like Gecko) Chrome/132.0.6834.160 Safari/537.36"
66.249.68.37 - - [31/Aug/2026:18:36:31 -0500] "GET /?detail/1420097280053 HTTP/1.1" 301 5178 "-" "Mozilla/5.0 (Linux; Android 6.0.1; Nexus 5X Build/MMB29P) AppleWebKit/537.36 (KHTML, like Gecko) Chrome/151.0.7922.173 Mobile Safari/537.36 (compatible; Googlebot/2.1; +http://www.google.com/bot.html)"
62.198.205.172 - - [31/Aug/2026:18:36:33 -0500] "GET /items/B119044747 HTTP/1.1" 404 5719 "https://motionave.com/sitemap616.xml" "Mozilla/5.0 (iPhone; CPU iPhone OS 17_5 like Mac OS X) AppleWebKit/605.1.15 (KHTML, like Gecko) Version/17.5 Mobile/15E148 Safari/604.1"
66.249.68.200 - - [31/Aug/2026:18:36:34 -0500] "GET /?detail%2F1420097280053 HTTP/1.1" 200 133696 "-" "Mozilla/5.0 (Linux; Android 6.0.1; Nexus 5X Build/MMB29P) AppleWebKit/537.36 (KHTML, like Gecko) Chrome/151.0.7922.173 Mobile Safari/537.36 (compatible; Googlebot/2.1; +http://www.google.com/bot.html)"
136.65.84.161 - - [31/Aug/2026:18:36:38 -0500] "GET /items/V294029224 HTTP/1.1" 404 5926 "-" "Mozilla/5.0 (compatible; Reflectionbot/1.0; +https://reflection.ai/bot)"
66.249.68.200 - - [31/Aug/2026:18:37:04 -0500] "GET /list/goods/pf216otfn5qtzb_22491.shtml HTTP/1.1" 404 5951 "-" "Mozilla/5.0 (compatible; Googlebot/2.1; +http://www.google.com/bot.html)"
113.165.206.215 - - [31/Aug/2026:18:37:14 -0500] "GET /list/goods/gb246c0ar_40429.shtml HTTP/1.1" 404 5951 "-" "Mozilla/5.0 (Macintosh; Intel Mac OS X 11_7_0) AppleWebKit/537.36 (KHTML, like Gecko) Chrome/131.0.6778.265 Safari/537.36"
77.75.77.17 - - [31/Aug/2026:18:37:47 -0500] "GET /items/O004024834 HTTP/1.1" 404 5771 "-" "Mozilla/5.0 (compatible; SeznamBot/4.0; +https://o-seznam.cz/napoveda/vyhledavani/en/seznambot-crawler/)"
66.249.68.38 - - [31/Aug/2026:18:37:49 -0500] "GET /?detail/0410127486118 HTTP/1.1" 301 5178 "-" "Mozilla/5.0 (compatible; Googlebot/2.1; +http://www.google.com/bot.html)"
66.249.68.201 - - [31/Aug/2026:18:37:52 -0500] "GET /?detail%2F0410127486118 HTTP/1.1" 200 133696 "-" "Mozilla/5.0 (compatible; Googlebot/2.1; +http://www.google.com/bot.html)"
169.224.28.42 - - [31/Aug/2026:18:37:53 -0500] "GET /list/goods/ghzze175eccfmueh_15456.shtml HTTP/1.1" 404 5951 "-" "Mozilla/5.0 (Macintosh; Intel Mac OS X 12.7; rv:125.0) Gecko/20100101 Firefox/125.0"
186.78.227.95 - - [31/Aug/2026:18:38:00 -0500] "GET /buy.php?w272036158 HTTP/1.1" 404 4891 "https://motionave.com/buy.php?sitemap12.xml" "Mozilla/5.0 (Linux; Android 13; V2184) AppleWebKit/537.36 (KHTML, like Gecko) Chrome/150.0.5253.27 Mobile Safari/537.36"
103.58.117.21 - - [31/Aug/2026:18:38:13 -0500] "POST /xmlrpc.php HTTP/1.1" 200 5468 "-" "WordPress.com; https://wordpress.com"
103.58.117.21 - - [31/Aug/2026:18:38:23 -0500] "POST /xmlrpc.php HTTP/1.1" 200 5468 "-" "Jetpack by WordPress.com (Jetpack 12.0; WordPress 6.2)"
44.222.155.196 - - [31/Aug/2026:18:38:30 -0500] "GET /wp-content/uploads/2019/11/image2.png HTTP/1.1" 404 5982 "-" "Mozilla/5.0 (Windows NT 10.0; Win64; x64) AppleWebKit/537.36 (KHTML, like Gecko) Chrome/120.0.0.0 Safari/537.36"
103.58.117.21 - - [31/Aug/2026:18:38:34 -0500] "POST /xmlrpc.php HTTP/1.1" 200 5468 "-" "WordPress.com; https://wordpress.com"
44.222.155.196 - - [31/Aug/2026:18:38:35 -0500] "GET /wp-content/uploads/2019/11/v2MOTION_-BLOG-POST-OCT-855x425.jpg HTTP/1.1" 404 5982 "-" "Mozilla/5.0 (Windows NT 10.0; Win64; x64) AppleWebKit/537.36 (KHTML, like Gecko) Chrome/120.0.0.0 Safari/537.36"
180.191.164.115 - - [31/Aug/2026:18:38:38 -0500] "GET /list/goods/gjoi290itej4vk33ay_22037.shtml HTTP/1.1" 404 5951 "-" "Mozilla/5.0 (Macintosh; Intel Mac OS X 14_5_0) AppleWebKit/537.36 (KHTML, like Gecko) Chrome/133.0.6943.98 Safari/537.36"
66.249.68.192 - - [31/Aug/2026:18:38:42 -0500] "GET /?detail/28903230611618 HTTP/1.1" 301 5179 "-" "Mozilla/5.0 (Linux; Android 6.0.1; Nexus 5X Build/MMB29P) AppleWebKit/537.36 (KHTML, like Gecko) Chrome/151.0.7922.173 Mobile Safari/537.36 (compatible; Googlebot/2.1; +http://www.google.com/bot.html)"
103.58.117.21 - - [31/Aug/2026:18:38:45 -0500] "POST /xmlrpc.php HTTP/1.1" 200 5468 "-" "Jetpack/13.0; WordPress/6.2; http://site36408907.com"
66.249.68.200 - - [31/Aug/2026:18:38:45 -0500] "GET /?detail%2F28903230611618 HTTP/1.1" 200 133696 "-" "Mozilla/5.0 (Linux; Android 6.0.1; Nexus 5X Build/MMB29P) AppleWebKit/537.36 (KHTML, like Gecko) Chrome/151.0.7922.173 Mobile Safari/537.36 (compatible; Googlebot/2.1; +http://www.google.com/bot.html)"
44.222.155.196 - - [31/Aug/2026:18:38:50 -0500] "GET /wp-content/uploads/2019/11/image3.png HTTP/1.1" 404 5982 "-" "Mozilla/5.0 (Windows NT 10.0; Win64; x64) AppleWebKit/537.36 (KHTML, like Gecko) Chrome/120.0.0.0 Safari/537.36"
103.58.117.21 - - [31/Aug/2026:18:38:55 -0500] "POST /xmlrpc.php HTTP/1.1" 200 5468 "-" "Jetpack by WordPress.com (Jetpack 12.0; WordPress 6.4)"
103.58.117.21 - - [31/Aug/2026:18:39:06 -0500] "POST /xmlrpc.php HTTP/1.1" 200 5468 "-" "WordPress.com; https://wordpress.com"
136.111.68.24 - - [31/Aug/2026:18:39:12 -0500] "GET /items/X053006765 HTTP/1.1" 404 5926 "-" "Mozilla/5.0 (compatible; Reflectionbot/1.0; +https://reflection.ai/bot)"
42.108.205.230 - - [31/Aug/2026:18:39:12 -0500] "GET /list/goods/gk233hvsq1k_7384.shtml HTTP/1.1" 404 5951 "-" "Mozilla/5.0 (Windows NT 10.0; Win64; x64) AppleWebKit/537.36 (KHTML, like Gecko) Chrome/131.0.6778.139 Safari/537.36"
103.58.117.21 - - [31/Aug/2026:18:39:17 -0500] "POST /xmlrpc.php HTTP/1.1" 200 5468 "-" "WordPress.com; https://wordpress.com"
103.58.117.21 - - [31/Aug/2026:18:39:27 -0500] "POST /xmlrpc.php HTTP/1.1" 200 5468 "-" "Jetpack/13.0; WordPress/6.2; http://site94594130.com"
85.253.113.5 - - [31/Aug/2026:18:39:28 -0500] "GET /buy.php?u029045579 HTTP/1.1" 404 4891 "https://motionave.com/buy.php?sitemap12.xml" "Mozilla/5.0 (Linux; Android 14; OPPO PCLM2) AppleWebKit/537.36 (KHTML, like Gecko) Chrome/144.0.5124.155 Mobile Safari/537.36 MicroMessenger/8.0.47(0x18001B3F) NetType/WIFI Language/zh_CN"
103.58.117.21 - - [31/Aug/2026:18:39:38 -0500] "POST /xmlrpc.php HTTP/1.1" 200 5468 "-" "Jetpack/12.5; WordPress/6.1; http://site83051073.com"
103.58.117.21 - - [31/Aug/2026:18:39:48 -0500] "POST /xmlrpc.php HTTP/1.1" 200 5468 "-" "WordPress.com; https://wordpress.com"
14.162.192.69 - - [31/Aug/2026:18:39:53 -0500] "GET /list/goods/h270ezgn6z2o11_47547.shtml HTTP/1.1" 404 5951 "-" "Mozilla/5.0 (Macintosh; Intel Mac OS X 11.7; rv:136.0) Gecko/20100101 Firefox/136.0"
103.58.117.21 - - [31/Aug/2026:18:39:59 -0500] "POST /xmlrpc.php HTTP/1.1" 200 5468 "-" "Jetpack/12.5; WordPress/6.4; http://site88383187.com"
103.58.117.21 - - [31/Aug/2026:18:40:10 -0500] "POST /xmlrpc.php HTTP/1.1" 200 5468 "-" "Jetpack/12.1; WordPress/6.1; http://site82798452.com"
103.58.117.21 - - [31/Aug/2026:18:40:20 -0500] "POST /xmlrpc.php HTTP/1.1" 200 5468 "-" "Jetpack by WordPress.com"
34.121.197.174 - - [31/Aug/2026:18:40:21 -0500] "GET /items/E111047977 HTTP/1.1" 404 5926 "-" "Mozilla/5.0 (compatible; Reflectionbot/1.0; +https://reflection.ai/bot)"
44.222.155.196 - - [31/Aug/2026:18:39:07 -0500] "GET /wp-content/uploads/2019/11/image5.png HTTP/1.1" 404 5982 "-" "Mozilla/5.0 (Windows NT 10.0; Win64; x64) AppleWebKit/537.36 (KHTML, like Gecko) Chrome/120.0.0.0 Safari/537.36"
103.58.117.21 - - [31/Aug/2026:18:40:31 -0500] "POST /xmlrpc.php HTTP/1.1" 200 5468 "-" "WordPress.com; https://wordpress.com"
103.58.117.21 - - [31/Aug/2026:18:40:42 -0500] "POST /xmlrpc.php HTTP/1.1" 200 5468 "-" "Jetpack by WordPress.com"
50.48.60.231 - - [31/Aug/2026:18:40:43 -0500] "GET /list/goods/hbjit167byla9o_44168.shtml HTTP/1.1" 404 5951 "-" "Mozilla/5.0 (Macintosh; Intel Mac OS X 11_6_8) AppleWebKit/537.36 (KHTML, like Gecko) Chrome/126.0.6478.55 Safari/537.36"
103.58.117.21 - - [31/Aug/2026:18:40:52 -0500] "POST /xmlrpc.php HTTP/1.1" 200 5468 "-" "Jetpack by WordPress.com (Jetpack 12.1; WordPress 6.1)"
103.58.117.21 - - [31/Aug/2026:18:41:03 -0500] "POST /xmlrpc.php HTTP/1.1" 200 5468 "-" "WordPress.com; https://wordpress.com"
103.58.117.21 - - [31/Aug/2026:18:41:13 -0500] "POST /xmlrpc.php HTTP/1.1" 200 5468 "-" "WordPress.com; https://wordpress.com"
146.251.204.65 - - [31/Aug/2026:18:41:15 -0500] "GET /list/goods/hipl22hnagh_41819.shtml HTTP/1.1" 404 5951 "-" "Mozilla/5.0 (Macintosh; Intel Mac OS X 13.6; rv:126.0) Gecko/20100101 Firefox/126.0"
103.58.117.21 - - [31/Aug/2026:18:41:24 -0500] "POST /xmlrpc.php HTTP/1.1" 200 5468 "-" "Jetpack/12.0; WordPress/6.2; http://site85533562.com"
103.58.117.21 - - [31/Aug/2026:18:41:34 -0500] "POST /xmlrpc.php HTTP/1.1" 200 5468 "-" "Jetpack/12.5; WordPress/6.4; http://site24858472.com"
103.58.117.21 - - [31/Aug/2026:18:41:45 -0500] "POST /xmlrpc.php HTTP/1.1" 200 5468 "-" "Jetpack by WordPress.com"
113.53.179.152 - - [31/Aug/2026:18:41:52 -0500] "GET /list/goods/hoedk210rqbpechsx_30915.shtml HTTP/1.1" 404 5951 "-" "Mozilla/5.0 (Macintosh; U; PPC Mac OS X; en) AppleWebKit/418 (KHTML, like Gecko) Safari/417.9.2"
103.58.117.21 - - [31/Aug/2026:18:41:56 -0500] "POST /xmlrpc.php HTTP/1.1" 200 5468 "-" "Jetpack by WordPress.com (Jetpack 12.1; WordPress 6.1)"
103.58.117.21 - - [31/Aug/2026:18:42:06 -0500] "POST /xmlrpc.php HTTP/1.1" 200 5468 "-" "Jetpack by WordPress.com (Jetpack 12.5; WordPress 6.4)"
103.58.117.21 - - [31/Aug/2026:18:42:17 -0500] "POST /xmlrpc.php HTTP/1.1" 200 5468 "-" "Jetpack by WordPress.com (Jetpack 12.0; WordPress 6.2)"
186.219.146.208 - - [31/Aug/2026:18:42:35 -0500] "GET /list/goods/hxec151wvacur1h7_11850.shtml HTTP/1.1" 404 5951 "-" "Mozilla/5.0 (Macintosh; Intel Mac OS X 10_15_7) AppleWebKit/537.36 (KHTML, like Gecko) Chrome/128.0.6613.137 Safari/537.36"
103.58.117.21 - - [31/Aug/2026:18:42:27 -0500] "POST /xmlrpc.php HTTP/1.1" 200 4750 "-" "Jetpack/12.0; WordPress/6.1; http://site86139465.com"
103.58.117.21 - - [31/Aug/2026:18:42:38 -0500] "POST /xmlrpc.php HTTP/1.1" 200 5468 "-" "Jetpack/12.1; WordPress/6.2; http://site29343098.com"
209.141.55.190 - - [31/Aug/2026:18:42:42 -0500] "GET /wp-login.php HTTP/1.1" 200 11320 "-" "Mozilla/5.0 (Macintosh; Intel Mac OS X 10.8; rv:30.0) Gecko/20100101 Firefox/30.0"
209.141.55.190 - - [31/Aug/2026:18:42:42 -0500] "POST /wp-login.php HTTP/1.1" 200 7187 "-" "Mozilla/5.0 (Macintosh; Intel Mac OS X 10.8; rv:30.0) Gecko/20100101 Firefox/30.0"
103.58.117.21 - - [31/Aug/2026:18:42:49 -0500] "POST /xmlrpc.php HTTP/1.1" 200 5468 "-" "Jetpack by WordPress.com (Jetpack 12.0; WordPress 6.4)"
103.58.117.21 - - [31/Aug/2026:18:42:59 -0500] "POST /xmlrpc.php HTTP/1.1" 200 5468 "-" "Jetpack/12.5; WordPress/6.2; http://site56437369.com"
186.194.175.61 - - [31/Aug/2026:18:43:12 -0500] "GET /list/goods/hy184dwyozrk4tgjl_8577.shtml HTTP/1.1" 404 5951 "-" "Mozilla/5.0 (Windows NT 10.0; Win64; x64) AppleWebKit/537.36 (KHTML, like Gecko) Chrome/126.0.6478.182 Safari/537.36"
149.46.1.175 - - [31/Aug/2026:18:43:35 -0500] "GET /buy.php?t099003865 HTTP/1.1" 404 4891 "https://motionave.com/buy.php?sitemap12.xml" "Mozilla/5.0 (Linux; Android 14; OPPO PCLM4) AppleWebKit/537.36 (KHTML, like Gecko) Chrome/146.0.5085.90 Mobile Safari/537.36"
98.4.132.77 - - [31/Aug/2026:18:43:53 -0500] "GET /list/goods/ib179tbdewe8_28070.shtml HTTP/1.1" 404 5951 "-" "Mozilla/5.0 (Macintosh; Intel Mac OS X 13.5; rv:132.0) Gecko/20100101 Firefox/132.0"
103.58.117.21 - - [31/Aug/2026:18:43:42 -0500] "POST /xmlrpc.php HTTP/1.1" 200 5468 "-" "Jetpack/12.1; WordPress/6.3; http://site56038997.com"
103.58.117.21 - - [31/Aug/2026:18:43:21 -0500] "POST /xmlrpc.php HTTP/1.1" 200 4750 "-" "Jetpack/12.5; WordPress/6.1; http://site51013851.com"
103.58.117.21 - - [31/Aug/2026:18:43:10 -0500] "POST /xmlrpc.php HTTP/1.1" 200 5468 "-" "Jetpack by WordPress.com"
103.58.117.21 - - [31/Aug/2026:18:43:31 -0500] "POST /xmlrpc.php HTTP/1.1" 200 5468 "-" "Jetpack by WordPress.com"
103.58.117.21 - - [31/Aug/2026:18:44:03 -0500] "POST /xmlrpc.php HTTP/1.1" 200 5468 "-" "WordPress.com; https://wordpress.com"
103.58.117.21 - - [31/Aug/2026:18:43:52 -0500] "POST /xmlrpc.php HTTP/1.1" 200 5468 "-" "WordPress.com; https://wordpress.com"
66.249.68.192 - - [31/Aug/2026:18:44:05 -0500] "GET /?goods/095008887 HTTP/1.1" 301 5173 "-" "Mozilla/5.0 (Linux; Android 6.0.1; Nexus 5X Build/MMB29P) AppleWebKit/537.36 (KHTML, like Gecko) Chrome/151.0.7922.173 Mobile Safari/537.36 (compatible; Googlebot/2.1; +http://www.google.com/bot.html)"
66.249.68.200 - - [31/Aug/2026:18:44:11 -0500] "GET /?goods%2F095008887 HTTP/1.1" 200 133696 "-" "Mozilla/5.0 (Linux; Android 6.0.1; Nexus 5X Build/MMB29P) AppleWebKit/537.36 (KHTML, like Gecko) Chrome/151.0.7922.173 Mobile Safari/537.36 (compatible; Googlebot/2.1; +http://www.google.com/bot.html)"
103.58.117.21 - - [31/Aug/2026:18:44:14 -0500] "POST /xmlrpc.php HTTP/1.1" 200 5468 "-" "Jetpack/13.0; WordPress/6.1; http://site41953388.com"
103.58.117.21 - - [31/Aug/2026:18:44:25 -0500] "POST /xmlrpc.php HTTP/1.1" 200 5468 "-" "WordPress.com; https://wordpress.com"
198.98.54.225 - - [31/Aug/2026:18:44:27 -0500] "GET /wp-login.php HTTP/1.1" 200 11320 "-" "Mozilla/5.0 (Linux; Android 15; Pixel 9) AppleWebKit/537.36 (KHTML, like Gecko) Chrome/145.0.0.0 Mobile Safari/537.36"
198.98.54.225 - - [31/Aug/2026:18:44:29 -0500] "POST /wp-login.php HTTP/1.1" 200 7187 "-" "Mozilla/5.0 (Linux; Android 15; Pixel 9) AppleWebKit/537.36 (KHTML, like Gecko) Chrome/145.0.0.0 Mobile Safari/537.36"
87.7.111.111 - - [31/Aug/2026:18:44:34 -0500] "GET /list/goods/ikgqb23dfhcy27bk3_26716.shtml HTTP/1.1" 404 5951 "-" "Mozilla/5.0 (Macintosh; Intel Mac OS X 15_2_0) AppleWebKit/537.36 (KHTML, like Gecko) Chrome/125.0.6422.60 Safari/537.36"
34.121.33.92 - - [31/Aug/2026:18:43:01 -0500] "GET /list/goods/hxzq272uondrt5swl1v_22453.shtml HTTP/1.1" 404 5926 "-" "Mozilla/5.0 (compatible; Reflectionbot/1.0; +https://reflection.ai/bot)"
103.58.117.21 - - [31/Aug/2026:18:44:35 -0500] "POST /xmlrpc.php HTTP/1.1" 200 5468 "-" "Jetpack by WordPress.com"
34.204.197.50 - - [31/Aug/2026:18:44:35 -0500] "GET /wp-content/uploads/2016/11/Five-Lessons-From-Legendary-Horror-Movies-for-Content-Marketers-1-1024x764.jpg HTTP/1.1" 404 5982 "-" "Mozilla/5.0 (Windows NT 10.0; Win64; x64) AppleWebKit/537.36 (KHTML, like Gecko) Chrome/120.0.0.0 Safari/537.36"
192.185.176.171 - - [31/Aug/2026:18:44:41 -0500] "GET /wp-login.php HTTP/1.1" 200 11475 "-" "Mozilla/5.0 (Windows NT 10.0; Win64; x64) AppleWebKit/537.36 (KHTML, like Gecko) Chrome/151.0.0.0 Safari/537.36"
192.185.176.171 - - [31/Aug/2026:18:44:41 -0500] "POST /wp-login.php HTTP/1.1" 200 7120 "https://motionave.com/wp-login.php" "Mozilla/5.0 (Windows NT 10.0; Win64; x64) AppleWebKit/537.36 (KHTML, like Gecko) Chrome/151.0.0.0 Safari/537.36"
45.61.187.148 - - [31/Aug/2026:18:44:42 -0500] "GET /wp-login.php HTTP/1.1" 200 11320 "-" "Mozilla/5.0 (Windows NT 6.3; WOW64; Trident/7.0; rv:11.0) like Gecko"
45.61.187.148 - - [31/Aug/2026:18:44:42 -0500] "POST /wp-login.php HTTP/1.1" 200 7187 "-" "Mozilla/5.0 (Windows NT 6.3; WOW64; Trident/7.0; rv:11.0) like Gecko"
103.58.117.21 - - [31/Aug/2026:18:44:45 -0500] "POST /xmlrpc.php HTTP/1.1" 200 5468 "-" "Jetpack/12.0; WordPress/6.2; http://site96425968.com"
103.58.117.21 - - [31/Aug/2026:18:44:56 -0500] "POST /xmlrpc.php HTTP/1.1" 200 5468 "-" "Jetpack/13.0; WordPress/6.4; http://site95716462.com"
103.58.117.21 - - [31/Aug/2026:18:45:07 -0500] "POST /xmlrpc.php HTTP/1.1" 200 5468 "-" "Jetpack by WordPress.com"
45.226.17.55 - - [31/Aug/2026:18:45:14 -0500] "GET /list/goods/ila99eyp2xso78t_7022.shtml HTTP/1.1" 404 5951 "-" "Mozilla/5.0 (Macintosh; Intel Mac OS X 14.4; rv:132.0) Gecko/20100101 Firefox/132.0"
103.58.117.21 - - [31/Aug/2026:18:45:17 -0500] "POST /xmlrpc.php HTTP/1.1" 200 5468 "-" "WordPress.com; https://wordpress.com"
103.58.117.21 - - [31/Aug/2026:18:45:28 -0500] "POST /xmlrpc.php HTTP/1.1" 200 5468 "-" "Jetpack/13.0; WordPress/6.3; http://site80468542.com"
103.58.117.21 - - [31/Aug/2026:18:45:39 -0500] "POST /xmlrpc.php HTTP/1.1" 200 5468 "-" "Jetpack by WordPress.com (Jetpack 13.0; WordPress 6.2)"
103.58.117.21 - - [31/Aug/2026:18:45:49 -0500] "POST /xmlrpc.php HTTP/1.1" 200 5468 "-" "Jetpack by WordPress.com"
69.160.103.248 - - [31/Aug/2026:18:45:52 -0500] "GET /list/goods/ilm137gkrp7f1_43174.shtml HTTP/1.1" 404 5951 "-" "Mozilla/5.0 (Macintosh; Intel Mac OS X 12.2; rv:130.0) Gecko/20100101 Firefox/130.0"
3.235.175.220 - - [31/Aug/2026:18:45:56 -0500] "GET /wp-content/plugins/leaflet-maps-marker/inc/img/icon-fullscreen.png HTTP/1.1" 404 5982 "-" "Mozilla/5.0 (Windows NT 10.0; Win64; x64) AppleWebKit/537.36 (KHTML, like Gecko) Chrome/120.0.0.0 Safari/537.36"
3.235.175.220 - - [31/Aug/2026:18:45:57 -0500] "GET /wp-content/plugins/leaflet-maps-marker/inc/img/icon-kml.png HTTP/1.1" 404 5982 "-" "Mozilla/5.0 (Windows NT 10.0; Win64; x64) AppleWebKit/537.36 (KHTML, like Gecko) Chrome/120.0.0.0 Safari/537.36"
3.235.175.220 - - [31/Aug/2026:18:46:01 -0500] "GET /wp-content/uploads/2019/04/Imagen-3-Motion.png HTTP/1.1" 404 5982 "-" "Mozilla/5.0 (Windows NT 10.0; Win64; x64) AppleWebKit/537.36 (KHTML, like Gecko) Chrome/120.0.0.0 Safari/537.36"
3.235.175.220 - - [31/Aug/2026:18:46:08 -0500] "GET /wp-content/uploads/2019/05/image5.png HTTP/1.1" 404 5982 "-" "Mozilla/5.0 (Windows NT 10.0; Win64; x64) AppleWebKit/537.36 (KHTML, like Gecko) Chrome/120.0.0.0 Safari/537.36"
103.58.117.21 - - [31/Aug/2026:18:46:00 -0500] "POST /xmlrpc.php HTTP/1.1" 200 4750 "-" "Jetpack by WordPress.com"
66.249.68.200 - - [31/Aug/2026:18:46:08 -0500] "GET /?goods/019044443 HTTP/1.1" 301 5173 "-" "Mozilla/5.0 (compatible; Googlebot/2.1; +http://www.google.com/bot.html)"
103.58.117.21 - - [31/Aug/2026:18:46:10 -0500] "POST /xmlrpc.php HTTP/1.1" 200 5468 "-" "Jetpack by WordPress.com"
3.235.175.220 - - [31/Aug/2026:18:46:13 -0500] "GET /wp-content/uploads/2019/04/image11-855x425.jpg HTTP/1.1" 404 5982 "-" "Mozilla/5.0 (Windows NT 10.0; Win64; x64) AppleWebKit/537.36 (KHTML, like Gecko) Chrome/120.0.0.0 Safari/537.36"
66.249.68.200 - - [31/Aug/2026:18:46:14 -0500] "GET /?goods%2F019044443 HTTP/1.1" 200 133696 "-" "Mozilla/5.0 (compatible; Googlebot/2.1; +http://www.google.com/bot.html)"
3.235.175.220 - - [31/Aug/2026:18:46:20 -0500] "GET /wp-content/uploads/2019/04/Imagen-5-Motion.png HTTP/1.1" 404 5982 "-" "Mozilla/5.0 (Windows NT 10.0; Win64; x64) AppleWebKit/537.36 (KHTML, like Gecko) Chrome/120.0.0.0 Safari/537.36"
103.58.117.21 - - [31/Aug/2026:18:46:21 -0500] "POST /xmlrpc.php HTTP/1.1" 200 5468 "-" "Jetpack by WordPress.com (Jetpack 12.1; WordPress 6.1)"
3.235.175.220 - - [31/Aug/2026:18:46:24 -0500] "GET /wp-content/uploads/2019/05/MOTION_-BLOG-POST-may-3-855x425.jpg HTTP/1.1" 404 5982 "-" "Mozilla/5.0 (Windows NT 10.0; Win64; x64) AppleWebKit/537.36 (KHTML, like Gecko) Chrome/120.0.0.0 Safari/537.36"
3.235.175.220 - - [31/Aug/2026:18:46:24 -0500] "GET /wp-content/uploads/2019/04/image13.png HTTP/1.1" 404 5982 "-" "Mozilla/5.0 (Windows NT 10.0; Win64; x64) AppleWebKit/537.36 (KHTML, like Gecko) Chrome/120.0.0.0 Safari/537.36"
3.235.175.220 - - [31/Aug/2026:18:46:26 -0500] "GET /wp-content/uploads/2019/05/image8.png HTTP/1.1" 404 5982 "-" "Mozilla/5.0 (Windows NT 10.0; Win64; x64) AppleWebKit/537.36 (KHTML, like Gecko) Chrome/120.0.0.0 Safari/537.36"
103.58.117.21 - - [31/Aug/2026:18:46:32 -0500] "POST /xmlrpc.php HTTP/1.1" 200 5468 "-" "Jetpack by WordPress.com"
45.165.21.19 - - [31/Aug/2026:18:46:35 -0500] "GET /list/goods/jqt226wocjm0_29529.shtml HTTP/1.1" 404 5951 "-" "Mozilla/5.0 (Macintosh; U; PPC Mac OS X; fr-ch) AppleWebKit/125.5.5 (KHTML, like Gecko) Safari/125.12"
3.235.175.220 - - [31/Aug/2026:18:46:37 -0500] "GET /wp-content/uploads/2019/05/image11.png HTTP/1.1" 404 5982 "-" "Mozilla/5.0 (Windows NT 10.0; Win64; x64) AppleWebKit/537.36 (KHTML, like Gecko) Chrome/120.0.0.0 Safari/537.36"
3.235.175.220 - - [31/Aug/2026:18:46:41 -0500] "GET /wp-content/uploads/2019/04/Imagen-1-Motion.png HTTP/1.1" 404 5982 "-" "Mozilla/5.0 (Windows NT 10.0; Win64; x64) AppleWebKit/537.36 (KHTML, like Gecko) Chrome/120.0.0.0 Safari/537.36"
13.220.15.5 - - [31/Aug/2026:18:46:42 -0500] "GET /wp-content/plugins/simple-share-buttons-adder/buttons/somacro/facebook.png HTTP/1.1" 404 5982 "-" "Mozilla/5.0 (Windows NT 10.0; Win64; x64) AppleWebKit/537.36 (KHTML, like Gecko) Chrome/120.0.0.0 Safari/537.36"
103.58.117.21 - - [31/Aug/2026:18:46:42 -0500] "POST /xmlrpc.php HTTP/1.1" 200 5468 "-" "Jetpack/13.0; WordPress/6.2; http://site55508866.com"
3.235.175.220 - - [31/Aug/2026:18:46:44 -0500] "GET /wp-content/uploads/2019/05/image3.png HTTP/1.1" 404 5982 "-" "Mozilla/5.0 (Windows NT 10.0; Win64; x64) AppleWebKit/537.36 (KHTML, like Gecko) Chrome/120.0.0.0 Safari/537.36"
3.235.175.220 - - [31/Aug/2026:18:46:47 -0500] "GET /wp-content/uploads/2019/05/image9.png HTTP/1.1" 404 5982 "-" "Mozilla/5.0 (Windows NT 10.0; Win64; x64) AppleWebKit/537.36 (KHTML, like Gecko) Chrome/120.0.0.0 Safari/537.36"
3.235.175.220 - - [31/Aug/2026:18:46:47 -0500] "GET /wp-content/uploads/2019/04/image10.png HTTP/1.1" 404 5982 "-" "Mozilla/5.0 (Windows NT 10.0; Win64; x64) AppleWebKit/537.36 (KHTML, like Gecko) Chrome/120.0.0.0 Safari/537.36"
103.58.117.21 - - [31/Aug/2026:18:46:54 -0500] "POST /xmlrpc.php HTTP/1.1" 200 5468 "-" "Jetpack by WordPress.com"
66.249.68.36 - - [31/Aug/2026:18:46:55 -0500] "GET /?goods/011010900 HTTP/1.1" 301 5173 "-" "Mozilla/5.0 (Linux; Android 6.0.1; Nexus 5X Build/MMB29P) AppleWebKit/537.36 (KHTML, like Gecko) Chrome/151.0.7922.173 Mobile Safari/537.36 (compatible; Googlebot/2.1; +http://www.google.com/bot.html)"
3.235.175.220 - - [31/Aug/2026:18:46:56 -0500] "GET /wp-content/uploads/2019/04/image14.png HTTP/1.1" 404 5982 "-" "Mozilla/5.0 (Windows NT 10.0; Win64; x64) AppleWebKit/537.36 (KHTML, like Gecko) Chrome/120.0.0.0 Safari/537.36"
3.235.175.220 - - [31/Aug/2026:18:46:56 -0500] "GET /wp-content/uploads/2019/05/image1-2.png HTTP/1.1" 404 5982 "-" "Mozilla/5.0 (Windows NT 10.0; Win64; x64) AppleWebKit/537.36 (KHTML, like Gecko) Chrome/120.0.0.0 Safari/537.36"
3.235.175.220 - - [31/Aug/2026:18:46:56 -0500] "GET /wp-content/uploads/2019/05/image2.png HTTP/1.1" 404 5982 "-" "Mozilla/5.0 (Windows NT 10.0; Win64; x64) AppleWebKit/537.36 (KHTML, like Gecko) Chrome/120.0.0.0 Safari/537.36"
3.235.175.220 - - [31/Aug/2026:18:47:01 -0500] "GET /wp-content/uploads/2019/04/image9.png HTTP/1.1" 404 5982 "-" "Mozilla/5.0 (Windows NT 10.0; Win64; x64) AppleWebKit/537.36 (KHTML, like Gecko) Chrome/120.0.0.0 Safari/537.36"
66.249.68.200 - - [31/Aug/2026:18:47:01 -0500] "GET /?goods%2F011010900 HTTP/1.1" 200 133696 "-" "Mozilla/5.0 (Linux; Android 6.0.1; Nexus 5X Build/MMB29P) AppleWebKit/537.36 (KHTML, like Gecko) Chrome/151.0.7922.173 Mobile Safari/537.36 (compatible; Googlebot/2.1; +http://www.google.com/bot.html)"
13.220.15.5 - - [31/Aug/2026:18:47:02 -0500] "GET /wp-content/plugins/simple-share-buttons-adder/buttons/somacro/linkedin.png HTTP/1.1" 404 5982 "-" "Mozilla/5.0 (Windows NT 10.0; Win64; x64) AppleWebKit/537.36 (KHTML, like Gecko) Chrome/120.0.0.0 Safari/537.36"
13.220.15.5 - - [31/Aug/2026:18:47:02 -0500] "GET /wp-content/plugins/simple-share-buttons-adder/buttons/somacro/linkedin.png HTTP/1.1" 404 5982 "-" "Mozilla/5.0 (Windows NT 10.0; Win64; x64) AppleWebKit/537.36 (KHTML, like Gecko) Chrome/120.0.0.0 Safari/537.36"
3.235.175.220 - - [31/Aug/2026:18:47:04 -0500] "GET /wp-content/uploads/2019/05/image4.png HTTP/1.1" 404 5982 "-" "Mozilla/5.0 (Windows NT 10.0; Win64; x64) AppleWebKit/537.36 (KHTML, like Gecko) Chrome/120.0.0.0 Safari/537.36"
103.58.117.21 - - [31/Aug/2026:18:47:04 -0500] "POST /xmlrpc.php HTTP/1.1" 200 5468 "-" "WordPress.com; https://wordpress.com"
136.112.153.229 - - [31/Aug/2026:18:47:06 -0500] "GET /list/goods/p67aoapk2acu6l_14574.shtml HTTP/1.1" 404 5926 "-" "Mozilla/5.0 (compatible; Reflectionbot/1.0; +https://reflection.ai/bot)"
3.235.175.220 - - [31/Aug/2026:18:47:08 -0500] "GET /wp-content/uploads/2019/04/Imagen-8-Motion.png HTTP/1.1" 404 5982 "-" "Mozilla/5.0 (Windows NT 10.0; Win64; x64) AppleWebKit/537.36 (KHTML, like Gecko) Chrome/120.0.0.0 Safari/537.36"
3.235.175.220 - - [31/Aug/2026:18:47:11 -0500] "GET /wp-content/uploads/2019/05/image6.png HTTP/1.1" 404 5982 "-" "Mozilla/5.0 (Windows NT 10.0; Win64; x64) AppleWebKit/537.36 (KHTML, like Gecko) Chrome/120.0.0.0 Safari/537.36"
179.49.191.62 - - [31/Aug/2026:18:47:13 -0500] "GET /list/goods/k140avaxtqi8_36911.shtml HTTP/1.1" 404 5951 "-" "Mozilla/5.0 (Macintosh; Intel Mac OS X 15.3; rv:134.0) Gecko/20100101 Firefox/134.0"
103.58.117.21 - - [31/Aug/2026:18:47:14 -0500] "POST /xmlrpc.php HTTP/1.1" 200 5468 "-" "Jetpack by WordPress.com (Jetpack 13.0; WordPress 6.3)"
103.58.117.21 - - [31/Aug/2026:18:47:25 -0500] "POST /xmlrpc.php HTTP/1.1" 200 5468 "-" "Jetpack by WordPress.com"
3.235.175.220 - - [31/Aug/2026:18:47:28 -0500] "GET /wp-content/uploads/2019/04/Imagen-4.1.png HTTP/1.1" 404 5982 "-" "Mozilla/5.0 (Windows NT 10.0; Win64; x64) AppleWebKit/537.36 (KHTML, like Gecko) Chrome/120.0.0.0 Safari/537.36"
103.58.117.21 - - [31/Aug/2026:18:47:35 -0500] "POST /xmlrpc.php HTTP/1.1" 200 5468 "-" "Jetpack by WordPress.com (Jetpack 12.0; WordPress 6.3)"
13.220.15.5 - - [31/Aug/2026:18:47:35 -0500] "GET /wp-content/plugins/simple-share-buttons-adder/buttons/somacro/facebook.png HTTP/1.1" 404 5982 "-" "Mozilla/5.0 (Windows NT 10.0; Win64; x64) AppleWebKit/537.36 (KHTML, like Gecko) Chrome/120.0.0.0 Safari/537.36"
13.220.15.5 - - [31/Aug/2026:18:47:40 -0500] "GET /wp-content/uploads/2019/05/photo5116401721919252508-855x425.jpg HTTP/1.1" 404 5982 "-" "Mozilla/5.0 (Windows NT 10.0; Win64; x64) AppleWebKit/537.36 (KHTML, like Gecko) Chrome/120.0.0.0 Safari/537.36"
103.58.117.21 - - [31/Aug/2026:18:47:46 -0500] "POST /xmlrpc.php HTTP/1.1" 200 5468 "-" "Jetpack by WordPress.com (Jetpack 13.0; WordPress 6.1)"
13.220.15.5 - - [31/Aug/2026:18:47:48 -0500] "GET /wp-content/plugins/simple-share-buttons-adder/buttons/somacro/twitter.png HTTP/1.1" 404 5982 "-" "Mozilla/5.0 (Windows NT 10.0; Win64; x64) AppleWebKit/537.36 (KHTML, like Gecko) Chrome/120.0.0.0 Safari/537.36"
186.250.168.108 - - [31/Aug/2026:18:47:48 -0500] "GET /buy.php?shop/source/attractive028038627.shtml HTTP/1.1" 404 4891 "https://motionave.com/buy.php?sitemap12.xml" "Mozilla/5.0 (iPhone; CPU iPhone OS 18_5 like Mac OS X) AppleWebKit/605.1.15 (KHTML, like Gecko) Version/18.5 Mobile/15E148 Safari/604.1 MicroMessenger/8.0.37(0x18001B3F) NetType/WIFI Language/zh_CN"
3.235.175.220 - - [31/Aug/2026:18:47:52 -0500] "GET /wp-content/uploads/2019/05/image7.png HTTP/1.1" 404 5982 "-" "Mozilla/5.0 (Windows NT 10.0; Win64; x64) AppleWebKit/537.36 (KHTML, like Gecko) Chrome/120.0.0.0 Safari/537.36"
189.38.44.171 - - [31/Aug/2026:18:47:53 -0500] "GET /list/goods/kb142ynel47_12099.shtml HTTP/1.1" 404 5951 "-" "Mozilla/5.0 (Macintosh; Intel Mac OS X 12_6_0) AppleWebKit/537.36 (KHTML, like Gecko) Chrome/132.0.6834.83 Safari/537.36"
103.58.117.21 - - [31/Aug/2026:18:47:56 -0500] "POST /xmlrpc.php HTTP/1.1" 200 5468 "-" "Jetpack/13.0; WordPress/6.1; http://site81423240.com"
66.249.68.37 - - [31/Aug/2026:18:48:13 -0500] "GET /category/1_11_2478/1 HTTP/1.1" 404 5951 "-" "Mozilla/5.0 (Linux; Android 6.0.1; Nexus 5X Build/MMB29P) AppleWebKit/537.36 (KHTML, like Gecko) Chrome/151.0.7922.173 Mobile Safari/537.36 (compatible; Googlebot/2.1; +http://www.google.com/bot.html)"
103.58.117.21 - - [31/Aug/2026:18:48:07 -0500] "POST /xmlrpc.php HTTP/1.1" 200 5468 "-" "Jetpack/12.1; WordPress/6.4; http://site23543821.com"
103.58.117.21 - - [31/Aug/2026:18:48:18 -0500] "POST /xmlrpc.php HTTP/1.1" 200 5468 "-" "WordPress.com; https://wordpress.com"
13.220.15.5 - - [31/Aug/2026:18:48:21 -0500] "GET /wp-content/plugins/simple-share-buttons-adder/buttons/somacro/twitter.png HTTP/1.1" 404 5982 "-" "Mozilla/5.0 (Windows NT 10.0; Win64; x64) AppleWebKit/537.36 (KHTML, like Gecko) Chrome/120.0.0.0 Safari/537.36"
103.58.117.21 - - [31/Aug/2026:18:48:28 -0500] "POST /xmlrpc.php HTTP/1.1" 200 5468 "-" "Jetpack by WordPress.com"
178.80.172.147 - - [31/Aug/2026:18:48:33 -0500] "GET /list/goods/kdnld242yjvyjtknsk_22183.shtml HTTP/1.1" 404 5951 "-" "Mozilla/5.0 (Windows NT 10.0; Win64; x64; rv:136.0) Gecko/20100101 Firefox/136.0"
103.58.117.21 - - [31/Aug/2026:18:48:39 -0500] "POST /xmlrpc.php HTTP/1.1" 200 5468 "-" "Jetpack by WordPress.com"
34.132.142.153 - - [31/Aug/2026:18:48:48 -0500] "GET /items/P145042101 HTTP/1.1" 404 5926 "-" "Mozilla/5.0 (compatible; Reflectionbot/1.0; +https://reflection.ai/bot)"
103.58.117.21 - - [31/Aug/2026:18:48:49 -0500] "POST /xmlrpc.php HTTP/1.1" 200 5468 "-" "Jetpack/13.0; WordPress/6.3; http://site61634923.com"
103.58.117.21 - - [31/Aug/2026:18:49:00 -0500] "POST /xmlrpc.php HTTP/1.1" 200 5468 "-" "Jetpack by WordPress.com (Jetpack 12.1; WordPress 6.3)"
102.129.75.76 - - [31/Aug/2026:18:49:06 -0500] "GET /buy.php?shop/somewhat/technique190031051.shtml HTTP/1.1" 404 4891 "https://motionave.com/buy.php?sitemap12.xml" "Mozilla/5.0 (Linux; Android 15; V2188) AppleWebKit/537.36 (KHTML, like Gecko) Chrome/144.0.5193.58 Mobile Safari/537.36 MicroMessenger/8.0.31(0x18001B3F) NetType/WIFI Language/zh_CN"
34.16.27.129 - - [31/Aug/2026:18:49:07 -0500] "GET /list/goods/zrjf105zn0g1_35516.shtml HTTP/1.1" 404 5926 "-" "Mozilla/5.0 (compatible; Reflectionbot/1.0; +https://reflection.ai/bot)"
103.58.117.21 - - [31/Aug/2026:18:49:11 -0500] "POST /xmlrpc.php HTTP/1.1" 200 5468 "-" "WordPress.com; https://wordpress.com"
177.39.66.179 - - [31/Aug/2026:18:49:13 -0500] "GET /list/goods/kfzay288juf0fo_19687.shtml HTTP/1.1" 404 5951 "-" "Mozilla/5.0 (Macintosh; Intel Mac OS X 15.0; rv:127.0) Gecko/20100101 Firefox/127.0"
103.58.117.21 - - [31/Aug/2026:18:49:21 -0500] "POST /xmlrpc.php HTTP/1.1" 200 5468 "-" "Jetpack by WordPress.com"
66.249.68.200 - - [31/Aug/2026:18:49:28 -0500] "GET /?detail/2980097139111 HTTP/1.1" 301 5178 "-" "Mozilla/5.0 (compatible; Googlebot/2.1; +http://www.google.com/bot.html)"
35.175.180.77 - - [31/Aug/2026:18:49:32 -0500] "GET /wp-content/plugins/leaflet-maps-marker/inc/img/icon-kml.png HTTP/1.1" 404 5982 "-" "Mozilla/5.0 (Windows NT 10.0; Win64; x64) AppleWebKit/537.36 (KHTML, like Gecko) Chrome/120.0.0.0 Safari/537.36"
103.58.117.21 - - [31/Aug/2026:18:49:33 -0500] "POST /xmlrpc.php HTTP/1.1" 200 5468 "-" "Jetpack by WordPress.com"
66.249.68.200 - - [31/Aug/2026:18:49:37 -0500] "GET /?detail%2F2980097139111 HTTP/1.1" 200 133696 "-" "Mozilla/5.0 (compatible; Googlebot/2.1; +http://www.google.com/bot.html)"
103.58.117.21 - - [31/Aug/2026:18:49:42 -0500] "POST /xmlrpc.php HTTP/1.1" 200 5468 "-" "Jetpack by WordPress.com"
35.175.180.77 - - [31/Aug/2026:18:49:43 -0500] "GET /wp-content/plugins/leaflet-maps-marker/inc/img/icon-fullscreen.png HTTP/1.1" 404 5982 "-" "Mozilla/5.0 (Windows NT 10.0; Win64; x64) AppleWebKit/537.36 (KHTML, like Gecko) Chrome/120.0.0.0 Safari/537.36"
89.155.212.95 - - [31/Aug/2026:18:49:53 -0500] "GET /list/goods/ldo46vwrzb8o0jh_45821.shtml HTTP/1.1" 404 5951 "-" "Mozilla/5.0 (Windows NT 10.0; Win64; x64) AppleWebKit/537.36 (KHTML, like Gecko) Chrome/130.0.6723.69 Safari/537.36"
103.58.117.21 - - [31/Aug/2026:18:49:53 -0500] "POST /xmlrpc.php HTTP/1.1" 200 5468 "-" "WordPress.com; https://wordpress.com"
45.78.195.76 - - [31/Aug/2026:18:49:54 -0500] "GET /wp-content/uploads/2019/01/image2.png HTTP/1.1" 404 5926 "-" "Mozilla/5.0 (Macintosh; Intel Mac OS X 10_15_7) AppleWebKit/537.36 (KHTML, like Gecko) Chrome/150.0.0.0 Safari/537.36"
35.175.180.77 - - [31/Aug/2026:18:49:57 -0500] "GET /wp-content/uploads/2019/05/MOTION_-BLOG-POST-may-2-855x425.jpg HTTP/1.1" 404 5982 "-" "Mozilla/5.0 (Windows NT 10.0; Win64; x64) AppleWebKit/537.36 (KHTML, like Gecko) Chrome/120.0.0.0 Safari/537.36"
103.58.117.21 - - [31/Aug/2026:18:50:04 -0500] "POST /xmlrpc.php HTTP/1.1" 200 5468 "-" "Jetpack by WordPress.com (Jetpack 12.5; WordPress 6.1)"
35.175.180.77 - - [31/Aug/2026:18:50:08 -0500] "GET /wp-content/uploads/2019/02/Recipe_buyer_persona-855x425.jpg HTTP/1.1" 404 5982 "-" "Mozilla/5.0 (Windows NT 10.0; Win64; x64) AppleWebKit/537.36 (KHTML, like Gecko) Chrome/120.0.0.0 Safari/537.36"
103.58.117.21 - - [31/Aug/2026:18:50:14 -0500] "POST /xmlrpc.php HTTP/1.1" 200 5468 "-" "Jetpack/12.0; WordPress/6.1; http://site23281893.com"
34.121.33.92 - - [31/Aug/2026:18:50:15 -0500] "GET /list/goods/jey113vm1322sr_15102.shtml HTTP/1.1" 404 5926 "-" "Mozilla/5.0 (compatible; Reflectionbot/1.0; +https://reflection.ai/bot)"
103.58.117.21 - - [31/Aug/2026:18:50:25 -0500] "POST /xmlrpc.php HTTP/1.1" 200 5468 "-" "WordPress.com; https://wordpress.com"
45.168.185.216 - - [31/Aug/2026:18:50:34 -0500] "GET /list/goods/m79tiauug4po_14526.shtml HTTP/1.1" 404 5951 "-" "Mozilla/5.0 (Windows NT 10.0; Win64; x64) AppleWebKit/537.36 (KHTML, like Gecko) Chrome/126.0.6478.55 Safari/537.36"
103.58.117.21 - - [31/Aug/2026:18:50:36 -0500] "POST /xmlrpc.php HTTP/1.1" 200 5468 "-" "WordPress.com; https://wordpress.com"
209.141.37.195 - - [31/Aug/2026:18:50:40 -0500] "GET /wp-login.php HTTP/1.1" 200 11320 "-" "Mozilla/5.0 (Windows NT 10.0; ARM64; rv:115.0) Gecko/20100101 Firefox/115.0"
85.64.245.110 - - [31/Aug/2026:18:50:40 -0500] "GET /buy.php?shop/severe/stadium140009113.shtml HTTP/1.1" 404 4891 "https://motionave.com/buy.php?sitemap12.xml" "Mozilla/5.0 (Linux; Android 12; M2102J23) AppleWebKit/537.36 (KHTML, like Gecko) Chrome/143.0.5381.51 Mobile Safari/537.36"
209.141.37.195 - - [31/Aug/2026:18:50:41 -0500] "POST /wp-login.php HTTP/1.1" 200 7175 "-" "Mozilla/5.0 (Windows NT 10.0; ARM64; rv:115.0) Gecko/20100101 Firefox/115.0"
103.58.117.21 - - [31/Aug/2026:18:50:46 -0500] "POST /xmlrpc.php HTTP/1.1" 200 5468 "-" "Jetpack by WordPress.com"
103.58.117.21 - - [31/Aug/2026:18:50:57 -0500] "POST /xmlrpc.php HTTP/1.1" 200 5468 "-" "WordPress.com; https://wordpress.com"
103.58.117.21 - - [31/Aug/2026:18:51:07 -0500] "POST /xmlrpc.php HTTP/1.1" 200 5468 "-" "Jetpack by WordPress.com"
95.248.146.21 - - [31/Aug/2026:18:51:13 -0500] "GET /list/goods/mazsj135y2i1auea8_17664.shtml HTTP/1.1" 404 5951 "-" "Mozilla/5.0 (Windows NT 10.0; Win64; x64; rv:131.0) Gecko/20100101 Firefox/131.0"
20.151.200.44 - - [31/Aug/2026:18:51:16 -0500] "GET /wp-content/plugins/fix/up.php HTTP/1.1" 404 5771 "-" "Mozilla/5.0 (Windows NT 10.0; Win64; x64) AppleWebKit/537.36 (KHTML, like Gecko) Chrome/85.0.4183.102 Safari/537.36"
103.58.117.21 - - [31/Aug/2026:18:51:18 -0500] "POST /xmlrpc.php HTTP/1.1" 200 5468 "-" "Jetpack by WordPress.com"
52.22.87.224 - - [31/Aug/2026:18:51:29 -0500] "GET /uncategorized/play-19350-totally-free-position-game-king-of-olympus-rtp-casino-zero-install/ HTTP/1.1" 404 5752 "-" "Mozilla/5.0 AppleWebKit/537.36 (KHTML, like Gecko; compatible; Amazonbot/0.1; +https://developer.amazon.com/support/amazonbot) Chrome/119.0.6045.214 Safari/537.36"
103.58.117.21 - - [31/Aug/2026:18:51:29 -0500] "POST /xmlrpc.php HTTP/1.1" 200 5468 "-" "Jetpack by WordPress.com"
103.58.117.21 - - [31/Aug/2026:18:51:39 -0500] "POST /xmlrpc.php HTTP/1.1" 200 5468 "-" "Jetpack by WordPress.com (Jetpack 12.5; WordPress 6.4)"
103.58.117.21 - - [31/Aug/2026:18:51:50 -0500] "POST /xmlrpc.php HTTP/1.1" 200 5468 "-" "WordPress.com; https://wordpress.com"
179.28.220.230 - - [31/Aug/2026:18:51:51 -0500] "GET /buy.php?shop/ministry/defeat150009991.shtml HTTP/1.1" 404 4891 "https://motionave.com/buy.php?sitemap12.xml" "Mozilla/5.0 (Linux; Android 14; OPPO PCLM4) AppleWebKit/537.36 (KHTML, like Gecko) Chrome/145.0.5387.141 Mobile Safari/537.36"
171.255.178.47 - - [31/Aug/2026:18:51:52 -0500] "GET /list/goods/mirmi134oylojqv56j83_48377.shtml HTTP/1.1" 404 5951 "-" "Mozilla/5.0 (Windows NT 10.0; WOW64; rv:134.0) Gecko/20100101 Firefox/134.0"
136.111.68.24 - - [31/Aug/2026:18:51:53 -0500] "GET /items/M062038416 HTTP/1.1" 404 5926 "-" "Mozilla/5.0 (compatible; Reflectionbot/1.0; +https://reflection.ai/bot)"
103.58.117.21 - - [31/Aug/2026:18:52:00 -0500] "POST /xmlrpc.php HTTP/1.1" 200 5468 "-" "Jetpack by WordPress.com"
103.58.117.21 - - [31/Aug/2026:18:52:11 -0500] "POST /xmlrpc.php HTTP/1.1" 200 5468 "-" "Jetpack/13.0; WordPress/6.2; http://site36953017.com"
103.58.117.21 - - [31/Aug/2026:18:52:22 -0500] "POST /xmlrpc.php HTTP/1.1" 200 5468 "-" "Jetpack by WordPress.com"
103.58.117.21 - - [31/Aug/2026:18:52:32 -0500] "POST /xmlrpc.php HTTP/1.1" 200 5468 "-" "Jetpack by WordPress.com (Jetpack 12.0; WordPress 6.3)"
198.163.192.139 - - [31/Aug/2026:18:52:33 -0500] "GET /list/goods/nalna300jvwjtts_48835.shtml HTTP/1.1" 404 5951 "-" "Mozilla/5.0 (Macintosh; Intel Mac OS X 12.2; rv:131.0) Gecko/20100101 Firefox/131.0"
136.65.84.161 - - [31/Aug/2026:18:52:38 -0500] "GET /items/H040028890 HTTP/1.1" 404 5926 "-" "Mozilla/5.0 (compatible; Reflectionbot/1.0; +https://reflection.ai/bot)"
103.58.117.21 - - [31/Aug/2026:18:52:43 -0500] "POST /xmlrpc.php HTTP/1.1" 200 5468 "-" "Jetpack by WordPress.com"
103.58.117.21 - - [31/Aug/2026:18:52:53 -0500] "POST /xmlrpc.php HTTP/1.1" 200 5468 "-" "Jetpack/12.1; WordPress/6.2; http://site10193581.com"
103.58.117.21 - - [31/Aug/2026:18:53:04 -0500] "POST /xmlrpc.php HTTP/1.1" 200 5468 "-" "Jetpack by WordPress.com (Jetpack 12.1; WordPress 6.2)"
201.87.251.86 - - [31/Aug/2026:18:53:13 -0500] "GET /list/goods/nfwn168qpqttqu_23581.shtml HTTP/1.1" 404 5951 "-" "Mozilla/5.0 (Macintosh; Intel Mac OS X 11_4_1) AppleWebKit/537.36 (KHTML, like Gecko) Chrome/127.0.6533.120 Safari/537.36"
66.249.68.36 - - [31/Aug/2026:18:53:13 -0500] "GET /?detail/126019437228 HTTP/1.1" 301 5177 "-" "Mozilla/5.0 (Linux; Android 6.0.1; Nexus 5X Build/MMB29P) AppleWebKit/537.36 (KHTML, like Gecko) Chrome/151.0.7922.173 Mobile Safari/537.36 (compatible; Googlebot/2.1; +http://www.google.com/bot.html)"
103.58.117.21 - - [31/Aug/2026:18:53:15 -0500] "POST /xmlrpc.php HTTP/1.1" 200 5468 "-" "Jetpack by WordPress.com (Jetpack 12.0; WordPress 6.1)"
66.249.68.201 - - [31/Aug/2026:18:53:21 -0500] "GET /?detail%2F126019437228 HTTP/1.1" 200 133696 "-" "Mozilla/5.0 (Linux; Android 6.0.1; Nexus 5X Build/MMB29P) AppleWebKit/537.36 (KHTML, like Gecko) Chrome/151.0.7922.173 Mobile Safari/537.36 (compatible; Googlebot/2.1; +http://www.google.com/bot.html)"
103.58.117.21 - - [31/Aug/2026:18:53:25 -0500] "POST /xmlrpc.php HTTP/1.1" 200 5468 "-" "Jetpack by WordPress.com (Jetpack 12.1; WordPress 6.3)"
103.58.117.21 - - [31/Aug/2026:18:53:36 -0500] "POST /xmlrpc.php HTTP/1.1" 200 5468 "-" "WordPress.com; https://wordpress.com"
103.58.117.21 - - [31/Aug/2026:18:53:46 -0500] "POST /xmlrpc.php HTTP/1.1" 200 5468 "-" "Jetpack by WordPress.com"
189.11.30.212 - - [31/Aug/2026:18:53:54 -0500] "GET /list/goods/njdwh31mkrly1zyi4v_40946.shtml HTTP/1.1" 404 5951 "-" "Mozilla/5.0 (Macintosh; Intel Mac OS X 13_3_1) AppleWebKit/537.36 (KHTML, like Gecko) Chrome/124.0.6367.207 Safari/537.36"
103.58.117.21 - - [31/Aug/2026:18:53:57 -0500] "POST /xmlrpc.php HTTP/1.1" 200 5468 "-" "Jetpack by WordPress.com"
130.211.231.54 - - [31/Aug/2026:18:54:00 -0500] "GET /items/K255016421 HTTP/1.1" 404 5926 "-" "Mozilla/5.0 (compatible; Reflectionbot/1.0; +https://reflection.ai/bot)"
103.58.117.21 - - [31/Aug/2026:18:54:09 -0500] "POST /xmlrpc.php HTTP/1.1" 200 5468 "-" "WordPress.com; https://wordpress.com"
103.58.117.21 - - [31/Aug/2026:18:54:18 -0500] "POST /xmlrpc.php HTTP/1.1" 200 5468 "-" "Jetpack by WordPress.com"
103.58.117.21 - - [31/Aug/2026:18:54:29 -0500] "POST /xmlrpc.php HTTP/1.1" 200 5468 "-" "WordPress.com; https://wordpress.com"
103.58.117.21 - - [31/Aug/2026:18:54:39 -0500] "POST /xmlrpc.php HTTP/1.1" 200 5468 "-" "WordPress.com; https://wordpress.com"
103.58.117.21 - - [31/Aug/2026:18:54:50 -0500] "POST /xmlrpc.php HTTP/1.1" 200 5468 "-" "Jetpack by WordPress.com"
32.192.73.112 - - [31/Aug/2026:18:54:53 -0500] "GET /wp-content/uploads/2016/07/att.jpg HTTP/1.1" 404 5982 "-" "Mozilla/5.0 (Windows NT 10.0; Win64; x64) AppleWebKit/537.36 (KHTML, like Gecko) Chrome/120.0.0.0 Safari/537.36"
103.58.117.21 - - [31/Aug/2026:18:55:01 -0500] "POST /xmlrpc.php HTTP/1.1" 200 5468 "-" "WordPress.com; https://wordpress.com"
103.58.117.21 - - [31/Aug/2026:18:55:11 -0500] "POST /xmlrpc.php HTTP/1.1" 200 5468 "-" "Jetpack by WordPress.com (Jetpack 12.5; WordPress 6.2)"
32.192.73.112 - - [31/Aug/2026:18:55:14 -0500] "GET /wp-content/uploads/2016/06/Kenneth-Cole-egypt.jpg HTTP/1.1" 404 5982 "-" "Mozilla/5.0 (Windows NT 10.0; Win64; x64) AppleWebKit/537.36 (KHTML, like Gecko) Chrome/120.0.0.0 Safari/537.36"
32.192.73.112 - - [31/Aug/2026:18:55:15 -0500] "GET /wp-content/uploads/2016/06/Epicurious-Tweets_thumb.png HTTP/1.1" 404 5982 "-" "Mozilla/5.0 (Windows NT 10.0; Win64; x64) AppleWebKit/537.36 (KHTML, like Gecko) Chrome/120.0.0.0 Safari/537.36"
103.58.117.21 - - [31/Aug/2026:18:55:22 -0500] "POST /xmlrpc.php HTTP/1.1" 200 5468 "-" "WordPress.com; https://wordpress.com"
32.192.73.112 - - [31/Aug/2026:18:55:24 -0500] "GET /wp-content/uploads/2016/06/radiohead2.jpg HTTP/1.1" 404 5982 "-" "Mozilla/5.0 (Windows NT 10.0; Win64; x64) AppleWebKit/537.36 (KHTML, like Gecko) Chrome/120.0.0.0 Safari/537.36"
32.192.73.112 - - [31/Aug/2026:18:55:25 -0500] "GET /wp-content/uploads/2016/06/pmarca.png HTTP/1.1" 404 5982 "-" "Mozilla/5.0 (Windows NT 10.0; Win64; x64) AppleWebKit/537.36 (KHTML, like Gecko) Chrome/120.0.0.0 Safari/537.36"
32.192.73.112 - - [31/Aug/2026:18:55:26 -0500] "GET /wp-content/uploads/2016/06/Twitter-Open.jpg HTTP/1.1" 404 5982 "-" "Mozilla/5.0 (Windows NT 10.0; Win64; x64) AppleWebKit/537.36 (KHTML, like Gecko) Chrome/120.0.0.0 Safari/537.36"
32.192.73.112 - - [31/Aug/2026:18:55:28 -0500] "GET /wp-content/uploads/2016/06/Times-855x425.jpg HTTP/1.1" 404 5982 "-" "Mozilla/5.0 (Windows NT 10.0; Win64; x64) AppleWebKit/537.36 (KHTML, like Gecko) Chrome/120.0.0.0 Safari/537.36"
103.58.117.21 - - [31/Aug/2026:18:55:33 -0500] "POST /xmlrpc.php HTTP/1.1" 200 5468 "-" "WordPress.com; https://wordpress.com"
66.249.68.38 - - [31/Aug/2026:18:55:43 -0500] "GET /?jp/206016543.html HTTP/1.1" 301 5175 "-" "Mozilla/5.0 (Linux; Android 6.0.1; Nexus 5X Build/MMB29P) AppleWebKit/537.36 (KHTML, like Gecko) Chrome/151.0.7922.173 Mobile Safari/537.36 (compatible; Googlebot/2.1; +http://www.google.com/bot.html)"
103.58.117.21 - - [31/Aug/2026:18:55:43 -0500] "POST /xmlrpc.php HTTP/1.1" 200 5468 "-" "Jetpack by WordPress.com"
66.249.68.201 - - [31/Aug/2026:18:55:53 -0500] "GET /?jp%2F206016543_html HTTP/1.1" 200 133696 "-" "Mozilla/5.0 (Linux; Android 6.0.1; Nexus 5X Build/MMB29P) AppleWebKit/537.36 (KHTML, like Gecko) Chrome/151.0.7922.173 Mobile Safari/537.36 (compatible; Googlebot/2.1; +http://www.google.com/bot.html)"
103.58.117.21 - - [31/Aug/2026:18:55:54 -0500] "POST /xmlrpc.php HTTP/1.1" 200 5468 "-" "Jetpack by WordPress.com"
32.192.73.112 - - [31/Aug/2026:18:55:57 -0500] "GET /wp-content/uploads/2016/06/chevrolet.jpg HTTP/1.1" 404 5982 "-" "Mozilla/5.0 (Windows NT 10.0; Win64; x64) AppleWebKit/537.36 (KHTML, like Gecko) Chrome/120.0.0.0 Safari/537.36"
103.58.117.21 - - [31/Aug/2026:18:56:05 -0500] "POST /xmlrpc.php HTTP/1.1" 200 5468 "-" "Jetpack/12.5; WordPress/6.2; http://site47460893.com"
66.249.68.201 - - [31/Aug/2026:18:56:11 -0500] "GET /?goods/199010946 HTTP/1.1" 301 5173 "-" "Mozilla/5.0 (compatible; Googlebot/2.1; +http://www.google.com/bot.html)"
167.56.27.74 - - [31/Aug/2026:18:56:13 -0500] "GET /buy.php?shop/hot/senior204040659.shtml HTTP/1.1" 404 4891 "https://motionave.com/buy.php?sitemap12.xml" "Mozilla/5.0 (Linux; Android 14; M2102J28) AppleWebKit/537.36 (KHTML, like Gecko) Chrome/144.0.5245.135 Mobile Safari/537.36"
66.249.68.201 - - [31/Aug/2026:18:56:14 -0500] "GET /?goods%2F199010946 HTTP/1.1" 200 128945 "-" "Mozilla/5.0 (compatible; Googlebot/2.1; +http://www.google.com/bot.html)"
103.58.117.21 - - [31/Aug/2026:18:56:15 -0500] "POST /xmlrpc.php HTTP/1.1" 200 5468 "-" "Jetpack by WordPress.com"
103.58.117.21 - - [31/Aug/2026:18:56:26 -0500] "POST /xmlrpc.php HTTP/1.1" 200 5468 "-" "Jetpack by WordPress.com"
186.13.115.238 - - [31/Aug/2026:18:56:33 -0500] "GET /list/goods/oht84oteawx_25061.shtml HTTP/1.1" 404 5951 "-" "Mozilla/5.0 (Windows NT 10.0; Win64; x64) AppleWebKit/537.36 (KHTML, like Gecko) Chrome/130.0.6723.116 Safari/537.36"
34.239.169.196 - - [31/Aug/2026:18:56:35 -0500] "GET /wp-content/uploads/2016/09/microsoft-helps-Four-Ways-to-Master-Customer-Service-for-Our-Brand.png HTTP/1.1" 404 5982 "-" "Mozilla/5.0 (Windows NT 10.0; Win64; x64) AppleWebKit/537.36 (KHTML, like Gecko) Chrome/120.0.0.0 Safari/537.36"
34.239.169.196 - - [31/Aug/2026:18:56:35 -0500] "GET /wp-content/uploads/2016/09/americna-airlines-Four-Ways-to-Master-Customer-Service-for-Our-Brand.png HTTP/1.1" 404 5982 "-" "Mozilla/5.0 (Windows NT 10.0; Win64; x64) AppleWebKit/537.36 (KHTML, like Gecko) Chrome/120.0.0.0 Safari/537.36"
103.58.117.21 - - [31/Aug/2026:18:56:38 -0500] "POST /xmlrpc.php HTTP/1.1" 200 5468 "-" "WordPress.com; https://wordpress.com"
103.58.117.21 - - [31/Aug/2026:18:56:47 -0500] "POST /xmlrpc.php HTTP/1.1" 200 5468 "-" "Jetpack by WordPress.com (Jetpack 12.1; WordPress 6.1)"
34.239.169.196 - - [31/Aug/2026:18:56:48 -0500] "GET /wp-content/plugins/leaflet-maps-marker/inc/img/icon-kml.png HTTP/1.1" 404 5982 "-" "Mozilla/5.0 (Windows NT 10.0; Win64; x64) AppleWebKit/537.36 (KHTML, like Gecko) Chrome/120.0.0.0 Safari/537.36"
