198.98.54.225 - - [31/Aug/2026:14:36:56 -0500] "POST /wp-login.php HTTP/1.1" 200 7187 "-" "Mozilla/5.0 (Windows NT 6.2; WOW64) AppleWebKit/537.36 (KHTML, like Gecko) Chrome/36.0.1985.125 Safari/537.36"
44.192.14.57 - - [31/Aug/2026:14:36:59 -0500] "GET /wp-content/uploads/2019/01/image8.png HTTP/1.1" 404 5982 "-" "Mozilla/5.0 (Windows NT 10.0; Win64; x64) AppleWebKit/537.36 (KHTML, like Gecko) Chrome/120.0.0.0 Safari/537.36"
44.192.14.57 - - [31/Aug/2026:14:37:02 -0500] "GET /wp-content/uploads/2019/01/image21.png HTTP/1.1" 404 5982 "-" "Mozilla/5.0 (Windows NT 10.0; Win64; x64) AppleWebKit/537.36 (KHTML, like Gecko) Chrome/120.0.0.0 Safari/537.36"
44.192.14.57 - - [31/Aug/2026:14:37:02 -0500] "GET /wp-content/uploads/2019/01/image4.png HTTP/1.1" 404 5982 "-" "Mozilla/5.0 (Windows NT 10.0; Win64; x64) AppleWebKit/537.36 (KHTML, like Gecko) Chrome/120.0.0.0 Safari/537.36"
66.249.68.37 - - [31/Aug/2026:14:37:01 -0500] "GET /?goods/170001582 HTTP/1.1" 301 5173 "-" "Mozilla/5.0 (Linux; Android 6.0.1; Nexus 5X Build/MMB29P) AppleWebKit/537.36 (KHTML, like Gecko) Chrome/151.0.7922.173 Mobile Safari/537.36 (compatible; Googlebot/2.1; +http://www.google.com/bot.html)"
44.192.14.57 - - [31/Aug/2026:14:37:05 -0500] "GET /wp-content/uploads/2019/01/image6.png HTTP/1.1" 404 5982 "-" "Mozilla/5.0 (Windows NT 10.0; Win64; x64) AppleWebKit/537.36 (KHTML, like Gecko) Chrome/120.0.0.0 Safari/537.36"
181.188.170.94 - - [31/Aug/2026:14:37:08 -0500] "GET /list/goods/uqqy120pz8z0gca8_5347.shtml HTTP/1.1" 404 5951 "-" "Mozilla/5.0 (Macintosh; Intel Mac OS X 10_15_7) AppleWebKit/537.36 (KHTML, like Gecko) Chrome/129.0.6668.58 Safari/537.36"
44.192.14.57 - - [31/Aug/2026:14:37:09 -0500] "GET /wp-content/uploads/2019/01/image1.png HTTP/1.1" 404 5982 "-" "Mozilla/5.0 (Windows NT 10.0; Win64; x64) AppleWebKit/537.36 (KHTML, like Gecko) Chrome/120.0.0.0 Safari/537.36"
44.192.14.57 - - [31/Aug/2026:14:37:11 -0500] "GET /wp-content/uploads/2019/01/image2.png HTTP/1.1" 404 5982 "-" "Mozilla/5.0 (Windows NT 10.0; Win64; x64) AppleWebKit/537.36 (KHTML, like Gecko) Chrome/120.0.0.0 Safari/537.36"
44.192.14.57 - - [31/Aug/2026:14:37:13 -0500] "GET /wp-content/uploads/2019/01/image7.png HTTP/1.1" 404 5982 "-" "Mozilla/5.0 (Windows NT 10.0; Win64; x64) AppleWebKit/537.36 (KHTML, like Gecko) Chrome/120.0.0.0 Safari/537.36"
66.249.68.200 - - [31/Aug/2026:14:37:12 -0500] "GET /?goods%2F170001582 HTTP/1.1" 200 153839 "-" "Mozilla/5.0 (Linux; Android 6.0.1; Nexus 5X Build/MMB29P) AppleWebKit/537.36 (KHTML, like Gecko) Chrome/151.0.7922.173 Mobile Safari/537.36 (compatible; Googlebot/2.1; +http://www.google.com/bot.html)"
44.192.14.57 - - [31/Aug/2026:14:37:19 -0500] "GET /wp-content/uploads/2019/01/8trends-855x425.png HTTP/1.1" 404 5982 "-" "Mozilla/5.0 (Windows NT 10.0; Win64; x64) AppleWebKit/537.36 (KHTML, like Gecko) Chrome/120.0.0.0 Safari/537.36"
44.192.14.57 - - [31/Aug/2026:14:37:21 -0500] "GET /wp-content/uploads/2019/01/image19.png HTTP/1.1" 404 5982 "-" "Mozilla/5.0 (Windows NT 10.0; Win64; x64) AppleWebKit/537.36 (KHTML, like Gecko) Chrome/120.0.0.0 Safari/537.36"
44.192.14.57 - - [31/Aug/2026:14:37:26 -0500] "GET /wp-content/uploads/2019/01/image5.png HTTP/1.1" 404 5982 "-" "Mozilla/5.0 (Windows NT 10.0; Win64; x64) AppleWebKit/537.36 (KHTML, like Gecko) Chrome/120.0.0.0 Safari/537.36"
44.192.14.57 - - [31/Aug/2026:14:37:27 -0500] "GET /wp-content/uploads/2019/01/image13.png HTTP/1.1" 404 5982 "-" "Mozilla/5.0 (Windows NT 10.0; Win64; x64) AppleWebKit/537.36 (KHTML, like Gecko) Chrome/120.0.0.0 Safari/537.36"
44.192.14.57 - - [31/Aug/2026:14:37:27 -0500] "GET /wp-content/uploads/2019/01/image20.png HTTP/1.1" 404 5982 "-" "Mozilla/5.0 (Windows NT 10.0; Win64; x64) AppleWebKit/537.36 (KHTML, like Gecko) Chrome/120.0.0.0 Safari/537.36"
44.192.14.57 - - [31/Aug/2026:14:37:31 -0500] "GET /wp-content/plugins/leaflet-maps-marker/inc/img/icon-fullscreen.png HTTP/1.1" 404 5982 "-" "Mozilla/5.0 (Windows NT 10.0; Win64; x64) AppleWebKit/537.36 (KHTML, like Gecko) Chrome/120.0.0.0 Safari/537.36"
77.75.77.17 - - [31/Aug/2026:14:37:33 -0500] "GET /sitemap406.xml HTTP/1.1" 404 5771 "-" "Mozilla/5.0 (compatible; SeznamBot/4.0; +https://o-seznam.cz/napoveda/vyhledavani/en/seznambot-crawler/)"
44.192.14.57 - - [31/Aug/2026:14:37:35 -0500] "GET /wp-content/uploads/2019/01/image10.png HTTP/1.1" 404 5982 "-" "Mozilla/5.0 (Windows NT 10.0; Win64; x64) AppleWebKit/537.36 (KHTML, like Gecko) Chrome/120.0.0.0 Safari/537.36"
44.192.14.57 - - [31/Aug/2026:14:37:36 -0500] "GET /wp-content/uploads/2019/01/image17.png HTTP/1.1" 404 5982 "-" "Mozilla/5.0 (Windows NT 10.0; Win64; x64) AppleWebKit/537.36 (KHTML, like Gecko) Chrome/120.0.0.0 Safari/537.36"
44.192.14.57 - - [31/Aug/2026:14:37:41 -0500] "GET /wp-content/uploads/2019/01/image3.png HTTP/1.1" 404 5982 "-" "Mozilla/5.0 (Windows NT 10.0; Win64; x64) AppleWebKit/537.36 (KHTML, like Gecko) Chrome/120.0.0.0 Safari/537.36"
44.192.14.57 - - [31/Aug/2026:14:37:43 -0500] "GET /wp-content/uploads/2019/01/image15.png HTTP/1.1" 404 5982 "-" "Mozilla/5.0 (Windows NT 10.0; Win64; x64) AppleWebKit/537.36 (KHTML, like Gecko) Chrome/120.0.0.0 Safari/537.36"
178.81.248.13 - - [31/Aug/2026:14:37:45 -0500] "GET /list/goods/v122dow0flvd6_7873.shtml HTTP/1.1" 404 5951 "-" "Mozilla/5.0 (Macintosh; Intel Mac OS X 15_3_1) AppleWebKit/537.36 (KHTML, like Gecko) Chrome/125.0.6422.176 Safari/537.36"
66.249.68.200 - - [31/Aug/2026:14:36:04 -0500] "GET /?jp%2F190002219_html HTTP/1.1" 200 153839 "-" "Mozilla/5.0 (Linux; Android 6.0.1; Nexus 5X Build/MMB29P) AppleWebKit/537.36 (KHTML, like Gecko) Chrome/151.0.7922.173 Mobile Safari/537.36 (compatible; Googlebot/2.1; +http://www.google.com/bot.html)"
44.192.14.57 - - [31/Aug/2026:14:37:58 -0500] "GET /wp-content/uploads/2019/01/image18.png HTTP/1.1" 404 5982 "-" "Mozilla/5.0 (Windows NT 10.0; Win64; x64) AppleWebKit/537.36 (KHTML, like Gecko) Chrome/120.0.0.0 Safari/537.36"
44.192.14.57 - - [31/Aug/2026:14:37:59 -0500] "GET /wp-content/uploads/2019/01/image14.png HTTP/1.1" 404 5982 "-" "Mozilla/5.0 (Windows NT 10.0; Win64; x64) AppleWebKit/537.36 (KHTML, like Gecko) Chrome/120.0.0.0 Safari/537.36"
44.192.14.57 - - [31/Aug/2026:14:38:01 -0500] "GET /wp-content/uploads/2019/01/image16.png HTTP/1.1" 404 5982 "-" "Mozilla/5.0 (Windows NT 10.0; Win64; x64) AppleWebKit/537.36 (KHTML, like Gecko) Chrome/120.0.0.0 Safari/537.36"
222.107.159.49 - - [31/Aug/2026:14:38:14 -0500] "HEAD /blog HTTP/1.1" 404 5174 "http://motionave.com/blog" "Mozilla/5.0 (X11; Linux x86_64) AppleWebKit/537.36 (KHTML, like Gecko) Chrome/96.0.4664.45 Safari/537.36"
202.173.125.186 - - [31/Aug/2026:14:38:22 -0500] "GET /list/goods/vmn36qlbdfm6vcdleg_4177.shtml HTTP/1.1" 404 5951 "-" "Mozilla/5.0 (Macintosh; Intel Mac OS X 10_15_7) AppleWebKit/537.36 (KHTML, like Gecko) Chrome/125.0.6422.141 Safari/537.36"
139.99.9.21 - - [31/Aug/2026:14:38:26 -0500] "GET /wp-login.php HTTP/1.1" 200 11475 "-" "Mozilla/5.0 (Windows NT 10.0; Win64; x64) AppleWebKit/537.36 (KHTML, like Gecko) Chrome/151.0.0.0 Safari/537.36"
139.99.9.21 - - [31/Aug/2026:14:38:27 -0500] "POST /wp-login.php HTTP/1.1" 200 7120 "https://motionave.com/wp-login.php" "Mozilla/5.0 (Windows NT 10.0; Win64; x64) AppleWebKit/537.36 (KHTML, like Gecko) Chrome/151.0.0.0 Safari/537.36"
34.58.17.83 - - [31/Aug/2026:14:38:28 -0500] "GET /robots.txt HTTP/1.1" 404 5926 "-" "Mozilla/5.0 (compatible; Reflectionbot/1.0; +https://reflection.ai/bot)"
34.58.17.83 - - [31/Aug/2026:14:38:28 -0500] "GET /items/C225005069 HTTP/1.1" 404 1145 "-" "Mozilla/5.0 (compatible; Reflectionbot/1.0; +https://reflection.ai/bot)"
66.249.68.201 - - [31/Aug/2026:14:38:38 -0500] "GET /?goods/090003438 HTTP/1.1" 301 5173 "-" "Mozilla/5.0 (Linux; Android 6.0.1; Nexus 5X Build/MMB29P) AppleWebKit/537.36 (KHTML, like Gecko) Chrome/151.0.7922.173 Mobile Safari/537.36 (compatible; Googlebot/2.1; +http://www.google.com/bot.html)"
66.249.68.192 - - [31/Aug/2026:14:38:41 -0500] "GET /?goods%2F090003438 HTTP/1.1" 200 153839 "-" "Mozilla/5.0 (Linux; Android 6.0.1; Nexus 5X Build/MMB29P) AppleWebKit/537.36 (KHTML, like Gecko) Chrome/151.0.7922.173 Mobile Safari/537.36 (compatible; Googlebot/2.1; +http://www.google.com/bot.html)"
90.250.91.131 - - [31/Aug/2026:14:39:02 -0500] "GET /list/goods/wa111ojnajiq5oj_41514.shtml HTTP/1.1" 404 5951 "-" "Mozilla/5.0 (Macintosh; U; Intel Mac OS X; en) AppleWebKit/521.32.1 (KHTML, like Gecko) Safari/521.32.1"
136.119.137.98 - - [31/Aug/2026:14:39:25 -0500] "GET /robots.txt HTTP/1.1" 404 5926 "-" "Mozilla/5.0 (compatible; Reflectionbot/1.0; +https://reflection.ai/bot)"
136.119.137.98 - - [31/Aug/2026:14:39:25 -0500] "GET /items/I164008962 HTTP/1.1" 404 1301 "-" "Mozilla/5.0 (compatible; Reflectionbot/1.0; +https://reflection.ai/bot)"
216.26.227.213 - - [31/Aug/2026:14:39:32 -0500] "GET /wp-content/uploads/2019/01/Recipe_buyer_persona1-1-855x425.png HTTP/1.1" 404 5982 "-" "MathPicDatasetCrawler/0.1 (+research)"
24.125.93.184 - - [31/Aug/2026:14:39:38 -0500] "GET /list/goods/wbko264gcmor88vur7g_31027.shtml HTTP/1.1" 404 5951 "-" "Mozilla/5.0 (Macintosh; Intel Mac OS X 12_3_1) AppleWebKit/537.36 (KHTML, like Gecko) Chrome/130.0.6723.191 Safari/537.36"
154.85.52.67 - - [31/Aug/2026:14:39:41 -0500] "GET /wp-content/uploads/2019/03/image3-2.png HTTP/1.1" 404 5945 "-" "Mozilla/5.0 (X11; Ubuntu; Linux x86_64; rv:72.0) Gecko/20100101 Firefox/72.0"
136.114.86.244 - - [31/Aug/2026:14:39:44 -0500] "GET /items/O285008287 HTTP/1.1" 404 5926 "-" "Mozilla/5.0 (compatible; Reflectionbot/1.0; +https://reflection.ai/bot)"
66.249.68.38 - - [31/Aug/2026:14:39:43 -0500] "GET /?goods/077038309 HTTP/1.1" 301 5173 "-" "Mozilla/5.0 (Linux; Android 6.0.1; Nexus 5X Build/MMB29P) AppleWebKit/537.36 (KHTML, like Gecko) Chrome/151.0.7922.173 Mobile Safari/537.36 (compatible; Googlebot/2.1; +http://www.google.com/bot.html)"
154.85.58.64 - - [31/Aug/2026:14:39:46 -0500] "GET /wp-content/uploads/2019/03/image3-2.png HTTP/1.1" 404 5945 "-" "Mozilla/5.0 (X11; Ubuntu; Linux x86_64; rv:72.0) Gecko/20100101 Firefox/72.0"
66.249.68.37 - - [31/Aug/2026:14:39:48 -0500] "GET /?detail/18103445488693 HTTP/1.1" 301 5179 "-" "Mozilla/5.0 (Linux; Android 6.0.1; Nexus 5X Build/MMB29P) AppleWebKit/537.36 (KHTML, like Gecko) Chrome/151.0.7922.173 Mobile Safari/537.36 (compatible; Googlebot/2.1; +http://www.google.com/bot.html)"
66.249.68.200 - - [31/Aug/2026:14:39:52 -0500] "GET /?goods%2F077038309 HTTP/1.1" 200 153839 "-" "Mozilla/5.0 (Linux; Android 6.0.1; Nexus 5X Build/MMB29P) AppleWebKit/537.36 (KHTML, like Gecko) Chrome/151.0.7922.173 Mobile Safari/537.36 (compatible; Googlebot/2.1; +http://www.google.com/bot.html)"
104.155.133.75 - - [31/Aug/2026:14:39:54 -0500] "GET /list/goods/rm232rqzliai776hun_23757.shtml HTTP/1.1" 404 5926 "-" "Mozilla/5.0 (compatible; Reflectionbot/1.0; +https://reflection.ai/bot)"
66.249.68.200 - - [31/Aug/2026:14:39:56 -0500] "GET /?detail%2F18103445488693 HTTP/1.1" 200 149088 "-" "Mozilla/5.0 (Linux; Android 6.0.1; Nexus 5X Build/MMB29P) AppleWebKit/537.36 (KHTML, like Gecko) Chrome/151.0.7922.173 Mobile Safari/537.36 (compatible; Googlebot/2.1; +http://www.google.com/bot.html)"
38.156.229.242 - - [31/Aug/2026:14:40:16 -0500] "GET /list/goods/we47xetjx88566c_32558.shtml HTTP/1.1" 404 5951 "-" "Mozilla/5.0 (Macintosh; Intel Mac OS X 14_4_0) AppleWebKit/537.36 (KHTML, like Gecko) Chrome/128.0.6613.84 Safari/537.36"
84.232.173.9 - - [31/Aug/2026:14:40:26 -0500] "GET / HTTP/1.1" 200 153599 "-" "Mozilla/5.0 (Macintosh; Intel Mac OS X 10_15_7) AppleWebKit/537.36 (KHTML, like Gecko) Chrome/120 Safari/537.36"
84.232.173.9 - - [31/Aug/2026:14:40:31 -0500] "GET /services HTTP/1.1" 404 5711 "-" "Mozilla/5.0 (Macintosh; Intel Mac OS X 10_15_7) AppleWebKit/537.36 (KHTML, like Gecko) Chrome/120 Safari/537.36"
84.232.173.9 - - [31/Aug/2026:14:40:32 -0500] "GET /what-we-do HTTP/1.1" 404 5711 "-" "Mozilla/5.0 (Macintosh; Intel Mac OS X 10_15_7) AppleWebKit/537.36 (KHTML, like Gecko) Chrome/120 Safari/537.36"
84.232.173.9 - - [31/Aug/2026:14:40:32 -0500] "GET /solutions HTTP/1.1" 404 5711 "-" "Mozilla/5.0 (Macintosh; Intel Mac OS X 10_15_7) AppleWebKit/537.36 (KHTML, like Gecko) Chrome/120 Safari/537.36"
84.232.173.9 - - [31/Aug/2026:14:40:33 -0500] "GET /about HTTP/1.1" 404 5711 "-" "Mozilla/5.0 (Macintosh; Intel Mac OS X 10_15_7) AppleWebKit/537.36 (KHTML, like Gecko) Chrome/120 Safari/537.36"
34.206.50.36 - - [31/Aug/2026:14:40:33 -0500] "GET /robots.txt HTTP/1.1" 404 5752 "-" "Mozilla/5.0 (Macintosh; Intel Mac OS X 10_10_1) AppleWebKit/600.2.5 (KHTML, like Gecko) Version/8.0.2 Safari/600.2.5 (Gort)"
84.232.173.9 - - [31/Aug/2026:14:40:33 -0500] "GET / HTTP/1.1" 200 153599 "-" "Mozilla/5.0 (Macintosh; Intel Mac OS X 10_15_7) AppleWebKit/537.36 (KHTML, like Gecko) Chrome/120 Safari/537.36"
34.61.23.100 - - [31/Aug/2026:14:40:46 -0500] "GET /list/goods/wekrz217qyfwzexi1qt2_8204.shtml HTTP/1.1" 404 5926 "-" "Mozilla/5.0 (compatible; Reflectionbot/1.0; +https://reflection.ai/bot)"
176.100.28.130 - - [31/Aug/2026:14:40:55 -0500] "GET /careers HTTP/1.1" 404 5910 "-" "Mozilla/5.0 (Macintosh; Intel Mac OS X 10_15_7) AppleWebKit/537.36 (KHTML, like Gecko) Chrome/124 Safari/537.36"
186.209.20.117 - - [31/Aug/2026:14:40:56 -0500] "GET /list/goods/weitr176qzmtmwf8_557.shtml HTTP/1.1" 404 5951 "-" "Mozilla/5.0 (Macintosh; Intel Mac OS X 11.5; rv:129.0) Gecko/20100101 Firefox/129.0"
176.100.28.130 - - [31/Aug/2026:14:40:56 -0500] "GET /careers/ HTTP/1.1" 404 5910 "-" "Mozilla/5.0 (Macintosh; Intel Mac OS X 10_15_7) AppleWebKit/537.36 (KHTML, like Gecko) Chrome/124 Safari/537.36"
176.100.28.130 - - [31/Aug/2026:14:40:57 -0500] "GET /jobs HTTP/1.1" 404 5910 "-" "Mozilla/5.0 (Macintosh; Intel Mac OS X 10_15_7) AppleWebKit/537.36 (KHTML, like Gecko) Chrome/124 Safari/537.36"
176.100.28.130 - - [31/Aug/2026:14:40:57 -0500] "GET /jobs/ HTTP/1.1" 404 5910 "-" "Mozilla/5.0 (Macintosh; Intel Mac OS X 10_15_7) AppleWebKit/537.36 (KHTML, like Gecko) Chrome/124 Safari/537.36"
176.100.28.130 - - [31/Aug/2026:14:40:58 -0500] "GET /vacancies HTTP/1.1" 404 5910 "-" "Mozilla/5.0 (Macintosh; Intel Mac OS X 10_15_7) AppleWebKit/537.36 (KHTML, like Gecko) Chrome/124 Safari/537.36"
176.100.28.130 - - [31/Aug/2026:14:40:59 -0500] "GET /vacancy HTTP/1.1" 404 5910 "-" "Mozilla/5.0 (Macintosh; Intel Mac OS X 10_15_7) AppleWebKit/537.36 (KHTML, like Gecko) Chrome/124 Safari/537.36"
176.100.28.130 - - [31/Aug/2026:14:41:00 -0500] "GET /join-us HTTP/1.1" 404 5910 "-" "Mozilla/5.0 (Macintosh; Intel Mac OS X 10_15_7) AppleWebKit/537.36 (KHTML, like Gecko) Chrome/124 Safari/537.36"
176.100.28.130 - - [31/Aug/2026:14:41:01 -0500] "GET /join HTTP/1.1" 404 5910 "-" "Mozilla/5.0 (Macintosh; Intel Mac OS X 10_15_7) AppleWebKit/537.36 (KHTML, like Gecko) Chrome/124 Safari/537.36"
176.100.28.130 - - [31/Aug/2026:14:41:02 -0500] "GET /work-with-us HTTP/1.1" 404 5910 "-" "Mozilla/5.0 (Macintosh; Intel Mac OS X 10_15_7) AppleWebKit/537.36 (KHTML, like Gecko) Chrome/124 Safari/537.36"
176.100.28.130 - - [31/Aug/2026:14:41:03 -0500] "GET /about/careers HTTP/1.1" 404 5910 "-" "Mozilla/5.0 (Macintosh; Intel Mac OS X 10_15_7) AppleWebKit/537.36 (KHTML, like Gecko) Chrome/124 Safari/537.36"
176.100.28.130 - - [31/Aug/2026:14:41:04 -0500] "GET /company/careers HTTP/1.1" 404 5910 "-" "Mozilla/5.0 (Macintosh; Intel Mac OS X 10_15_7) AppleWebKit/537.36 (KHTML, like Gecko) Chrome/124 Safari/537.36"
176.100.28.130 - - [31/Aug/2026:14:41:04 -0500] "GET /we-are-hiring HTTP/1.1" 404 5910 "-" "Mozilla/5.0 (Macintosh; Intel Mac OS X 10_15_7) AppleWebKit/537.36 (KHTML, like Gecko) Chrome/124 Safari/537.36"
176.100.28.130 - - [31/Aug/2026:14:41:05 -0500] "GET /hiring HTTP/1.1" 404 5910 "-" "Mozilla/5.0 (Macintosh; Intel Mac OS X 10_15_7) AppleWebKit/537.36 (KHTML, like Gecko) Chrome/124 Safari/537.36"
176.100.28.130 - - [31/Aug/2026:14:41:06 -0500] "GET /recrutement HTTP/1.1" 404 5910 "-" "Mozilla/5.0 (Macintosh; Intel Mac OS X 10_15_7) AppleWebKit/537.36 (KHTML, like Gecko) Chrome/124 Safari/537.36"
176.100.28.130 - - [31/Aug/2026:14:41:07 -0500] "GET /nous-rejoindre HTTP/1.1" 404 5910 "-" "Mozilla/5.0 (Macintosh; Intel Mac OS X 10_15_7) AppleWebKit/537.36 (KHTML, like Gecko) Chrome/124 Safari/537.36"
176.100.28.130 - - [31/Aug/2026:14:41:08 -0500] "GET /carrieres HTTP/1.1" 404 5910 "-" "Mozilla/5.0 (Macintosh; Intel Mac OS X 10_15_7) AppleWebKit/537.36 (KHTML, like Gecko) Chrome/124 Safari/537.36"
176.100.28.130 - - [31/Aug/2026:14:41:09 -0500] "GET /offres-emploi HTTP/1.1" 404 5910 "-" "Mozilla/5.0 (Macintosh; Intel Mac OS X 10_15_7) AppleWebKit/537.36 (KHTML, like Gecko) Chrome/124 Safari/537.36"
176.100.28.130 - - [31/Aug/2026:14:41:10 -0500] "GET /emploi HTTP/1.1" 404 5910 "-" "Mozilla/5.0 (Macintosh; Intel Mac OS X 10_15_7) AppleWebKit/537.36 (KHTML, like Gecko) Chrome/124 Safari/537.36"
176.100.28.130 - - [31/Aug/2026:14:41:11 -0500] "GET /karriere HTTP/1.1" 404 5910 "-" "Mozilla/5.0 (Macintosh; Intel Mac OS X 10_15_7) AppleWebKit/537.36 (KHTML, like Gecko) Chrome/124 Safari/537.36"
176.100.28.130 - - [31/Aug/2026:14:41:12 -0500] "GET /stellenangebote HTTP/1.1" 404 5910 "-" "Mozilla/5.0 (Macintosh; Intel Mac OS X 10_15_7) AppleWebKit/537.36 (KHTML, like Gecko) Chrome/124 Safari/537.36"
176.100.28.130 - - [31/Aug/2026:14:41:12 -0500] "GET /jobs-karriere HTTP/1.1" 404 5910 "-" "Mozilla/5.0 (Macintosh; Intel Mac OS X 10_15_7) AppleWebKit/537.36 (KHTML, like Gecko) Chrome/124 Safari/537.36"
176.100.28.130 - - [31/Aug/2026:14:41:13 -0500] "GET /unternehmen/karriere HTTP/1.1" 404 5910 "-" "Mozilla/5.0 (Macintosh; Intel Mac OS X 10_15_7) AppleWebKit/537.36 (KHTML, like Gecko) Chrome/124 Safari/537.36"
176.100.28.130 - - [31/Aug/2026:14:41:14 -0500] "GET /vacatures HTTP/1.1" 404 5910 "-" "Mozilla/5.0 (Macintosh; Intel Mac OS X 10_15_7) AppleWebKit/537.36 (KHTML, like Gecko) Chrome/124 Safari/537.36"
190.114.246.99 - - [31/Aug/2026:14:41:21 -0500] "GET /items/V149037215 HTTP/1.1" 404 5719 "https://motionave.com/sitemap591.xml" "Mozilla/5.0 (iPhone; CPU iPhone OS 16_5 like Mac OS X) AppleWebKit/605.1.15 (KHTML, like Gecko) Version/16.5 Mobile/15E148 Safari/604.1"
222.107.159.49 - - [31/Aug/2026:14:41:29 -0500] "HEAD /BLOG HTTP/1.1" 404 5174 "http://motionave.com/BLOG" "Mozilla/5.0 (X11; Linux x86_64) AppleWebKit/537.36 (KHTML, like Gecko) Chrome/96.0.4664.45 Safari/537.36"
5.107.164.37 - - [31/Aug/2026:14:41:33 -0500] "GET /list/goods/x134vcesn66k_7237.shtml HTTP/1.1" 404 5951 "-" "Mozilla/5.0 (Macintosh; U; PPC Mac OS X; en) AppleWebKit/418.9 (KHTML, like Gecko) Safari/419.3"
66.249.68.192 - - [31/Aug/2026:14:41:52 -0500] "GET /?detail%2F05603066165801 HTTP/1.1" 200 153839 "-" "Mozilla/5.0 (Linux; Android 6.0.1; Nexus 5X Build/MMB29P) AppleWebKit/537.36 (KHTML, like Gecko) Chrome/151.0.7922.173 Mobile Safari/537.36 (compatible; Googlebot/2.1; +http://www.google.com/bot.html)"
38.51.215.128 - - [31/Aug/2026:14:42:09 -0500] "GET /list/goods/x135zwmrnj_12366.shtml HTTP/1.1" 404 5951 "-" "Mozilla/5.0 (Windows NT 10.0; WOW64; rv:135.0) Gecko/20100101 Firefox/135.0"
130.211.231.54 - - [31/Aug/2026:14:42:13 -0500] "GET /items/P224012370 HTTP/1.1" 404 5926 "-" "Mozilla/5.0 (compatible; Reflectionbot/1.0; +https://reflection.ai/bot)"
136.65.201.234 - - [31/Aug/2026:14:42:16 -0500] "GET /items/N011030515 HTTP/1.1" 404 5926 "-" "Mozilla/5.0 (compatible; Reflectionbot/1.0; +https://reflection.ai/bot)"
66.249.68.36 - - [31/Aug/2026:14:42:15 -0500] "GET /?detail/1840398266963 HTTP/1.1" 301 5178 "-" "Mozilla/5.0 (Linux; Android 6.0.1; Nexus 5X Build/MMB29P) AppleWebKit/537.36 (KHTML, like Gecko) Chrome/151.0.7922.173 Mobile Safari/537.36 (compatible; Googlebot/2.1; +http://www.google.com/bot.html)"
66.249.68.200 - - [31/Aug/2026:14:42:24 -0500] "GET /?detail%2F1840398266963 HTTP/1.1" 200 153839 "-" "Mozilla/5.0 (Linux; Android 6.0.1; Nexus 5X Build/MMB29P) AppleWebKit/537.36 (KHTML, like Gecko) Chrome/151.0.7922.173 Mobile Safari/537.36 (compatible; Googlebot/2.1; +http://www.google.com/bot.html)"
5.21.56.44 - - [31/Aug/2026:14:42:49 -0500] "GET /list/goods/xkiil167ihhw3g0m_37826.shtml HTTP/1.1" 404 5951 "-" "Mozilla/5.0 (Macintosh; Intel Mac OS X 11.2; rv:129.0) Gecko/20100101 Firefox/129.0"
66.249.68.36 - - [31/Aug/2026:14:42:58 -0500] "GET /?jp/108015021.html HTTP/1.1" 301 5175 "-" "Mozilla/5.0 (Linux; Android 6.0.1; Nexus 5X Build/MMB29P) AppleWebKit/537.36 (KHTML, like Gecko) Chrome/151.0.7922.173 Mobile Safari/537.36 (compatible; Googlebot/2.1; +http://www.google.com/bot.html)"
222.107.159.49 - - [31/Aug/2026:14:42:59 -0500] "HEAD /Blog HTTP/1.1" 404 5174 "http://motionave.com/Blog" "Mozilla/5.0 (X11; Linux x86_64) AppleWebKit/537.36 (KHTML, like Gecko) Chrome/96.0.4664.45 Safari/537.36"
66.249.68.201 - - [31/Aug/2026:14:43:02 -0500] "GET /?jp%2F108015021_html HTTP/1.1" 200 153868 "-" "Mozilla/5.0 (Linux; Android 6.0.1; Nexus 5X Build/MMB29P) AppleWebKit/537.36 (KHTML, like Gecko) Chrome/151.0.7922.173 Mobile Safari/537.36 (compatible; Googlebot/2.1; +http://www.google.com/bot.html)"
136.111.61.81 - - [31/Aug/2026:14:43:06 -0500] "GET /items/G224040672 HTTP/1.1" 404 5926 "-" "Mozilla/5.0 (compatible; Reflectionbot/1.0; +https://reflection.ai/bot)"
66.249.68.36 - - [31/Aug/2026:14:43:12 -0500] "GET /?jp/278002942.html HTTP/1.1" 301 5175 "-" "Mozilla/5.0 (Linux; Android 6.0.1; Nexus 5X Build/MMB29P) AppleWebKit/537.36 (KHTML, like Gecko) Chrome/151.0.7922.173 Mobile Safari/537.36 (compatible; Googlebot/2.1; +http://www.google.com/bot.html)"
66.249.68.200 - - [31/Aug/2026:14:43:16 -0500] "GET /?jp%2F278002942_html HTTP/1.1" 200 153839 "-" "Mozilla/5.0 (Linux; Android 6.0.1; Nexus 5X Build/MMB29P) AppleWebKit/537.36 (KHTML, like Gecko) Chrome/151.0.7922.173 Mobile Safari/537.36 (compatible; Googlebot/2.1; +http://www.google.com/bot.html)"
178.156.125.212 - - [31/Aug/2026:14:43:26 -0500] "GET /list/goods/xqbax105xl4u6e_11394.shtml HTTP/1.1" 404 5951 "-" "Mozilla/5.0 (Macintosh; Intel Mac OS X 12_2_1) AppleWebKit/537.36 (KHTML, like Gecko) Chrome/126.0.6478.55 Safari/537.36"
66.249.68.36 - - [31/Aug/2026:14:41:47 -0500] "GET /?detail/05603066165801 HTTP/1.1" 301 5179 "-" "Mozilla/5.0 (Linux; Android 6.0.1; Nexus 5X Build/MMB29P) AppleWebKit/537.36 (KHTML, like Gecko) Chrome/151.0.7922.173 Mobile Safari/537.36 (compatible; Googlebot/2.1; +http://www.google.com/bot.html)"
34.135.152.197 - - [31/Aug/2026:14:43:57 -0500] "GET /items/H146011184 HTTP/1.1" 404 5926 "-" "Mozilla/5.0 (compatible; Reflectionbot/1.0; +https://reflection.ai/bot)"
46.2.232.84 - - [31/Aug/2026:14:44:07 -0500] "GET /list/goods/xrz71urmijstp04_13512.shtml HTTP/1.1" 404 5951 "-" "Mozilla/5.0 (Macintosh; Intel Mac OS X 13.1; rv:126.0) Gecko/20100101 Firefox/126.0"
103.72.198.63 - - [31/Aug/2026:14:44:09 -0500] "GET /items/V133042281 HTTP/1.1" 404 5719 "https://motionave.com/sitemap146.xml" "Mozilla/5.0 (Linux; Android 15; OPPO PCLM1) AppleWebKit/537.36 (KHTML, like Gecko) Chrome/149.0.5955.43 Mobile Safari/537.36"
66.249.68.36 - - [31/Aug/2026:14:44:15 -0500] "GET /?detail/096045405286 HTTP/1.1" 301 5177 "-" "Mozilla/5.0 (Linux; Android 6.0.1; Nexus 5X Build/MMB29P) AppleWebKit/537.36 (KHTML, like Gecko) Chrome/151.0.7922.173 Mobile Safari/537.36 (compatible; Googlebot/2.1; +http://www.google.com/bot.html)"
66.249.68.200 - - [31/Aug/2026:14:44:20 -0500] "GET /?detail%2F096045405286 HTTP/1.1" 200 153839 "-" "Mozilla/5.0 (Linux; Android 6.0.1; Nexus 5X Build/MMB29P) AppleWebKit/537.36 (KHTML, like Gecko) Chrome/151.0.7922.173 Mobile Safari/537.36 (compatible; Googlebot/2.1; +http://www.google.com/bot.html)"
45.61.187.30 - - [31/Aug/2026:14:44:37 -0500] "GET /wp-login.php HTTP/1.1" 200 11320 "-" "Mozilla/5.0 (X11; Linux x86_64) AppleWebKit/537.36 (KHTML, like Gecko) Chrome/121.0.0.0 Safari/537.36"
66.249.68.38 - - [31/Aug/2026:14:44:43 -0500] "GET /?detail/2620149871818 HTTP/1.1" 301 5178 "-" "Mozilla/5.0 (Linux; Android 6.0.1; Nexus 5X Build/MMB29P) AppleWebKit/537.36 (KHTML, like Gecko) Chrome/151.0.7922.173 Mobile Safari/537.36 (compatible; Googlebot/2.1; +http://www.google.com/bot.html)"
88.230.225.118 - - [31/Aug/2026:14:44:44 -0500] "GET /list/goods/y109vp9rul_16284.shtml HTTP/1.1" 404 5951 "-" "Mozilla/5.0 (Macintosh; Intel Mac OS X 14_4_1) AppleWebKit/537.36 (KHTML, like Gecko) Chrome/124.0.6367.207 Safari/537.36"
66.249.68.201 - - [31/Aug/2026:14:44:47 -0500] "GET /?detail%2F2620149871818 HTTP/1.1" 200 153839 "-" "Mozilla/5.0 (Linux; Android 6.0.1; Nexus 5X Build/MMB29P) AppleWebKit/537.36 (KHTML, like Gecko) Chrome/151.0.7922.173 Mobile Safari/537.36 (compatible; Googlebot/2.1; +http://www.google.com/bot.html)"
45.61.187.30 - - [31/Aug/2026:14:45:08 -0500] "POST /wp-login.php HTTP/1.1" 200 11746 "-" "Mozilla/5.0 (X11; Linux x86_64) AppleWebKit/537.36 (KHTML, like Gecko) Chrome/121.0.0.0 Safari/537.36"
157.50.113.66 - - [31/Aug/2026:14:45:20 -0500] "GET /list/goods/yj31br1h9h8_49002.shtml HTTP/1.1" 404 5951 "-" "Mozilla/5.0 (Windows NT 10.0; Win64; x64) AppleWebKit/537.36 (KHTML, like Gecko) Chrome/126.0.6478.55 Safari/537.36"
34.132.142.153 - - [31/Aug/2026:14:45:30 -0500] "GET /list/goods/rt17uqcp2h_15336.shtml HTTP/1.1" 404 5926 "-" "Mozilla/5.0 (compatible; Reflectionbot/1.0; +https://reflection.ai/bot)"
3.238.200.27 - - [31/Aug/2026:14:45:52 -0500] "GET /wp-content/uploads/2018/11/9-855x425.jpg HTTP/1.1" 404 5982 "-" "Mozilla/5.0 (Windows NT 10.0; Win64; x64) AppleWebKit/537.36 (KHTML, like Gecko) Chrome/120.0.0.0 Safari/537.36"
3.238.200.27 - - [31/Aug/2026:14:45:53 -0500] "GET /wp-content/plugins/simple-share-buttons-adder/buttons/somacro/facebook.png HTTP/1.1" 404 5982 "-" "Mozilla/5.0 (Windows NT 10.0; Win64; x64) AppleWebKit/537.36 (KHTML, like Gecko) Chrome/120.0.0.0 Safari/537.36"
165.16.187.23 - - [31/Aug/2026:14:46:00 -0500] "GET /list/goods/yk228vzidx_21389.shtml HTTP/1.1" 404 5951 "-" "Mozilla/5.0 (Macintosh; Intel Mac OS X 12.2; rv:130.0) Gecko/20100101 Firefox/130.0"
3.238.200.27 - - [31/Aug/2026:14:46:12 -0500] "GET /wp-content/plugins/simple-share-buttons-adder/buttons/somacro/twitter.png HTTP/1.1" 404 5982 "-" "Mozilla/5.0 (Windows NT 10.0; Win64; x64) AppleWebKit/537.36 (KHTML, like Gecko) Chrome/120.0.0.0 Safari/537.36"
3.238.200.27 - - [31/Aug/2026:14:46:20 -0500] "GET /wp-content/plugins/simple-share-buttons-adder/buttons/somacro/linkedin.png HTTP/1.1" 404 5982 "-" "Mozilla/5.0 (Windows NT 10.0; Win64; x64) AppleWebKit/537.36 (KHTML, like Gecko) Chrome/120.0.0.0 Safari/537.36"
3.238.200.27 - - [31/Aug/2026:14:46:25 -0500] "GET /wp-content/plugins/simple-share-buttons-adder/buttons/somacro/twitter.png HTTP/1.1" 404 5982 "-" "Mozilla/5.0 (Windows NT 10.0; Win64; x64) AppleWebKit/537.36 (KHTML, like Gecko) Chrome/120.0.0.0 Safari/537.36"
3.238.200.27 - - [31/Aug/2026:14:46:33 -0500] "GET /wp-content/plugins/simple-share-buttons-adder/buttons/somacro/facebook.png HTTP/1.1" 404 5982 "-" "Mozilla/5.0 (Windows NT 10.0; Win64; x64) AppleWebKit/537.36 (KHTML, like Gecko) Chrome/120.0.0.0 Safari/537.36"
209.141.57.84 - - [31/Aug/2026:14:46:38 -0500] "GET /wp-login.php HTTP/1.1" 200 11320 "-" "Mozilla/5.0 (Macintosh; Intel Mac OS X 10_9_3) AppleWebKit/537.75.14 (KHTML, like Gecko) Version/7.0.3 Safari/537.75.14"
209.141.57.84 - - [31/Aug/2026:14:46:40 -0500] "POST /wp-login.php HTTP/1.1" 200 7187 "-" "Mozilla/5.0 (Macintosh; Intel Mac OS X 10_9_3) AppleWebKit/537.75.14 (KHTML, like Gecko) Version/7.0.3 Safari/537.75.14"
102.216.154.8 - - [31/Aug/2026:14:46:56 -0500] "GET /items/V129047475 HTTP/1.1" 404 5719 "https://motionave.com/sitemap416.xml" "Mozilla/5.0 (Linux; Android 13; M2102J20) AppleWebKit/537.36 (KHTML, like Gecko) Chrome/151.0.5637.41 Mobile Safari/537.36"
186.12.188.12 - - [31/Aug/2026:14:47:16 -0500] "GET /list/goods/yxia83odhwtcmi_44242.shtml HTTP/1.1" 404 5951 "-" "Mozilla/5.0 (Macintosh; Intel Mac OS X 14.4; rv:133.0) Gecko/20100101 Firefox/133.0"
136.114.20.174 - - [31/Aug/2026:14:47:18 -0500] "GET /items/X230012254 HTTP/1.1" 404 5926 "-" "Mozilla/5.0 (compatible; Reflectionbot/1.0; +https://reflection.ai/bot)"
3.238.200.27 - - [31/Aug/2026:14:46:12 -0500] "GET /wp-content/plugins/simple-share-buttons-adder/buttons/somacro/linkedin.png HTTP/1.1" 404 5982 "-" "Mozilla/5.0 (Windows NT 10.0; Win64; x64) AppleWebKit/537.36 (KHTML, like Gecko) Chrome/120.0.0.0 Safari/537.36"
178.152.1.228 - - [31/Aug/2026:14:47:56 -0500] "GET /list/goods/zchck80wewgqa0kilbz_1115.shtml HTTP/1.1" 404 5951 "-" "Mozilla/5.0 (Macintosh; Intel Mac OS X 13_4_1) AppleWebKit/537.36 (KHTML, like Gecko) Chrome/130.0.6723.116 Safari/537.36"
100.27.249.183 - - [31/Aug/2026:14:48:18 -0500] "GET /wp-content/uploads/2019/05/MOTION_-BLOG-POST-may-2-855x425.jpg HTTP/1.1" 404 5982 "-" "Mozilla/5.0 (Windows NT 10.0; Win64; x64) AppleWebKit/537.36 (KHTML, like Gecko) Chrome/120.0.0.0 Safari/537.36"
100.27.249.183 - - [31/Aug/2026:14:48:22 -0500] "GET /wp-content/uploads/2019/05/photo5071517054523255027-855x425.jpg HTTP/1.1" 404 5982 "-" "Mozilla/5.0 (Windows NT 10.0; Win64; x64) AppleWebKit/537.36 (KHTML, like Gecko) Chrome/120.0.0.0 Safari/537.36"
100.27.249.183 - - [31/Aug/2026:14:48:22 -0500] "GET /wp-content/uploads/2019/05/MOTION_-BLOG-POST-may-2-855x425.jpg HTTP/1.1" 404 5982 "-" "Mozilla/5.0 (Windows NT 10.0; Win64; x64) AppleWebKit/537.36 (KHTML, like Gecko) Chrome/120.0.0.0 Safari/537.36"
66.249.68.38 - - [31/Aug/2026:14:48:25 -0500] "GET /?jp/126044551.html HTTP/1.1" 301 5175 "-" "Mozilla/5.0 (Linux; Android 6.0.1; Nexus 5X Build/MMB29P) AppleWebKit/537.36 (KHTML, like Gecko) Chrome/151.0.7922.173 Mobile Safari/537.36 (compatible; Googlebot/2.1; +http://www.google.com/bot.html)"
34.229.119.236 - - [31/Aug/2026:14:48:30 -0500] "GET /wp-content/plugins/leaflet-maps-marker/inc/img/icon-fullscreen.png HTTP/1.1" 404 5982 "-" "Mozilla/5.0 (Windows NT 10.0; Win64; x64) AppleWebKit/537.36 (KHTML, like Gecko) Chrome/120.0.0.0 Safari/537.36"
168.232.213.41 - - [31/Aug/2026:14:48:31 -0500] "GET /list/goods/zpf114mvfus95z_17673.shtml HTTP/1.1" 404 5951 "-" "Mozilla/5.0 (Macintosh; Intel Mac OS X 15_3_1) AppleWebKit/537.36 (KHTML, like Gecko) Chrome/125.0.6422.176 Safari/537.36"
129.121.65.255 - - [31/Aug/2026:14:48:34 -0500] "GET /wp-login.php HTTP/1.1" 200 11475 "-" "Mozilla/5.0 (Windows NT 10.0; Win64; x64) AppleWebKit/537.36 (KHTML, like Gecko) Chrome/151.0.0.0 Safari/537.36"
129.121.65.255 - - [31/Aug/2026:14:48:34 -0500] "POST /wp-login.php HTTP/1.1" 200 7120 "https://motionave.com/wp-login.php" "Mozilla/5.0 (Windows NT 10.0; Win64; x64) AppleWebKit/537.36 (KHTML, like Gecko) Chrome/151.0.0.0 Safari/537.36"
34.229.119.236 - - [31/Aug/2026:14:48:37 -0500] "GET /wp-content/uploads/2019/06/photo4909050871350929456-855x425.jpg HTTP/1.1" 404 5982 "-" "Mozilla/5.0 (Windows NT 10.0; Win64; x64) AppleWebKit/537.36 (KHTML, like Gecko) Chrome/120.0.0.0 Safari/537.36"
100.27.249.183 - - [31/Aug/2026:14:48:39 -0500] "GET /wp-content/plugins/leaflet-maps-marker/inc/img/icon-fullscreen.png HTTP/1.1" 404 5982 "-" "Mozilla/5.0 (Windows NT 10.0; Win64; x64) AppleWebKit/537.36 (KHTML, like Gecko) Chrome/120.0.0.0 Safari/537.36"
66.249.68.192 - - [31/Aug/2026:14:48:44 -0500] "GET /?jp%2F126044551_html HTTP/1.1" 200 153839 "-" "Mozilla/5.0 (Linux; Android 6.0.1; Nexus 5X Build/MMB29P) AppleWebKit/537.36 (KHTML, like Gecko) Chrome/151.0.7922.173 Mobile Safari/537.36 (compatible; Googlebot/2.1; +http://www.google.com/bot.html)"
100.27.249.183 - - [31/Aug/2026:14:48:50 -0500] "GET /wp-content/uploads/2019/05/photo5116401721919252508-855x425.jpg HTTP/1.1" 404 5982 "-" "Mozilla/5.0 (Windows NT 10.0; Win64; x64) AppleWebKit/537.36 (KHTML, like Gecko) Chrome/120.0.0.0 Safari/537.36"
34.229.119.236 - - [31/Aug/2026:14:48:53 -0500] "GET /wp-content/plugins/leaflet-maps-marker/inc/img/icon-kml.png HTTP/1.1" 404 5982 "-" "Mozilla/5.0 (Windows NT 10.0; Win64; x64) AppleWebKit/537.36 (KHTML, like Gecko) Chrome/120.0.0.0 Safari/537.36"
100.27.249.183 - - [31/Aug/2026:14:48:56 -0500] "GET /wp-content/uploads/2019/05/photo5071517054523255027-855x425.jpg HTTP/1.1" 404 5982 "-" "Mozilla/5.0 (Windows NT 10.0; Win64; x64) AppleWebKit/537.36 (KHTML, like Gecko) Chrome/120.0.0.0 Safari/537.36"
66.249.68.37 - - [31/Aug/2026:14:48:59 -0500] "GET /?jp/281026505.html HTTP/1.1" 301 5175 "-" "Mozilla/5.0 (Linux; Android 6.0.1; Nexus 5X Build/MMB29P) AppleWebKit/537.36 (KHTML, like Gecko) Chrome/151.0.7922.173 Mobile Safari/537.36 (compatible; Googlebot/2.1; +http://www.google.com/bot.html)"
100.27.249.183 - - [31/Aug/2026:14:49:01 -0500] "GET /wp-content/plugins/leaflet-maps-marker/inc/img/icon-kml.png HTTP/1.1" 404 5982 "-" "Mozilla/5.0 (Windows NT 10.0; Win64; x64) AppleWebKit/537.36 (KHTML, like Gecko) Chrome/120.0.0.0 Safari/537.36"
125.164.233.90 - - [31/Aug/2026:14:49:02 -0500] "GET /wp-admin/ HTTP/1.1" 302 5361 "-" "Mozilla/5.0 (Windows NT 10.0; Win64; x64) AppleWebKit/537.36 (KHTML, like Gecko) Chrome/144.0.0.0 Safari/537.36"
125.164.233.90 - - [31/Aug/2026:14:49:03 -0500] "GET /wp-login.php?redirect_to=https%3A%2F%2Fmotionave.com%2Fwp-admin%2F&reauth=1 HTTP/1.1" 200 8902 "-" "Mozilla/5.0 (Windows NT 10.0; Win64; x64) AppleWebKit/537.36 (KHTML, like Gecko) Chrome/144.0.0.0 Safari/537.36"
125.164.233.90 - - [31/Aug/2026:14:49:04 -0500] "GET /wp-includes/css/dashicons.min.css?ver=7.0.4 HTTP/1.1" 200 59594 "https://motionave.com/wp-login.php?redirect_to=https%3A%2F%2Fmotionave.com%2Fwp-admin%2F&reauth=1" "Mozilla/5.0 (Windows NT 10.0; Win64; x64) AppleWebKit/537.36 (KHTML, like Gecko) Chrome/144.0.0.0 Safari/537.36"
125.164.233.90 - - [31/Aug/2026:14:49:04 -0500] "GET /wp-includes/css/buttons.min.css?ver=7.0.4 HTTP/1.1" 200 8567 "https://motionave.com/wp-login.php?redirect_to=https%3A%2F%2Fmotionave.com%2Fwp-admin%2F&reauth=1" "Mozilla/5.0 (Windows NT 10.0; Win64; x64) AppleWebKit/537.36 (KHTML, like Gecko) Chrome/144.0.0.0 Safari/537.36"
125.164.233.90 - - [31/Aug/2026:14:49:04 -0500] "GET /wp-admin/css/forms.min.css?ver=7.0.4 HTTP/1.1" 200 31548 "https://motionave.com/wp-login.php?redirect_to=https%3A%2F%2Fmotionave.com%2Fwp-admin%2F&reauth=1" "Mozilla/5.0 (Windows NT 10.0; Win64; x64) AppleWebKit/537.36 (KHTML, like Gecko) Chrome/144.0.0.0 Safari/537.36"
125.164.233.90 - - [31/Aug/2026:14:49:04 -0500] "GET /wp-admin/css/l10n.min.css?ver=7.0.4 HTTP/1.1" 200 3742 "https://motionave.com/wp-login.php?redirect_to=https%3A%2F%2Fmotionave.com%2Fwp-admin%2F&reauth=1" "Mozilla/5.0 (Windows NT 10.0; Win64; x64) AppleWebKit/537.36 (KHTML, like Gecko) Chrome/144.0.0.0 Safari/537.36"
125.164.233.90 - - [31/Aug/2026:14:49:04 -0500] "GET /wp-includes/css/dist/base-styles/admin-schemes.min.css?ver=7.0.4 HTTP/1.1" 200 4041 "https://motionave.com/wp-login.php?redirect_to=https%3A%2F%2Fmotionave.com%2Fwp-admin%2F&reauth=1" "Mozilla/5.0 (Windows NT 10.0; Win64; x64) AppleWebKit/537.36 (KHTML, like Gecko) Chrome/144.0.0.0 Safari/537.36"
125.164.233.90 - - [31/Aug/2026:14:49:06 -0500] "GET /wp-admin/css/login.min.css?ver=7.0.4 HTTP/1.1" 200 7025 "https://motionave.com/wp-login.php?redirect_to=https%3A%2F%2Fmotionave.com%2Fwp-admin%2F&reauth=1" "Mozilla/5.0 (Windows NT 10.0; Win64; x64) AppleWebKit/537.36 (KHTML, like Gecko) Chrome/144.0.0.0 Safari/537.36"
125.164.233.90 - - [31/Aug/2026:14:49:06 -0500] "GET /wp-includes/js/clipboard.min.js?ver=2.0.11 HTTP/1.1" 200 9438 "https://motionave.com/wp-login.php?redirect_to=https%3A%2F%2Fmotionave.com%2Fwp-admin%2F&reauth=1" "Mozilla/5.0 (Windows NT 10.0; Win64; x64) AppleWebKit/537.36 (KHTML, like Gecko) Chrome/144.0.0.0 Safari/537.36"
125.164.233.90 - - [31/Aug/2026:14:49:06 -0500] "GET /wp-includes/js/jquery/jquery-migrate.min.js?ver=3.4.1 HTTP/1.1" 200 14007 "https://motionave.com/wp-login.php?redirect_to=https%3A%2F%2Fmotionave.com%2Fwp-admin%2F&reauth=1" "Mozilla/5.0 (Windows NT 10.0; Win64; x64) AppleWebKit/537.36 (KHTML, like Gecko) Chrome/144.0.0.0 Safari/537.36"
125.164.233.90 - - [31/Aug/2026:14:49:06 -0500] "GET /wp-includes/js/jquery/jquery.min.js?ver=3.7.1 HTTP/1.1" 200 88245 "https://motionave.com/wp-login.php?redirect_to=https%3A%2F%2Fmotionave.com%2Fwp-admin%2F&reauth=1" "Mozilla/5.0 (Windows NT 10.0; Win64; x64) AppleWebKit/537.36 (KHTML, like Gecko) Chrome/144.0.0.0 Safari/537.36"
125.164.233.90 - - [31/Aug/2026:14:49:06 -0500] "GET /wp-includes/js/zxcvbn-async.min.js?ver=1.0 HTTP/1.1" 200 749 "https://motionave.com/wp-login.php?redirect_to=https%3A%2F%2Fmotionave.com%2Fwp-admin%2F&reauth=1" "Mozilla/5.0 (Windows NT 10.0; Win64; x64) AppleWebKit/537.36 (KHTML, like Gecko) Chrome/144.0.0.0 Safari/537.36"
66.249.68.201 - - [31/Aug/2026:14:49:05 -0500] "GET /?jp%2F281026505_html HTTP/1.1" 200 153839 "-" "Mozilla/5.0 (Linux; Android 6.0.1; Nexus 5X Build/MMB29P) AppleWebKit/537.36 (KHTML, like Gecko) Chrome/151.0.7922.173 Mobile Safari/537.36 (compatible; Googlebot/2.1; +http://www.google.com/bot.html)"
125.164.233.90 - - [31/Aug/2026:14:49:06 -0500] "GET /wp-includes/js/dist/hooks.min.js?ver=7496969728ca0f95732d HTTP/1.1" 200 5450 "https://motionave.com/wp-login.php?redirect_to=https%3A%2F%2Fmotionave.com%2Fwp-admin%2F&reauth=1" "Mozilla/5.0 (Windows NT 10.0; Win64; x64) AppleWebKit/537.36 (KHTML, like Gecko) Chrome/144.0.0.0 Safari/537.36"
125.164.233.90 - - [31/Aug/2026:14:49:06 -0500] "GET /wp-includes/js/dist/i18n.min.js?ver=781d11515ad3d91786ec HTTP/1.1" 200 6132 "https://motionave.com/wp-login.php?redirect_to=https%3A%2F%2Fmotionave.com%2Fwp-admin%2F&reauth=1" "Mozilla/5.0 (Windows NT 10.0; Win64; x64) AppleWebKit/537.36 (KHTML, like Gecko) Chrome/144.0.0.0 Safari/537.36"
125.164.233.90 - - [31/Aug/2026:14:49:06 -0500] "GET /wp-admin/js/password-strength-meter.min.js?ver=7.0.4 HTTP/1.1" 200 1522 "https://motionave.com/wp-login.php?redirect_to=https%3A%2F%2Fmotionave.com%2Fwp-admin%2F&reauth=1" "Mozilla/5.0 (Windows NT 10.0; Win64; x64) AppleWebKit/537.36 (KHTML, like Gecko) Chrome/144.0.0.0 Safari/537.36"
125.164.233.90 - - [31/Aug/2026:14:49:07 -0500] "GET /wp-admin/images/wordpress-logo-gray.svg?ver=20260303 HTTP/1.1" 200 1911 "https://motionave.com/wp-admin/css/login.min.css?ver=7.0.4" "Mozilla/5.0 (Windows NT 10.0; Win64; x64) AppleWebKit/537.36 (KHTML, like Gecko) Chrome/144.0.0.0 Safari/537.36"
125.164.233.90 - - [31/Aug/2026:14:49:07 -0500] "GET /wp-includes/js/underscore.min.js?ver=1.13.8 HTTP/1.1" 200 19471 "https://motionave.com/wp-login.php?redirect_to=https%3A%2F%2Fmotionave.com%2Fwp-admin%2F&reauth=1" "Mozilla/5.0 (Windows NT 10.0; Win64; x64) AppleWebKit/537.36 (KHTML, like Gecko) Chrome/144.0.0.0 Safari/537.36"
125.164.233.90 - - [31/Aug/2026:14:49:07 -0500] "GET /wp-includes/js/wp-util.min.js?ver=7.0.4 HTTP/1.1" 200 1830 "https://motionave.com/wp-login.php?redirect_to=https%3A%2F%2Fmotionave.com%2Fwp-admin%2F&reauth=1" "Mozilla/5.0 (Windows NT 10.0; Win64; x64) AppleWebKit/537.36 (KHTML, like Gecko) Chrome/144.0.0.0 Safari/537.36"
125.164.233.90 - - [31/Aug/2026:14:49:08 -0500] "GET /wp-includes/js/dist/dom-ready.min.js?ver=a06281ae5cf5500e9317 HTTP/1.1" 200 1216 "https://motionave.com/wp-login.php?redirect_to=https%3A%2F%2Fmotionave.com%2Fwp-admin%2F&reauth=1" "Mozilla/5.0 (Windows NT 10.0; Win64; x64) AppleWebKit/537.36 (KHTML, like Gecko) Chrome/144.0.0.0 Safari/537.36"
125.164.233.90 - - [31/Aug/2026:14:49:08 -0500] "GET /wp-includes/js/dist/a11y.min.js?ver=af934e5259bc51b8718e HTTP/1.1" 200 2902 "https://motionave.com/wp-login.php?redirect_to=https%3A%2F%2Fmotionave.com%2Fwp-admin%2F&reauth=1" "Mozilla/5.0 (Windows NT 10.0; Win64; x64) AppleWebKit/537.36 (KHTML, like Gecko) Chrome/144.0.0.0 Safari/537.36"
125.164.233.90 - - [31/Aug/2026:14:49:08 -0500] "GET /wp-content/uploads/2024/02/cropped-favicon-2-32x32.png HTTP/1.1" 200 1073 "https://motionave.com/wp-login.php?redirect_to=https%3A%2F%2Fmotionave.com%2Fwp-admin%2F&reauth=1" "Mozilla/5.0 (Windows NT 10.0; Win64; x64) AppleWebKit/537.36 (KHTML, like Gecko) Chrome/144.0.0.0 Safari/537.36"
106.222.251.222 - - [31/Aug/2026:14:49:09 -0500] "GET /list/goods/zqf120ds1g_14453.shtml HTTP/1.1" 404 5951 "-" "Mozilla/5.0 (Windows NT 10.0; Win64; x64; rv:134.0) Gecko/20100101 Firefox/134.0"
100.27.249.183 - - [31/Aug/2026:14:49:10 -0500] "GET /wp-content/uploads/2019/06/photo4909050871350929456-855x425.jpg HTTP/1.1" 404 5982 "-" "Mozilla/5.0 (Windows NT 10.0; Win64; x64) AppleWebKit/537.36 (KHTML, like Gecko) Chrome/120.0.0.0 Safari/537.36"
100.27.249.183 - - [31/Aug/2026:14:49:11 -0500] "GET /wp-content/uploads/2019/05/photo5116401721919252508-855x425.jpg HTTP/1.1" 404 5982 "-" "Mozilla/5.0 (Windows NT 10.0; Win64; x64) AppleWebKit/537.36 (KHTML, like Gecko) Chrome/120.0.0.0 Safari/537.36"
100.27.249.183 - - [31/Aug/2026:14:49:18 -0500] "GET /wp-content/uploads/2019/05/photo5116401721919252508-855x425.jpg HTTP/1.1" 404 5982 "-" "Mozilla/5.0 (Windows NT 10.0; Win64; x64) AppleWebKit/537.36 (KHTML, like Gecko) Chrome/120.0.0.0 Safari/537.36"
100.27.249.183 - - [31/Aug/2026:14:49:23 -0500] "GET /wp-content/uploads/2019/06/photo4909050871350929456-855x425.jpg HTTP/1.1" 404 5982 "-" "Mozilla/5.0 (Windows NT 10.0; Win64; x64) AppleWebKit/537.36 (KHTML, like Gecko) Chrome/120.0.0.0 Safari/537.36"
66.249.68.200 - - [31/Aug/2026:14:49:23 -0500] "GET /?goods/206033857 HTTP/1.1" 301 5173 "-" "Mozilla/5.0 (Linux; Android 6.0.1; Nexus 5X Build/MMB29P) AppleWebKit/537.36 (KHTML, like Gecko) Chrome/151.0.7922.173 Mobile Safari/537.36 (compatible; Googlebot/2.1; +http://www.google.com/bot.html)"
100.27.249.183 - - [31/Aug/2026:14:49:27 -0500] "GET /wp-content/uploads/2019/05/photo5071517054523255027-855x425.jpg HTTP/1.1" 404 5982 "-" "Mozilla/5.0 (Windows NT 10.0; Win64; x64) AppleWebKit/537.36 (KHTML, like Gecko) Chrome/120.0.0.0 Safari/537.36"
66.249.68.200 - - [31/Aug/2026:14:49:28 -0500] "GET /?goods%2F206033857 HTTP/1.1" 200 153839 "-" "Mozilla/5.0 (Linux; Android 6.0.1; Nexus 5X Build/MMB29P) AppleWebKit/537.36 (KHTML, like Gecko) Chrome/151.0.7922.173 Mobile Safari/537.36 (compatible; Googlebot/2.1; +http://www.google.com/bot.html)"
125.164.233.90 - - [31/Aug/2026:14:49:14 -0500] "POST /wp-login.php HTTP/1.1" 302 1749 "https://motionave.com/wp-login.php?redirect_to=https%3A%2F%2Fmotionave.com%2Fwp-admin%2F&reauth=1" "Mozilla/5.0 (Windows NT 10.0; Win64; x64) AppleWebKit/537.36 (KHTML, like Gecko) Chrome/144.0.0.0 Safari/537.36"
125.164.233.90 - - [31/Aug/2026:14:49:31 -0500] "GET /wp-admin/ HTTP/1.1" 200 157413 "https://motionave.com/wp-login.php?redirect_to=https%3A%2F%2Fmotionave.com%2Fwp-admin%2F&reauth=1" "Mozilla/5.0 (Windows NT 10.0; Win64; x64) AppleWebKit/537.36 (KHTML, like Gecko) Chrome/144.0.0.0 Safari/537.36"
125.164.233.90 - - [31/Aug/2026:14:49:33 -0500] "GET /wp-admin/load-styles.php?c=0&dir=ltr&load%5Bchunk_0%5D=dashicons,admin-bar,site-health,common,forms,admin-menu,dashboard,list-tables,edit,revisions,media,themes,about,nav-menus,wp-poi&load%5Bchunk_1%5D=nter,widgets,site-icon,l10n,wp-base-styles,buttons,wp-auth-check,wp-components,wp-commands&ver=7.0.4 HTTP/1.1" 200 532163 "https://motionave.com/wp-admin/" "Mozilla/5.0 (Windows NT 10.0; Win64; x64) AppleWebKit/537.36 (KHTML, like Gecko) Chrome/144.0.0.0 Safari/537.36"
125.164.233.90 - - [31/Aug/2026:14:49:34 -0500] "GET /wp-includes/js/thickbox/thickbox.css?ver=7.0.4 HTTP/1.1" 200 3210 "https://motionave.com/wp-admin/" "Mozilla/5.0 (Windows NT 10.0; Win64; x64) AppleWebKit/537.36 (KHTML, like Gecko) Chrome/144.0.0.0 Safari/537.36"
125.164.233.90 - - [31/Aug/2026:14:49:34 -0500] "GET /wp-admin/css/colors/modern/colors.min.css?ver=7.0.4 HTTP/1.1" 200 22201 "https://motionave.com/wp-admin/" "Mozilla/5.0 (Windows NT 10.0; Win64; x64) AppleWebKit/537.36 (KHTML, like Gecko) Chrome/144.0.0.0 Safari/537.36"
125.164.233.90 - - [31/Aug/2026:14:49:34 -0500] "GET /wp-content/plugins/elementor/vendor/elementor/wp-one-package/assets/build/common.css?ver=1.0.68 HTTP/1.1" 200 1947 "https://motionave.com/wp-admin/" "Mozilla/5.0 (Windows NT 10.0; Win64; x64) AppleWebKit/537.36 (KHTML, like Gecko) Chrome/144.0.0.0 Safari/537.36"
125.164.233.90 - - [31/Aug/2026:14:49:34 -0500] "GET /wp-content/plugins/elementor-pro/assets/css/admin.min.css?ver=4.2.1 HTTP/1.1" 200 22053 "https://motionave.com/wp-admin/" "Mozilla/5.0 (Windows NT 10.0; Win64; x64) AppleWebKit/537.36 (KHTML, like Gecko) Chrome/144.0.0.0 Safari/537.36"
125.164.233.90 - - [31/Aug/2026:14:49:34 -0500] "GET /wp-content/plugins/redirect-redirection/analyst/assets/css/customize.css?ver=7.0.4 HTTP/1.1" 200 5622 "https://motionave.com/wp-admin/" "Mozilla/5.0 (Windows NT 10.0; Win64; x64) AppleWebKit/537.36 (KHTML, like Gecko) Chrome/144.0.0.0 Safari/537.36"
125.164.233.90 - - [31/Aug/2026:14:49:34 -0500] "GET /wp-content/plugins/elementor/assets/css/modules/editor-one/admin-menu.min.css?ver=4.2.2 HTTP/1.1" 200 5848 "https://motionave.com/wp-admin/" "Mozilla/5.0 (Windows NT 10.0; Win64; x64) AppleWebKit/537.36 (KHTML, like Gecko) Chrome/144.0.0.0 Safari/537.36"
125.164.233.90 - - [31/Aug/2026:14:49:34 -0500] "GET /wp-content/plugins/elementor/assets/lib/eicons/css/elementor-icons.min.css?ver=5.53.0 HTTP/1.1" 200 22703 "https://motionave.com/wp-admin/" "Mozilla/5.0 (Windows NT 10.0; Win64; x64) AppleWebKit/537.36 (KHTML, like Gecko) Chrome/144.0.0.0 Safari/537.36"
125.164.233.90 - - [31/Aug/2026:14:49:35 -0500] "GET /wp-content/plugins/elementor/assets/css/common.min.css?ver=4.2.2 HTTP/1.1" 200 25912 "https://motionave.com/wp-admin/" "Mozilla/5.0 (Windows NT 10.0; Win64; x64) AppleWebKit/537.36 (KHTML, like Gecko) Chrome/144.0.0.0 Safari/537.36"
125.164.233.90 - - [31/Aug/2026:14:49:35 -0500] "GET /wp-content/plugins/elementor/assets/css/theme-light.min.css?ver=4.2.2 HTTP/1.1" 200 2752 "https://motionave.com/wp-admin/" "Mozilla/5.0 (Windows NT 10.0; Win64; x64) AppleWebKit/537.36 (KHTML, like Gecko) Chrome/144.0.0.0 Safari/537.36"
125.164.233.90 - - [31/Aug/2026:14:49:35 -0500] "GET /wp-content/plugins/elementor/assets/css/admin.min.css?ver=4.2.2 HTTP/1.1" 200 139531 "https://motionave.com/wp-admin/" "Mozilla/5.0 (Windows NT 10.0; Win64; x64) AppleWebKit/537.36 (KHTML, like Gecko) Chrome/144.0.0.0 Safari/537.36"
125.164.233.90 - - [31/Aug/2026:14:49:35 -0500] "GET /wp-content/plugins/code-snippets/dist/menu.css?ver=3.9.6 HTTP/1.1" 200 1183 "https://motionave.com/wp-admin/" "Mozilla/5.0 (Windows NT 10.0; Win64; x64) AppleWebKit/537.36 (KHTML, like Gecko) Chrome/144.0.0.0 Safari/537.36"
125.164.233.90 - - [31/Aug/2026:14:49:35 -0500] "GET /wp-content/plugins/redirect-redirection/modules/review/assets/css/style.css?ver=1786721515 HTTP/1.1" 200 8033 "https://motionave.com/wp-admin/" "Mozilla/5.0 (Windows NT 10.0; Win64; x64) AppleWebKit/537.36 (KHTML, like Gecko) Chrome/144.0.0.0 Safari/537.36"
125.164.233.90 - - [31/Aug/2026:14:49:35 -0500] "GET /wp-content/plugins/redirect-redirection/analyst/assets/js/customize.js?ver=7.0.4 HTTP/1.1" 200 1252 "https://motionave.com/wp-admin/" "Mozilla/5.0 (Windows NT 10.0; Win64; x64) AppleWebKit/537.36 (KHTML, like Gecko) Chrome/144.0.0.0 Safari/537.36"
125.164.233.90 - - [31/Aug/2026:14:49:35 -0500] "GET /wp-content/plugins/redirect-redirection/modules/review/assets/imgs/BM-background.svg HTTP/1.1" 200 58882 "https://motionave.com/wp-admin/" "Mozilla/5.0 (Windows NT 10.0; Win64; x64) AppleWebKit/537.36 (KHTML, like Gecko) Chrome/144.0.0.0 Safari/537.36"
125.164.233.90 - - [31/Aug/2026:14:49:35 -0500] "GET /wp-admin/load-scripts.php?c=0&load%5Bchunk_0%5D=jquery-core,jquery-migrate,utils&ver=7.0.4 HTTP/1.1" 200 104573 "https://motionave.com/wp-admin/" "Mozilla/5.0 (Windows NT 10.0; Win64; x64) AppleWebKit/537.36 (KHTML, like Gecko) Chrome/144.0.0.0 Safari/537.36"
125.164.233.90 - - [31/Aug/2026:14:49:36 -0500] "GET /wp-content/plugins/redirect-redirection/modules/review/assets/imgs/main-image.svg HTTP/1.1" 200 8672 "https://motionave.com/wp-admin/" "Mozilla/5.0 (Windows NT 10.0; Win64; x64) AppleWebKit/537.36 (KHTML, like Gecko) Chrome/144.0.0.0 Safari/537.36"
125.164.233.90 - - [31/Aug/2026:14:49:35 -0500] "GET /wp-content/plugins/redirect-redirection/modules/review/assets/imgs/background-pattern.svg HTTP/1.1" 200 169481 "https://motionave.com/wp-admin/" "Mozilla/5.0 (Windows NT 10.0; Win64; x64) AppleWebKit/537.36 (KHTML, like Gecko) Chrome/144.0.0.0 Safari/537.36"
66.249.68.200 - - [31/Aug/2026:14:49:36 -0500] "GET /?detail/123000248236 HTTP/1.1" 301 5177 "-" "Mozilla/5.0 (Linux; Android 6.0.1; Nexus 5X Build/MMB29P) AppleWebKit/537.36 (KHTML, like Gecko) Chrome/151.0.7922.173 Mobile Safari/537.36 (compatible; Googlebot/2.1; +http://www.google.com/bot.html)"
125.164.233.90 - - [31/Aug/2026:14:49:36 -0500] "GET /wp-content/plugins/redirect-redirection/modules/review/assets/imgs/main-image-part-2.svg HTTP/1.1" 200 724 "https://motionave.com/wp-admin/" "Mozilla/5.0 (Windows NT 10.0; Win64; x64) AppleWebKit/537.36 (KHTML, like Gecko) Chrome/144.0.0.0 Safari/537.36"
125.164.233.90 - - [31/Aug/2026:14:49:36 -0500] "GET /wp-content/plugins/redirect-redirection/modules/review/assets/imgs/main-image-part-4.svg HTTP/1.1" 200 1543 "https://motionave.com/wp-admin/" "Mozilla/5.0 (Windows NT 10.0; Win64; x64) AppleWebKit/537.36 (KHTML, like Gecko) Chrome/144.0.0.0 Safari/537.36"
125.164.233.90 - - [31/Aug/2026:14:49:36 -0500] "GET /wp-admin/load-scripts.php?c=0&load%5Bchunk_0%5D=hoverIntent,wp-dom-ready,wp-hooks&ver=7.0.4 HTTP/1.1" 200 7859 "https://motionave.com/wp-admin/" "Mozilla/5.0 (Windows NT 10.0; Win64; x64) AppleWebKit/537.36 (KHTML, like Gecko) Chrome/144.0.0.0 Safari/537.36"
125.164.233.90 - - [31/Aug/2026:14:49:37 -0500] "GET /wp-includes/js/hoverintent-js.min.js?ver=2.2.1 HTTP/1.1" 200 2117 "https://motionave.com/wp-admin/" "Mozilla/5.0 (Windows NT 10.0; Win64; x64) AppleWebKit/537.36 (KHTML, like Gecko) Chrome/144.0.0.0 Safari/537.36"
125.164.233.90 - - [31/Aug/2026:14:49:37 -0500] "GET /wp-admin/js/common.min.js?ver=7.0.4 HTTP/1.1" 200 24221 "https://motionave.com/wp-admin/" "Mozilla/5.0 (Windows NT 10.0; Win64; x64) AppleWebKit/537.36 (KHTML, like Gecko) Chrome/144.0.0.0 Safari/537.36"
125.164.233.90 - - [31/Aug/2026:14:49:37 -0500] "GET /wp-includes/js/admin-bar.min.js?ver=7.0.4 HTTP/1.1" 200 3886 "https://motionave.com/wp-admin/" "Mozilla/5.0 (Windows NT 10.0; Win64; x64) AppleWebKit/537.36 (KHTML, like Gecko) Chrome/144.0.0.0 Safari/537.36"
