77.220.195.236 - - [31/Aug/2026:15:30:55 -0500] "POST /wp-login.php HTTP/1.1" 200 11934 "https://motionave.com/wp-login.php" "Mozilla/5.0 (X11; Linux x86_64) AppleWebKit/537.36 (KHTML, like Gecko) Chrome/119.0.0.0 Safari/537.36"
130.49.8.124 - - [31/Aug/2026:15:30:56 -0500] "GET /wp-login.php HTTP/1.1" 200 11500 "https://www.google.com" "Mozilla/5.0 (X11; Linux x86_64) AppleWebKit/537.36 (KHTML, like Gecko) Chrome/119.0.0.0 Safari/537.36"
130.49.8.124 - - [31/Aug/2026:15:30:59 -0500] "POST /wp-login.php HTTP/1.1" 200 11934 "https://motionave.com/wp-login.php" "Mozilla/5.0 (X11; Linux x86_64) AppleWebKit/537.36 (KHTML, like Gecko) Chrome/119.0.0.0 Safari/537.36"
5.181.171.193 - - [31/Aug/2026:15:31:00 -0500] "GET /wp-login.php HTTP/1.1" 200 11500 "https://www.google.com" "Mozilla/5.0 (X11; Linux x86_64) AppleWebKit/537.36 (KHTML, like Gecko) Chrome/119.0.0.0 Safari/537.36"
5.181.171.193 - - [31/Aug/2026:15:31:01 -0500] "POST /wp-login.php HTTP/1.1" 200 11934 "https://motionave.com/wp-login.php" "Mozilla/5.0 (X11; Linux x86_64) AppleWebKit/537.36 (KHTML, like Gecko) Chrome/119.0.0.0 Safari/537.36"
155.212.110.109 - - [31/Aug/2026:15:31:04 -0500] "GET /wp-login.php HTTP/1.1" 200 11500 "https://www.google.com" "Mozilla/5.0 (X11; Linux x86_64) AppleWebKit/537.36 (KHTML, like Gecko) Chrome/119.0.0.0 Safari/537.36"
155.212.110.109 - - [31/Aug/2026:15:31:05 -0500] "POST /wp-login.php HTTP/1.1" 200 11934 "https://motionave.com/wp-login.php" "Mozilla/5.0 (X11; Linux x86_64) AppleWebKit/537.36 (KHTML, like Gecko) Chrome/119.0.0.0 Safari/537.36"
193.202.87.19 - - [31/Aug/2026:15:31:07 -0500] "GET /wp-login.php HTTP/1.1" 200 11500 "https://www.google.com" "Mozilla/5.0 (X11; Linux x86_64) AppleWebKit/537.36 (KHTML, like Gecko) Chrome/119.0.0.0 Safari/537.36"
193.202.87.19 - - [31/Aug/2026:15:31:08 -0500] "POST /wp-login.php HTTP/1.1" 200 11934 "https://motionave.com/wp-login.php" "Mozilla/5.0 (X11; Linux x86_64) AppleWebKit/537.36 (KHTML, like Gecko) Chrome/119.0.0.0 Safari/537.36"
212.119.46.36 - - [31/Aug/2026:15:31:09 -0500] "GET /wp-login.php HTTP/1.1" 200 11500 "https://www.google.com" "Mozilla/5.0 (X11; Linux x86_64) AppleWebKit/537.36 (KHTML, like Gecko) Chrome/119.0.0.0 Safari/537.36"
212.119.46.36 - - [31/Aug/2026:15:31:10 -0500] "POST /wp-login.php HTTP/1.1" 200 11934 "https://motionave.com/wp-login.php" "Mozilla/5.0 (X11; Linux x86_64) AppleWebKit/537.36 (KHTML, like Gecko) Chrome/119.0.0.0 Safari/537.36"
100.53.216.179 - - [31/Aug/2026:15:31:11 -0500] "GET /wp-content/uploads/2019/05/photo5116401721919252508-855x425.jpg HTTP/1.1" 404 5982 "-" "Mozilla/5.0 (Windows NT 10.0; Win64; x64) AppleWebKit/537.36 (KHTML, like Gecko) Chrome/120.0.0.0 Safari/537.36"
157.22.102.200 - - [31/Aug/2026:15:31:11 -0500] "GET /wp-login.php HTTP/1.1" 200 11500 "https://www.google.com" "Mozilla/5.0 (X11; Linux x86_64) AppleWebKit/537.36 (KHTML, like Gecko) Chrome/119.0.0.0 Safari/537.36"
157.22.102.200 - - [31/Aug/2026:15:31:12 -0500] "POST /wp-login.php HTTP/1.1" 200 11934 "https://motionave.com/wp-login.php" "Mozilla/5.0 (X11; Linux x86_64) AppleWebKit/537.36 (KHTML, like Gecko) Chrome/119.0.0.0 Safari/537.36"
157.22.17.46 - - [31/Aug/2026:15:31:13 -0500] "GET /wp-login.php HTTP/1.1" 200 11500 "https://www.google.com" "Mozilla/5.0 (X11; Linux x86_64) AppleWebKit/537.36 (KHTML, like Gecko) Chrome/119.0.0.0 Safari/537.36"
157.22.17.46 - - [31/Aug/2026:15:31:14 -0500] "POST /wp-login.php HTTP/1.1" 200 11934 "https://motionave.com/wp-login.php" "Mozilla/5.0 (X11; Linux x86_64) AppleWebKit/537.36 (KHTML, like Gecko) Chrome/119.0.0.0 Safari/537.36"
45.148.234.17 - - [31/Aug/2026:15:31:15 -0500] "GET /wp-login.php HTTP/1.1" 200 11500 "https://www.google.com" "Mozilla/5.0 (X11; Linux x86_64) AppleWebKit/537.36 (KHTML, like Gecko) Chrome/119.0.0.0 Safari/537.36"
45.148.234.17 - - [31/Aug/2026:15:31:16 -0500] "POST /wp-login.php HTTP/1.1" 200 11934 "https://motionave.com/wp-login.php" "Mozilla/5.0 (X11; Linux x86_64) AppleWebKit/537.36 (KHTML, like Gecko) Chrome/119.0.0.0 Safari/537.36"
106.197.74.190 - - [31/Aug/2026:15:31:25 -0500] "GET /list/goods/gped16goh2_11971.shtml HTTP/1.1" 404 5951 "-" "Mozilla/5.0 (Windows NT 10.0; Win64; x64) AppleWebKit/537.36 (KHTML, like Gecko) Chrome/129.0.6668.29 Safari/537.36"
98.92.86.45 - - [31/Aug/2026:15:31:28 -0500] "GET /wp-content/uploads/2019/05/MOTION_-BLOG-POST-may-2-855x425.jpg HTTP/1.1" 404 5982 "-" "Mozilla/5.0 (Windows NT 10.0; Win64; x64) AppleWebKit/537.36 (KHTML, like Gecko) Chrome/120.0.0.0 Safari/537.36"
98.92.86.45 - - [31/Aug/2026:15:31:31 -0500] "GET /wp-content/uploads/2019/05/MOTION_-BLOG-POST-may-2-855x425.jpg HTTP/1.1" 404 5982 "-" "Mozilla/5.0 (Windows NT 10.0; Win64; x64) AppleWebKit/537.36 (KHTML, like Gecko) Chrome/120.0.0.0 Safari/537.36"
98.92.86.45 - - [31/Aug/2026:15:31:32 -0500] "GET /wp-content/uploads/2019/11/blog-tabla-en.jpg HTTP/1.1" 404 5982 "-" "Mozilla/5.0 (Windows NT 10.0; Win64; x64) AppleWebKit/537.36 (KHTML, like Gecko) Chrome/120.0.0.0 Safari/537.36"
100.53.216.179 - - [31/Aug/2026:15:31:33 -0500] "GET /wp-content/plugins/leaflet-maps-marker/inc/img/icon-fullscreen.png HTTP/1.1" 404 5982 "-" "Mozilla/5.0 (Windows NT 10.0; Win64; x64) AppleWebKit/537.36 (KHTML, like Gecko) Chrome/120.0.0.0 Safari/537.36"
98.92.86.45 - - [31/Aug/2026:15:31:39 -0500] "GET /wp-content/uploads/2019/11/image4.png HTTP/1.1" 404 5982 "-" "Mozilla/5.0 (Windows NT 10.0; Win64; x64) AppleWebKit/537.36 (KHTML, like Gecko) Chrome/120.0.0.0 Safari/537.36"
66.249.68.192 - - [31/Aug/2026:15:31:43 -0500] "GET /?goods/045046055 HTTP/1.1" 301 5173 "-" "Mozilla/5.0 (Linux; Android 6.0.1; Nexus 5X Build/MMB29P) AppleWebKit/537.36 (KHTML, like Gecko) Chrome/151.0.7922.173 Mobile Safari/537.36 (compatible; Googlebot/2.1; +http://www.google.com/bot.html)"
98.92.86.45 - - [31/Aug/2026:15:31:46 -0500] "GET /wp-content/uploads/2019/11/blog-ejemplo.jpg HTTP/1.1" 404 5982 "-" "Mozilla/5.0 (Windows NT 10.0; Win64; x64) AppleWebKit/537.36 (KHTML, like Gecko) Chrome/120.0.0.0 Safari/537.36"
66.249.68.201 - - [31/Aug/2026:15:31:47 -0500] "GET /?goods%2F045046055 HTTP/1.1" 200 133696 "-" "Mozilla/5.0 (Linux; Android 6.0.1; Nexus 5X Build/MMB29P) AppleWebKit/537.36 (KHTML, like Gecko) Chrome/151.0.7922.173 Mobile Safari/537.36 (compatible; Googlebot/2.1; +http://www.google.com/bot.html)"
66.249.68.36 - - [31/Aug/2026:15:31:50 -0500] "GET /?detail/2980392343905 HTTP/1.1" 301 5178 "-" "Mozilla/5.0 (Linux; Android 6.0.1; Nexus 5X Build/MMB29P) AppleWebKit/537.36 (KHTML, like Gecko) Chrome/151.0.7922.173 Mobile Safari/537.36 (compatible; Googlebot/2.1; +http://www.google.com/bot.html)"
66.249.68.201 - - [31/Aug/2026:15:31:54 -0500] "GET /?detail%2F2980392343905 HTTP/1.1" 200 133696 "-" "Mozilla/5.0 (Linux; Android 6.0.1; Nexus 5X Build/MMB29P) AppleWebKit/537.36 (KHTML, like Gecko) Chrome/151.0.7922.173 Mobile Safari/537.36 (compatible; Googlebot/2.1; +http://www.google.com/bot.html)"
98.92.86.45 - - [31/Aug/2026:15:32:01 -0500] "GET /wp-content/uploads/2019/11/image3-855x425.jpg HTTP/1.1" 404 5982 "-" "Mozilla/5.0 (Windows NT 10.0; Win64; x64) AppleWebKit/537.36 (KHTML, like Gecko) Chrome/120.0.0.0 Safari/537.36"
94.20.98.181 - - [31/Aug/2026:15:32:02 -0500] "GET /list/goods/grtai58ayiu4s5edy_7881.shtml HTTP/1.1" 404 5951 "-" "Mozilla/5.0 (Macintosh; Intel Mac OS X 10_15_7) AppleWebKit/537.36 (KHTML, like Gecko) Chrome/134.0.6998.45 Safari/537.36"
100.53.216.179 - - [31/Aug/2026:15:32:04 -0500] "GET /wp-content/plugins/leaflet-maps-marker/inc/img/icon-kml.png HTTP/1.1" 404 5982 "-" "Mozilla/5.0 (Windows NT 10.0; Win64; x64) AppleWebKit/537.36 (KHTML, like Gecko) Chrome/120.0.0.0 Safari/537.36"
98.92.86.45 - - [31/Aug/2026:15:32:06 -0500] "GET /wp-content/uploads/2019/11/photo5075728785353058477-855x425.jpg HTTP/1.1" 404 5982 "-" "Mozilla/5.0 (Windows NT 10.0; Win64; x64) AppleWebKit/537.36 (KHTML, like Gecko) Chrome/120.0.0.0 Safari/537.36"
98.92.86.45 - - [31/Aug/2026:15:32:14 -0500] "GET /wp-content/uploads/2019/11/image1.png HTTP/1.1" 404 5982 "-" "Mozilla/5.0 (Windows NT 10.0; Win64; x64) AppleWebKit/537.36 (KHTML, like Gecko) Chrome/120.0.0.0 Safari/537.36"
155.212.37.163 - - [31/Aug/2026:15:30:50 -0500] "POST /wp-login.php HTTP/1.1" 200 11934 "https://motionave.com/wp-login.php" "Mozilla/5.0 (X11; Linux x86_64) AppleWebKit/537.36 (KHTML, like Gecko) Chrome/119.0.0.0 Safari/537.36"
98.92.86.45 - - [31/Aug/2026:15:32:20 -0500] "GET /wp-content/uploads/2019/11/photo5078159577928804444-3-855x425.jpg HTTP/1.1" 404 5982 "-" "Mozilla/5.0 (Windows NT 10.0; Win64; x64) AppleWebKit/537.36 (KHTML, like Gecko) Chrome/120.0.0.0 Safari/537.36"
98.92.86.45 - - [31/Aug/2026:15:32:26 -0500] "GET /wp-content/uploads/2019/05/photo5071517054523255027-855x425.jpg HTTP/1.1" 404 5982 "-" "Mozilla/5.0 (Windows NT 10.0; Win64; x64) AppleWebKit/537.36 (KHTML, like Gecko) Chrome/120.0.0.0 Safari/537.36"
98.92.86.45 - - [31/Aug/2026:15:32:30 -0500] "GET /wp-content/uploads/2019/11/image2-1.png HTTP/1.1" 404 5982 "-" "Mozilla/5.0 (Windows NT 10.0; Win64; x64) AppleWebKit/537.36 (KHTML, like Gecko) Chrome/120.0.0.0 Safari/537.36"
100.53.216.179 - - [31/Aug/2026:15:32:32 -0500] "GET /wp-content/uploads/2019/05/photo5071517054523255027-855x425.jpg HTTP/1.1" 404 5982 "-" "Mozilla/5.0 (Windows NT 10.0; Win64; x64) AppleWebKit/537.36 (KHTML, like Gecko) Chrome/120.0.0.0 Safari/537.36"
98.92.86.45 - - [31/Aug/2026:15:32:34 -0500] "GET /wp-content/uploads/2019/11/blog-ejemplo.jpg HTTP/1.1" 404 5982 "-" "Mozilla/5.0 (Windows NT 10.0; Win64; x64) AppleWebKit/537.36 (KHTML, like Gecko) Chrome/120.0.0.0 Safari/537.36"
198.98.59.181 - - [31/Aug/2026:15:32:35 -0500] "GET /wp-login.php HTTP/1.1" 200 11320 "-" "Mozilla/5.0 (Windows NT 6.1; WOW64; Trident/7.0; rv:11.0) like Gecko"
98.92.86.45 - - [31/Aug/2026:15:32:35 -0500] "GET /wp-content/uploads/2019/05/photo5116401721919252508-855x425.jpg HTTP/1.1" 404 5982 "-" "Mozilla/5.0 (Windows NT 10.0; Win64; x64) AppleWebKit/537.36 (KHTML, like Gecko) Chrome/120.0.0.0 Safari/537.36"
198.98.59.181 - - [31/Aug/2026:15:32:35 -0500] "POST /wp-login.php HTTP/1.1" 200 7175 "-" "Mozilla/5.0 (Windows NT 6.1; WOW64; Trident/7.0; rv:11.0) like Gecko"
100.53.216.179 - - [31/Aug/2026:15:32:36 -0500] "GET /wp-content/uploads/2019/06/photo4909050871350929456-855x425.jpg HTTP/1.1" 404 5982 "-" "Mozilla/5.0 (Windows NT 10.0; Win64; x64) AppleWebKit/537.36 (KHTML, like Gecko) Chrome/120.0.0.0 Safari/537.36"
98.92.86.45 - - [31/Aug/2026:15:32:39 -0500] "GET /wp-content/uploads/2019/11/blog-tabla.jpg HTTP/1.1" 404 5982 "-" "Mozilla/5.0 (Windows NT 10.0; Win64; x64) AppleWebKit/537.36 (KHTML, like Gecko) Chrome/120.0.0.0 Safari/537.36"
197.205.25.131 - - [31/Aug/2026:15:32:40 -0500] "GET /list/goods/gtys99e0o0t8_22202.shtml HTTP/1.1" 404 5951 "-" "Mozilla/5.0 (Macintosh; Intel Mac OS X 15_3_1) AppleWebKit/537.36 (KHTML, like Gecko) Chrome/125.0.6422.176 Safari/537.36"
98.92.86.45 - - [31/Aug/2026:15:32:44 -0500] "GET /wp-content/uploads/2019/05/photo5116401721919252508-855x425.jpg HTTP/1.1" 404 5982 "-" "Mozilla/5.0 (Windows NT 10.0; Win64; x64) AppleWebKit/537.36 (KHTML, like Gecko) Chrome/120.0.0.0 Safari/537.36"
98.92.86.45 - - [31/Aug/2026:15:32:49 -0500] "GET /wp-content/uploads/2019/05/photo5116401721919252508-855x425.jpg HTTP/1.1" 404 5982 "-" "Mozilla/5.0 (Windows NT 10.0; Win64; x64) AppleWebKit/537.36 (KHTML, like Gecko) Chrome/120.0.0.0 Safari/537.36"
209.141.48.118 - - [31/Aug/2026:15:32:49 -0500] "GET /wp-login.php HTTP/1.1" 200 11320 "-" "Mozilla/5.0 (X11; Ubuntu; Linux x86_64; rv:30.0) Gecko/20100101 Firefox/30.0"
35.184.52.239 - - [31/Aug/2026:15:32:55 -0500] "GET /robots.txt HTTP/1.1" 404 5926 "-" "Mozilla/5.0 (compatible; Reflectionbot/1.0; +https://reflection.ai/bot)"
35.184.52.239 - - [31/Aug/2026:15:32:56 -0500] "GET /list/goods/l239wnubq7lisstd0_8000.shtml HTTP/1.1" 404 1301 "-" "Mozilla/5.0 (compatible; Reflectionbot/1.0; +https://reflection.ai/bot)"
98.92.86.45 - - [31/Aug/2026:15:33:05 -0500] "GET /wp-content/uploads/2019/06/photo4909050871350929456-855x425.jpg HTTP/1.1" 404 5982 "-" "Mozilla/5.0 (Windows NT 10.0; Win64; x64) AppleWebKit/537.36 (KHTML, like Gecko) Chrome/120.0.0.0 Safari/537.36"
43.172.73.201 - - [31/Aug/2026:15:33:16 -0500] "GET / HTTP/1.1" 200 133823 "https://m.baidu.com/s?word=shktakj.cn" "Mozilla/5.0 (iPhone; CPU iPhone OS 18_7 like Mac OS X) AppleWebKit/605.1.15 (KHTML, like Gecko) Version/26.5 Mobile/15E148 Safari/604.1"
217.20.253.200 - - [31/Aug/2026:15:33:18 -0500] "GET /list/goods/hoqo232sah8w_7541.shtml HTTP/1.1" 404 5951 "-" "Mozilla/5.0 (Macintosh; Intel Mac OS X 10_15_7) AppleWebKit/537.36 (KHTML, like Gecko) Chrome/129.0.6668.58 Safari/537.36"
136.111.61.81 - - [31/Aug/2026:15:33:25 -0500] "GET /list/goods/s238wswov2vyb_24341.shtml HTTP/1.1" 404 5926 "-" "Mozilla/5.0 (compatible; Reflectionbot/1.0; +https://reflection.ai/bot)"
136.65.84.161 - - [31/Aug/2026:15:33:29 -0500] "GET /list/goods/sn165ckdq6h8m_45648.shtml HTTP/1.1" 404 5926 "-" "Mozilla/5.0 (compatible; Reflectionbot/1.0; +https://reflection.ai/bot)"
156.207.127.176 - - [31/Aug/2026:15:33:57 -0500] "GET /list/goods/iaqy34bytrmx_4539.shtml HTTP/1.1" 404 5951 "-" "Mozilla/5.0 (Macintosh; Intel Mac OS X 11.6; rv:129.0) Gecko/20100101 Firefox/129.0"
209.141.48.118 - - [31/Aug/2026:15:33:59 -0500] "POST /wp-login.php HTTP/1.1" 200 11772 "-" "Mozilla/5.0 (X11; Ubuntu; Linux x86_64; rv:30.0) Gecko/20100101 Firefox/30.0"
104.155.133.75 - - [31/Aug/2026:15:34:03 -0500] "GET /items/N080029484 HTTP/1.1" 404 5926 "-" "Mozilla/5.0 (compatible; Reflectionbot/1.0; +https://reflection.ai/bot)"
44.192.14.19 - - [31/Aug/2026:15:34:21 -0500] "GET /wp-content/uploads/2016/09/microsoft-helps-Four-Ways-to-Master-Customer-Service-for-Our-Brand.png HTTP/1.1" 404 5982 "-" "Mozilla/5.0 (Windows NT 10.0; Win64; x64) AppleWebKit/537.36 (KHTML, like Gecko) Chrome/120.0.0.0 Safari/537.36"
44.192.14.19 - - [31/Aug/2026:15:34:21 -0500] "GET /wp-content/uploads/2016/09/americna-airlines-Four-Ways-to-Master-Customer-Service-for-Our-Brand.png HTTP/1.1" 404 5982 "-" "Mozilla/5.0 (Windows NT 10.0; Win64; x64) AppleWebKit/537.36 (KHTML, like Gecko) Chrome/120.0.0.0 Safari/537.36"
136.114.20.174 - - [31/Aug/2026:15:34:22 -0500] "GET /list/goods/q298evuqueb1i_35939.shtml HTTP/1.1" 404 5926 "-" "Mozilla/5.0 (compatible; Reflectionbot/1.0; +https://reflection.ai/bot)"
39.58.115.159 - - [31/Aug/2026:15:34:35 -0500] "GET /list/goods/icuv87gfkuh4y6_30210.shtml HTTP/1.1" 404 5951 "-" "Mozilla/5.0 (Macintosh; Intel Mac OS X 15_2_1) AppleWebKit/537.36 (KHTML, like Gecko) Chrome/127.0.6533.120 Safari/537.36"
44.192.14.19 - - [31/Aug/2026:15:34:36 -0500] "GET /wp-content/plugins/leaflet-maps-marker/inc/img/icon-kml.png HTTP/1.1" 404 5982 "-" "Mozilla/5.0 (Windows NT 10.0; Win64; x64) AppleWebKit/537.36 (KHTML, like Gecko) Chrome/120.0.0.0 Safari/537.36"
136.65.84.161 - - [31/Aug/2026:15:34:50 -0500] "GET /items/V206048450 HTTP/1.1" 404 5926 "-" "Mozilla/5.0 (compatible; Reflectionbot/1.0; +https://reflection.ai/bot)"
34.132.91.139 - - [31/Aug/2026:15:34:51 -0500] "GET /items/H149002383 HTTP/1.1" 404 5926 "-" "Mozilla/5.0 (compatible; Reflectionbot/1.0; +https://reflection.ai/bot)"
130.211.231.54 - - [31/Aug/2026:15:34:52 -0500] "GET /list/goods/akc293xgnir2hm_41444.shtml HTTP/1.1" 404 5926 "-" "Mozilla/5.0 (compatible; Reflectionbot/1.0; +https://reflection.ai/bot)"
44.192.14.19 - - [31/Aug/2026:15:34:56 -0500] "GET /wp-content/plugins/leaflet-maps-marker/inc/img/icon-fullscreen.png HTTP/1.1" 404 5982 "-" "Mozilla/5.0 (Windows NT 10.0; Win64; x64) AppleWebKit/537.36 (KHTML, like Gecko) Chrome/120.0.0.0 Safari/537.36"
44.192.14.19 - - [31/Aug/2026:15:34:56 -0500] "GET /wp-content/uploads/2016/09/UPS-Four-Ways-to-Master-Customer-Service-for-Our-Brand.png HTTP/1.1" 404 5982 "-" "Mozilla/5.0 (Windows NT 10.0; Win64; x64) AppleWebKit/537.36 (KHTML, like Gecko) Chrome/120.0.0.0 Safari/537.36"
189.15.14.211 - - [31/Aug/2026:15:35:13 -0500] "GET /list/goods/idy206lxqe7bzo18k_5367.shtml HTTP/1.1" 404 5951 "-" "Mozilla/5.0 (Macintosh; Intel Mac OS X 10_15_7) AppleWebKit/537.36 (KHTML, like Gecko) Chrome/124.0.6367.82 Safari/537.36"
44.192.14.19 - - [31/Aug/2026:15:35:27 -0500] "GET /wp-content/uploads/2016/09/American-express-Four-Ways-to-Master-Customer-Service-for-Our-Brand-1024x512.jpg HTTP/1.1" 404 5982 "-" "Mozilla/5.0 (Windows NT 10.0; Win64; x64) AppleWebKit/537.36 (KHTML, like Gecko) Chrome/120.0.0.0 Safari/537.36"
44.192.14.19 - - [31/Aug/2026:15:35:30 -0500] "GET /wp-content/uploads/2016/09/Four-Ways-to-Master-Customer-Service-for-our-Brand-1024x683.jpg HTTP/1.1" 404 5982 "-" "Mozilla/5.0 (Windows NT 10.0; Win64; x64) AppleWebKit/537.36 (KHTML, like Gecko) Chrome/120.0.0.0 Safari/537.36"
43.134.163.229 - - [31/Aug/2026:15:35:33 -0500] "GET /commercial-cleaning/ HTTP/1.1" 404 5719 "http://www.commercialcleaningseo.com" "Mozilla/5.0 (iPhone; CPU iPhone OS 13_2_3 like Mac OS X) AppleWebKit/605.1.15 (KHTML, like Gecko) Version/13.0.3 Mobile/15E148 Safari/604.1"
45.224.221.207 - - [31/Aug/2026:15:35:50 -0500] "GET /list/goods/imays250vtn2sw_151.shtml HTTP/1.1" 404 5951 "-" "Mozilla/5.0 (Macintosh; Intel Mac OS X 15.2; rv:133.0) Gecko/20100101 Firefox/133.0"
66.96.183.229 - - [31/Aug/2026:15:36:12 -0500] "GET /wp-login.php HTTP/1.1" 200 11475 "-" "66.96.183.227"
66.96.183.229 - - [31/Aug/2026:15:36:14 -0500] "POST /wp-login.php HTTP/1.1" 200 7120 "https://motionave.com/wp-login.php" "66.96.183.227"
196.127.93.106 - - [31/Aug/2026:15:36:28 -0500] "GET /list/goods/iobx192ago1w7wdo_1363.shtml HTTP/1.1" 404 5951 "-" "Mozilla/5.0 (Macintosh; Intel Mac OS X 10_15_7) AppleWebKit/537.36 (KHTML, like Gecko) Chrome/125.0.6422.141 Safari/537.36"
98.93.72.193 - - [31/Aug/2026:15:36:32 -0500] "GET /wp-content/uploads/2019/11/photo5078159577928804444-3-855x425.jpg HTTP/1.1" 404 5982 "-" "Mozilla/5.0 (Windows NT 10.0; Win64; x64) AppleWebKit/537.36 (KHTML, like Gecko) Chrome/120.0.0.0 Safari/537.36"
34.204.190.96 - - [31/Aug/2026:15:36:53 -0500] "GET /wp-content/uploads/2019/05/MOTION_-BLOG-POST-may-2-855x425.jpg HTTP/1.1" 404 5982 "-" "Mozilla/5.0 (Windows NT 10.0; Win64; x64) AppleWebKit/537.36 (KHTML, like Gecko) Chrome/120.0.0.0 Safari/537.36"
98.80.70.252 - - [31/Aug/2026:15:36:57 -0500] "GET /wp-content/uploads/2019/05/photo5071517054523255027-855x425.jpg HTTP/1.1" 404 5982 "-" "Mozilla/5.0 (Windows NT 10.0; Win64; x64) AppleWebKit/537.36 (KHTML, like Gecko) Chrome/120.0.0.0 Safari/537.36"
193.34.212.54 - - [31/Aug/2026:15:37:05 -0500] "GET /images/images/cache.php HTTP/1.1" 404 5800 "www.google.com" "Mozlila/5.0 (Linux; Android 7.0; SM-G892A Bulid/NRD90M; wv) AppleWebKit/537.36 (KHTML, like Gecko) Version/4.0 Chrome/60.0.3112.107 Moblie Safari/537.36"
91.42.241.46 - - [31/Aug/2026:15:37:06 -0500] "GET /list/goods/ip62wmglrp6_4991.shtml HTTP/1.1" 404 5951 "-" "Mozilla/5.0 (Macintosh; Intel Mac OS X 12_3_1) AppleWebKit/537.36 (KHTML, like Gecko) Chrome/124.0.6367.155 Safari/537.36"
193.34.212.54 - - [31/Aug/2026:15:37:06 -0500] "GET /images/images/cache.php HTTP/1.1" 404 5800 "www.google.com" "Mozlila/5.0 (Linux; Android 7.0; SM-G892A Bulid/NRD90M; wv) AppleWebKit/537.36 (KHTML, like Gecko) Version/4.0 Chrome/60.0.3112.107 Moblie Safari/537.36"
98.93.72.193 - - [31/Aug/2026:15:37:13 -0500] "GET /wp-content/uploads/2019/11/blog-tabla-en.jpg HTTP/1.1" 404 5982 "-" "Mozilla/5.0 (Windows NT 10.0; Win64; x64) AppleWebKit/537.36 (KHTML, like Gecko) Chrome/120.0.0.0 Safari/537.36"
98.93.72.193 - - [31/Aug/2026:15:37:14 -0500] "GET /wp-content/uploads/2019/11/blog-ejemplo.jpg HTTP/1.1" 404 5982 "-" "Mozilla/5.0 (Windows NT 10.0; Win64; x64) AppleWebKit/537.36 (KHTML, like Gecko) Chrome/120.0.0.0 Safari/537.36"
77.75.77.101 - - [31/Aug/2026:15:37:36 -0500] "GET /items/Z020026626 HTTP/1.1" 404 5771 "-" "Mozilla/5.0 (compatible; SeznamBot/4.0; +https://o-seznam.cz/napoveda/vyhledavani/en/seznambot-crawler/)"
136.113.99.238 - - [31/Aug/2026:15:37:40 -0500] "GET /items/R026012514 HTTP/1.1" 404 5926 "-" "Mozilla/5.0 (compatible; Reflectionbot/1.0; +https://reflection.ai/bot)"
71.128.10.118 - - [31/Aug/2026:15:37:42 -0500] "GET /list/goods/iw239naubirkno_24640.shtml HTTP/1.1" 404 5951 "-" "Mozilla/5.0 (Macintosh; Intel Mac OS X 15.0; rv:128.0) Gecko/20100101 Firefox/128.0"
194.132.201.139 - - [31/Aug/2026:15:37:58 -0500] "GET / HTTP/1.1" 200 133618 "http://motionave.com/" "Mozilla/5.0 (Linux; U; Android 13; sk-sk; Xiaomi 11T Pro Build/TKQ1.220829.002) AppleWebKit/537.36 (KHTML, like Gecko) Version/4.0 Chrome/112.0.5615.136 Mobile Safari/537.36 XiaoMi/MiuiBrowser/14.4.0-g"
177.23.3.127 - - [31/Aug/2026:15:38:22 -0500] "GET /list/goods/ixah200pvcpes5okeg2_29571.shtml HTTP/1.1" 404 5951 "-" "Mozilla/5.0 (Macintosh; Intel Mac OS X 13_5_1) AppleWebKit/537.36 (KHTML, like Gecko) Chrome/125.0.6422.60 Safari/537.36"
20.48.179.39 - - [31/Aug/2026:15:38:31 -0500] "GET /wp-content/plugins/hellopress/wp_filemanager.php HTTP/1.1" 404 5895 "-" "-"
20.48.179.39 - - [31/Aug/2026:15:38:31 -0500] "GET /this_is_a_new_hello_world.php HTTP/1.1" 404 317 "-" "-"
161.22.92.179 - - [31/Aug/2026:15:38:32 -0500] "GET /items/V163012929 HTTP/1.1" 404 5719 "https://motionave.com/sitemap294.xml" "Mozilla/5.0 (Linux; Android 12; M2102J24) AppleWebKit/537.36 (KHTML, like Gecko) Chrome/150.0.5353.155 Mobile Safari/537.36 MicroMessenger/8.0.45(0x18001B3F) NetType/WIFI Language/zh_CN"
66.249.68.200 - - [31/Aug/2026:15:38:45 -0500] "GET /list/goods/wkefb213fs7zv5t_3848.shtml HTTP/1.1" 404 5951 "-" "Mozilla/5.0 (compatible; Googlebot/2.1; +http://www.google.com/bot.html)"
20.48.179.39 - - [31/Aug/2026:15:38:46 -0500] "GET /verox.php HTTP/1.1" 404 426 "-" "-"
20.48.179.39 - - [31/Aug/2026:15:38:46 -0500] "GET /ba.php?p= HTTP/1.1" 404 317 "-" "-"
20.48.179.39 - - [31/Aug/2026:15:38:46 -0500] "GET /great.php HTTP/1.1" 404 317 "-" "-"
20.48.179.39 - - [31/Aug/2026:15:38:46 -0500] "GET /dyt8mjxc3yofbkoriukvgjaCdefault.php HTTP/1.1" 404 317 "-" "-"
20.48.179.39 - - [31/Aug/2026:15:38:46 -0500] "GET /robots.php HTTP/1.1" 404 317 "-" "-"
20.48.179.39 - - [31/Aug/2026:15:38:46 -0500] "GET /sky.php HTTP/1.1" 404 317 "-" "-"
20.48.179.39 - - [31/Aug/2026:15:38:46 -0500] "GET /yj09.php HTTP/1.1" 404 317 "-" "-"
20.48.179.39 - - [31/Aug/2026:15:38:46 -0500] "GET /k.php HTTP/1.1" 404 317 "-" "-"
20.48.179.39 - - [31/Aug/2026:15:38:46 -0500] "GET /w.php HTTP/1.1" 404 317 "-" "-"
20.48.179.39 - - [31/Aug/2026:15:38:46 -0500] "GET /FWAZ.php HTTP/1.1" 404 317 "-" "-"
20.48.179.39 - - [31/Aug/2026:15:38:47 -0500] "GET /blurbs.php HTTP/1.1" 404 317 "-" "-"
20.48.179.39 - - [31/Aug/2026:15:38:47 -0500] "GET /100.php HTTP/1.1" 404 317 "-" "-"
20.48.179.39 - - [31/Aug/2026:15:38:47 -0500] "GET /ccc.php?p= HTTP/1.1" 404 317 "-" "-"
20.48.179.39 - - [31/Aug/2026:15:38:47 -0500] "GET /images.php HTTP/1.1" 404 317 "-" "-"
20.48.179.39 - - [31/Aug/2026:15:38:47 -0500] "GET /alls.php HTTP/1.1" 404 317 "-" "-"
20.48.179.39 - - [31/Aug/2026:15:38:47 -0500] "GET /red.php HTTP/1.1" 404 317 "-" "-"
20.48.179.39 - - [31/Aug/2026:15:38:47 -0500] "GET /admin.php HTTP/1.1" 404 317 "-" "-"
20.48.179.39 - - [31/Aug/2026:15:38:47 -0500] "GET /file52.php HTTP/1.1" 404 317 "-" "-"
20.48.179.39 - - [31/Aug/2026:15:38:47 -0500] "GET /geck.php HTTP/1.1" 404 317 "-" "-"
20.48.179.39 - - [31/Aug/2026:15:38:47 -0500] "GET /biufile.php HTTP/1.1" 404 317 "-" "-"
20.48.179.39 - - [31/Aug/2026:15:38:47 -0500] "GET /dejavu.php HTTP/1.1" 404 317 "-" "-"
20.48.179.39 - - [31/Aug/2026:15:38:47 -0500] "GET /aaf.php HTTP/1.1" 404 317 "-" "-"
20.48.179.39 - - [31/Aug/2026:15:38:47 -0500] "GET /h02ugyh.php HTTP/1.1" 404 317 "-" "-"
20.48.179.39 - - [31/Aug/2026:15:38:47 -0500] "GET /155.php HTTP/1.1" 404 317 "-" "-"
20.48.179.39 - - [31/Aug/2026:15:38:47 -0500] "GET /ops.php HTTP/1.1" 404 317 "-" "-"
20.48.179.39 - - [31/Aug/2026:15:38:47 -0500] "GET /mac.php HTTP/1.1" 404 317 "-" "-"
20.48.179.39 - - [31/Aug/2026:15:38:47 -0500] "GET /makeasmtp.php?p= HTTP/1.1" 404 317 "-" "-"
20.48.179.39 - - [31/Aug/2026:15:38:47 -0500] "GET /pucci.php HTTP/1.1" 404 317 "-" "-"
20.48.179.39 - - [31/Aug/2026:15:38:48 -0500] "GET /puc.php HTTP/1.1" 404 317 "-" "-"
20.48.179.39 - - [31/Aug/2026:15:38:48 -0500] "GET /8.php HTTP/1.1" 404 317 "-" "-"
20.48.179.39 - - [31/Aug/2026:15:38:48 -0500] "GET /1.php HTTP/1.1" 404 317 "-" "-"
20.48.179.39 - - [31/Aug/2026:15:38:48 -0500] "GET /admin.php HTTP/1.1" 404 317 "-" "-"
20.48.179.39 - - [31/Aug/2026:15:38:48 -0500] "GET /edit.php HTTP/1.1" 404 317 "-" "-"
20.48.179.39 - - [31/Aug/2026:15:38:48 -0500] "GET /inputs.php HTTP/1.1" 404 317 "-" "-"
20.48.179.39 - - [31/Aug/2026:15:38:48 -0500] "GET /av.php HTTP/1.1" 404 317 "-" "-"
66.249.68.200 - - [31/Aug/2026:15:38:48 -0500] "GET /list/goods/wkefb213fs7zv5t_3848.shtml HTTP/1.1" 404 1200 "-" "Mozilla/5.0 (compatible; Googlebot/2.1; +http://www.google.com/bot.html)"
20.48.179.39 - - [31/Aug/2026:15:38:48 -0500] "GET /classwithtostring.php?p= HTTP/1.1" 404 317 "-" "-"
20.48.179.39 - - [31/Aug/2026:15:38:48 -0500] "GET /adminfuns.php HTTP/1.1" 404 317 "-" "-"
20.48.179.39 - - [31/Aug/2026:15:38:48 -0500] "GET /ms-edit.php HTTP/1.1" 404 317 "-" "-"
20.48.179.39 - - [31/Aug/2026:15:38:48 -0500] "GET /222.php HTTP/1.1" 404 317 "-" "-"
20.48.179.39 - - [31/Aug/2026:15:38:48 -0500] "GET /BDKR28WP.php HTTP/1.1" 404 317 "-" "-"
20.48.179.39 - - [31/Aug/2026:15:38:48 -0500] "GET /wp.php HTTP/1.1" 404 317 "-" "-"
20.48.179.39 - - [31/Aug/2026:15:38:48 -0500] "GET /abcd.php HTTP/1.1" 404 317 "-" "-"
20.48.179.39 - - [31/Aug/2026:15:38:48 -0500] "GET /simple.php HTTP/1.1" 404 317 "-" "-"
20.48.179.39 - - [31/Aug/2026:15:38:48 -0500] "GET /chosen.php HTTP/1.1" 404 317 "-" "-"
20.48.179.39 - - [31/Aug/2026:15:38:48 -0500] "GET /als.php HTTP/1.1" 404 317 "-" "-"
20.48.179.39 - - [31/Aug/2026:15:38:48 -0500] "GET /nox.php HTTP/1.1" 404 317 "-" "-"
20.48.179.39 - - [31/Aug/2026:15:38:49 -0500] "GET /file59.php HTTP/1.1" 404 317 "-" "-"
20.48.179.39 - - [31/Aug/2026:15:38:49 -0500] "GET /admin.php? HTTP/1.1" 404 317 "-" "-"
20.48.179.39 - - [31/Aug/2026:15:38:49 -0500] "GET /xamp.php HTTP/1.1" 404 317 "-" "-"
20.48.179.39 - - [31/Aug/2026:15:38:49 -0500] "GET /bless.php HTTP/1.1" 404 317 "-" "-"
20.48.179.39 - - [31/Aug/2026:15:38:49 -0500] "GET /f35.php HTTP/1.1" 404 317 "-" "-"
20.48.179.39 - - [31/Aug/2026:15:38:49 -0500] "GET /aaa.php HTTP/1.1" 404 317 "-" "-"
20.48.179.39 - - [31/Aug/2026:15:38:49 -0500] "GET /gecko.php HTTP/1.1" 404 317 "-" "-"
20.48.179.39 - - [31/Aug/2026:15:38:49 -0500] "GET /xiugai.php?p= HTTP/1.1" 404 317 "-" "-"
20.48.179.39 - - [31/Aug/2026:15:38:49 -0500] "GET /adminner.php HTTP/1.1" 404 317 "-" "-"
20.48.179.39 - - [31/Aug/2026:15:38:49 -0500] "GET /file1221.php HTTP/1.1" 404 317 "-" "-"
20.48.179.39 - - [31/Aug/2026:15:38:49 -0500] "GET /inx.php HTTP/1.1" 404 317 "-" "-"
20.48.179.39 - - [31/Aug/2026:15:38:49 -0500] "GET /reviall.php HTTP/1.1" 404 317 "-" "-"
20.48.179.39 - - [31/Aug/2026:15:38:49 -0500] "GET /11.php?p= HTTP/1.1" 404 317 "-" "-"
20.48.179.39 - - [31/Aug/2026:15:38:49 -0500] "GET /File.php HTTP/1.1" 404 317 "-" "-"
20.48.179.39 - - [31/Aug/2026:15:38:49 -0500] "GET /fi22.php HTTP/1.1" 404 317 "-" "-"
20.48.179.39 - - [31/Aug/2026:15:38:49 -0500] "GET /3PJcpMFsD8B.php HTTP/1.1" 404 317 "-" "-"
20.48.179.39 - - [31/Aug/2026:15:38:49 -0500] "GET /a3ampzmbipnkpxeqhqpsanCdefault.php HTTP/1.1" 404 317 "-" "-"
20.48.179.39 - - [31/Aug/2026:15:38:49 -0500] "GET /4PJcpMFsD8B.php HTTP/1.1" 404 317 "-" "-"
20.48.179.39 - - [31/Aug/2026:15:38:50 -0500] "GET /i99z7zzbwtpteujvv6s8hiCdefault.php HTTP/1.1" 404 317 "-" "-"
20.48.179.39 - - [31/Aug/2026:15:38:50 -0500] "GET /gwaih1gfzp5vuwr04Cdefault.php HTTP/1.1" 404 317 "-" "-"
20.48.179.39 - - [31/Aug/2026:15:38:50 -0500] "GET /1wvekeybd9it2di2vyipgr6Cdefault.php HTTP/1.1" 404 317 "-" "-"
20.48.179.39 - - [31/Aug/2026:15:38:50 -0500] "GET /media.php HTTP/1.1" 404 317 "-" "-"
20.48.179.39 - - [31/Aug/2026:15:38:50 -0500] "GET /inso.php HTTP/1.1" 404 317 "-" "-"
20.48.179.39 - - [31/Aug/2026:15:38:50 -0500] "GET /shiny.php HTTP/1.1" 404 317 "-" "-"
20.48.179.39 - - [31/Aug/2026:15:38:50 -0500] "GET /403dd.php HTTP/1.1" 404 317 "-" "-"
20.48.179.39 - - [31/Aug/2026:15:38:50 -0500] "GET /baba.php HTTP/1.1" 404 317 "-" "-"
20.48.179.39 - - [31/Aug/2026:15:38:50 -0500] "GET /site.php HTTP/1.1" 404 317 "-" "-"
20.48.179.39 - - [31/Aug/2026:15:38:50 -0500] "GET /cabs.php HTTP/1.1" 404 317 "-" "-"
20.48.179.39 - - [31/Aug/2026:15:38:50 -0500] "GET /insc.php HTTP/1.1" 404 317 "-" "-"
20.48.179.39 - - [31/Aug/2026:15:38:50 -0500] "GET /file.php? HTTP/1.1" 404 317 "-" "-"
20.48.179.39 - - [31/Aug/2026:15:38:50 -0500] "GET /dex.php HTTP/1.1" 404 317 "-" "-"
20.48.179.39 - - [31/Aug/2026:15:38:50 -0500] "GET /key.php HTTP/1.1" 404 317 "-" "-"
20.48.179.39 - - [31/Aug/2026:15:38:50 -0500] "GET /kir.php HTTP/1.1" 404 317 "-" "-"
20.48.179.39 - - [31/Aug/2026:15:38:50 -0500] "GET /nofile.php HTTP/1.1" 404 317 "-" "-"
20.48.179.39 - - [31/Aug/2026:15:38:50 -0500] "GET /fling.php?p= HTTP/1.1" 404 317 "-" "-"
20.48.179.39 - - [31/Aug/2026:15:38:50 -0500] "GET /btyuio.php HTTP/1.1" 404 317 "-" "-"
20.48.179.39 - - [31/Aug/2026:15:38:51 -0500] "GET /00zip.php HTTP/1.1" 404 317 "-" "-"
20.48.179.39 - - [31/Aug/2026:15:38:51 -0500] "GET /silver.php HTTP/1.1" 404 317 "-" "-"
20.48.179.39 - - [31/Aug/2026:15:38:51 -0500] "GET /wp-mails.php HTTP/1.1" 404 317 "-" "-"
20.48.179.39 - - [31/Aug/2026:15:38:51 -0500] "GET /sm.php HTTP/1.1" 404 317 "-" "-"
20.48.179.39 - - [31/Aug/2026:15:38:51 -0500] "GET /araso.php HTTP/1.1" 404 317 "-" "-"
20.48.179.39 - - [31/Aug/2026:15:38:51 -0500] "GET /a.php HTTP/1.1" 404 317 "-" "-"
20.48.179.39 - - [31/Aug/2026:15:38:51 -0500] "GET /sb.php HTTP/1.1" 404 317 "-" "-"
20.48.179.39 - - [31/Aug/2026:15:38:51 -0500] "GET /in.php HTTP/1.1" 404 317 "-" "-"
20.48.179.39 - - [31/Aug/2026:15:38:51 -0500] "GET /xnm-apc.php?p= HTTP/1.1" 404 317 "-" "-"
20.48.179.39 - - [31/Aug/2026:15:38:51 -0500] "GET /adminimagess.php HTTP/1.1" 404 317 "-" "-"
20.48.179.39 - - [31/Aug/2026:15:38:51 -0500] "GET /wp-content/index.php HTTP/1.1" 404 317 "-" "-"
20.48.179.39 - - [31/Aug/2026:15:38:52 -0500] "GET /wp-includes/ID3/about.php HTTP/1.1" 404 317 "-" "-"
20.48.179.39 - - [31/Aug/2026:15:38:52 -0500] "GET /wp-admin/css/ HTTP/1.1" 403 1132 "-" "-"
20.48.179.39 - - [31/Aug/2026:15:38:52 -0500] "GET /wp-admin/css/colors/modern/ HTTP/1.1" 403 1132 "-" "-"
20.48.179.39 - - [31/Aug/2026:15:38:52 -0500] "GET /wp-includes/blocks/details/ HTTP/1.1" 403 1132 "-" "-"
20.48.179.39 - - [31/Aug/2026:15:38:52 -0500] "GET /wp-includes/blocks/audio/ HTTP/1.1" 403 1132 "-" "-"
20.48.179.39 - - [31/Aug/2026:15:38:52 -0500] "GET /wp-temp.php HTTP/1.1" 404 317 "-" "-"
20.48.179.39 - - [31/Aug/2026:15:38:52 -0500] "GET /wp-admin/js/index.php HTTP/1.1" 404 317 "-" "-"
20.48.179.39 - - [31/Aug/2026:15:38:52 -0500] "GET /wp-includes/Requests/ HTTP/1.1" 403 1151 "-" "-"
20.48.179.39 - - [31/Aug/2026:15:38:52 -0500] "GET /wp-content/admin.php HTTP/1.1" 404 426 "-" "-"
20.48.179.39 - - [31/Aug/2026:15:38:52 -0500] "GET /wp-content/themes/index.php HTTP/1.1" 404 317 "-" "-"
20.48.179.39 - - [31/Aug/2026:15:38:52 -0500] "GET /av.php HTTP/1.1" 404 317 "-" "-"
20.48.179.39 - - [31/Aug/2026:15:38:53 -0500] "GET /wp-content/themes/index.php HTTP/1.1" 404 317 "-" "-"
20.48.179.39 - - [31/Aug/2026:15:38:53 -0500] "GET /wp-blog.php HTTP/1.1" 404 317 "-" "-"
20.48.179.39 - - [31/Aug/2026:15:38:53 -0500] "GET /wp-includes/js/jquery/ HTTP/1.1" 403 1132 "-" "-"
20.48.179.39 - - [31/Aug/2026:15:38:53 -0500] "GET /cgi-bin/index.php HTTP/1.1" 404 1145 "-" "-"
20.48.179.39 - - [31/Aug/2026:15:38:53 -0500] "GET /wp-includes/l10n/ HTTP/1.1" 403 1132 "-" "-"
20.48.179.39 - - [31/Aug/2026:15:38:53 -0500] "GET /wp-manager.php HTTP/1.1" 404 317 "-" "-"
20.48.179.39 - - [31/Aug/2026:15:38:53 -0500] "GET /wp-includes/Text/Diff/Engine/about.php HTTP/1.1" 404 317 "-" "-"
20.48.179.39 - - [31/Aug/2026:15:38:53 -0500] "GET /cgi-bin/admin.php HTTP/1.1" 404 1145 "-" "-"
20.48.179.39 - - [31/Aug/2026:15:38:53 -0500] "GET /wp-content/ HTTP/1.1" 403 1132 "-" "-"
20.48.179.39 - - [31/Aug/2026:15:38:53 -0500] "GET /wp-admin/css/colors/blue/ HTTP/1.1" 403 1132 "-" "-"
20.48.179.39 - - [31/Aug/2026:15:38:53 -0500] "GET /wp-includes/block-bindings/ HTTP/1.1" 403 1132 "-" "-"
20.48.179.39 - - [31/Aug/2026:15:38:53 -0500] "GET /wp-includes/assets/ HTTP/1.1" 403 1132 "-" "-"
20.48.179.39 - - [31/Aug/2026:15:38:53 -0500] "GET /wp-admin/css/colors/sunrise/ HTTP/1.1" 403 1132 "-" "-"
20.48.179.39 - - [31/Aug/2026:15:38:53 -0500] "GET /wp-admin/network/plugins.php HTTP/1.1" 302 545 "-" "-"
20.48.179.39 - - [31/Aug/2026:15:38:54 -0500] "GET /wp-login.php?redirect_to=https%3A%2F%2Fmotionave.com%2Fwp-admin%2Fnetwork%2Fplugins.php&reauth=1 HTTP/1.1" 200 8866 "-" "-"
20.48.179.39 - - [31/Aug/2026:15:38:54 -0500] "GET /wp-admin/maint/index.php HTTP/1.1" 404 317 "-" "-"
20.48.179.39 - - [31/Aug/2026:15:38:54 -0500] "GET /wp-includes/blocks/post-comments-form/ HTTP/1.1" 403 1132 "-" "-"
20.48.179.39 - - [31/Aug/2026:15:38:54 -0500] "GET /qazwsx.php HTTP/1.1" 404 317 "-" "-"
20.48.179.39 - - [31/Aug/2026:15:38:54 -0500] "GET /elp.php?p= HTTP/1.1" 404 317 "-" "-"
20.48.179.39 - - [31/Aug/2026:15:38:54 -0500] "GET /wp-content/uploads/ HTTP/1.1" 403 1132 "-" "-"
20.48.179.39 - - [31/Aug/2026:15:38:55 -0500] "GET /wp_blog_footer.php HTTP/1.1" 404 317 "-" "-"
20.48.179.39 - - [31/Aug/2026:15:38:55 -0500] "GET /billzgs.php HTTP/1.1" 404 317 "-" "-"
20.48.179.39 - - [31/Aug/2026:15:38:55 -0500] "GET /tmp.php HTTP/1.1" 404 317 "-" "-"
20.48.179.39 - - [31/Aug/2026:15:38:55 -0500] "GET /445.php HTTP/1.1" 404 317 "-" "-"
20.48.179.39 - - [31/Aug/2026:15:38:55 -0500] "GET /376about.php HTTP/1.1" 404 317 "-" "-"
20.48.179.39 - - [31/Aug/2026:15:38:55 -0500] "GET /ded.php HTTP/1.1" 404 317 "-" "-"
20.48.179.39 - - [31/Aug/2026:15:38:55 -0500] "GET /CAE-2.5.php HTTP/1.1" 404 317 "-" "-"
20.48.179.39 - - [31/Aug/2026:15:38:55 -0500] "GET /asa.php HTTP/1.1" 404 317 "-" "-"
20.48.179.39 - - [31/Aug/2026:15:38:55 -0500] "GET /0.php HTTP/1.1" 404 317 "-" "-"
20.48.179.39 - - [31/Aug/2026:15:38:55 -0500] "GET /325.php HTTP/1.1" 404 317 "-" "-"
20.48.179.39 - - [31/Aug/2026:15:38:55 -0500] "GET /myshell.php HTTP/1.1" 404 317 "-" "-"
45.179.41.194 - - [31/Aug/2026:15:39:01 -0500] "GET /list/goods/k152urib5_12037.shtml HTTP/1.1" 404 5951 "-" "Mozilla/5.0 (Macintosh; Intel Mac OS X 14.6; rv:125.0) Gecko/20100101 Firefox/125.0"
34.30.34.107 - - [31/Aug/2026:15:39:26 -0500] "GET /items/V049029429 HTTP/1.1" 404 5926 "-" "Mozilla/5.0 (compatible; Reflectionbot/1.0; +https://reflection.ai/bot)"
45.177.210.31 - - [31/Aug/2026:15:39:38 -0500] "GET /list/goods/k224wvzcoidelqdnz_36925.shtml HTTP/1.1" 404 5951 "-" "Mozilla/5.0 (Macintosh; Intel Mac OS X 13_5_0) AppleWebKit/537.36 (KHTML, like Gecko) Chrome/133.0.6943.53 Safari/537.36"
20.48.179.39 - - [31/Aug/2026:15:38:31 -0500] "GET /wander.php HTTP/1.1" 404 317 "-" "-"
20.48.179.39 - - [31/Aug/2026:15:39:41 -0500] "GET /or.php HTTP/1.1" 404 317 "-" "-"
38.240.111.155 - - [31/Aug/2026:15:39:47 -0500] "GET /items/V153002403 HTTP/1.1" 404 5719 "https://motionave.com/sitemap321.xml" "Mozilla/5.0 (iPhone; CPU iPhone OS 18_0 like Mac OS X) AppleWebKit/605.1.15 (KHTML, like Gecko) Version/18.0 Mobile/15E148 Safari/604.1"
34.132.142.153 - - [31/Aug/2026:15:39:57 -0500] "GET /list/goods/cczf266voe0v13_12299.shtml HTTP/1.1" 404 5926 "-" "Mozilla/5.0 (compatible; Reflectionbot/1.0; +https://reflection.ai/bot)"
66.249.68.36 - - [31/Aug/2026:15:40:07 -0500] "GET /?goods/122046420 HTTP/1.1" 301 5173 "-" "Mozilla/5.0 (Linux; Android 6.0.1; Nexus 5X Build/MMB29P) AppleWebKit/537.36 (KHTML, like Gecko) Chrome/151.0.7922.173 Mobile Safari/537.36 (compatible; Googlebot/2.1; +http://www.google.com/bot.html)"
66.249.68.200 - - [31/Aug/2026:15:40:14 -0500] "GET /?goods%2F122046420 HTTP/1.1" 200 133696 "-" "Mozilla/5.0 (Linux; Android 6.0.1; Nexus 5X Build/MMB29P) AppleWebKit/537.36 (KHTML, like Gecko) Chrome/151.0.7922.173 Mobile Safari/537.36 (compatible; Googlebot/2.1; +http://www.google.com/bot.html)"
34.121.33.92 - - [31/Aug/2026:15:40:17 -0500] "GET /list/goods/nv95ctitwv1juz5_31064.shtml HTTP/1.1" 404 5926 "-" "Mozilla/5.0 (compatible; Reflectionbot/1.0; +https://reflection.ai/bot)"
45.235.8.115 - - [31/Aug/2026:15:40:18 -0500] "GET /list/goods/kml50fmrpgmtis_8071.shtml HTTP/1.1" 404 5951 "-" "Mozilla/5.0 (Windows NT 10.0; Win64; x64) AppleWebKit/537.36 (KHTML, like Gecko) Chrome/129.0.6668.29 Safari/537.36"
66.249.68.36 - - [31/Aug/2026:15:40:28 -0500] "GET /?jp/057026791.html HTTP/1.1" 301 5175 "-" "Mozilla/5.0 (Linux; Android 6.0.1; Nexus 5X Build/MMB29P) AppleWebKit/537.36 (KHTML, like Gecko) Chrome/151.0.7922.173 Mobile Safari/537.36 (compatible; Googlebot/2.1; +http://www.google.com/bot.html)"
66.249.68.201 - - [31/Aug/2026:15:40:31 -0500] "GET /?jp%2F057026791_html HTTP/1.1" 200 133696 "-" "Mozilla/5.0 (Linux; Android 6.0.1; Nexus 5X Build/MMB29P) AppleWebKit/537.36 (KHTML, like Gecko) Chrome/151.0.7922.173 Mobile Safari/537.36 (compatible; Googlebot/2.1; +http://www.google.com/bot.html)"
89.82.11.224 - - [31/Aug/2026:15:40:54 -0500] "GET /list/goods/kyg147zouaoab_380.shtml HTTP/1.1" 404 5951 "-" "Mozilla/5.0 (Macintosh; Intel Mac OS X 15_3_0) AppleWebKit/537.36 (KHTML, like Gecko) Chrome/133.0.6943.141 Safari/537.36"
45.159.74.231 - - [31/Aug/2026:15:41:14 -0500] "GET /items/V138049920 HTTP/1.1" 404 5719 "https://motionave.com/sitemap965.xml" "Mozilla/5.0 (Linux; Android 13; OPPO PCLM9) AppleWebKit/537.36 (KHTML, like Gecko) Chrome/149.0.5818.70 Mobile Safari/537.36"
188.31.175.138 - - [31/Aug/2026:15:41:38 -0500] "GET /list/goods/ls179kysyfjdbd59_39392.shtml HTTP/1.1" 404 5951 "-" "Mozilla/5.0 (Macintosh; Intel Mac OS X 15.3; rv:127.0) Gecko/20100101 Firefox/127.0"
136.64.84.117 - - [31/Aug/2026:15:41:56 -0500] "GET /list/goods/xuxq294dt3654648v_20145.shtml HTTP/1.1" 404 5926 "-" "Mozilla/5.0 (compatible; Reflectionbot/1.0; +https://reflection.ai/bot)"
157.100.127.14 - - [31/Aug/2026:15:42:10 -0500] "GET /list/goods/m182gkyo3hai_8543.shtml HTTP/1.1" 404 5951 "-" "Mozilla/5.0 (Macintosh; Intel Mac OS X 15.3; rv:134.0) Gecko/20100101 Firefox/134.0"
66.249.68.38 - - [31/Aug/2026:15:42:26 -0500] "GET /?goods/001043408 HTTP/1.1" 301 5173 "-" "Mozilla/5.0 (Linux; Android 6.0.1; Nexus 5X Build/MMB29P) AppleWebKit/537.36 (KHTML, like Gecko) Chrome/151.0.7922.173 Mobile Safari/537.36 (compatible; Googlebot/2.1; +http://www.google.com/bot.html)"
198.98.59.181 - - [31/Aug/2026:15:42:27 -0500] "GET /wp-login.php HTTP/1.1" 200 11320 "-" "Mozilla/5.0 (Windows NT 6.1; rv:24.0) Gecko/20100101 Firefox/24.0"
198.98.59.181 - - [31/Aug/2026:15:42:28 -0500] "POST /wp-login.php HTTP/1.1" 200 7175 "-" "Mozilla/5.0 (Windows NT 6.1; rv:24.0) Gecko/20100101 Firefox/24.0"
66.249.68.192 - - [31/Aug/2026:15:42:30 -0500] "GET /?goods%2F001043408 HTTP/1.1" 200 133696 "-" "Mozilla/5.0 (Linux; Android 6.0.1; Nexus 5X Build/MMB29P) AppleWebKit/537.36 (KHTML, like Gecko) Chrome/151.0.7922.173 Mobile Safari/537.36 (compatible; Googlebot/2.1; +http://www.google.com/bot.html)"
185.222.99.68 - - [31/Aug/2026:15:42:48 -0500] "GET /list/goods/mguho282qmniakqavxtd0_1577.shtml HTTP/1.1" 404 5951 "-" "Mozilla/5.0 (Macintosh; Intel Mac OS X 15.1; rv:128.0) Gecko/20100101 Firefox/128.0"
169.224.0.118 - - [31/Aug/2026:15:43:26 -0500] "GET /list/goods/mhomv266bd5tkl_27501.shtml HTTP/1.1" 404 5951 "-" "Mozilla/5.0 (Macintosh; Intel Mac OS X 13_7_0) AppleWebKit/537.36 (KHTML, like Gecko) Chrome/132.0.6834.110 Safari/537.36"
34.27.199.72 - - [31/Aug/2026:15:43:37 -0500] "GET /items/O220045474 HTTP/1.1" 404 5926 "-" "Mozilla/5.0 (compatible; Reflectionbot/1.0; +https://reflection.ai/bot)"
136.112.210.90 - - [31/Aug/2026:15:43:38 -0500] "GET /items/Z053047735 HTTP/1.1" 404 5926 "-" "Mozilla/5.0 (compatible; Reflectionbot/1.0; +https://reflection.ai/bot)"
197.159.179.107 - - [31/Aug/2026:15:44:09 -0500] "GET /items/V273038877 HTTP/1.1" 404 5719 "https://motionave.com/sitemap60.xml" "Mozilla/5.0 (Linux; Android 15; V2182) AppleWebKit/537.36 (KHTML, like Gecko) Chrome/155.0.5324.24 Mobile Safari/537.36"
191.111.23.128 - - [31/Aug/2026:15:44:09 -0500] "GET /list/goods/mhve83wzfxs_47418.shtml HTTP/1.1" 404 5951 "-" "Mozilla/5.0 (Windows NT 10.0; Win64; x64) AppleWebKit/537.36 (KHTML, like Gecko) Chrome/124.0.6367.82 Safari/537.36"
136.64.215.100 - - [31/Aug/2026:15:44:29 -0500] "GET /list/goods/tbtw164mlaygt1_31611.shtml HTTP/1.1" 404 5926 "-" "Mozilla/5.0 (compatible; Reflectionbot/1.0; +https://reflection.ai/bot)"
188.165.76.77 - - [31/Aug/2026:15:44:42 -0500] "GET /list/goods/mi222mbddnohbrqr_6997.shtml HTTP/1.1" 404 5951 "-" "Mozilla/5.0 (Windows NT 10.0; Win64; x64) AppleWebKit/537.36 (KHTML, like Gecko) Chrome/129.0.6668.58 Safari/537.36"
3.80.213.234 - - [31/Aug/2026:15:45:01 -0500] "GET /wp-content/uploads/2019/05/photo5071517054523255027-855x425.jpg HTTP/1.1" 404 5982 "-" "Mozilla/5.0 (Windows NT 10.0; Win64; x64) AppleWebKit/537.36 (KHTML, like Gecko) Chrome/120.0.0.0 Safari/537.36"
102.156.135.74 - - [31/Aug/2026:15:45:20 -0500] "GET /list/goods/mm278yfjyf3p63ld_25941.shtml HTTP/1.1" 404 5951 "-" "Mozilla/5.0 (Windows NT 10.0; Win64; x64; rv:136.0) Gecko/20100101 Firefox/136.0"
212.47.133.59 - - [31/Aug/2026:15:45:26 -0500] "GET /items/V265047619 HTTP/1.1" 404 5719 "https://motionave.com/sitemap321.xml" "Mozilla/5.0 (Linux; Android 12; M2102J21) AppleWebKit/537.36 (KHTML, like Gecko) Chrome/148.0.5450.113 Mobile Safari/537.36"
169.224.19.84 - - [31/Aug/2026:15:45:58 -0500] "GET /list/goods/mw134pzscerqzvy_10553.shtml HTTP/1.1" 404 5951 "-" "Mozilla/5.0 (Macintosh; Intel Mac OS X 14_5_0) AppleWebKit/537.36 (KHTML, like Gecko) Chrome/133.0.6943.98 Safari/537.36"
77.82.175.115 - - [31/Aug/2026:15:46:37 -0500] "GET /list/goods/mwl271izcmchf_17794.shtml HTTP/1.1" 404 5951 "-" "Mozilla/5.0 (Macintosh; Intel Mac OS X 12.2; rv:130.0) Gecko/20100101 Firefox/130.0"
66.249.68.37 - - [31/Aug/2026:15:46:49 -0500] "GET /?jp/030043006.html HTTP/1.1" 301 5175 "-" "Mozilla/5.0 (Linux; Android 6.0.1; Nexus 5X Build/MMB29P) AppleWebKit/537.36 (KHTML, like Gecko) Chrome/151.0.7922.173 Mobile Safari/537.36 (compatible; Googlebot/2.1; +http://www.google.com/bot.html)"
84.32.32.142 - - [31/Aug/2026:15:47:16 -0500] "GET /list/goods/n242rxovnkm_691.shtml HTTP/1.1" 404 5951 "-" "Mozilla/5.0 (Macintosh; Intel Mac OS X 11_7_0) AppleWebKit/537.36 (KHTML, like Gecko) Chrome/126.0.6478.126 Safari/537.36"
136.111.61.81 - - [31/Aug/2026:15:47:26 -0500] "GET /items/Z056015676 HTTP/1.1" 404 5926 "-" "Mozilla/5.0 (compatible; Reflectionbot/1.0; +https://reflection.ai/bot)"
181.114.91.237 - - [31/Aug/2026:15:47:52 -0500] "GET /list/goods/n294x5uiz69_33125.shtml HTTP/1.1" 404 5951 "-" "Mozilla/5.0 (Macintosh; Intel Mac OS X 13.3; rv:125.0) Gecko/20100101 Firefox/125.0"
66.249.68.36 - - [31/Aug/2026:15:47:52 -0500] "GET /?jp/216010110.html HTTP/1.1" 301 5175 "-" "Mozilla/5.0 (Linux; Android 6.0.1; Nexus 5X Build/MMB29P) AppleWebKit/537.36 (KHTML, like Gecko) Chrome/151.0.7922.173 Mobile Safari/537.36 (compatible; Googlebot/2.1; +http://www.google.com/bot.html)"
66.249.68.201 - - [31/Aug/2026:15:48:04 -0500] "GET /?jp%2F030043006_html HTTP/1.1" 200 133696 "-" "Mozilla/5.0 (Linux; Android 6.0.1; Nexus 5X Build/MMB29P) AppleWebKit/537.36 (KHTML, like Gecko) Chrome/151.0.7922.173 Mobile Safari/537.36 (compatible; Googlebot/2.1; +http://www.google.com/bot.html)"
201.15.156.203 - - [31/Aug/2026:15:48:30 -0500] "GET /list/goods/nf73ee4ili4s_49914.shtml HTTP/1.1" 404 5951 "-" "Mozilla/5.0 (Macintosh; Intel Mac OS X 12.7; rv:131.0) Gecko/20100101 Firefox/131.0"
3.238.253.198 - - [31/Aug/2026:15:48:39 -0500] "GET /wp-content/uploads/2019/11/blog-ejemplo.jpg HTTP/1.1" 404 5982 "-" "Mozilla/5.0 (Windows NT 10.0; Win64; x64) AppleWebKit/537.36 (KHTML, like Gecko) Chrome/120.0.0.0 Safari/537.36"
3.238.253.198 - - [31/Aug/2026:15:48:39 -0500] "GET /wp-content/uploads/2019/11/image3-855x425.jpg HTTP/1.1" 404 5982 "-" "Mozilla/5.0 (Windows NT 10.0; Win64; x64) AppleWebKit/537.36 (KHTML, like Gecko) Chrome/120.0.0.0 Safari/537.36"
3.238.253.198 - - [31/Aug/2026:15:48:44 -0500] "GET /wp-content/uploads/2019/11/photo5078159577928804444-3-855x425.jpg HTTP/1.1" 404 5982 "-" "Mozilla/5.0 (Windows NT 10.0; Win64; x64) AppleWebKit/537.36 (KHTML, like Gecko) Chrome/120.0.0.0 Safari/537.36"
66.249.68.200 - - [31/Aug/2026:15:48:45 -0500] "GET /?jp%2F216010110_html HTTP/1.1" 200 133696 "-" "Mozilla/5.0 (Linux; Android 6.0.1; Nexus 5X Build/MMB29P) AppleWebKit/537.36 (KHTML, like Gecko) Chrome/151.0.7922.173 Mobile Safari/537.36 (compatible; Googlebot/2.1; +http://www.google.com/bot.html)"
3.236.150.129 - - [31/Aug/2026:15:48:46 -0500] "GET /wp-content/uploads/2019/03/image3.jpg HTTP/1.1" 404 5982 "-" "Mozilla/5.0 (Windows NT 10.0; Win64; x64) AppleWebKit/537.36 (KHTML, like Gecko) Chrome/120.0.0.0 Safari/537.36"
3.236.150.129 - - [31/Aug/2026:15:48:47 -0500] "GET /wp-content/plugins/simple-share-buttons-adder/buttons/somacro/facebook.png HTTP/1.1" 404 5982 "-" "Mozilla/5.0 (Windows NT 10.0; Win64; x64) AppleWebKit/537.36 (KHTML, like Gecko) Chrome/120.0.0.0 Safari/537.36"
3.238.253.198 - - [31/Aug/2026:15:48:55 -0500] "GET /wp-content/uploads/2019/11/image1.png HTTP/1.1" 404 5982 "-" "Mozilla/5.0 (Windows NT 10.0; Win64; x64) AppleWebKit/537.36 (KHTML, like Gecko) Chrome/120.0.0.0 Safari/537.36"
3.238.253.198 - - [31/Aug/2026:15:48:58 -0500] "GET /wp-content/uploads/2019/11/image3.png HTTP/1.1" 404 5982 "-" "Mozilla/5.0 (Windows NT 10.0; Win64; x64) AppleWebKit/537.36 (KHTML, like Gecko) Chrome/120.0.0.0 Safari/537.36"
3.236.150.129 - - [31/Aug/2026:15:49:05 -0500] "GET /wp-content/uploads/2019/03/image2-1024x1024.jpg HTTP/1.1" 404 5982 "-" "Mozilla/5.0 (Windows NT 10.0; Win64; x64) AppleWebKit/537.36 (KHTML, like Gecko) Chrome/120.0.0.0 Safari/537.36"
66.249.68.37 - - [31/Aug/2026:15:49:06 -0500] "GET /list/goods/ekkz48rrvgbd_775.shtml HTTP/1.1" 404 5951 "-" "Mozilla/5.0 (Linux; Android 6.0.1; Nexus 5X Build/MMB29P) AppleWebKit/537.36 (KHTML, like Gecko) Chrome/151.0.7922.173 Mobile Safari/537.36 (compatible; Googlebot/2.1; +http://www.google.com/bot.html)"
3.238.253.198 - - [31/Aug/2026:15:49:07 -0500] "GET /wp-content/uploads/2019/05/photo5116401721919252508-855x425.jpg HTTP/1.1" 404 5982 "-" "Mozilla/5.0 (Windows NT 10.0; Win64; x64) AppleWebKit/537.36 (KHTML, like Gecko) Chrome/120.0.0.0 Safari/537.36"
176.79.203.17 - - [31/Aug/2026:15:49:09 -0500] "GET /list/goods/nokt93epnfp0cid_45100.shtml HTTP/1.1" 404 5951 "-" "Mozilla/5.0 (Macintosh; Intel Mac OS X 12_7_2) AppleWebKit/537.36 (KHTML, like Gecko) Chrome/130.0.6723.191 Safari/537.36"
3.236.150.129 - - [31/Aug/2026:15:49:10 -0500] "GET /wp-content/uploads/2019/03/image5-3-1024x1024.png HTTP/1.1" 404 5982 "-" "Mozilla/5.0 (Windows NT 10.0; Win64; x64) AppleWebKit/537.36 (KHTML, like Gecko) Chrome/120.0.0.0 Safari/537.36"
3.238.253.198 - - [31/Aug/2026:15:49:11 -0500] "GET /wp-content/uploads/2019/05/photo5116401721919252508-855x425.jpg HTTP/1.1" 404 5982 "-" "Mozilla/5.0 (Windows NT 10.0; Win64; x64) AppleWebKit/537.36 (KHTML, like Gecko) Chrome/120.0.0.0 Safari/537.36"
34.121.33.92 - - [31/Aug/2026:15:49:15 -0500] "GET /list/goods/v18vumiuhm_49931.shtml HTTP/1.1" 404 5926 "-" "Mozilla/5.0 (compatible; Reflectionbot/1.0; +https://reflection.ai/bot)"
3.238.253.198 - - [31/Aug/2026:15:49:17 -0500] "GET /wp-content/uploads/2019/11/blog-tabla.jpg HTTP/1.1" 404 5982 "-" "Mozilla/5.0 (Windows NT 10.0; Win64; x64) AppleWebKit/537.36 (KHTML, like Gecko) Chrome/120.0.0.0 Safari/537.36"
3.236.150.129 - - [31/Aug/2026:15:49:22 -0500] "GET /wp-content/plugins/simple-share-buttons-adder/buttons/somacro/twitter.png HTTP/1.1" 404 5982 "-" "Mozilla/5.0 (Windows NT 10.0; Win64; x64) AppleWebKit/537.36 (KHTML, like Gecko) Chrome/120.0.0.0 Safari/537.36"
3.238.253.198 - - [31/Aug/2026:15:49:28 -0500] "GET /wp-content/uploads/2019/11/image2-1.png HTTP/1.1" 404 5982 "-" "Mozilla/5.0 (Windows NT 10.0; Win64; x64) AppleWebKit/537.36 (KHTML, like Gecko) Chrome/120.0.0.0 Safari/537.36"
3.238.253.198 - - [31/Aug/2026:15:49:33 -0500] "GET /wp-content/uploads/2019/06/photo4909050871350929456-855x425.jpg HTTP/1.1" 404 5982 "-" "Mozilla/5.0 (Windows NT 10.0; Win64; x64) AppleWebKit/537.36 (KHTML, like Gecko) Chrome/120.0.0.0 Safari/537.36"
66.249.68.192 - - [31/Aug/2026:15:49:32 -0500] "GET /?goods/085036914 HTTP/1.1" 301 5173 "-" "Mozilla/5.0 (Linux; Android 6.0.1; Nexus 5X Build/MMB29P) AppleWebKit/537.36 (KHTML, like Gecko) Chrome/151.0.7922.173 Mobile Safari/537.36 (compatible; Googlebot/2.1; +http://www.google.com/bot.html)"
3.236.150.129 - - [31/Aug/2026:15:49:35 -0500] "GET /wp-content/plugins/simple-share-buttons-adder/buttons/somacro/linkedin.png HTTP/1.1" 404 5982 "-" "Mozilla/5.0 (Windows NT 10.0; Win64; x64) AppleWebKit/537.36 (KHTML, like Gecko) Chrome/120.0.0.0 Safari/537.36"
197.244.33.227 - - [31/Aug/2026:15:49:37 -0500] "GET /items/V221039277 HTTP/1.1" 404 5719 "https://motionave.com/sitemap569.xml" "Mozilla/5.0 (iPhone; CPU iPhone OS 17_3 like Mac OS X) AppleWebKit/605.1.15 (KHTML, like Gecko) Version/17.3 Mobile/15E148 Safari/604.1 MicroMessenger/8.0.33(0x18001B3F) NetType/WIFI Language/zh_CN"
66.249.68.36 - - [31/Aug/2026:15:49:38 -0500] "GET /?goods/239040786 HTTP/1.1" 301 5173 "-" "Mozilla/5.0 (Linux; Android 6.0.1; Nexus 5X Build/MMB29P) AppleWebKit/537.36 (KHTML, like Gecko) Chrome/151.0.7922.173 Mobile Safari/537.36 (compatible; Googlebot/2.1; +http://www.google.com/bot.html)"
3.238.253.198 - - [31/Aug/2026:15:49:40 -0500] "GET /wp-content/uploads/2019/11/blog-ejemplo.jpg HTTP/1.1" 404 5982 "-" "Mozilla/5.0 (Windows NT 10.0; Win64; x64) AppleWebKit/537.36 (KHTML, like Gecko) Chrome/120.0.0.0 Safari/537.36"
3.238.253.198 - - [31/Aug/2026:15:49:41 -0500] "GET /wp-content/uploads/2019/05/photo5071517054523255027-855x425.jpg HTTP/1.1" 404 5982 "-" "Mozilla/5.0 (Windows NT 10.0; Win64; x64) AppleWebKit/537.36 (KHTML, like Gecko) Chrome/120.0.0.0 Safari/537.36"
