66.249.68.37 - - [31/Aug/2026:14:55:39 -0500] "GET /?jp/236023670.html HTTP/1.1" 301 5175 "-" "Mozilla/5.0 (Linux; Android 6.0.1; Nexus 5X Build/MMB29P) AppleWebKit/537.36 (KHTML, like Gecko) Chrome/151.0.7922.173 Mobile Safari/537.36 (compatible; Googlebot/2.1; +http://www.google.com/bot.html)"
100.48.72.69 - - [31/Aug/2026:14:55:46 -0500] "GET /wp-content/uploads/2019/03/image5.png HTTP/1.1" 404 5982 "-" "Mozilla/5.0 (Windows NT 10.0; Win64; x64) AppleWebKit/537.36 (KHTML, like Gecko) Chrome/120.0.0.0 Safari/537.36"
100.48.72.69 - - [31/Aug/2026:14:55:50 -0500] "GET /wp-content/uploads/2019/03/image4.png HTTP/1.1" 404 5982 "-" "Mozilla/5.0 (Windows NT 10.0; Win64; x64) AppleWebKit/537.36 (KHTML, like Gecko) Chrome/120.0.0.0 Safari/537.36"
100.48.72.69 - - [31/Aug/2026:14:55:52 -0500] "GET /wp-content/uploads/2020/03/image3.png HTTP/1.1" 404 5982 "-" "Mozilla/5.0 (Windows NT 10.0; Win64; x64) AppleWebKit/537.36 (KHTML, like Gecko) Chrome/120.0.0.0 Safari/537.36"
223.228.49.162 - - [31/Aug/2026:14:55:56 -0500] "GET /list/goods/bqes26voamg_16553.shtml HTTP/1.1" 404 5951 "-" "Mozilla/5.0 (Macintosh; Intel Mac OS X 11_5_0) AppleWebKit/537.36 (KHTML, like Gecko) Chrome/132.0.6834.110 Safari/537.36"
100.48.72.69 - - [31/Aug/2026:14:55:58 -0500] "GET /wp-content/uploads/2020/03/image1.png HTTP/1.1" 404 5982 "-" "Mozilla/5.0 (Windows NT 10.0; Win64; x64) AppleWebKit/537.36 (KHTML, like Gecko) Chrome/120.0.0.0 Safari/537.36"
100.48.72.69 - - [31/Aug/2026:14:55:59 -0500] "GET /wp-content/uploads/2019/03/image6.png HTTP/1.1" 404 5982 "-" "Mozilla/5.0 (Windows NT 10.0; Win64; x64) AppleWebKit/537.36 (KHTML, like Gecko) Chrome/120.0.0.0 Safari/537.36"
100.48.72.69 - - [31/Aug/2026:14:56:01 -0500] "GET /wp-content/uploads/2019/03/image1.png HTTP/1.1" 404 5982 "-" "Mozilla/5.0 (Windows NT 10.0; Win64; x64) AppleWebKit/537.36 (KHTML, like Gecko) Chrome/120.0.0.0 Safari/537.36"
100.48.72.69 - - [31/Aug/2026:14:56:09 -0500] "GET /wp-content/uploads/2019/03/Facebook-Dynamic-Creatives2-855x425.png HTTP/1.1" 404 5982 "-" "Mozilla/5.0 (Windows NT 10.0; Win64; x64) AppleWebKit/537.36 (KHTML, like Gecko) Chrome/120.0.0.0 Safari/537.36"
100.48.72.69 - - [31/Aug/2026:14:56:09 -0500] "GET /wp-content/uploads/2019/07/c-MOTION_-BLOG-POST-JUN-2-.jpg HTTP/1.1" 404 5982 "-" "Mozilla/5.0 (Windows NT 10.0; Win64; x64) AppleWebKit/537.36 (KHTML, like Gecko) Chrome/120.0.0.0 Safari/537.36"
100.48.72.69 - - [31/Aug/2026:14:56:15 -0500] "GET /wp-content/uploads/2019/07/MOTION_-BLOG-POST-JUN-2--855x425.jpg HTTP/1.1" 404 5982 "-" "Mozilla/5.0 (Windows NT 10.0; Win64; x64) AppleWebKit/537.36 (KHTML, like Gecko) Chrome/120.0.0.0 Safari/537.36"
136.64.137.166 - - [31/Aug/2026:14:56:15 -0500] "GET /list/goods/a262dvxwcih_40071.shtml HTTP/1.1" 404 5926 "-" "Mozilla/5.0 (compatible; Reflectionbot/1.0; +https://reflection.ai/bot)"
100.48.72.69 - - [31/Aug/2026:14:56:29 -0500] "GET /wp-content/uploads/2020/03/image2-855x425.jpg HTTP/1.1" 404 5982 "-" "Mozilla/5.0 (Windows NT 10.0; Win64; x64) AppleWebKit/537.36 (KHTML, like Gecko) Chrome/120.0.0.0 Safari/537.36"
95.5.184.59 - - [31/Aug/2026:14:56:35 -0500] "GET /list/goods/bu78zmofr6qsq_4041.shtml HTTP/1.1" 404 5951 "-" "Mozilla/5.0 (Windows NT 10.0; Win64; x64) AppleWebKit/537.36 (KHTML, like Gecko) Chrome/131.0.6778.265 Safari/537.36"
102.220.166.108 - - [31/Aug/2026:14:56:45 -0500] "GET /items/V075008643 HTTP/1.1" 404 5719 "https://motionave.com/sitemap113.xml" "Mozilla/5.0 (Linux; Android 15; M2102J29) AppleWebKit/537.36 (KHTML, like Gecko) Chrome/143.0.5024.69 Mobile Safari/537.36"
66.249.68.201 - - [31/Aug/2026:14:55:44 -0500] "GET /?jp%2F236023670_html HTTP/1.1" 200 133696 "-" "Mozilla/5.0 (Linux; Android 6.0.1; Nexus 5X Build/MMB29P) AppleWebKit/537.36 (KHTML, like Gecko) Chrome/151.0.7922.173 Mobile Safari/537.36 (compatible; Googlebot/2.1; +http://www.google.com/bot.html)"
100.48.72.69 - - [31/Aug/2026:14:56:52 -0500] "GET /wp-content/uploads/2019/03/image3.png HTTP/1.1" 404 5982 "-" "Mozilla/5.0 (Windows NT 10.0; Win64; x64) AppleWebKit/537.36 (KHTML, like Gecko) Chrome/120.0.0.0 Safari/537.36"
104.155.133.75 - - [31/Aug/2026:14:56:56 -0500] "GET /items/D252002358 HTTP/1.1" 404 5926 "-" "Mozilla/5.0 (compatible; Reflectionbot/1.0; +https://reflection.ai/bot)"
100.48.72.69 - - [31/Aug/2026:14:56:57 -0500] "GET /wp-content/uploads/2019/07/B-MOTION_-BLOG-POST-JUN-2-.png HTTP/1.1" 404 5982 "-" "Mozilla/5.0 (Windows NT 10.0; Win64; x64) AppleWebKit/537.36 (KHTML, like Gecko) Chrome/120.0.0.0 Safari/537.36"
100.48.72.69 - - [31/Aug/2026:14:56:58 -0500] "GET /wp-content/uploads/2019/03/image2.png HTTP/1.1" 404 5982 "-" "Mozilla/5.0 (Windows NT 10.0; Win64; x64) AppleWebKit/537.36 (KHTML, like Gecko) Chrome/120.0.0.0 Safari/537.36"
100.48.72.69 - - [31/Aug/2026:14:56:58 -0500] "GET /wp-content/uploads/2019/03/image7.png HTTP/1.1" 404 5982 "-" "Mozilla/5.0 (Windows NT 10.0; Win64; x64) AppleWebKit/537.36 (KHTML, like Gecko) Chrome/120.0.0.0 Safari/537.36"
34.204.173.29 - - [31/Aug/2026:14:56:58 -0500] "GET /wp-content/uploads/2019/05/MOTION_-BLOG-POST-may-2-855x425.jpg HTTP/1.1" 404 5982 "-" "Mozilla/5.0 (Windows NT 10.0; Win64; x64) AppleWebKit/537.36 (KHTML, like Gecko) Chrome/120.0.0.0 Safari/537.36"
195.178.110.15 - - [31/Aug/2026:14:56:59 -0500] "GET /wp-json/gravitysmtp/v1/tests/mock-data?page=gravitysmtp-settings HTTP/1.1" 404 5719 "-" "Mozilla/5.0 (Macintosh; Intel Mac OS X 10_14_6) AppleWebKit/605.1.15 (KHTML, like Gecko) Version/13.1.2 Safari/605.1.15"
66.249.68.38 - - [31/Aug/2026:14:57:07 -0500] "GET /category/217_3313_5450/1 HTTP/1.1" 404 5951 "-" "Mozilla/5.0 (Linux; Android 6.0.1; Nexus 5X Build/MMB29P) AppleWebKit/537.36 (KHTML, like Gecko) Chrome/151.0.7922.173 Mobile Safari/537.36 (compatible; Googlebot/2.1; +http://www.google.com/bot.html)"
62.205.156.88 - - [31/Aug/2026:14:57:13 -0500] "GET /list/goods/ced178tcevvwx4i_47627.shtml HTTP/1.1" 404 5951 "-" "Mozilla/5.0 (Windows NT 10.0; Win64; x64) AppleWebKit/537.36 (KHTML, like Gecko) Chrome/134.0.6998.88 Safari/537.36"
66.249.68.36 - - [31/Aug/2026:14:57:45 -0500] "GET /?jp/133016353.html HTTP/1.1" 301 5175 "-" "Mozilla/5.0 (Linux; Android 6.0.1; Nexus 5X Build/MMB29P) AppleWebKit/537.36 (KHTML, like Gecko) Chrome/151.0.7922.173 Mobile Safari/537.36 (compatible; Googlebot/2.1; +http://www.google.com/bot.html)"
111.92.126.242 - - [31/Aug/2026:14:57:50 -0500] "GET /list/goods/cfq176tdvxo7qv_31411.shtml HTTP/1.1" 404 5951 "-" "Mozilla/5.0 (Macintosh; Intel Mac OS X 15_4_0) AppleWebKit/537.36 (KHTML, like Gecko) Chrome/131.0.6778.265 Safari/537.36"
66.249.68.200 - - [31/Aug/2026:14:57:59 -0500] "GET /?jp%2F133016353_html HTTP/1.1" 200 133696 "-" "Mozilla/5.0 (Linux; Android 6.0.1; Nexus 5X Build/MMB29P) AppleWebKit/537.36 (KHTML, like Gecko) Chrome/151.0.7922.173 Mobile Safari/537.36 (compatible; Googlebot/2.1; +http://www.google.com/bot.html)"
5.154.73.16 - - [31/Aug/2026:14:58:29 -0500] "GET /list/goods/cob15uafvmxquf_35168.shtml HTTP/1.1" 404 5951 "-" "Mozilla/5.0 (Macintosh; U; Intel Mac OS X; en-us) AppleWebKit/419.2.1 (KHTML, like Gecko) Safari/419.3"
66.249.68.36 - - [31/Aug/2026:14:58:50 -0500] "GET /?goods/190049689 HTTP/1.1" 301 5173 "-" "Mozilla/5.0 (Linux; Android 6.0.1; Nexus 5X Build/MMB29P) AppleWebKit/537.36 (KHTML, like Gecko) Chrome/151.0.7922.173 Mobile Safari/537.36 (compatible; Googlebot/2.1; +http://www.google.com/bot.html)"
66.249.68.200 - - [31/Aug/2026:14:58:54 -0500] "GET /?goods%2F190049689 HTTP/1.1" 200 133696 "-" "Mozilla/5.0 (Linux; Android 6.0.1; Nexus 5X Build/MMB29P) AppleWebKit/537.36 (KHTML, like Gecko) Chrome/151.0.7922.173 Mobile Safari/537.36 (compatible; Googlebot/2.1; +http://www.google.com/bot.html)"
102.113.60.94 - - [31/Aug/2026:14:59:08 -0500] "GET /list/goods/dm295rx7yzw_38036.shtml HTTP/1.1" 404 5951 "-" "Mozilla/5.0 (Macintosh; Intel Mac OS X 12_5_1) AppleWebKit/537.36 (KHTML, like Gecko) Chrome/124.0.6367.207 Safari/537.36"
186.189.85.120 - - [31/Aug/2026:14:59:46 -0500] "GET /list/goods/dnff210selyb9qs_23763.shtml HTTP/1.1" 404 5951 "-" "Mozilla/5.0 (Windows NT 10.0; WOW64; rv:134.0) Gecko/20100101 Firefox/134.0"
45.78.205.166 - - [31/Aug/2026:14:59:55 -0500] "GET /wp-content/uploads/2019/08/1-MOTION-thanos-300x300.jpg HTTP/1.1" 404 5926 "http://motionave.com" "Mozilla/5.0 (Macintosh; Intel Mac OS X 10_15_7) AppleWebKit/537.36 (KHTML, like Gecko) Chrome/123.0.0.0 Safari/537.36"
69.16.218.67 - - [31/Aug/2026:14:59:54 -0500] "GET /wp-login.php HTTP/1.1" 200 11475 "-" "Mozilla/5.0 (Windows NT 10.0; Win64; x64) AppleWebKit/537.36 (KHTML, like Gecko) Chrome/151.0.0.0 Safari/537.36"
69.16.218.67 - - [31/Aug/2026:14:59:58 -0500] "POST /wp-login.php HTTP/1.1" 200 7120 "https://motionave.com/wp-login.php" "Mozilla/5.0 (Windows NT 10.0; Win64; x64) AppleWebKit/537.36 (KHTML, like Gecko) Chrome/151.0.0.0 Safari/537.36"
136.119.137.98 - - [31/Aug/2026:15:00:22 -0500] "GET /items/Z008009310 HTTP/1.1" 404 5926 "-" "Mozilla/5.0 (compatible; Reflectionbot/1.0; +https://reflection.ai/bot)"
102.158.170.67 - - [31/Aug/2026:15:00:32 -0500] "GET /list/goods/t178wg5ribmez8_6419.shtml HTTP/1.1" 404 5951 "-" "Mozilla/5.0 (Macintosh; Intel Mac OS X 15.1; rv:134.0) Gecko/20100101 Firefox/134.0"
66.249.68.36 - - [31/Aug/2026:15:00:44 -0500] "GET /?jp/178006319.html HTTP/1.1" 301 5175 "-" "Mozilla/5.0 (Linux; Android 6.0.1; Nexus 5X Build/MMB29P) AppleWebKit/537.36 (KHTML, like Gecko) Chrome/151.0.7922.173 Mobile Safari/537.36 (compatible; Googlebot/2.1; +http://www.google.com/bot.html)"
136.64.215.100 - - [31/Aug/2026:15:00:49 -0500] "GET /items/F189030615 HTTP/1.1" 404 5926 "-" "Mozilla/5.0 (compatible; Reflectionbot/1.0; +https://reflection.ai/bot)"
66.249.68.36 - - [31/Aug/2026:15:00:50 -0500] "GET /list/goods/ff15lexhqhxxij_936.shtml HTTP/1.1" 404 5951 "-" "Mozilla/5.0 (Linux; Android 6.0.1; Nexus 5X Build/MMB29P) AppleWebKit/537.36 (KHTML, like Gecko) Chrome/151.0.7922.173 Mobile Safari/537.36 (compatible; Googlebot/2.1; +http://www.google.com/bot.html)"
66.249.68.200 - - [31/Aug/2026:15:00:55 -0500] "GET /?jp%2F178006319_html HTTP/1.1" 200 133696 "-" "Mozilla/5.0 (Linux; Android 6.0.1; Nexus 5X Build/MMB29P) AppleWebKit/537.36 (KHTML, like Gecko) Chrome/151.0.7922.173 Mobile Safari/537.36 (compatible; Googlebot/2.1; +http://www.google.com/bot.html)"
179.64.21.151 - - [31/Aug/2026:15:00:58 -0500] "GET /list/goods/fns191pwylfwrh5_33100.shtml HTTP/1.1" 404 5719 "https://motionave.com/sitemap760.xml" "Mozilla/5.0 (Linux; Android 12; M2102J25) AppleWebKit/537.36 (KHTML, like Gecko) Chrome/144.0.5996.22 Mobile Safari/537.36 MicroMessenger/8.0.46(0x18001B3F) NetType/WIFI Language/zh_CN"
136.113.204.71 - - [31/Aug/2026:15:01:01 -0500] "GET /items/D004020170 HTTP/1.1" 404 5926 "-" "Mozilla/5.0 (compatible; Reflectionbot/1.0; +https://reflection.ai/bot)"
146.174.168.111 - - [31/Aug/2026:15:01:09 -0500] "GET /list/goods/twysm44k3xpig7_3295.shtml HTTP/1.1" 404 5951 "-" "Mozilla/5.0 (Macintosh; Intel Mac OS X 15_3_1) AppleWebKit/537.36 (KHTML, like Gecko) Chrome/129.0.6668.29 Safari/537.36"
66.249.68.38 - - [31/Aug/2026:15:01:12 -0500] "GET /?goods/267015381 HTTP/1.1" 301 5173 "-" "Mozilla/5.0 (Linux; Android 6.0.1; Nexus 5X Build/MMB29P) AppleWebKit/537.36 (KHTML, like Gecko) Chrome/151.0.7922.173 Mobile Safari/537.36 (compatible; Googlebot/2.1; +http://www.google.com/bot.html)"
66.249.68.201 - - [31/Aug/2026:15:01:17 -0500] "GET /?goods%2F267015381 HTTP/1.1" 200 133696 "-" "Mozilla/5.0 (Linux; Android 6.0.1; Nexus 5X Build/MMB29P) AppleWebKit/537.36 (KHTML, like Gecko) Chrome/151.0.7922.173 Mobile Safari/537.36 (compatible; Googlebot/2.1; +http://www.google.com/bot.html)"
78.163.133.36 - - [31/Aug/2026:15:01:53 -0500] "GET /list/goods/tyo296uf9quy1ub_17433.shtml HTTP/1.1" 404 5951 "-" "Mozilla/5.0 (Macintosh; Intel Mac OS X 13_7_0) AppleWebKit/537.36 (KHTML, like Gecko) Chrome/132.0.6834.110 Safari/537.36"
187.62.185.19 - - [31/Aug/2026:15:02:27 -0500] "GET /list/goods/u2qgobezd7flnm_32109.shtml HTTP/1.1" 404 5951 "-" "Mozilla/5.0 (Macintosh; Intel Mac OS X 12_5_0) AppleWebKit/537.36 (KHTML, like Gecko) Chrome/130.0.6723.69 Safari/537.36"
198.98.54.225 - - [31/Aug/2026:15:02:35 -0500] "GET /wp-login.php HTTP/1.1" 200 11320 "-" "Mozilla/5.0 (Windows NT 6.3; WOW64; Trident/7.0; rv:11.0) like Gecko"
198.98.54.225 - - [31/Aug/2026:15:02:37 -0500] "POST /wp-login.php HTTP/1.1" 200 7187 "-" "Mozilla/5.0 (Windows NT 6.3; WOW64; Trident/7.0; rv:11.0) like Gecko"
44.222.87.196 - - [31/Aug/2026:15:03:01 -0500] "GET /wp-content/uploads/2019/06/photo4909050871350929456-855x425.jpg HTTP/1.1" 404 5982 "-" "Mozilla/5.0 (Windows NT 10.0; Win64; x64) AppleWebKit/537.36 (KHTML, like Gecko) Chrome/120.0.0.0 Safari/537.36"
169.224.5.153 - - [31/Aug/2026:15:03:04 -0500] "GET /list/goods/v126wfcg3ir_3469.shtml HTTP/1.1" 404 5951 "-" "Mozilla/5.0 (Macintosh; Intel Mac OS X 15_0_1) AppleWebKit/537.36 (KHTML, like Gecko) Chrome/130.0.6723.116 Safari/537.36"
44.222.87.196 - - [31/Aug/2026:15:03:04 -0500] "GET /wp-content/plugins/leaflet-maps-marker/inc/img/icon-kml.png HTTP/1.1" 404 5982 "-" "Mozilla/5.0 (Windows NT 10.0; Win64; x64) AppleWebKit/537.36 (KHTML, like Gecko) Chrome/120.0.0.0 Safari/537.36"
44.222.87.196 - - [31/Aug/2026:15:03:18 -0500] "GET /wp-content/plugins/leaflet-maps-marker/inc/img/icon-fullscreen.png HTTP/1.1" 404 5982 "-" "Mozilla/5.0 (Windows NT 10.0; Win64; x64) AppleWebKit/537.36 (KHTML, like Gecko) Chrome/120.0.0.0 Safari/537.36"
44.222.87.196 - - [31/Aug/2026:15:03:33 -0500] "GET /wp-content/uploads/2019/05/MOTION_-BLOG-POST-may-2-855x425.jpg HTTP/1.1" 404 5982 "-" "Mozilla/5.0 (Windows NT 10.0; Win64; x64) AppleWebKit/537.36 (KHTML, like Gecko) Chrome/120.0.0.0 Safari/537.36"
136.112.153.229 - - [31/Aug/2026:15:03:37 -0500] "GET /items/J047028741 HTTP/1.1" 404 5926 "-" "Mozilla/5.0 (compatible; Reflectionbot/1.0; +https://reflection.ai/bot)"
102.68.192.213 - - [31/Aug/2026:15:03:39 -0500] "GET /items/V289041257 HTTP/1.1" 404 5719 "https://motionave.com/sitemap274.xml" "Mozilla/5.0 (Linux; Android 15; OPPO PCLM1) AppleWebKit/537.36 (KHTML, like Gecko) Chrome/153.0.5975.1 Mobile Safari/537.36"
44.222.87.196 - - [31/Aug/2026:15:03:39 -0500] "GET /wp-content/uploads/2019/05/photo5071517054523255027-855x425.jpg HTTP/1.1" 404 5982 "-" "Mozilla/5.0 (Windows NT 10.0; Win64; x64) AppleWebKit/537.36 (KHTML, like Gecko) Chrome/120.0.0.0 Safari/537.36"
109.138.61.60 - - [31/Aug/2026:15:03:41 -0500] "GET /list/goods/v53lnsta_3960.shtml HTTP/1.1" 404 5951 "-" "Mozilla/5.0 (Macintosh; Intel Mac OS X 12.4; rv:131.0) Gecko/20100101 Firefox/131.0"
66.249.68.37 - - [31/Aug/2026:15:03:42 -0500] "GET /?detail/23302468497305 HTTP/1.1" 301 5179 "-" "Mozilla/5.0 (compatible; Googlebot/2.1; +http://www.google.com/bot.html)"
66.249.68.37 - - [31/Aug/2026:15:03:50 -0500] "GET /category/22_23_891_892/1 HTTP/1.1" 404 5951 "-" "Mozilla/5.0 (Linux; Android 6.0.1; Nexus 5X Build/MMB29P) AppleWebKit/537.36 (KHTML, like Gecko) Chrome/151.0.7922.173 Mobile Safari/537.36 (compatible; Googlebot/2.1; +http://www.google.com/bot.html)"
66.249.68.200 - - [31/Aug/2026:15:04:02 -0500] "GET /?detail%2F23302468497305 HTTP/1.1" 200 133696 "-" "Mozilla/5.0 (compatible; Googlebot/2.1; +http://www.google.com/bot.html)"
169.224.4.118 - - [31/Aug/2026:15:04:20 -0500] "GET /list/goods/w242sjngjall_39163.shtml HTTP/1.1" 404 5951 "-" "Mozilla/5.0 (Macintosh; Intel Mac OS X 14_3_0) AppleWebKit/537.36 (KHTML, like Gecko) Chrome/128.0.6613.137 Safari/537.36"
34.30.98.44 - - [31/Aug/2026:15:04:30 -0500] "GET /robots.txt HTTP/1.1" 404 5926 "-" "Mozilla/5.0 (compatible; Reflectionbot/1.0; +https://reflection.ai/bot)"
34.30.98.44 - - [31/Aug/2026:15:04:30 -0500] "GET /list/goods/nejvv167hcpplzeyati_27952.shtml HTTP/1.1" 404 1301 "-" "Mozilla/5.0 (compatible; Reflectionbot/1.0; +https://reflection.ai/bot)"
3.80.49.181 - - [31/Aug/2026:15:04:32 -0500] "GET / HTTP/1.1" 200 133850 "-" "axios/1.13.5"
98.93.175.113 - - [31/Aug/2026:15:04:48 -0500] "GET /wp-content/uploads/2019/05/photo5071517054523255027-855x425.jpg HTTP/1.1" 404 5982 "-" "Mozilla/5.0 (Windows NT 10.0; Win64; x64) AppleWebKit/537.36 (KHTML, like Gecko) Chrome/120.0.0.0 Safari/537.36"
213.94.48.118 - - [31/Aug/2026:15:04:57 -0500] "GET /list/goods/we29nueylx_38294.shtml HTTP/1.1" 404 5951 "-" "Mozilla/5.0 (Macintosh; Intel Mac OS X 14_5_0) AppleWebKit/537.36 (KHTML, like Gecko) Chrome/133.0.6943.98 Safari/537.36"
98.93.175.113 - - [31/Aug/2026:15:04:59 -0500] "GET /wp-content/plugins/simple-share-buttons-adder/buttons/somacro/linkedin.png HTTP/1.1" 404 5982 "-" "Mozilla/5.0 (Windows NT 10.0; Win64; x64) AppleWebKit/537.36 (KHTML, like Gecko) Chrome/120.0.0.0 Safari/537.36"
98.93.175.113 - - [31/Aug/2026:15:05:10 -0500] "GET /wp-content/plugins/simple-share-buttons-adder/buttons/somacro/twitter.png HTTP/1.1" 404 5982 "-" "Mozilla/5.0 (Windows NT 10.0; Win64; x64) AppleWebKit/537.36 (KHTML, like Gecko) Chrome/120.0.0.0 Safari/537.36"
98.93.175.113 - - [31/Aug/2026:15:05:28 -0500] "GET /wp-content/plugins/simple-share-buttons-adder/buttons/somacro/facebook.png HTTP/1.1" 404 5982 "-" "Mozilla/5.0 (Windows NT 10.0; Win64; x64) AppleWebKit/537.36 (KHTML, like Gecko) Chrome/120.0.0.0 Safari/537.36"
98.93.175.113 - - [31/Aug/2026:15:05:39 -0500] "GET /wp-content/plugins/simple-share-buttons-adder/buttons/somacro/facebook.png HTTP/1.1" 404 5982 "-" "Mozilla/5.0 (Windows NT 10.0; Win64; x64) AppleWebKit/537.36 (KHTML, like Gecko) Chrome/120.0.0.0 Safari/537.36"
178.129.71.158 - - [31/Aug/2026:15:05:39 -0500] "GET /list/goods/wm35cj7l9cldi_13366.shtml HTTP/1.1" 404 5951 "-" "Mozilla/5.0 (Windows NT 10.0; Win64; x64) AppleWebKit/537.36 (KHTML, like Gecko) Chrome/133.0.6943.53 Safari/537.36"
98.93.175.113 - - [31/Aug/2026:15:05:41 -0500] "GET /wp-content/plugins/simple-share-buttons-adder/buttons/somacro/twitter.png HTTP/1.1" 404 5982 "-" "Mozilla/5.0 (Windows NT 10.0; Win64; x64) AppleWebKit/537.36 (KHTML, like Gecko) Chrome/120.0.0.0 Safari/537.36"
45.61.187.148 - - [31/Aug/2026:15:06:09 -0500] "GET /wp-login.php HTTP/1.1" 200 11320 "-" "Mozilla/5.0 (Macintosh; Intel Mac OS X 10_9_0) AppleWebKit/537.36 (KHTML, like Gecko) Chrome/36.0.1985.125 Safari/537.36"
98.93.175.113 - - [31/Aug/2026:15:06:13 -0500] "GET /wp-content/plugins/simple-share-buttons-adder/buttons/somacro/linkedin.png HTTP/1.1" 404 5982 "-" "Mozilla/5.0 (Windows NT 10.0; Win64; x64) AppleWebKit/537.36 (KHTML, like Gecko) Chrome/120.0.0.0 Safari/537.36"
170.0.72.139 - - [31/Aug/2026:15:06:14 -0500] "GET /list/goods/wzam69atwnxfz_23208.shtml HTTP/1.1" 404 5951 "-" "Mozilla/5.0 (Macintosh; Intel Mac OS X 12.1; rv:125.0) Gecko/20100101 Firefox/125.0"
209.50.176.39 - - [31/Aug/2026:15:06:19 -0500] "GET /wp-content/uploads/2019/05/image9.jpg HTTP/1.1" 404 5982 "-" "MathPicDatasetCrawler/0.1 (+research)"
77.75.77.101 - - [31/Aug/2026:15:06:21 -0500] "GET /items/X001048893 HTTP/1.1" 404 5771 "-" "Mozilla/5.0 (compatible; SeznamBot/4.0; +https://o-seznam.cz/napoveda/vyhledavani/en/seznambot-crawler/)"
44.200.103.88 - - [31/Aug/2026:15:06:37 -0500] "GET /wp-content/plugins/simple-share-buttons-adder/buttons/somacro/twitter.png HTTP/1.1" 404 5982 "-" "Mozilla/5.0 (Windows NT 10.0; Win64; x64) AppleWebKit/537.36 (KHTML, like Gecko) Chrome/120.0.0.0 Safari/537.36"
44.200.103.88 - - [31/Aug/2026:15:06:44 -0500] "GET /wp-content/plugins/simple-share-buttons-adder/buttons/somacro/facebook.png HTTP/1.1" 404 5982 "-" "Mozilla/5.0 (Windows NT 10.0; Win64; x64) AppleWebKit/537.36 (KHTML, like Gecko) Chrome/120.0.0.0 Safari/537.36"
44.200.103.88 - - [31/Aug/2026:15:06:49 -0500] "GET /wp-content/plugins/simple-share-buttons-adder/buttons/somacro/facebook.png HTTP/1.1" 404 5982 "-" "Mozilla/5.0 (Windows NT 10.0; Win64; x64) AppleWebKit/537.36 (KHTML, like Gecko) Chrome/120.0.0.0 Safari/537.36"
146.174.170.185 - - [31/Aug/2026:15:06:51 -0500] "GET /list/goods/wzcrf240zkbpfiz_30527.shtml HTTP/1.1" 404 5951 "-" "Mozilla/5.0 (Macintosh; Intel Mac OS X 10_15_7) AppleWebKit/537.36 (KHTML, like Gecko) Chrome/126.0.6478.55 Safari/537.36"
190.92.174.88 - - [31/Aug/2026:15:07:05 -0500] "GET /wp-login.php HTTP/1.1" 200 11475 "-" "190.92.174.88"
44.200.103.88 - - [31/Aug/2026:15:07:06 -0500] "GET /wp-content/uploads/2016/10/ETA-1024x669.png HTTP/1.1" 404 5982 "-" "Mozilla/5.0 (Windows NT 10.0; Win64; x64) AppleWebKit/537.36 (KHTML, like Gecko) Chrome/120.0.0.0 Safari/537.36"
190.92.174.88 - - [31/Aug/2026:15:07:06 -0500] "POST /wp-login.php HTTP/1.1" 200 7120 "https://motionave.com/wp-login.php" "190.92.174.88"
66.249.68.36 - - [31/Aug/2026:15:07:13 -0500] "GET /?detail/06501147674436 HTTP/1.1" 301 5179 "-" "Mozilla/5.0 (Linux; Android 6.0.1; Nexus 5X Build/MMB29P) AppleWebKit/537.36 (KHTML, like Gecko) Chrome/151.0.7922.173 Mobile Safari/537.36 (compatible; Googlebot/2.1; +http://www.google.com/bot.html)"
66.249.68.192 - - [31/Aug/2026:15:07:20 -0500] "GET /?detail%2F06501147674436 HTTP/1.1" 200 133696 "-" "Mozilla/5.0 (Linux; Android 6.0.1; Nexus 5X Build/MMB29P) AppleWebKit/537.36 (KHTML, like Gecko) Chrome/151.0.7922.173 Mobile Safari/537.36 (compatible; Googlebot/2.1; +http://www.google.com/bot.html)"
125.164.233.90 - - [31/Aug/2026:14:51:03 -0500] "GET /wp-includes/js/zxcvbn.min.js HTTP/1.1" 200 142621 "https://motionave.com/wp-login.php?redirect_to=https%3A%2F%2Fmotionave.com%2Fwp-admin%2F&reauth=1" "Mozilla/5.0 (Windows NT 10.0; Win64; x64) AppleWebKit/537.36 (KHTML, like Gecko) Chrome/144.0.0.0 Safari/537.36"
44.200.103.88 - - [31/Aug/2026:15:07:39 -0500] "GET /wp-content/plugins/simple-share-buttons-adder/buttons/somacro/linkedin.png HTTP/1.1" 404 5982 "-" "Mozilla/5.0 (Windows NT 10.0; Win64; x64) AppleWebKit/537.36 (KHTML, like Gecko) Chrome/120.0.0.0 Safari/537.36"
44.200.103.88 - - [31/Aug/2026:15:07:49 -0500] "GET /wp-content/plugins/simple-share-buttons-adder/buttons/somacro/twitter.png HTTP/1.1" 404 5982 "-" "Mozilla/5.0 (Windows NT 10.0; Win64; x64) AppleWebKit/537.36 (KHTML, like Gecko) Chrome/120.0.0.0 Safari/537.36"
44.200.103.88 - - [31/Aug/2026:15:07:50 -0500] "GET /wp-content/uploads/2016/10/Five-Things-That-Annoy-Customers-on-Social-Media-1-1024x683.jpg HTTP/1.1" 404 5982 "-" "Mozilla/5.0 (Windows NT 10.0; Win64; x64) AppleWebKit/537.36 (KHTML, like Gecko) Chrome/120.0.0.0 Safari/537.36"
44.200.103.88 - - [31/Aug/2026:15:07:53 -0500] "GET /wp-content/uploads/2016/10/ihop-flat-final-hed-2015.jpg HTTP/1.1" 404 5982 "-" "Mozilla/5.0 (Windows NT 10.0; Win64; x64) AppleWebKit/537.36 (KHTML, like Gecko) Chrome/120.0.0.0 Safari/537.36"
44.200.103.88 - - [31/Aug/2026:15:07:56 -0500] "GET /wp-content/plugins/simple-share-buttons-adder/buttons/somacro/linkedin.png HTTP/1.1" 404 5982 "-" "Mozilla/5.0 (Windows NT 10.0; Win64; x64) AppleWebKit/537.36 (KHTML, like Gecko) Chrome/120.0.0.0 Safari/537.36"
139.135.192.25 - - [31/Aug/2026:15:08:06 -0500] "GET /list/goods/xbhln272fqpx1tm_38925.shtml HTTP/1.1" 404 5951 "-" "Mozilla/5.0 (Windows NT 10.0; Win64; x64; rv:132.0) Gecko/20100101 Firefox/132.0"
185.136.148.28 - - [31/Aug/2026:15:08:08 -0500] "GET /list/goods/xn82xjf7x8na2b_43645.shtml HTTP/1.1" 404 5951 "-" "Mozilla/5.0 (Windows NT 10.0; Win64; x64; rv:128.0) Gecko/20100101 Firefox/128.0"
104.155.133.75 - - [31/Aug/2026:15:08:31 -0500] "GET /items/K047007507 HTTP/1.1" 404 5926 "-" "Mozilla/5.0 (compatible; Reflectionbot/1.0; +https://reflection.ai/bot)"
66.249.68.36 - - [31/Aug/2026:15:08:38 -0500] "GET /?detail/116049953167 HTTP/1.1" 301 5177 "-" "Mozilla/5.0 (Linux; Android 6.0.1; Nexus 5X Build/MMB29P) AppleWebKit/537.36 (KHTML, like Gecko) Chrome/151.0.7922.173 Mobile Safari/537.36 (compatible; Googlebot/2.1; +http://www.google.com/bot.html)"
174.22.117.125 - - [31/Aug/2026:15:08:46 -0500] "GET /list/goods/xwq175b7d0a4_29324.shtml HTTP/1.1" 404 5951 "-" "Mozilla/5.0 (Macintosh; Intel Mac OS X 11_7_0) AppleWebKit/537.36 (KHTML, like Gecko) Chrome/129.0.6668.29 Safari/537.36"
66.249.68.192 - - [31/Aug/2026:15:08:58 -0500] "GET /?detail%2F116049953167 HTTP/1.1" 200 133696 "-" "Mozilla/5.0 (Linux; Android 6.0.1; Nexus 5X Build/MMB29P) AppleWebKit/537.36 (KHTML, like Gecko) Chrome/151.0.7922.173 Mobile Safari/537.36 (compatible; Googlebot/2.1; +http://www.google.com/bot.html)"
136.64.215.100 - - [31/Aug/2026:15:09:11 -0500] "GET /list/goods/p28khogt_109.shtml HTTP/1.1" 404 5926 "-" "Mozilla/5.0 (compatible; Reflectionbot/1.0; +https://reflection.ai/bot)"
66.249.68.36 - - [31/Aug/2026:15:09:46 -0500] "GET /?detail/053031566113 HTTP/1.1" 301 5177 "-" "Mozilla/5.0 (Linux; Android 6.0.1; Nexus 5X Build/MMB29P) AppleWebKit/537.36 (KHTML, like Gecko) Chrome/151.0.7922.173 Mobile Safari/537.36 (compatible; Googlebot/2.1; +http://www.google.com/bot.html)"
45.61.187.148 - - [31/Aug/2026:15:09:54 -0500] "POST /wp-login.php HTTP/1.1" 200 11744 "-" "Mozilla/5.0 (Macintosh; Intel Mac OS X 10_9_0) AppleWebKit/537.36 (KHTML, like Gecko) Chrome/36.0.1985.125 Safari/537.36"
17.166.151.91 - - [31/Aug/2026:15:09:54 -0500] "GET /robots.txt HTTP/1.1" 404 5926 "-" "Mozilla/5.0 (Macintosh; Intel Mac OS X 10_15_7) AppleWebKit/605.1.15 (KHTML, like Gecko) Version/17.4 Safari/605.1.15 (Applebot/0.1; +http://www.apple.com/go/applebot)"
17.166.151.91 - - [31/Aug/2026:15:09:55 -0500] "GET /category/uncategorized/feed/ HTTP/1.1" 404 1145 "-" "Mozilla/5.0 (Macintosh; Intel Mac OS X 10_15_7) AppleWebKit/605.1.15 (KHTML, like Gecko) Version/17.4 Safari/605.1.15 (Applebot/0.1; +http://www.apple.com/go/applebot)"
66.249.68.201 - - [31/Aug/2026:15:09:59 -0500] "GET /?detail%2F053031566113 HTTP/1.1" 200 133696 "-" "Mozilla/5.0 (Linux; Android 6.0.1; Nexus 5X Build/MMB29P) AppleWebKit/537.36 (KHTML, like Gecko) Chrome/151.0.7922.173 Mobile Safari/537.36 (compatible; Googlebot/2.1; +http://www.google.com/bot.html)"
100.31.150.94 - - [31/Aug/2026:15:10:00 -0500] "GET /wp-content/uploads/2019/05/photo5116401721919252508-855x425.jpg HTTP/1.1" 404 5982 "-" "Mozilla/5.0 (Windows NT 10.0; Win64; x64) AppleWebKit/537.36 (KHTML, like Gecko) Chrome/120.0.0.0 Safari/537.36"
179.146.78.16 - - [31/Aug/2026:15:10:03 -0500] "GET /list/goods/yz234nye03tkw_15181.shtml HTTP/1.1" 404 5951 "-" "Mozilla/5.0 (Macintosh; Intel Mac OS X 12.7; rv:133.0) Gecko/20100101 Firefox/133.0"
100.31.150.94 - - [31/Aug/2026:15:10:13 -0500] "GET /wp-content/uploads/2019/05/MOTION_-BLOG-POST-may-2-855x425.jpg HTTP/1.1" 404 5982 "-" "Mozilla/5.0 (Windows NT 10.0; Win64; x64) AppleWebKit/537.36 (KHTML, like Gecko) Chrome/120.0.0.0 Safari/537.36"
100.31.150.94 - - [31/Aug/2026:15:10:18 -0500] "GET /wp-content/uploads/2019/05/photo5071517054523255027-855x425.jpg HTTP/1.1" 404 5982 "-" "Mozilla/5.0 (Windows NT 10.0; Win64; x64) AppleWebKit/537.36 (KHTML, like Gecko) Chrome/120.0.0.0 Safari/537.36"
100.31.150.94 - - [31/Aug/2026:15:10:20 -0500] "GET /wp-content/uploads/2019/06/photo4909050871350929456-855x425.jpg HTTP/1.1" 404 5982 "-" "Mozilla/5.0 (Windows NT 10.0; Win64; x64) AppleWebKit/537.36 (KHTML, like Gecko) Chrome/120.0.0.0 Safari/537.36"
100.31.150.94 - - [31/Aug/2026:15:10:29 -0500] "GET /wp-content/uploads/2019/05/photo5116401721919252508-855x425.jpg HTTP/1.1" 404 5982 "-" "Mozilla/5.0 (Windows NT 10.0; Win64; x64) AppleWebKit/537.36 (KHTML, like Gecko) Chrome/120.0.0.0 Safari/537.36"
189.15.154.84 - - [31/Aug/2026:15:10:41 -0500] "GET /list/goods/yzmg106uixumyzrjy_43161.shtml HTTP/1.1" 404 5951 "-" "Mozilla/5.0 (Macintosh; Intel Mac OS X 13_5_2) AppleWebKit/537.36 (KHTML, like Gecko) Chrome/129.0.6668.100 Safari/537.36"
100.31.150.94 - - [31/Aug/2026:15:10:45 -0500] "GET /wp-content/plugins/leaflet-maps-marker/inc/img/icon-kml.png HTTP/1.1" 404 5982 "-" "Mozilla/5.0 (Windows NT 10.0; Win64; x64) AppleWebKit/537.36 (KHTML, like Gecko) Chrome/120.0.0.0 Safari/537.36"
34.16.27.129 - - [31/Aug/2026:15:10:56 -0500] "GET /items/O255011989 HTTP/1.1" 404 5926 "-" "Mozilla/5.0 (compatible; Reflectionbot/1.0; +https://reflection.ai/bot)"
100.31.150.94 - - [31/Aug/2026:15:10:59 -0500] "GET /wp-content/uploads/2019/06/photo4909050871350929456-855x425.jpg HTTP/1.1" 404 5982 "-" "Mozilla/5.0 (Windows NT 10.0; Win64; x64) AppleWebKit/537.36 (KHTML, like Gecko) Chrome/120.0.0.0 Safari/537.36"
100.31.150.94 - - [31/Aug/2026:15:11:01 -0500] "GET /wp-content/uploads/2019/05/photo5116401721919252508-855x425.jpg HTTP/1.1" 404 5982 "-" "Mozilla/5.0 (Windows NT 10.0; Win64; x64) AppleWebKit/537.36 (KHTML, like Gecko) Chrome/120.0.0.0 Safari/537.36"
100.31.150.94 - - [31/Aug/2026:15:11:04 -0500] "GET /wp-content/plugins/leaflet-maps-marker/inc/img/icon-fullscreen.png HTTP/1.1" 404 5982 "-" "Mozilla/5.0 (Windows NT 10.0; Win64; x64) AppleWebKit/537.36 (KHTML, like Gecko) Chrome/120.0.0.0 Safari/537.36"
100.31.150.94 - - [31/Aug/2026:15:11:05 -0500] "GET /wp-content/uploads/2019/05/photo5071517054523255027-855x425.jpg HTTP/1.1" 404 5982 "-" "Mozilla/5.0 (Windows NT 10.0; Win64; x64) AppleWebKit/537.36 (KHTML, like Gecko) Chrome/120.0.0.0 Safari/537.36"
104.155.133.75 - - [31/Aug/2026:15:11:06 -0500] "GET /list/goods/fyylc114bkdfo1_36625.shtml HTTP/1.1" 404 5926 "-" "Mozilla/5.0 (compatible; Reflectionbot/1.0; +https://reflection.ai/bot)"
100.31.150.94 - - [31/Aug/2026:15:11:08 -0500] "GET /wp-content/uploads/2019/05/photo5116401721919252508-855x425.jpg HTTP/1.1" 404 5982 "-" "Mozilla/5.0 (Windows NT 10.0; Win64; x64) AppleWebKit/537.36 (KHTML, like Gecko) Chrome/120.0.0.0 Safari/537.36"
100.31.150.94 - - [31/Aug/2026:15:11:09 -0500] "GET /wp-content/uploads/2019/06/photo4909050871350929456-855x425.jpg HTTP/1.1" 404 5982 "-" "Mozilla/5.0 (Windows NT 10.0; Win64; x64) AppleWebKit/537.36 (KHTML, like Gecko) Chrome/120.0.0.0 Safari/537.36"
188.51.213.51 - - [31/Aug/2026:15:11:18 -0500] "GET /list/goods/zpdh153dmrdp6q9_4062.shtml HTTP/1.1" 404 5951 "-" "Mozilla/5.0 (Macintosh; Intel Mac OS X 15_2_1) AppleWebKit/537.36 (KHTML, like Gecko) Chrome/131.0.6778.139 Safari/537.36"
66.249.68.192 - - [31/Aug/2026:15:11:21 -0500] "GET /?jp/156000619.html HTTP/1.1" 301 5175 "-" "Mozilla/5.0 (compatible; Googlebot/2.1; +http://www.google.com/bot.html)"
66.249.68.201 - - [31/Aug/2026:15:11:33 -0500] "GET /?jp%2F156000619_html HTTP/1.1" 200 133696 "-" "Mozilla/5.0 (compatible; Googlebot/2.1; +http://www.google.com/bot.html)"
66.249.68.36 - - [31/Aug/2026:15:11:44 -0500] "GET /?goods/112003297 HTTP/1.1" 301 5173 "-" "Mozilla/5.0 (Linux; Android 6.0.1; Nexus 5X Build/MMB29P) AppleWebKit/537.36 (KHTML, like Gecko) Chrome/151.0.7922.173 Mobile Safari/537.36 (compatible; Googlebot/2.1; +http://www.google.com/bot.html)"
66.249.68.200 - - [31/Aug/2026:15:11:52 -0500] "GET /?goods%2F112003297 HTTP/1.1" 200 133696 "-" "Mozilla/5.0 (Linux; Android 6.0.1; Nexus 5X Build/MMB29P) AppleWebKit/537.36 (KHTML, like Gecko) Chrome/151.0.7922.173 Mobile Safari/537.36 (compatible; Googlebot/2.1; +http://www.google.com/bot.html)"
38.51.200.110 - - [31/Aug/2026:15:11:56 -0500] "GET /list/goods/zs154gunolbt1o_38593.shtml HTTP/1.1" 404 5951 "-" "Mozilla/5.0 (Macintosh; Intel Mac OS X 12_3_1) AppleWebKit/537.36 (KHTML, like Gecko) Chrome/130.0.6723.191 Safari/537.36"
190.114.246.106 - - [31/Aug/2026:15:11:59 -0500] "GET /items/V219035943 HTTP/1.1" 404 5719 "https://motionave.com/sitemap794.xml" "Mozilla/5.0 (Linux; Android 12; OPPO PCLM1) AppleWebKit/537.36 (KHTML, like Gecko) Chrome/146.0.5483.71 Mobile Safari/537.36"
66.249.68.37 - - [31/Aug/2026:15:12:00 -0500] "GET /?detail/27002792823997 HTTP/1.1" 301 5179 "-" "Mozilla/5.0 (Linux; Android 6.0.1; Nexus 5X Build/MMB29P) AppleWebKit/537.36 (KHTML, like Gecko) Chrome/151.0.7922.173 Mobile Safari/537.36 (compatible; Googlebot/2.1; +http://www.google.com/bot.html)"
66.249.68.192 - - [31/Aug/2026:15:12:04 -0500] "GET /?detail%2F27002792823997 HTTP/1.1" 200 133696 "-" "Mozilla/5.0 (Linux; Android 6.0.1; Nexus 5X Build/MMB29P) AppleWebKit/537.36 (KHTML, like Gecko) Chrome/151.0.7922.173 Mobile Safari/537.36 (compatible; Googlebot/2.1; +http://www.google.com/bot.html)"
209.141.57.84 - - [31/Aug/2026:15:12:31 -0500] "GET /wp-login.php HTTP/1.1" 200 11320 "-" "Mozilla/5.0 (Windows NT 10.0; Win64; x64) AppleWebKit/537.36 (KHTML, like Gecko) Chrome/118.0.0.0 Safari/537.36 Edg/118.0.2088.46"
197.239.13.249 - - [31/Aug/2026:15:12:36 -0500] "GET /list/goods/zzj84srxrjlw7t_48379.shtml HTTP/1.1" 404 5951 "-" "Mozilla/5.0 (Macintosh; Intel Mac OS X 14_3_0) AppleWebKit/537.36 (KHTML, like Gecko) Chrome/128.0.6613.137 Safari/537.36"
66.249.68.201 - - [31/Aug/2026:15:12:54 -0500] "GET /?goods/171036184 HTTP/1.1" 301 5173 "-" "Mozilla/5.0 (compatible; Googlebot/2.1; +http://www.google.com/bot.html)"
66.249.68.200 - - [31/Aug/2026:15:13:00 -0500] "GET /?goods%2F171036184 HTTP/1.1" 200 133696 "-" "Mozilla/5.0 (compatible; Googlebot/2.1; +http://www.google.com/bot.html)"
45.135.3.19 - - [31/Aug/2026:15:13:04 -0500] "POST /xmlrpc.php HTTP/1.1" 200 5245 "-" "Apache-HttpClient/4.5.13 (Java/17.0.18)"
45.135.3.19 - - [31/Aug/2026:15:13:05 -0500] "POST /xmlrpc.php HTTP/1.1" 200 5468 "-" "Apache-HttpClient/4.5.13 (Java/17.0.18)"
37.205.115.168 - - [31/Aug/2026:15:13:06 -0500] "GET / HTTP/1.1" 301 5149 "http://www.motionave.com/" "Mozilla/5.0 (Windows NT 10.0; Win64; x64) AppleWebKit/537.36 (KHTML, like Gecko) Chrome/144.0.0.0 Safari/537.36 Edg/144.0.0.0"
45.135.3.19 - - [31/Aug/2026:15:13:07 -0500] "GET /wp-login.php HTTP/1.1" 200 11500 "https://www.google.com" "Mozilla/5.0 (X11; Linux x86_64) AppleWebKit/537.36 (KHTML, like Gecko) Chrome/119.0.0.0 Safari/537.36"
155.212.39.110 - - [31/Aug/2026:15:13:08 -0500] "GET /wp-login.php HTTP/1.1" 200 11500 "https://www.google.com" "Mozilla/5.0 (X11; Linux x86_64) AppleWebKit/537.36 (KHTML, like Gecko) Chrome/119.0.0.0 Safari/537.36"
82.225.217.158 - - [31/Aug/2026:15:13:09 -0500] "GET / HTTP/1.1" 200 133844 "https://www.motionave.com/" "Mozilla/5.0 (Windows NT 10.0; Win64; x64) AppleWebKit/537.36 (KHTML, like Gecko) Chrome/144.0.0.0 Safari/537.36 Edg/144.0.0.0"
155.212.39.110 - - [31/Aug/2026:15:13:10 -0500] "POST /wp-login.php HTTP/1.1" 200 11902 "https://motionave.com/wp-login.php" "Mozilla/5.0 (X11; Linux x86_64) AppleWebKit/537.36 (KHTML, like Gecko) Chrome/119.0.0.0 Safari/537.36"
45.135.3.19 - - [31/Aug/2026:15:13:11 -0500] "GET /wp-json/wp/v2/users HTTP/1.1" 404 5951 "https://www.google.com" "Mozilla/5.0 (X11; Linux x86_64) AppleWebKit/537.36 (KHTML, like Gecko) Chrome/119.0.0.0 Safari/537.36"
45.135.3.19 - - [31/Aug/2026:15:13:11 -0500] "GET /?author=1 HTTP/1.1" 301 5181 "https://www.google.com" "Mozilla/5.0 (X11; Linux x86_64) AppleWebKit/537.36 (KHTML, like Gecko) Chrome/119.0.0.0 Safari/537.36"
45.135.3.19 - - [31/Aug/2026:15:13:12 -0500] "POST /xmlrpc.php HTTP/1.1" 200 5245 "-" "Apache-HttpClient/4.5.13 (Java/17.0.18)"
45.135.3.19 - - [31/Aug/2026:15:13:13 -0500] "POST /xmlrpc.php HTTP/1.1" 200 5468 "-" "Apache-HttpClient/4.5.13 (Java/17.0.18)"
45.135.3.19 - - [31/Aug/2026:15:13:16 -0500] "POST /xmlrpc.php HTTP/1.1" 200 5468 "-" "Apache-HttpClient/4.5.13 (Java/17.0.18)"
45.135.3.19 - - [31/Aug/2026:15:13:17 -0500] "POST /xmlrpc.php HTTP/1.1" 200 5468 "-" "Apache-HttpClient/4.5.13 (Java/17.0.18)"
45.135.3.19 - - [31/Aug/2026:15:13:18 -0500] "POST /xmlrpc.php HTTP/1.1" 200 5468 "-" "Apache-HttpClient/4.5.13 (Java/17.0.18)"
209.141.57.84 - - [31/Aug/2026:15:13:18 -0500] "POST /wp-login.php HTTP/1.1" 200 11758 "-" "Mozilla/5.0 (Windows NT 10.0; Win64; x64) AppleWebKit/537.36 (KHTML, like Gecko) Chrome/118.0.0.0 Safari/537.36 Edg/118.0.2088.46"
45.135.3.19 - - [31/Aug/2026:15:13:19 -0500] "POST /xmlrpc.php HTTP/1.1" 200 5468 "-" "Apache-HttpClient/4.5.13 (Java/17.0.18)"
45.135.3.19 - - [31/Aug/2026:15:13:20 -0500] "POST /xmlrpc.php HTTP/1.1" 200 5468 "-" "Apache-HttpClient/4.5.13 (Java/17.0.18)"
45.135.3.19 - - [31/Aug/2026:15:13:20 -0500] "POST /xmlrpc.php HTTP/1.1" 200 5468 "-" "Apache-HttpClient/4.5.13 (Java/17.0.18)"
136.65.201.234 - - [31/Aug/2026:15:13:21 -0500] "GET /list/goods/hv274cqsptrguh3c_40983.shtml HTTP/1.1" 404 5926 "-" "Mozilla/5.0 (compatible; Reflectionbot/1.0; +https://reflection.ai/bot)"
45.135.3.19 - - [31/Aug/2026:15:13:25 -0500] "POST /xmlrpc.php HTTP/1.1" 200 5468 "-" "Apache-HttpClient/4.5.13 (Java/17.0.18)"
45.135.3.19 - - [31/Aug/2026:15:13:26 -0500] "POST /xmlrpc.php HTTP/1.1" 200 5468 "-" "Apache-HttpClient/4.5.13 (Java/17.0.18)"
45.135.3.19 - - [31/Aug/2026:15:13:27 -0500] "POST /xmlrpc.php HTTP/1.1" 200 5468 "-" "Apache-HttpClient/4.5.13 (Java/17.0.18)"
45.135.3.19 - - [31/Aug/2026:15:13:28 -0500] "POST /xmlrpc.php HTTP/1.1" 200 5468 "-" "Apache-HttpClient/4.5.13 (Java/17.0.18)"
45.135.3.19 - - [31/Aug/2026:15:13:30 -0500] "POST /xmlrpc.php HTTP/1.1" 200 5468 "-" "Apache-HttpClient/4.5.13 (Java/17.0.18)"
45.135.3.19 - - [31/Aug/2026:15:13:31 -0500] "POST /xmlrpc.php HTTP/1.1" 200 5468 "-" "Apache-HttpClient/4.5.13 (Java/17.0.18)"
45.135.3.19 - - [31/Aug/2026:15:13:32 -0500] "POST /xmlrpc.php HTTP/1.1" 200 5468 "-" "Apache-HttpClient/4.5.13 (Java/17.0.18)"
45.135.3.19 - - [31/Aug/2026:15:13:33 -0500] "POST /xmlrpc.php HTTP/1.1" 200 5468 "-" "Apache-HttpClient/4.5.13 (Java/17.0.18)"
45.135.3.19 - - [31/Aug/2026:15:13:33 -0500] "POST /xmlrpc.php HTTP/1.1" 200 5468 "-" "Apache-HttpClient/4.5.13 (Java/17.0.18)"
45.135.3.19 - - [31/Aug/2026:15:13:34 -0500] "POST /xmlrpc.php HTTP/1.1" 200 5468 "-" "Apache-HttpClient/4.5.13 (Java/17.0.18)"
45.135.3.19 - - [31/Aug/2026:15:13:35 -0500] "POST /xmlrpc.php HTTP/1.1" 200 5468 "-" "Apache-HttpClient/4.5.13 (Java/17.0.18)"
45.135.3.19 - - [31/Aug/2026:15:13:36 -0500] "POST /xmlrpc.php HTTP/1.1" 200 5468 "-" "Apache-HttpClient/4.5.13 (Java/17.0.18)"
45.135.3.19 - - [31/Aug/2026:15:13:37 -0500] "POST /xmlrpc.php HTTP/1.1" 200 5468 "-" "Apache-HttpClient/4.5.13 (Java/17.0.18)"
45.135.3.19 - - [31/Aug/2026:15:13:38 -0500] "POST /xmlrpc.php HTTP/1.1" 200 5468 "-" "Apache-HttpClient/4.5.13 (Java/17.0.18)"
177.136.179.18 - - [31/Aug/2026:15:13:39 -0500] "GET /list/goods/acao27wltx2o_5300.shtml HTTP/1.1" 404 5951 "-" "Mozilla/5.0 (Macintosh; Intel Mac OS X 13.2; rv:132.0) Gecko/20100101 Firefox/132.0"
45.135.3.19 - - [31/Aug/2026:15:13:39 -0500] "POST /xmlrpc.php HTTP/1.1" 200 5468 "-" "Apache-HttpClient/4.5.13 (Java/17.0.18)"
45.135.3.19 - - [31/Aug/2026:15:13:40 -0500] "POST /xmlrpc.php HTTP/1.1" 200 5468 "-" "Apache-HttpClient/4.5.13 (Java/17.0.18)"
45.135.3.19 - - [31/Aug/2026:15:13:41 -0500] "POST /xmlrpc.php HTTP/1.1" 200 5468 "-" "Apache-HttpClient/4.5.13 (Java/17.0.18)"
34.132.91.139 - - [31/Aug/2026:15:13:42 -0500] "GET /items/U213040045 HTTP/1.1" 404 5926 "-" "Mozilla/5.0 (compatible; Reflectionbot/1.0; +https://reflection.ai/bot)"
45.135.3.19 - - [31/Aug/2026:15:13:42 -0500] "POST /xmlrpc.php HTTP/1.1" 200 5468 "-" "Apache-HttpClient/4.5.13 (Java/17.0.18)"
45.135.3.19 - - [31/Aug/2026:15:13:43 -0500] "POST /xmlrpc.php HTTP/1.1" 200 5468 "-" "Apache-HttpClient/4.5.13 (Java/17.0.18)"
45.135.3.19 - - [31/Aug/2026:15:13:44 -0500] "POST /xmlrpc.php HTTP/1.1" 200 5468 "-" "Apache-HttpClient/4.5.13 (Java/17.0.18)"
45.135.3.19 - - [31/Aug/2026:15:13:45 -0500] "POST /xmlrpc.php HTTP/1.1" 200 5468 "-" "Apache-HttpClient/4.5.13 (Java/17.0.18)"
45.135.3.19 - - [31/Aug/2026:15:13:47 -0500] "POST /xmlrpc.php HTTP/1.1" 200 5468 "-" "Apache-HttpClient/4.5.13 (Java/17.0.18)"
45.135.3.19 - - [31/Aug/2026:15:13:48 -0500] "POST /xmlrpc.php HTTP/1.1" 200 5468 "-" "Apache-HttpClient/4.5.13 (Java/17.0.18)"
45.135.3.19 - - [31/Aug/2026:15:13:49 -0500] "POST /xmlrpc.php HTTP/1.1" 200 5468 "-" "Apache-HttpClient/4.5.13 (Java/17.0.18)"
45.135.3.19 - - [31/Aug/2026:15:13:50 -0500] "POST /xmlrpc.php HTTP/1.1" 200 5468 "-" "Apache-HttpClient/4.5.13 (Java/17.0.18)"
45.135.3.19 - - [31/Aug/2026:15:13:51 -0500] "POST /xmlrpc.php HTTP/1.1" 200 5468 "-" "Apache-HttpClient/4.5.13 (Java/17.0.18)"
45.135.3.19 - - [31/Aug/2026:15:13:52 -0500] "POST /xmlrpc.php HTTP/1.1" 200 5468 "-" "Apache-HttpClient/4.5.13 (Java/17.0.18)"
45.135.3.19 - - [31/Aug/2026:15:13:53 -0500] "POST /xmlrpc.php HTTP/1.1" 200 5468 "-" "Apache-HttpClient/4.5.13 (Java/17.0.18)"
45.135.3.19 - - [31/Aug/2026:15:13:54 -0500] "POST /xmlrpc.php HTTP/1.1" 200 5468 "-" "Apache-HttpClient/4.5.13 (Java/17.0.18)"
45.135.3.19 - - [31/Aug/2026:15:13:55 -0500] "POST /xmlrpc.php HTTP/1.1" 200 5468 "-" "Apache-HttpClient/4.5.13 (Java/17.0.18)"
45.135.3.19 - - [31/Aug/2026:15:13:56 -0500] "POST /xmlrpc.php HTTP/1.1" 200 5468 "-" "Apache-HttpClient/4.5.13 (Java/17.0.18)"
45.135.3.19 - - [31/Aug/2026:15:13:57 -0500] "POST /xmlrpc.php HTTP/1.1" 200 5468 "-" "Apache-HttpClient/4.5.13 (Java/17.0.18)"
45.135.3.19 - - [31/Aug/2026:15:13:58 -0500] "POST /xmlrpc.php HTTP/1.1" 200 5468 "-" "Apache-HttpClient/4.5.13 (Java/17.0.18)"
45.135.3.19 - - [31/Aug/2026:15:13:59 -0500] "POST /xmlrpc.php HTTP/1.1" 200 5468 "-" "Apache-HttpClient/4.5.13 (Java/17.0.18)"
45.135.3.19 - - [31/Aug/2026:15:14:01 -0500] "POST /xmlrpc.php HTTP/1.1" 200 5468 "-" "Apache-HttpClient/4.5.13 (Java/17.0.18)"
45.135.3.19 - - [31/Aug/2026:15:14:02 -0500] "POST /xmlrpc.php HTTP/1.1" 200 5468 "-" "Apache-HttpClient/4.5.13 (Java/17.0.18)"
45.135.3.19 - - [31/Aug/2026:15:14:03 -0500] "POST /xmlrpc.php HTTP/1.1" 200 5468 "-" "Apache-HttpClient/4.5.13 (Java/17.0.18)"
45.135.3.19 - - [31/Aug/2026:15:14:05 -0500] "POST /xmlrpc.php HTTP/1.1" 200 5468 "-" "Apache-HttpClient/4.5.13 (Java/17.0.18)"
45.135.3.19 - - [31/Aug/2026:15:14:06 -0500] "POST /xmlrpc.php HTTP/1.1" 200 5468 "-" "Apache-HttpClient/4.5.13 (Java/17.0.18)"
45.135.3.19 - - [31/Aug/2026:15:14:09 -0500] "POST /xmlrpc.php HTTP/1.1" 200 5468 "-" "Apache-HttpClient/4.5.13 (Java/17.0.18)"
45.135.3.19 - - [31/Aug/2026:15:14:10 -0500] "POST /xmlrpc.php HTTP/1.1" 200 5468 "-" "Apache-HttpClient/4.5.13 (Java/17.0.18)"
45.135.3.19 - - [31/Aug/2026:15:14:11 -0500] "POST /xmlrpc.php HTTP/1.1" 200 5468 "-" "Apache-HttpClient/4.5.13 (Java/17.0.18)"
45.135.3.19 - - [31/Aug/2026:15:14:11 -0500] "POST /xmlrpc.php HTTP/1.1" 200 5468 "-" "Apache-HttpClient/4.5.13 (Java/17.0.18)"
45.135.3.19 - - [31/Aug/2026:15:14:12 -0500] "POST /xmlrpc.php HTTP/1.1" 200 5468 "-" "Apache-HttpClient/4.5.13 (Java/17.0.18)"
45.135.3.19 - - [31/Aug/2026:15:14:13 -0500] "POST /xmlrpc.php HTTP/1.1" 200 5468 "-" "Apache-HttpClient/4.5.13 (Java/17.0.18)"
45.135.3.19 - - [31/Aug/2026:15:14:14 -0500] "POST /xmlrpc.php HTTP/1.1" 200 5468 "-" "Apache-HttpClient/4.5.13 (Java/17.0.18)"
45.135.3.19 - - [31/Aug/2026:15:14:15 -0500] "POST /xmlrpc.php HTTP/1.1" 200 5468 "-" "Apache-HttpClient/4.5.13 (Java/17.0.18)"
45.135.3.19 - - [31/Aug/2026:15:14:16 -0500] "POST /xmlrpc.php HTTP/1.1" 200 5468 "-" "Apache-HttpClient/4.5.13 (Java/17.0.18)"
45.135.3.19 - - [31/Aug/2026:15:14:17 -0500] "POST /xmlrpc.php HTTP/1.1" 200 5468 "-" "Apache-HttpClient/4.5.13 (Java/17.0.18)"
45.135.3.19 - - [31/Aug/2026:15:14:18 -0500] "POST /xmlrpc.php HTTP/1.1" 200 5468 "-" "Apache-HttpClient/4.5.13 (Java/17.0.18)"
45.135.3.19 - - [31/Aug/2026:15:14:19 -0500] "POST /xmlrpc.php HTTP/1.1" 200 5468 "-" "Apache-HttpClient/4.5.13 (Java/17.0.18)"
182.253.53.69 - - [31/Aug/2026:15:14:20 -0500] "GET /list/goods/acvyx1xbjrinwxn_35612.shtml HTTP/1.1" 404 5951 "-" "Mozilla/5.0 (Windows NT 10.0; Win64; x64) AppleWebKit/537.36 (KHTML, like Gecko) Chrome/134.0.6998.88 Safari/537.36"
45.135.3.19 - - [31/Aug/2026:15:14:19 -0500] "POST /xmlrpc.php HTTP/1.1" 200 5468 "-" "Apache-HttpClient/4.5.13 (Java/17.0.18)"
45.135.3.19 - - [31/Aug/2026:15:14:20 -0500] "POST /xmlrpc.php HTTP/1.1" 200 5468 "-" "Apache-HttpClient/4.5.13 (Java/17.0.18)"
45.135.3.19 - - [31/Aug/2026:15:14:21 -0500] "POST /xmlrpc.php HTTP/1.1" 200 5468 "-" "Apache-HttpClient/4.5.13 (Java/17.0.18)"
45.135.3.19 - - [31/Aug/2026:15:14:22 -0500] "POST /xmlrpc.php HTTP/1.1" 200 5468 "-" "Apache-HttpClient/4.5.13 (Java/17.0.18)"
45.135.3.19 - - [31/Aug/2026:15:14:23 -0500] "POST /xmlrpc.php HTTP/1.1" 200 5468 "-" "Apache-HttpClient/4.5.13 (Java/17.0.18)"
45.135.3.19 - - [31/Aug/2026:15:14:24 -0500] "POST /xmlrpc.php HTTP/1.1" 200 5468 "-" "Apache-HttpClient/4.5.13 (Java/17.0.18)"
45.135.3.19 - - [31/Aug/2026:15:14:25 -0500] "POST /xmlrpc.php HTTP/1.1" 200 5468 "-" "Apache-HttpClient/4.5.13 (Java/17.0.18)"
136.114.86.244 - - [31/Aug/2026:15:14:25 -0500] "GET /items/W077033147 HTTP/1.1" 404 5926 "-" "Mozilla/5.0 (compatible; Reflectionbot/1.0; +https://reflection.ai/bot)"
45.135.3.19 - - [31/Aug/2026:15:14:26 -0500] "POST /xmlrpc.php HTTP/1.1" 200 5468 "-" "Apache-HttpClient/4.5.13 (Java/17.0.18)"
45.135.3.19 - - [31/Aug/2026:15:14:27 -0500] "POST /xmlrpc.php HTTP/1.1" 200 5468 "-" "Apache-HttpClient/4.5.13 (Java/17.0.18)"
45.135.3.19 - - [31/Aug/2026:15:14:27 -0500] "POST /xmlrpc.php HTTP/1.1" 200 5468 "-" "Apache-HttpClient/4.5.13 (Java/17.0.18)"
45.135.3.19 - - [31/Aug/2026:15:14:28 -0500] "POST /xmlrpc.php HTTP/1.1" 200 5468 "-" "Apache-HttpClient/4.5.13 (Java/17.0.18)"
45.135.3.19 - - [31/Aug/2026:15:14:29 -0500] "POST /xmlrpc.php HTTP/1.1" 200 5468 "-" "Apache-HttpClient/4.5.13 (Java/17.0.18)"
45.135.3.19 - - [31/Aug/2026:15:14:30 -0500] "POST /xmlrpc.php HTTP/1.1" 200 5468 "-" "Apache-HttpClient/4.5.13 (Java/17.0.18)"
45.135.3.19 - - [31/Aug/2026:15:14:31 -0500] "POST /xmlrpc.php HTTP/1.1" 200 5468 "-" "Apache-HttpClient/4.5.13 (Java/17.0.18)"
66.249.68.200 - - [31/Aug/2026:15:14:31 -0500] "GET /?detail/292007087656 HTTP/1.1" 301 5177 "-" "Mozilla/5.0 (Linux; Android 6.0.1; Nexus 5X Build/MMB29P) AppleWebKit/537.36 (KHTML, like Gecko) Chrome/151.0.7922.173 Mobile Safari/537.36 (compatible; Googlebot/2.1; +http://www.google.com/bot.html)"
45.135.3.19 - - [31/Aug/2026:15:14:32 -0500] "POST /xmlrpc.php HTTP/1.1" 200 5468 "-" "Apache-HttpClient/4.5.13 (Java/17.0.18)"
45.135.3.19 - - [31/Aug/2026:15:14:33 -0500] "POST /xmlrpc.php HTTP/1.1" 200 5468 "-" "Apache-HttpClient/4.5.13 (Java/17.0.18)"
45.135.3.19 - - [31/Aug/2026:15:14:34 -0500] "POST /xmlrpc.php HTTP/1.1" 200 5468 "-" "Apache-HttpClient/4.5.13 (Java/17.0.18)"
45.135.3.19 - - [31/Aug/2026:15:14:35 -0500] "POST /xmlrpc.php HTTP/1.1" 200 5468 "-" "Apache-HttpClient/4.5.13 (Java/17.0.18)"
45.135.3.19 - - [31/Aug/2026:15:14:36 -0500] "POST /xmlrpc.php HTTP/1.1" 200 5468 "-" "Apache-HttpClient/4.5.13 (Java/17.0.18)"
45.135.3.19 - - [31/Aug/2026:15:14:37 -0500] "POST /xmlrpc.php HTTP/1.1" 200 5468 "-" "Apache-HttpClient/4.5.13 (Java/17.0.18)"
45.135.3.19 - - [31/Aug/2026:15:14:38 -0500] "POST /xmlrpc.php HTTP/1.1" 200 5468 "-" "Apache-HttpClient/4.5.13 (Java/17.0.18)"
45.135.3.19 - - [31/Aug/2026:15:14:39 -0500] "POST /xmlrpc.php HTTP/1.1" 200 5468 "-" "Apache-HttpClient/4.5.13 (Java/17.0.18)"
45.135.3.19 - - [31/Aug/2026:15:14:39 -0500] "POST /xmlrpc.php HTTP/1.1" 200 5468 "-" "Apache-HttpClient/4.5.13 (Java/17.0.18)"
66.249.68.200 - - [31/Aug/2026:15:14:40 -0500] "GET /?detail/292007087656 HTTP/1.1" 301 5177 "-" "Mozilla/5.0 (compatible; Googlebot/2.1; +http://www.google.com/bot.html)"
45.135.3.19 - - [31/Aug/2026:15:14:40 -0500] "POST /xmlrpc.php HTTP/1.1" 200 5468 "-" "Apache-HttpClient/4.5.13 (Java/17.0.18)"
45.135.3.19 - - [31/Aug/2026:15:14:42 -0500] "POST /xmlrpc.php HTTP/1.1" 200 5468 "-" "Apache-HttpClient/4.5.13 (Java/17.0.18)"
45.135.3.19 - - [31/Aug/2026:15:14:43 -0500] "POST /xmlrpc.php HTTP/1.1" 200 5468 "-" "Apache-HttpClient/4.5.13 (Java/17.0.18)"
45.135.3.19 - - [31/Aug/2026:15:14:44 -0500] "POST /xmlrpc.php HTTP/1.1" 200 5468 "-" "Apache-HttpClient/4.5.13 (Java/17.0.18)"
45.135.3.19 - - [31/Aug/2026:15:14:45 -0500] "POST /xmlrpc.php HTTP/1.1" 200 5468 "-" "Apache-HttpClient/4.5.13 (Java/17.0.18)"
45.135.3.19 - - [31/Aug/2026:15:14:46 -0500] "POST /xmlrpc.php HTTP/1.1" 200 5468 "-" "Apache-HttpClient/4.5.13 (Java/17.0.18)"
45.135.3.19 - - [31/Aug/2026:15:14:46 -0500] "POST /xmlrpc.php HTTP/1.1" 200 5468 "-" "Apache-HttpClient/4.5.13 (Java/17.0.18)"
66.249.68.200 - - [31/Aug/2026:15:14:47 -0500] "GET /?detail%2F292007087656 HTTP/1.1" 200 133696 "-" "Mozilla/5.0 (Linux; Android 6.0.1; Nexus 5X Build/MMB29P) AppleWebKit/537.36 (KHTML, like Gecko) Chrome/151.0.7922.173 Mobile Safari/537.36 (compatible; Googlebot/2.1; +http://www.google.com/bot.html)"
78.173.10.238 - - [31/Aug/2026:15:14:50 -0500] "GET /items/V196001258 HTTP/1.1" 404 5719 "https://motionave.com/sitemap99.xml" "Mozilla/5.0 (Linux; Android 13; M2102J28) AppleWebKit/537.36 (KHTML, like Gecko) Chrome/145.0.5661.131 Mobile Safari/537.36 MicroMessenger/8.0.38(0x18001B3F) NetType/WIFI Language/zh_CN"
45.135.3.19 - - [31/Aug/2026:15:14:48 -0500] "POST /xmlrpc.php HTTP/1.1" 200 5468 "-" "Apache-HttpClient/4.5.13 (Java/17.0.18)"
45.135.3.19 - - [31/Aug/2026:15:14:50 -0500] "POST /xmlrpc.php HTTP/1.1" 200 5468 "-" "Apache-HttpClient/4.5.13 (Java/17.0.18)"
45.135.3.19 - - [31/Aug/2026:15:14:53 -0500] "POST /xmlrpc.php HTTP/1.1" 200 5468 "-" "Apache-HttpClient/4.5.13 (Java/17.0.18)"
45.135.3.19 - - [31/Aug/2026:15:14:50 -0500] "POST /xmlrpc.php HTTP/1.1" 200 5468 "-" "Apache-HttpClient/4.5.13 (Java/17.0.18)"
45.135.3.19 - - [31/Aug/2026:15:14:52 -0500] "POST /xmlrpc.php HTTP/1.1" 200 5468 "-" "Apache-HttpClient/4.5.13 (Java/17.0.18)"
45.135.3.19 - - [31/Aug/2026:15:14:51 -0500] "POST /xmlrpc.php HTTP/1.1" 200 5468 "-" "Apache-HttpClient/4.5.13 (Java/17.0.18)"
45.135.3.19 - - [31/Aug/2026:15:14:54 -0500] "POST /xmlrpc.php HTTP/1.1" 200 5468 "-" "Apache-HttpClient/4.5.13 (Java/17.0.18)"
66.249.68.200 - - [31/Aug/2026:15:14:54 -0500] "GET /?detail%2F292007087656 HTTP/1.1" 200 133696 "-" "Mozilla/5.0 (compatible; Googlebot/2.1; +http://www.google.com/bot.html)"
45.135.3.19 - - [31/Aug/2026:15:14:55 -0500] "POST /xmlrpc.php HTTP/1.1" 200 5468 "-" "Apache-HttpClient/4.5.13 (Java/17.0.18)"
45.135.3.19 - - [31/Aug/2026:15:14:56 -0500] "POST /xmlrpc.php HTTP/1.1" 200 5468 "-" "Apache-HttpClient/4.5.13 (Java/17.0.18)"
210.211.56.99 - - [31/Aug/2026:15:14:56 -0500] "GET /list/goods/akqe31umpseb9m_10638.shtml HTTP/1.1" 404 5951 "-" "Mozilla/5.0 (Macintosh; Intel Mac OS X 10_15_7) AppleWebKit/537.36 (KHTML, like Gecko) Chrome/131.0.6778.204 Safari/537.36"
45.135.3.19 - - [31/Aug/2026:15:14:57 -0500] "POST /xmlrpc.php HTTP/1.1" 200 5468 "-" "Apache-HttpClient/4.5.13 (Java/17.0.18)"
45.135.3.19 - - [31/Aug/2026:15:14:58 -0500] "POST /xmlrpc.php HTTP/1.1" 200 5468 "-" "Apache-HttpClient/4.5.13 (Java/17.0.18)"
45.135.3.19 - - [31/Aug/2026:15:14:59 -0500] "POST /xmlrpc.php HTTP/1.1" 200 5468 "-" "Apache-HttpClient/4.5.13 (Java/17.0.18)"
