45.148.10.119 - - [31/Aug/2026:13:22:37 -0500] "POST /blog/index.php?rest_route=/batch/v1 HTTP/1.1" 404 1145 "https://motionave.com/blog/wp-admin/" "Mozilla/5.0 (Windows NT 10.0; Win64; x64) AppleWebKit/537.36 (KHTML, like Gecko) Chrome/120.0.0.0 Safari/537.36"
45.148.10.119 - - [31/Aug/2026:13:22:38 -0500] "POST /blog/index.php?rest_route=%2Fbatch%2Fv1 HTTP/1.1" 404 1145 "https://motionave.com/blog/wp-admin/" "Mozilla/5.0 (Windows NT 10.0; Win64; x64) AppleWebKit/537.36 (KHTML, like Gecko) Chrome/120.0.0.0 Safari/537.36"
45.148.10.119 - - [31/Aug/2026:13:22:38 -0500] "POST /blog/?rest_route=%2Fbatch%2Fv1 HTTP/1.1" 404 1145 "https://motionave.com/blog/wp-admin/" "Mozilla/5.0 (Windows NT 10.0; Win64; x64) AppleWebKit/537.36 (KHTML, like Gecko) Chrome/120.0.0.0 Safari/537.36"
86.97.108.141 - - [31/Aug/2026:13:22:39 -0500] "GET /list/goods/dam293mhef0_15036.shtml HTTP/1.1" 404 5951 "-" "Mozilla/5.0 (Macintosh; Intel Mac OS X 11.3; rv:130.0) Gecko/20100101 Firefox/130.0"
45.148.10.119 - - [31/Aug/2026:13:22:39 -0500] "POST /blog/?rest_route=/batch%2Fv1 HTTP/1.1" 404 1145 "https://motionave.com/blog/wp-admin/" "Mozilla/5.0 (Windows NT 10.0; Win64; x64) AppleWebKit/537.36 (KHTML, like Gecko) Chrome/120.0.0.0 Safari/537.36"
45.148.10.119 - - [31/Aug/2026:13:22:39 -0500] "POST /blog/?rest_route=/batch/v1 HTTP/1.1" 404 1145 "https://motionave.com/blog/wp-admin/" "Mozilla/5.0 (Windows NT 10.0; Win64; x64) AppleWebKit/537.36 (KHTML, like Gecko) Chrome/120.0.0.0 Safari/537.36"
45.148.10.119 - - [31/Aug/2026:13:22:42 -0500] "POST /blog/wp-json/batch/v1 HTTP/1.1" 404 1145 "https://motionave.com/blog/wp-admin/" "Mozilla/5.0 (Windows NT 10.0; Win64; x64) AppleWebKit/537.36 (KHTML, like Gecko) Chrome/120.0.0.0 Safari/537.36"
45.148.10.119 - - [31/Aug/2026:13:22:42 -0500] "POST /blog/wp-json/Batch/v1 HTTP/1.1" 404 1145 "https://motionave.com/blog/wp-admin/" "Mozilla/5.0 (Windows NT 10.0; Win64; x64) AppleWebKit/537.36 (KHTML, like Gecko) Chrome/120.0.0.0 Safari/537.36"
45.148.10.119 - - [31/Aug/2026:13:22:42 -0500] "POST /blog//wp-json/batch/v1 HTTP/1.1" 404 1145 "https://motionave.com/blog/wp-admin/" "Mozilla/5.0 (Windows NT 10.0; Win64; x64) AppleWebKit/537.36 (KHTML, like Gecko) Chrome/120.0.0.0 Safari/537.36"
45.148.10.119 - - [31/Aug/2026:13:22:42 -0500] "POST /blog/wp-json/batch/v1/ HTTP/1.1" 404 1145 "https://motionave.com/blog/wp-admin/" "Mozilla/5.0 (Windows NT 10.0; Win64; x64) AppleWebKit/537.36 (KHTML, like Gecko) Chrome/120.0.0.0 Safari/537.36"
45.148.10.119 - - [31/Aug/2026:13:22:43 -0500] "POST /blog/blog/wp-json/batch/v1 HTTP/1.1" 404 1145 "https://motionave.com/blog/wp-admin/" "Mozilla/5.0 (Windows NT 10.0; Win64; x64) AppleWebKit/537.36 (KHTML, like Gecko) Chrome/120.0.0.0 Safari/537.36"
45.148.10.119 - - [31/Aug/2026:13:22:43 -0500] "POST /blog/wordpress/wp-json/batch/v1 HTTP/1.1" 404 1145 "https://motionave.com/blog/wp-admin/" "Mozilla/5.0 (Windows NT 10.0; Win64; x64) AppleWebKit/537.36 (KHTML, like Gecko) Chrome/120.0.0.0 Safari/537.36"
45.148.10.119 - - [31/Aug/2026:13:22:43 -0500] "POST /blog/index.php?rest_route=/batch/v1 HTTP/1.1" 404 1145 "https://motionave.com/blog/wp-admin/" "Mozilla/5.0 (Windows NT 10.0; Win64; x64) AppleWebKit/537.36 (KHTML, like Gecko) Chrome/120.0.0.0 Safari/537.36"
45.148.10.119 - - [31/Aug/2026:13:22:43 -0500] "POST /blog/index.php?rest_route=%2Fbatch%2Fv1 HTTP/1.1" 404 1145 "https://motionave.com/blog/wp-admin/" "Mozilla/5.0 (Windows NT 10.0; Win64; x64) AppleWebKit/537.36 (KHTML, like Gecko) Chrome/120.0.0.0 Safari/537.36"
45.148.10.119 - - [31/Aug/2026:13:22:44 -0500] "POST /blog/?rest_route=%2Fbatch%2Fv1 HTTP/1.1" 404 1145 "https://motionave.com/blog/wp-admin/" "Mozilla/5.0 (Windows NT 10.0; Win64; x64) AppleWebKit/537.36 (KHTML, like Gecko) Chrome/120.0.0.0 Safari/537.36"
45.148.10.119 - - [31/Aug/2026:13:22:44 -0500] "POST /blog/?rest_route=/batch%2Fv1 HTTP/1.1" 404 1145 "https://motionave.com/blog/wp-admin/" "Mozilla/5.0 (Windows NT 10.0; Win64; x64) AppleWebKit/537.36 (KHTML, like Gecko) Chrome/120.0.0.0 Safari/537.36"
45.148.10.119 - - [31/Aug/2026:13:22:44 -0500] "POST /blog/?rest_route=/batch/v1 HTTP/1.1" 404 1145 "https://motionave.com/blog/wp-admin/" "Mozilla/5.0 (Windows NT 10.0; Win64; x64) AppleWebKit/537.36 (KHTML, like Gecko) Chrome/120.0.0.0 Safari/537.36"
45.148.10.119 - - [31/Aug/2026:13:22:44 -0500] "POST /blog/wp-json/batch/v1 HTTP/1.1" 404 1145 "https://motionave.com/blog/wp-admin/" "Mozilla/5.0 (Windows NT 10.0; Win64; x64) AppleWebKit/537.36 (KHTML, like Gecko) Chrome/120.0.0.0 Safari/537.36"
45.148.10.119 - - [31/Aug/2026:13:22:44 -0500] "POST /blog/wp-json/Batch/v1 HTTP/1.1" 404 1145 "https://motionave.com/blog/wp-admin/" "Mozilla/5.0 (Windows NT 10.0; Win64; x64) AppleWebKit/537.36 (KHTML, like Gecko) Chrome/120.0.0.0 Safari/537.36"
45.148.10.119 - - [31/Aug/2026:13:22:44 -0500] "POST /blog//wp-json/batch/v1 HTTP/1.1" 404 1145 "https://motionave.com/blog/wp-admin/" "Mozilla/5.0 (Windows NT 10.0; Win64; x64) AppleWebKit/537.36 (KHTML, like Gecko) Chrome/120.0.0.0 Safari/537.36"
45.148.10.119 - - [31/Aug/2026:13:22:45 -0500] "POST /blog/wp-json/batch/v1/ HTTP/1.1" 404 1145 "https://motionave.com/blog/wp-admin/" "Mozilla/5.0 (Windows NT 10.0; Win64; x64) AppleWebKit/537.36 (KHTML, like Gecko) Chrome/120.0.0.0 Safari/537.36"
45.148.10.119 - - [31/Aug/2026:13:22:45 -0500] "POST /blog/blog/wp-json/batch/v1 HTTP/1.1" 404 1145 "https://motionave.com/blog/wp-admin/" "Mozilla/5.0 (Windows NT 10.0; Win64; x64) AppleWebKit/537.36 (KHTML, like Gecko) Chrome/120.0.0.0 Safari/537.36"
45.148.10.119 - - [31/Aug/2026:13:22:45 -0500] "POST /blog/wordpress/wp-json/batch/v1 HTTP/1.1" 404 1145 "https://motionave.com/blog/wp-admin/" "Mozilla/5.0 (Windows NT 10.0; Win64; x64) AppleWebKit/537.36 (KHTML, like Gecko) Chrome/120.0.0.0 Safari/537.36"
45.148.10.119 - - [31/Aug/2026:13:22:45 -0500] "POST /blog/index.php?rest_route=/batch/v1 HTTP/1.1" 404 1164 "https://motionave.com/blog/wp-admin/" "Mozilla/5.0 (Windows NT 10.0; Win64; x64) AppleWebKit/537.36 (KHTML, like Gecko) Chrome/120.0.0.0 Safari/537.36"
45.148.10.119 - - [31/Aug/2026:13:22:47 -0500] "POST /blog/index.php?rest_route=%2Fbatch%2Fv1 HTTP/1.1" 404 5715 "https://motionave.com/blog/wp-admin/" "Mozilla/5.0 (Windows NT 10.0; Win64; x64) AppleWebKit/537.36 (KHTML, like Gecko) Chrome/120.0.0.0 Safari/537.36"
45.148.10.119 - - [31/Aug/2026:13:22:47 -0500] "POST /blog/?rest_route=%2Fbatch%2Fv1 HTTP/1.1" 404 1145 "https://motionave.com/blog/wp-admin/" "Mozilla/5.0 (Windows NT 10.0; Win64; x64) AppleWebKit/537.36 (KHTML, like Gecko) Chrome/120.0.0.0 Safari/537.36"
45.148.10.119 - - [31/Aug/2026:13:22:47 -0500] "POST /blog/?rest_route=/batch%2Fv1 HTTP/1.1" 404 1145 "https://motionave.com/blog/wp-admin/" "Mozilla/5.0 (Windows NT 10.0; Win64; x64) AppleWebKit/537.36 (KHTML, like Gecko) Chrome/120.0.0.0 Safari/537.36"
45.148.10.119 - - [31/Aug/2026:13:22:48 -0500] "POST /blog/?rest_route=/batch/v1 HTTP/1.1" 404 1145 "https://motionave.com/blog/wp-admin/" "Mozilla/5.0 (Windows NT 10.0; Win64; x64) AppleWebKit/537.36 (KHTML, like Gecko) Chrome/120.0.0.0 Safari/537.36"
45.148.10.119 - - [31/Aug/2026:13:22:48 -0500] "POST /blog/wp-json/batch/v1 HTTP/1.1" 404 1145 "https://motionave.com/blog/wp-admin/" "Mozilla/5.0 (Windows NT 10.0; Win64; x64) AppleWebKit/537.36 (KHTML, like Gecko) Chrome/120.0.0.0 Safari/537.36"
45.148.10.119 - - [31/Aug/2026:13:22:48 -0500] "POST /blog/wp-json/Batch/v1 HTTP/1.1" 404 1145 "https://motionave.com/blog/wp-admin/" "Mozilla/5.0 (Windows NT 10.0; Win64; x64) AppleWebKit/537.36 (KHTML, like Gecko) Chrome/120.0.0.0 Safari/537.36"
45.148.10.119 - - [31/Aug/2026:13:22:48 -0500] "POST /blog//wp-json/batch/v1 HTTP/1.1" 404 1145 "https://motionave.com/blog/wp-admin/" "Mozilla/5.0 (Windows NT 10.0; Win64; x64) AppleWebKit/537.36 (KHTML, like Gecko) Chrome/120.0.0.0 Safari/537.36"
45.148.10.119 - - [31/Aug/2026:13:22:48 -0500] "POST /blog/wp-json/batch/v1/ HTTP/1.1" 404 1145 "https://motionave.com/blog/wp-admin/" "Mozilla/5.0 (Windows NT 10.0; Win64; x64) AppleWebKit/537.36 (KHTML, like Gecko) Chrome/120.0.0.0 Safari/537.36"
45.148.10.119 - - [31/Aug/2026:13:22:49 -0500] "POST /blog/blog/wp-json/batch/v1 HTTP/1.1" 404 1145 "https://motionave.com/blog/wp-admin/" "Mozilla/5.0 (Windows NT 10.0; Win64; x64) AppleWebKit/537.36 (KHTML, like Gecko) Chrome/120.0.0.0 Safari/537.36"
45.148.10.119 - - [31/Aug/2026:13:22:49 -0500] "POST /blog/wordpress/wp-json/batch/v1 HTTP/1.1" 404 1145 "https://motionave.com/blog/wp-admin/" "Mozilla/5.0 (Windows NT 10.0; Win64; x64) AppleWebKit/537.36 (KHTML, like Gecko) Chrome/120.0.0.0 Safari/537.36"
45.148.10.119 - - [31/Aug/2026:13:22:49 -0500] "POST /blog/index.php?rest_route=/batch/v1 HTTP/1.1" 404 1145 "https://motionave.com/blog/wp-admin/" "WordPress/6.4.3"
45.148.10.119 - - [31/Aug/2026:13:22:49 -0500] "POST /blog/index.php?rest_route=%2Fbatch%2Fv1 HTTP/1.1" 404 1145 "https://motionave.com/blog/wp-admin/" "WordPress/6.4.3"
45.148.10.119 - - [31/Aug/2026:13:22:49 -0500] "POST /blog/?rest_route=%2Fbatch%2Fv1 HTTP/1.1" 404 1145 "https://motionave.com/blog/wp-admin/" "WordPress/6.4.3"
45.148.10.119 - - [31/Aug/2026:13:22:50 -0500] "POST /blog/?rest_route=/batch%2Fv1 HTTP/1.1" 404 1145 "https://motionave.com/blog/wp-admin/" "WordPress/6.4.3"
45.148.10.119 - - [31/Aug/2026:13:22:50 -0500] "POST /blog/?rest_route=/batch/v1 HTTP/1.1" 404 1145 "https://motionave.com/blog/wp-admin/" "WordPress/6.4.3"
45.148.10.119 - - [31/Aug/2026:13:22:54 -0500] "POST /blog/wp-json/batch/v1 HTTP/1.1" 404 1145 "https://motionave.com/blog/wp-admin/" "WordPress/6.4.3"
45.148.10.119 - - [31/Aug/2026:13:22:54 -0500] "POST /blog/wp-json/Batch/v1 HTTP/1.1" 404 1145 "https://motionave.com/blog/wp-admin/" "WordPress/6.4.3"
45.148.10.119 - - [31/Aug/2026:13:22:54 -0500] "POST /blog//wp-json/batch/v1 HTTP/1.1" 404 1145 "https://motionave.com/blog/wp-admin/" "WordPress/6.4.3"
45.148.10.119 - - [31/Aug/2026:13:22:54 -0500] "POST /blog/wp-json/batch/v1/ HTTP/1.1" 404 1145 "https://motionave.com/blog/wp-admin/" "WordPress/6.4.3"
45.148.10.119 - - [31/Aug/2026:13:22:54 -0500] "POST /blog/blog/wp-json/batch/v1 HTTP/1.1" 404 1145 "https://motionave.com/blog/wp-admin/" "WordPress/6.4.3"
45.148.10.119 - - [31/Aug/2026:13:22:55 -0500] "POST /blog/wordpress/wp-json/batch/v1 HTTP/1.1" 404 1145 "https://motionave.com/blog/wp-admin/" "WordPress/6.4.3"
45.148.10.119 - - [31/Aug/2026:13:22:55 -0500] "GET /blog/wp/v2/posts/999999 HTTP/1.1" 404 1145 "-" "Mozilla/5.0 (Windows NT 10.0; Win64; x64) AppleWebKit/537.36 (KHTML, like Gecko) Chrome/120.0.0.0 Safari/537.36"
45.148.10.119 - - [31/Aug/2026:13:22:55 -0500] "GET /blog/?rest_route=/wp/v2/posts/999999 HTTP/1.1" 404 1145 "-" "Mozilla/5.0 (Windows NT 10.0; Win64; x64) AppleWebKit/537.36 (KHTML, like Gecko) Chrome/120.0.0.0 Safari/537.36"
45.148.10.119 - - [31/Aug/2026:13:22:55 -0500] "GET /blog/wp/v2/pages HTTP/1.1" 404 1145 "-" "Mozilla/5.0 (Windows NT 10.0; Win64; x64) AppleWebKit/537.36 (KHTML, like Gecko) Chrome/120.0.0.0 Safari/537.36"
45.148.10.119 - - [31/Aug/2026:13:22:55 -0500] "GET /blog/?rest_route=/wp/v2/pages HTTP/1.1" 404 1145 "-" "Mozilla/5.0 (Windows NT 10.0; Win64; x64) AppleWebKit/537.36 (KHTML, like Gecko) Chrome/120.0.0.0 Safari/537.36"
45.148.10.119 - - [31/Aug/2026:13:22:55 -0500] "GET /blog/wp/v2/media HTTP/1.1" 404 1145 "-" "Mozilla/5.0 (Windows NT 10.0; Win64; x64) AppleWebKit/537.36 (KHTML, like Gecko) Chrome/120.0.0.0 Safari/537.36"
45.148.10.119 - - [31/Aug/2026:13:22:55 -0500] "GET /blog/?rest_route=/wp/v2/media HTTP/1.1" 404 1145 "-" "Mozilla/5.0 (Windows NT 10.0; Win64; x64) AppleWebKit/537.36 (KHTML, like Gecko) Chrome/120.0.0.0 Safari/537.36"
45.148.10.119 - - [31/Aug/2026:13:22:55 -0500] "GET /blog/wp/v2/categories HTTP/1.1" 404 1145 "-" "Mozilla/5.0 (Windows NT 10.0; Win64; x64) AppleWebKit/537.36 (KHTML, like Gecko) Chrome/120.0.0.0 Safari/537.36"
45.148.10.119 - - [31/Aug/2026:13:22:56 -0500] "GET /blog/?rest_route=/wp/v2/categories HTTP/1.1" 404 1145 "-" "Mozilla/5.0 (Windows NT 10.0; Win64; x64) AppleWebKit/537.36 (KHTML, like Gecko) Chrome/120.0.0.0 Safari/537.36"
45.148.10.119 - - [31/Aug/2026:13:22:56 -0500] "GET /blog/wp/v2/tags HTTP/1.1" 404 1145 "-" "Mozilla/5.0 (Windows NT 10.0; Win64; x64) AppleWebKit/537.36 (KHTML, like Gecko) Chrome/120.0.0.0 Safari/537.36"
45.148.10.119 - - [31/Aug/2026:13:22:56 -0500] "GET /blog/?rest_route=/wp/v2/tags HTTP/1.1" 404 1145 "-" "Mozilla/5.0 (Windows NT 10.0; Win64; x64) AppleWebKit/537.36 (KHTML, like Gecko) Chrome/120.0.0.0 Safari/537.36"
45.148.10.119 - - [31/Aug/2026:13:22:56 -0500] "GET /blog/wp/v2/posts/999998 HTTP/1.1" 404 1145 "-" "Mozilla/5.0 (Windows NT 10.0; Win64; x64) AppleWebKit/537.36 (KHTML, like Gecko) Chrome/120.0.0.0 Safari/537.36"
45.148.10.119 - - [31/Aug/2026:13:22:56 -0500] "GET /blog/?rest_route=/wp/v2/posts/999998 HTTP/1.1" 404 1145 "-" "Mozilla/5.0 (Windows NT 10.0; Win64; x64) AppleWebKit/537.36 (KHTML, like Gecko) Chrome/120.0.0.0 Safari/537.36"
45.148.10.119 - - [31/Aug/2026:13:22:56 -0500] "GET /blog/wp/v2/posts/99999 HTTP/1.1" 404 1145 "-" "Mozilla/5.0 (Windows NT 10.0; Win64; x64) AppleWebKit/537.36 (KHTML, like Gecko) Chrome/120.0.0.0 Safari/537.36"
45.148.10.119 - - [31/Aug/2026:13:22:56 -0500] "GET /blog/?rest_route=/wp/v2/posts/99999 HTTP/1.1" 404 1145 "-" "Mozilla/5.0 (Windows NT 10.0; Win64; x64) AppleWebKit/537.36 (KHTML, like Gecko) Chrome/120.0.0.0 Safari/537.36"
45.148.10.119 - - [31/Aug/2026:13:22:56 -0500] "GET /blog/wp/v2/posts/9999999 HTTP/1.1" 404 1145 "-" "Mozilla/5.0 (Windows NT 10.0; Win64; x64) AppleWebKit/537.36 (KHTML, like Gecko) Chrome/120.0.0.0 Safari/537.36"
45.148.10.119 - - [31/Aug/2026:13:22:57 -0500] "GET /blog/?rest_route=/wp/v2/posts/9999999 HTTP/1.1" 404 1145 "-" "Mozilla/5.0 (Windows NT 10.0; Win64; x64) AppleWebKit/537.36 (KHTML, like Gecko) Chrome/120.0.0.0 Safari/537.36"
45.148.10.119 - - [31/Aug/2026:13:22:57 -0500] "GET /blog/wp/v2/users HTTP/1.1" 404 1145 "-" "Mozilla/5.0 (Windows NT 10.0; Win64; x64) AppleWebKit/537.36 (KHTML, like Gecko) Chrome/120.0.0.0 Safari/537.36"
45.148.10.119 - - [31/Aug/2026:13:22:57 -0500] "GET /blog/?rest_route=/wp/v2/users HTTP/1.1" 404 1145 "-" "Mozilla/5.0 (Windows NT 10.0; Win64; x64) AppleWebKit/537.36 (KHTML, like Gecko) Chrome/120.0.0.0 Safari/537.36"
222.107.159.49 - - [31/Aug/2026:13:23:06 -0500] "HEAD /2023 HTTP/1.1" 404 5174 "http://motionave.com/2023" "Mozilla/5.0 (X11; Linux x86_64) AppleWebKit/537.36 (KHTML, like Gecko) Chrome/96.0.4664.45 Safari/537.36"
88.229.215.34 - - [31/Aug/2026:13:23:15 -0500] "GET /list/goods/dffqz99ffcr1j4eoac_3468.shtml HTTP/1.1" 404 5951 "-" "Mozilla/5.0 (Macintosh; Intel Mac OS X 12.4; rv:130.0) Gecko/20100101 Firefox/130.0"
45.148.10.119 - - [31/Aug/2026:13:22:10 -0500] "POST /wordpress/wp-json/batch/v1 HTTP/1.1" 404 1145 "https://motionave.com/wordpress/wp-admin/" "Mozilla/5.0 (Windows NT 10.0; Win64; x64) AppleWebKit/537.36 (KHTML, like Gecko) Chrome/120.0.0.0 Safari/537.36"
45.148.10.119 - - [31/Aug/2026:13:23:24 -0500] "POST /wordpress/wp-json/Batch/v1 HTTP/1.1" 404 1145 "https://motionave.com/wordpress/wp-admin/" "Mozilla/5.0 (Windows NT 10.0; Win64; x64) AppleWebKit/537.36 (KHTML, like Gecko) Chrome/120.0.0.0 Safari/537.36"
45.148.10.119 - - [31/Aug/2026:13:21:28 -0500] "POST /wp//wp-json/batch/v1 HTTP/1.1" 404 1145 "https://motionave.com/wp/wp-admin/" "Mozilla/5.0 (Windows NT 10.0; Win64; x64) AppleWebKit/537.36 (KHTML, like Gecko) Chrome/120.0.0.0 Safari/537.36"
45.148.10.119 - - [31/Aug/2026:13:23:24 -0500] "POST /wp/wp-json/batch/v1/ HTTP/1.1" 404 1145 "https://motionave.com/wp/wp-admin/" "Mozilla/5.0 (Windows NT 10.0; Win64; x64) AppleWebKit/537.36 (KHTML, like Gecko) Chrome/120.0.0.0 Safari/537.36"
66.249.68.37 - - [31/Aug/2026:13:23:23 -0500] "GET /?detail/060048079383 HTTP/1.1" 301 5177 "-" "Mozilla/5.0 (Linux; Android 6.0.1; Nexus 5X Build/MMB29P) AppleWebKit/537.36 (KHTML, like Gecko) Chrome/151.0.7922.173 Mobile Safari/537.36 (compatible; Googlebot/2.1; +http://www.google.com/bot.html)"
66.249.68.37 - - [31/Aug/2026:13:23:28 -0500] "GET /favicon.ico HTTP/1.1" 404 5951 "-" "Googlebot-Image/1.0"
66.249.68.192 - - [31/Aug/2026:13:23:33 -0500] "GET /?detail%2F060048079383 HTTP/1.1" 200 153839 "-" "Mozilla/5.0 (Linux; Android 6.0.1; Nexus 5X Build/MMB29P) AppleWebKit/537.36 (KHTML, like Gecko) Chrome/151.0.7922.173 Mobile Safari/537.36 (compatible; Googlebot/2.1; +http://www.google.com/bot.html)"
103.138.212.82 - - [31/Aug/2026:13:23:48 -0500] "GET / HTTP/1.1" 200 153814 "https://motionave.com/" "-"
146.148.85.172 - - [31/Aug/2026:13:23:50 -0500] "GET /items/J067001345 HTTP/1.1" 404 5926 "-" "Mozilla/5.0 (compatible; Reflectionbot/1.0; +https://reflection.ai/bot)"
24.50.115.170 - - [31/Aug/2026:13:23:52 -0500] "GET /list/goods/dheeb164cxxghb6oforhp_40825.shtml HTTP/1.1" 404 5951 "-" "Mozilla/5.0 (Macintosh; U; PPC Mac OS X; fr-fr) AppleWebKit/412.7 (KHTML, like Gecko) Safari/412.5"
66.249.68.37 - - [31/Aug/2026:13:24:09 -0500] "GET /?jp/022020876.html HTTP/1.1" 301 5175 "-" "Mozilla/5.0 (Linux; Android 6.0.1; Nexus 5X Build/MMB29P) AppleWebKit/537.36 (KHTML, like Gecko) Chrome/151.0.7922.173 Mobile Safari/537.36 (compatible; Googlebot/2.1; +http://www.google.com/bot.html)"
66.249.68.201 - - [31/Aug/2026:13:24:14 -0500] "GET /?jp/247013518.html HTTP/1.1" 301 5175 "-" "Mozilla/5.0 (compatible; Googlebot/2.1; +http://www.google.com/bot.html)"
66.249.68.37 - - [31/Aug/2026:13:24:18 -0500] "GET /?goods/222022085 HTTP/1.1" 301 5173 "-" "Mozilla/5.0 (Linux; Android 6.0.1; Nexus 5X Build/MMB29P) AppleWebKit/537.36 (KHTML, like Gecko) Chrome/151.0.7922.173 Mobile Safari/537.36 (compatible; Googlebot/2.1; +http://www.google.com/bot.html)"
98.92.33.232 - - [31/Aug/2026:13:24:20 -0500] "GET /wp-content/uploads/2019/01/image10.png HTTP/1.1" 404 5982 "-" "Mozilla/5.0 (Windows NT 10.0; Win64; x64) AppleWebKit/537.36 (KHTML, like Gecko) Chrome/120.0.0.0 Safari/537.36"
98.92.33.232 - - [31/Aug/2026:13:24:20 -0500] "GET /wp-content/uploads/2019/03/image6.png HTTP/1.1" 404 5982 "-" "Mozilla/5.0 (Windows NT 10.0; Win64; x64) AppleWebKit/537.36 (KHTML, like Gecko) Chrome/120.0.0.0 Safari/537.36"
66.249.68.200 - - [31/Aug/2026:13:24:21 -0500] "GET /?jp%2F247013518_html HTTP/1.1" 200 153839 "-" "Mozilla/5.0 (compatible; Googlebot/2.1; +http://www.google.com/bot.html)"
98.92.33.232 - - [31/Aug/2026:13:24:25 -0500] "GET /wp-content/uploads/2019/03/image3-2.png HTTP/1.1" 404 5982 "-" "Mozilla/5.0 (Windows NT 10.0; Win64; x64) AppleWebKit/537.36 (KHTML, like Gecko) Chrome/120.0.0.0 Safari/537.36"
66.249.68.200 - - [31/Aug/2026:13:24:24 -0500] "GET /?jp%2F022020876_html HTTP/1.1" 200 149088 "-" "Mozilla/5.0 (Linux; Android 6.0.1; Nexus 5X Build/MMB29P) AppleWebKit/537.36 (KHTML, like Gecko) Chrome/151.0.7922.173 Mobile Safari/537.36 (compatible; Googlebot/2.1; +http://www.google.com/bot.html)"
98.92.33.232 - - [31/Aug/2026:13:24:26 -0500] "GET /wp-content/uploads/2019/05/image9.png HTTP/1.1" 404 5982 "-" "Mozilla/5.0 (Windows NT 10.0; Win64; x64) AppleWebKit/537.36 (KHTML, like Gecko) Chrome/120.0.0.0 Safari/537.36"
98.92.33.232 - - [31/Aug/2026:13:24:27 -0500] "GET /wp-content/uploads/2019/01/image3.png HTTP/1.1" 404 5982 "-" "Mozilla/5.0 (Windows NT 10.0; Win64; x64) AppleWebKit/537.36 (KHTML, like Gecko) Chrome/120.0.0.0 Safari/537.36"
66.249.68.200 - - [31/Aug/2026:13:24:27 -0500] "GET /?goods%2F222022085 HTTP/1.1" 200 149088 "-" "Mozilla/5.0 (Linux; Android 6.0.1; Nexus 5X Build/MMB29P) AppleWebKit/537.36 (KHTML, like Gecko) Chrome/151.0.7922.173 Mobile Safari/537.36 (compatible; Googlebot/2.1; +http://www.google.com/bot.html)"
98.92.33.232 - - [31/Aug/2026:13:24:28 -0500] "GET /wp-content/uploads/2019/05/image3.png HTTP/1.1" 404 5982 "-" "Mozilla/5.0 (Windows NT 10.0; Win64; x64) AppleWebKit/537.36 (KHTML, like Gecko) Chrome/120.0.0.0 Safari/537.36"
154.121.60.233 - - [31/Aug/2026:13:24:29 -0500] "GET /list/goods/dop19dwi6u6fhq20_7716.shtml HTTP/1.1" 404 5951 "-" "Mozilla/5.0 (Windows NT 10.0; Win64; x64) AppleWebKit/537.36 (KHTML, like Gecko) Chrome/128.0.6613.84 Safari/537.36"
98.92.33.232 - - [31/Aug/2026:13:24:31 -0500] "GET /wp-content/uploads/2019/02/image1-1.png HTTP/1.1" 404 5982 "-" "Mozilla/5.0 (Windows NT 10.0; Win64; x64) AppleWebKit/537.36 (KHTML, like Gecko) Chrome/120.0.0.0 Safari/537.36"
98.92.33.232 - - [31/Aug/2026:13:24:32 -0500] "GET /wp-content/uploads/2019/05/image8.png HTTP/1.1" 404 5982 "-" "Mozilla/5.0 (Windows NT 10.0; Win64; x64) AppleWebKit/537.36 (KHTML, like Gecko) Chrome/120.0.0.0 Safari/537.36"
98.92.33.232 - - [31/Aug/2026:13:24:32 -0500] "GET /wp-content/uploads/2019/01/image16.png HTTP/1.1" 404 5982 "-" "Mozilla/5.0 (Windows NT 10.0; Win64; x64) AppleWebKit/537.36 (KHTML, like Gecko) Chrome/120.0.0.0 Safari/537.36"
98.92.33.232 - - [31/Aug/2026:13:24:35 -0500] "GET /wp-content/uploads/2019/03/image5.png HTTP/1.1" 404 5982 "-" "Mozilla/5.0 (Windows NT 10.0; Win64; x64) AppleWebKit/537.36 (KHTML, like Gecko) Chrome/120.0.0.0 Safari/537.36"
98.92.33.232 - - [31/Aug/2026:13:24:36 -0500] "GET /wp-content/uploads/2019/01/image17.png HTTP/1.1" 404 5982 "-" "Mozilla/5.0 (Windows NT 10.0; Win64; x64) AppleWebKit/537.36 (KHTML, like Gecko) Chrome/120.0.0.0 Safari/537.36"
98.92.33.232 - - [31/Aug/2026:13:24:36 -0500] "GET /wp-content/uploads/2019/02/image10.png HTTP/1.1" 404 5982 "-" "Mozilla/5.0 (Windows NT 10.0; Win64; x64) AppleWebKit/537.36 (KHTML, like Gecko) Chrome/120.0.0.0 Safari/537.36"
66.249.68.36 - - [31/Aug/2026:13:24:37 -0500] "GET /?jp/105049429.html HTTP/1.1" 301 5175 "-" "Mozilla/5.0 (Linux; Android 6.0.1; Nexus 5X Build/MMB29P) AppleWebKit/537.36 (KHTML, like Gecko) Chrome/151.0.7922.173 Mobile Safari/537.36 (compatible; Googlebot/2.1; +http://www.google.com/bot.html)"
98.92.33.232 - - [31/Aug/2026:13:24:40 -0500] "GET /wp-content/uploads/2019/05/image5.png HTTP/1.1" 404 5982 "-" "Mozilla/5.0 (Windows NT 10.0; Win64; x64) AppleWebKit/537.36 (KHTML, like Gecko) Chrome/120.0.0.0 Safari/537.36"
66.249.68.200 - - [31/Aug/2026:13:24:41 -0500] "GET /?jp%2F105049429_html HTTP/1.1" 200 153839 "-" "Mozilla/5.0 (Linux; Android 6.0.1; Nexus 5X Build/MMB29P) AppleWebKit/537.36 (KHTML, like Gecko) Chrome/151.0.7922.173 Mobile Safari/537.36 (compatible; Googlebot/2.1; +http://www.google.com/bot.html)"
98.92.33.232 - - [31/Aug/2026:13:24:44 -0500] "GET /wp-content/uploads/2019/03/image4-2.png HTTP/1.1" 404 5982 "-" "Mozilla/5.0 (Windows NT 10.0; Win64; x64) AppleWebKit/537.36 (KHTML, like Gecko) Chrome/120.0.0.0 Safari/537.36"
98.92.33.232 - - [31/Aug/2026:13:24:48 -0500] "GET /wp-content/uploads/2019/01/image5.png HTTP/1.1" 404 5982 "-" "Mozilla/5.0 (Windows NT 10.0; Win64; x64) AppleWebKit/537.36 (KHTML, like Gecko) Chrome/120.0.0.0 Safari/537.36"
98.92.33.232 - - [31/Aug/2026:13:24:49 -0500] "GET /wp-content/uploads/2019/05/MOTION_-BLOG-POST-may-3-855x425.jpg HTTP/1.1" 404 5982 "-" "Mozilla/5.0 (Windows NT 10.0; Win64; x64) AppleWebKit/537.36 (KHTML, like Gecko) Chrome/120.0.0.0 Safari/537.36"
98.92.33.232 - - [31/Aug/2026:13:24:50 -0500] "GET /wp-content/uploads/2019/05/image4.png HTTP/1.1" 404 5982 "-" "Mozilla/5.0 (Windows NT 10.0; Win64; x64) AppleWebKit/537.36 (KHTML, like Gecko) Chrome/120.0.0.0 Safari/537.36"
98.92.33.232 - - [31/Aug/2026:13:24:51 -0500] "GET /wp-content/plugins/leaflet-maps-marker/inc/img/icon-kml.png HTTP/1.1" 404 5982 "-" "Mozilla/5.0 (Windows NT 10.0; Win64; x64) AppleWebKit/537.36 (KHTML, like Gecko) Chrome/120.0.0.0 Safari/537.36"
98.92.33.232 - - [31/Aug/2026:13:24:53 -0500] "GET /wp-content/uploads/2019/02/image2.png HTTP/1.1" 404 5982 "-" "Mozilla/5.0 (Windows NT 10.0; Win64; x64) AppleWebKit/537.36 (KHTML, like Gecko) Chrome/120.0.0.0 Safari/537.36"
98.92.33.232 - - [31/Aug/2026:13:24:56 -0500] "GET /wp-content/uploads/2019/01/image9.png HTTP/1.1" 404 5982 "-" "Mozilla/5.0 (Windows NT 10.0; Win64; x64) AppleWebKit/537.36 (KHTML, like Gecko) Chrome/120.0.0.0 Safari/537.36"
98.92.33.232 - - [31/Aug/2026:13:24:58 -0500] "GET /wp-content/uploads/2019/01/image14.png HTTP/1.1" 404 5982 "-" "Mozilla/5.0 (Windows NT 10.0; Win64; x64) AppleWebKit/537.36 (KHTML, like Gecko) Chrome/120.0.0.0 Safari/537.36"
98.92.33.232 - - [31/Aug/2026:13:24:59 -0500] "GET /wp-content/uploads/2019/03/image4.png HTTP/1.1" 404 5982 "-" "Mozilla/5.0 (Windows NT 10.0; Win64; x64) AppleWebKit/537.36 (KHTML, like Gecko) Chrome/120.0.0.0 Safari/537.36"
98.92.33.232 - - [31/Aug/2026:13:25:00 -0500] "GET /wp-content/uploads/2019/01/image2.png HTTP/1.1" 404 5982 "-" "Mozilla/5.0 (Windows NT 10.0; Win64; x64) AppleWebKit/537.36 (KHTML, like Gecko) Chrome/120.0.0.0 Safari/537.36"
98.92.33.232 - - [31/Aug/2026:13:25:01 -0500] "GET /wp-content/uploads/2019/01/8trends-855x425.png HTTP/1.1" 404 5982 "-" "Mozilla/5.0 (Windows NT 10.0; Win64; x64) AppleWebKit/537.36 (KHTML, like Gecko) Chrome/120.0.0.0 Safari/537.36"
98.92.33.232 - - [31/Aug/2026:13:25:02 -0500] "GET /wp-content/uploads/2019/03/image2.png HTTP/1.1" 404 5982 "-" "Mozilla/5.0 (Windows NT 10.0; Win64; x64) AppleWebKit/537.36 (KHTML, like Gecko) Chrome/120.0.0.0 Safari/537.36"
38.17.230.16 - - [31/Aug/2026:13:25:06 -0500] "GET /list/goods/dqzsz121wpxpj84d_32652.shtml HTTP/1.1" 404 5951 "-" "Mozilla/5.0 (Windows NT 10.0; Win64; x64; rv:127.0) Gecko/20100101 Firefox/127.0"
98.92.33.232 - - [31/Aug/2026:13:25:06 -0500] "GET /wp-content/uploads/2019/01/image7.png HTTP/1.1" 404 5982 "-" "Mozilla/5.0 (Windows NT 10.0; Win64; x64) AppleWebKit/537.36 (KHTML, like Gecko) Chrome/120.0.0.0 Safari/537.36"
98.92.33.232 - - [31/Aug/2026:13:25:07 -0500] "GET /wp-content/uploads/2019/11/image2-1.png HTTP/1.1" 404 5982 "-" "Mozilla/5.0 (Windows NT 10.0; Win64; x64) AppleWebKit/537.36 (KHTML, like Gecko) Chrome/120.0.0.0 Safari/537.36"
98.92.33.232 - - [31/Aug/2026:13:25:08 -0500] "GET /wp-content/uploads/2019/05/image11.png HTTP/1.1" 404 5982 "-" "Mozilla/5.0 (Windows NT 10.0; Win64; x64) AppleWebKit/537.36 (KHTML, like Gecko) Chrome/120.0.0.0 Safari/537.36"
98.92.33.232 - - [31/Aug/2026:13:25:08 -0500] "GET /wp-content/uploads/2019/05/image1-2.png HTTP/1.1" 404 5982 "-" "Mozilla/5.0 (Windows NT 10.0; Win64; x64) AppleWebKit/537.36 (KHTML, like Gecko) Chrome/120.0.0.0 Safari/537.36"
222.107.159.49 - - [31/Aug/2026:13:25:09 -0500] "HEAD /2024 HTTP/1.1" 404 5174 "http://motionave.com/2024" "Mozilla/5.0 (X11; Linux x86_64) AppleWebKit/537.36 (KHTML, like Gecko) Chrome/96.0.4664.45 Safari/537.36"
98.92.33.232 - - [31/Aug/2026:13:25:10 -0500] "GET /wp-content/uploads/2019/01/Recipe_buyer_persona1-1-855x425.png HTTP/1.1" 404 5982 "-" "Mozilla/5.0 (Windows NT 10.0; Win64; x64) AppleWebKit/537.36 (KHTML, like Gecko) Chrome/120.0.0.0 Safari/537.36"
98.92.33.232 - - [31/Aug/2026:13:25:13 -0500] "GET /wp-content/uploads/2019/03/image5-2.png HTTP/1.1" 404 5982 "-" "Mozilla/5.0 (Windows NT 10.0; Win64; x64) AppleWebKit/537.36 (KHTML, like Gecko) Chrome/120.0.0.0 Safari/537.36"
98.92.33.232 - - [31/Aug/2026:13:25:14 -0500] "GET /wp-content/uploads/2019/05/image2.png HTTP/1.1" 404 5982 "-" "Mozilla/5.0 (Windows NT 10.0; Win64; x64) AppleWebKit/537.36 (KHTML, like Gecko) Chrome/120.0.0.0 Safari/537.36"
98.92.33.232 - - [31/Aug/2026:13:25:15 -0500] "GET /wp-content/uploads/2019/02/Recipe_buyer_persona-855x425.jpg HTTP/1.1" 404 5982 "-" "Mozilla/5.0 (Windows NT 10.0; Win64; x64) AppleWebKit/537.36 (KHTML, like Gecko) Chrome/120.0.0.0 Safari/537.36"
98.92.33.232 - - [31/Aug/2026:13:25:17 -0500] "GET /wp-content/uploads/2019/04/image5.jpg HTTP/1.1" 404 5982 "-" "Mozilla/5.0 (Windows NT 10.0; Win64; x64) AppleWebKit/537.36 (KHTML, like Gecko) Chrome/120.0.0.0 Safari/537.36"
98.92.33.232 - - [31/Aug/2026:13:25:20 -0500] "GET /wp-content/uploads/2019/04/CStudy_Teatro_Ads.jpg HTTP/1.1" 404 5982 "-" "Mozilla/5.0 (Windows NT 10.0; Win64; x64) AppleWebKit/537.36 (KHTML, like Gecko) Chrome/120.0.0.0 Safari/537.36"
98.92.33.232 - - [31/Aug/2026:13:25:22 -0500] "GET /wp-content/uploads/2019/03/image1.png HTTP/1.1" 404 5982 "-" "Mozilla/5.0 (Windows NT 10.0; Win64; x64) AppleWebKit/537.36 (KHTML, like Gecko) Chrome/120.0.0.0 Safari/537.36"
98.92.33.232 - - [31/Aug/2026:13:25:24 -0500] "GET /wp-content/uploads/2019/01/image18.png HTTP/1.1" 404 5982 "-" "Mozilla/5.0 (Windows NT 10.0; Win64; x64) AppleWebKit/537.36 (KHTML, like Gecko) Chrome/120.0.0.0 Safari/537.36"
98.92.33.232 - - [31/Aug/2026:13:25:25 -0500] "GET /wp-content/uploads/2019/03/image1-1-855x425.jpg HTTP/1.1" 404 5982 "-" "Mozilla/5.0 (Windows NT 10.0; Win64; x64) AppleWebKit/537.36 (KHTML, like Gecko) Chrome/120.0.0.0 Safari/537.36"
98.92.33.232 - - [31/Aug/2026:13:25:26 -0500] "GET /wp-content/uploads/2019/01/image1.png HTTP/1.1" 404 5982 "-" "Mozilla/5.0 (Windows NT 10.0; Win64; x64) AppleWebKit/537.36 (KHTML, like Gecko) Chrome/120.0.0.0 Safari/537.36"
98.92.33.232 - - [31/Aug/2026:13:25:27 -0500] "GET /wp-content/uploads/2019/01/inphography_Buyer_02-1.jpg HTTP/1.1" 404 5982 "-" "Mozilla/5.0 (Windows NT 10.0; Win64; x64) AppleWebKit/537.36 (KHTML, like Gecko) Chrome/120.0.0.0 Safari/537.36"
98.92.33.232 - - [31/Aug/2026:13:25:27 -0500] "GET /wp-content/uploads/2019/01/image4.png HTTP/1.1" 404 5982 "-" "Mozilla/5.0 (Windows NT 10.0; Win64; x64) AppleWebKit/537.36 (KHTML, like Gecko) Chrome/120.0.0.0 Safari/537.36"
98.92.33.232 - - [31/Aug/2026:13:25:28 -0500] "GET /wp-content/uploads/2019/01/image12-855x425.png HTTP/1.1" 404 5982 "-" "Mozilla/5.0 (Windows NT 10.0; Win64; x64) AppleWebKit/537.36 (KHTML, like Gecko) Chrome/120.0.0.0 Safari/537.36"
98.92.33.232 - - [31/Aug/2026:13:25:28 -0500] "GET /wp-content/uploads/2019/01/image8.png HTTP/1.1" 404 5982 "-" "Mozilla/5.0 (Windows NT 10.0; Win64; x64) AppleWebKit/537.36 (KHTML, like Gecko) Chrome/120.0.0.0 Safari/537.36"
98.92.33.232 - - [31/Aug/2026:13:25:32 -0500] "GET /wp-content/plugins/leaflet-maps-marker/inc/img/icon-fullscreen.png HTTP/1.1" 404 5982 "-" "Mozilla/5.0 (Windows NT 10.0; Win64; x64) AppleWebKit/537.36 (KHTML, like Gecko) Chrome/120.0.0.0 Safari/537.36"
98.92.33.232 - - [31/Aug/2026:13:25:34 -0500] "GET /wp-content/uploads/2019/11/image4.png HTTP/1.1" 404 5982 "-" "Mozilla/5.0 (Windows NT 10.0; Win64; x64) AppleWebKit/537.36 (KHTML, like Gecko) Chrome/120.0.0.0 Safari/537.36"
98.92.33.232 - - [31/Aug/2026:13:25:34 -0500] "GET /wp-content/uploads/2019/01/image20.png HTTP/1.1" 404 5982 "-" "Mozilla/5.0 (Windows NT 10.0; Win64; x64) AppleWebKit/537.36 (KHTML, like Gecko) Chrome/120.0.0.0 Safari/537.36"
98.92.33.232 - - [31/Aug/2026:13:25:36 -0500] "GET /wp-content/uploads/2019/02/image4.png HTTP/1.1" 404 5982 "-" "Mozilla/5.0 (Windows NT 10.0; Win64; x64) AppleWebKit/537.36 (KHTML, like Gecko) Chrome/120.0.0.0 Safari/537.36"
98.92.33.232 - - [31/Aug/2026:13:25:38 -0500] "GET /wp-content/uploads/2019/05/image7.png HTTP/1.1" 404 5982 "-" "Mozilla/5.0 (Windows NT 10.0; Win64; x64) AppleWebKit/537.36 (KHTML, like Gecko) Chrome/120.0.0.0 Safari/537.36"
98.92.33.232 - - [31/Aug/2026:13:25:39 -0500] "GET /wp-content/uploads/2019/02/image7.png HTTP/1.1" 404 5982 "-" "Mozilla/5.0 (Windows NT 10.0; Win64; x64) AppleWebKit/537.36 (KHTML, like Gecko) Chrome/120.0.0.0 Safari/537.36"
190.92.87.14 - - [31/Aug/2026:13:25:42 -0500] "GET /list/goods/dtgpt98vioveet4g_16139.shtml HTTP/1.1" 404 5951 "-" "Mozilla/5.0 (Windows NT 10.0; Win64; x64) AppleWebKit/537.36 (KHTML, like Gecko) Chrome/134.0.6998.45 Safari/537.36"
98.92.33.232 - - [31/Aug/2026:13:25:45 -0500] "GET /wp-content/uploads/2019/03/image7.png HTTP/1.1" 404 5982 "-" "Mozilla/5.0 (Windows NT 10.0; Win64; x64) AppleWebKit/537.36 (KHTML, like Gecko) Chrome/120.0.0.0 Safari/537.36"
98.92.33.232 - - [31/Aug/2026:13:25:47 -0500] "GET /wp-content/uploads/2019/04/photo5064484470777817169-855x425.jpg HTTP/1.1" 404 5982 "-" "Mozilla/5.0 (Windows NT 10.0; Win64; x64) AppleWebKit/537.36 (KHTML, like Gecko) Chrome/120.0.0.0 Safari/537.36"
98.92.33.232 - - [31/Aug/2026:13:25:50 -0500] "GET /wp-content/uploads/2019/01/inphography_Buyer_01.jpg HTTP/1.1" 404 5982 "-" "Mozilla/5.0 (Windows NT 10.0; Win64; x64) AppleWebKit/537.36 (KHTML, like Gecko) Chrome/120.0.0.0 Safari/537.36"
98.92.33.232 - - [31/Aug/2026:13:25:50 -0500] "GET /wp-content/uploads/2019/04/image2.jpg HTTP/1.1" 404 5982 "-" "Mozilla/5.0 (Windows NT 10.0; Win64; x64) AppleWebKit/537.36 (KHTML, like Gecko) Chrome/120.0.0.0 Safari/537.36"
98.92.33.232 - - [31/Aug/2026:13:25:51 -0500] "GET /wp-content/uploads/2019/01/image11.png HTTP/1.1" 404 5982 "-" "Mozilla/5.0 (Windows NT 10.0; Win64; x64) AppleWebKit/537.36 (KHTML, like Gecko) Chrome/120.0.0.0 Safari/537.36"
98.92.33.232 - - [31/Aug/2026:13:25:51 -0500] "GET /wp-content/uploads/2019/03/Facebook-Dynamic-Creatives2-855x425.png HTTP/1.1" 404 5982 "-" "Mozilla/5.0 (Windows NT 10.0; Win64; x64) AppleWebKit/537.36 (KHTML, like Gecko) Chrome/120.0.0.0 Safari/537.36"
98.92.33.232 - - [31/Aug/2026:13:25:53 -0500] "GET /wp-content/uploads/2019/02/image3.png HTTP/1.1" 404 5982 "-" "Mozilla/5.0 (Windows NT 10.0; Win64; x64) AppleWebKit/537.36 (KHTML, like Gecko) Chrome/120.0.0.0 Safari/537.36"
98.92.33.232 - - [31/Aug/2026:13:25:57 -0500] "GET /wp-content/uploads/2019/03/image6-2.png HTTP/1.1" 404 5982 "-" "Mozilla/5.0 (Windows NT 10.0; Win64; x64) AppleWebKit/537.36 (KHTML, like Gecko) Chrome/120.0.0.0 Safari/537.36"
98.92.33.232 - - [31/Aug/2026:13:26:01 -0500] "GET /wp-content/uploads/2019/01/image15.png HTTP/1.1" 404 5982 "-" "Mozilla/5.0 (Windows NT 10.0; Win64; x64) AppleWebKit/537.36 (KHTML, like Gecko) Chrome/120.0.0.0 Safari/537.36"
98.92.33.232 - - [31/Aug/2026:13:26:02 -0500] "GET /wp-content/uploads/2019/01/inphography_Buyer_05.jpg HTTP/1.1" 404 5982 "-" "Mozilla/5.0 (Windows NT 10.0; Win64; x64) AppleWebKit/537.36 (KHTML, like Gecko) Chrome/120.0.0.0 Safari/537.36"
98.92.33.232 - - [31/Aug/2026:13:26:03 -0500] "GET /wp-content/uploads/2019/01/inphography_Buyer_04.jpg HTTP/1.1" 404 5982 "-" "Mozilla/5.0 (Windows NT 10.0; Win64; x64) AppleWebKit/537.36 (KHTML, like Gecko) Chrome/120.0.0.0 Safari/537.36"
98.92.33.232 - - [31/Aug/2026:13:26:03 -0500] "GET /wp-content/uploads/2019/01/image21.png HTTP/1.1" 404 5982 "-" "Mozilla/5.0 (Windows NT 10.0; Win64; x64) AppleWebKit/537.36 (KHTML, like Gecko) Chrome/120.0.0.0 Safari/537.36"
98.92.33.232 - - [31/Aug/2026:13:26:04 -0500] "GET /wp-content/uploads/2019/11/image3-855x425.jpg HTTP/1.1" 404 5982 "-" "Mozilla/5.0 (Windows NT 10.0; Win64; x64) AppleWebKit/537.36 (KHTML, like Gecko) Chrome/120.0.0.0 Safari/537.36"
98.92.33.232 - - [31/Aug/2026:13:26:09 -0500] "GET /wp-content/uploads/2019/01/image13.png HTTP/1.1" 404 5982 "-" "Mozilla/5.0 (Windows NT 10.0; Win64; x64) AppleWebKit/537.36 (KHTML, like Gecko) Chrome/120.0.0.0 Safari/537.36"
98.92.33.232 - - [31/Aug/2026:13:26:11 -0500] "GET /wp-content/uploads/2019/02/image5.png HTTP/1.1" 404 5982 "-" "Mozilla/5.0 (Windows NT 10.0; Win64; x64) AppleWebKit/537.36 (KHTML, like Gecko) Chrome/120.0.0.0 Safari/537.36"
146.174.174.72 - - [31/Aug/2026:13:26:19 -0500] "GET /list/goods/dxsw176kohsdjg85f_8413.shtml HTTP/1.1" 404 5951 "-" "Mozilla/5.0 (Windows NT 10.0; Win64; x64) AppleWebKit/537.36 (KHTML, like Gecko) Chrome/133.0.6943.98 Safari/537.36"
98.92.33.232 - - [31/Aug/2026:13:26:23 -0500] "GET /wp-content/uploads/2019/02/image6.png HTTP/1.1" 404 5982 "-" "Mozilla/5.0 (Windows NT 10.0; Win64; x64) AppleWebKit/537.36 (KHTML, like Gecko) Chrome/120.0.0.0 Safari/537.36"
98.92.33.232 - - [31/Aug/2026:13:26:24 -0500] "GET /wp-content/uploads/2019/01/inphography_Buyer_03.jpg HTTP/1.1" 404 5982 "-" "Mozilla/5.0 (Windows NT 10.0; Win64; x64) AppleWebKit/537.36 (KHTML, like Gecko) Chrome/120.0.0.0 Safari/537.36"
207.244.250.86 - - [31/Aug/2026:13:26:26 -0500] "POST /wp-cron.php?doing_wp_cron=1788200786.0956339836120605468750 HTTP/1.1" 200 4956 "-" "WordPress/7.0.4; https://motionave.com"
192.250.232.93 - - [31/Aug/2026:13:26:24 -0500] "GET /wp-login.php HTTP/1.1" 200 11475 "-" "192.250.232.93"
98.92.33.232 - - [31/Aug/2026:13:26:26 -0500] "GET /wp-content/uploads/2019/03/image2-2.png HTTP/1.1" 404 5982 "-" "Mozilla/5.0 (Windows NT 10.0; Win64; x64) AppleWebKit/537.36 (KHTML, like Gecko) Chrome/120.0.0.0 Safari/537.36"
192.250.232.93 - - [31/Aug/2026:13:26:26 -0500] "POST /wp-login.php HTTP/1.1" 200 7120 "https://motionave.com/wp-login.php" "192.250.232.93"
98.92.33.232 - - [31/Aug/2026:13:26:27 -0500] "GET /wp-content/uploads/2019/01/image6.png HTTP/1.1" 404 5982 "-" "Mozilla/5.0 (Windows NT 10.0; Win64; x64) AppleWebKit/537.36 (KHTML, like Gecko) Chrome/120.0.0.0 Safari/537.36"
98.92.33.232 - - [31/Aug/2026:13:26:28 -0500] "GET /wp-content/uploads/2019/11/image1.png HTTP/1.1" 404 5982 "-" "Mozilla/5.0 (Windows NT 10.0; Win64; x64) AppleWebKit/537.36 (KHTML, like Gecko) Chrome/120.0.0.0 Safari/537.36"
66.249.68.37 - - [31/Aug/2026:13:26:29 -0500] "GET /?jp/081049073.html HTTP/1.1" 301 5175 "-" "Mozilla/5.0 (Linux; Android 6.0.1; Nexus 5X Build/MMB29P) AppleWebKit/537.36 (KHTML, like Gecko) Chrome/151.0.7922.173 Mobile Safari/537.36 (compatible; Googlebot/2.1; +http://www.google.com/bot.html)"
98.92.33.232 - - [31/Aug/2026:13:26:30 -0500] "GET /wp-content/uploads/2019/05/image6.png HTTP/1.1" 404 5982 "-" "Mozilla/5.0 (Windows NT 10.0; Win64; x64) AppleWebKit/537.36 (KHTML, like Gecko) Chrome/120.0.0.0 Safari/537.36"
98.92.33.232 - - [31/Aug/2026:13:26:30 -0500] "GET /wp-content/uploads/2019/02/image8-855x425.jpg HTTP/1.1" 404 5982 "-" "Mozilla/5.0 (Windows NT 10.0; Win64; x64) AppleWebKit/537.36 (KHTML, like Gecko) Chrome/120.0.0.0 Safari/537.36"
98.92.33.232 - - [31/Aug/2026:13:26:31 -0500] "GET /wp-content/uploads/2019/03/image3.png HTTP/1.1" 404 5982 "-" "Mozilla/5.0 (Windows NT 10.0; Win64; x64) AppleWebKit/537.36 (KHTML, like Gecko) Chrome/120.0.0.0 Safari/537.36"
66.249.68.192 - - [31/Aug/2026:13:26:34 -0500] "GET /?jp%2F081049073_html HTTP/1.1" 200 153839 "-" "Mozilla/5.0 (Linux; Android 6.0.1; Nexus 5X Build/MMB29P) AppleWebKit/537.36 (KHTML, like Gecko) Chrome/151.0.7922.173 Mobile Safari/537.36 (compatible; Googlebot/2.1; +http://www.google.com/bot.html)"
136.111.61.81 - - [31/Aug/2026:13:26:37 -0500] "GET /robots.txt HTTP/1.1" 404 5926 "-" "Mozilla/5.0 (compatible; Reflectionbot/1.0; +https://reflection.ai/bot)"
136.111.61.81 - - [31/Aug/2026:13:26:37 -0500] "GET /list/goods/vkcv214lfvth9iag3i_11799.shtml HTTP/1.1" 404 1145 "-" "Mozilla/5.0 (compatible; Reflectionbot/1.0; +https://reflection.ai/bot)"
66.249.68.36 - - [31/Aug/2026:13:26:44 -0500] "GET /?jp/093010744.html HTTP/1.1" 301 5175 "-" "Mozilla/5.0 (Linux; Android 6.0.1; Nexus 5X Build/MMB29P) AppleWebKit/537.36 (KHTML, like Gecko) Chrome/151.0.7922.173 Mobile Safari/537.36 (compatible; Googlebot/2.1; +http://www.google.com/bot.html)"
98.92.33.232 - - [31/Aug/2026:13:26:45 -0500] "GET /wp-content/uploads/2019/01/image19.png HTTP/1.1" 404 5982 "-" "Mozilla/5.0 (Windows NT 10.0; Win64; x64) AppleWebKit/537.36 (KHTML, like Gecko) Chrome/120.0.0.0 Safari/537.36"
222.107.159.49 - - [31/Aug/2026:13:26:45 -0500] "HEAD /2017 HTTP/1.1" 404 5174 "http://motionave.com/2017" "Mozilla/5.0 (X11; Linux x86_64) AppleWebKit/537.36 (KHTML, like Gecko) Chrome/96.0.4664.45 Safari/537.36"
98.92.33.232 - - [31/Aug/2026:13:26:46 -0500] "GET /wp-content/uploads/2019/02/image9.png HTTP/1.1" 404 5982 "-" "Mozilla/5.0 (Windows NT 10.0; Win64; x64) AppleWebKit/537.36 (KHTML, like Gecko) Chrome/120.0.0.0 Safari/537.36"
66.249.68.200 - - [31/Aug/2026:13:26:48 -0500] "GET /?jp%2F093010744_html HTTP/1.1" 200 153839 "-" "Mozilla/5.0 (Linux; Android 6.0.1; Nexus 5X Build/MMB29P) AppleWebKit/537.36 (KHTML, like Gecko) Chrome/151.0.7922.173 Mobile Safari/537.36 (compatible; Googlebot/2.1; +http://www.google.com/bot.html)"
136.65.190.192 - - [31/Aug/2026:13:26:50 -0500] "GET /robots.txt HTTP/1.1" 404 5926 "-" "Mozilla/5.0 (compatible; Reflectionbot/1.0; +https://reflection.ai/bot)"
136.65.190.192 - - [31/Aug/2026:13:26:50 -0500] "GET /items/K058031126 HTTP/1.1" 404 1301 "-" "Mozilla/5.0 (compatible; Reflectionbot/1.0; +https://reflection.ai/bot)"
66.249.68.36 - - [31/Aug/2026:13:26:52 -0500] "GET /?jp/015045233.html HTTP/1.1" 301 5175 "-" "Mozilla/5.0 (Linux; Android 6.0.1; Nexus 5X Build/MMB29P) AppleWebKit/537.36 (KHTML, like Gecko) Chrome/151.0.7922.173 Mobile Safari/537.36 (compatible; Googlebot/2.1; +http://www.google.com/bot.html)"
88.241.53.215 - - [31/Aug/2026:13:26:56 -0500] "GET /list/goods/dxwm214klweq3qec_3313.shtml HTTP/1.1" 404 5951 "-" "Mozilla/5.0 (Windows NT 10.0; Win64; x64) AppleWebKit/537.36 (KHTML, like Gecko) Chrome/129.0.6668.29 Safari/537.36"
66.249.68.201 - - [31/Aug/2026:13:27:12 -0500] "GET /list/goods/vfs99l2tnwuxb_30882.shtml HTTP/1.1" 404 5951 "-" "Mozilla/5.0 (compatible; Googlebot/2.1; +http://www.google.com/bot.html)"
66.249.68.200 - - [31/Aug/2026:13:27:16 -0500] "GET /list/goods/vfs99l2tnwuxb_30882.shtml HTTP/1.1" 404 5951 "-" "Mozilla/5.0 (Linux; Android 6.0.1; Nexus 5X Build/MMB29P) AppleWebKit/537.36 (KHTML, like Gecko) Chrome/151.0.7922.173 Mobile Safari/537.36 (compatible; Googlebot/2.1; +http://www.google.com/bot.html)"
66.249.68.37 - - [31/Aug/2026:13:27:22 -0500] "GET /category/134_257/1 HTTP/1.1" 404 5951 "-" "Mozilla/5.0 (Linux; Android 6.0.1; Nexus 5X Build/MMB29P) AppleWebKit/537.36 (KHTML, like Gecko) Chrome/151.0.7922.173 Mobile Safari/537.36 (compatible; Googlebot/2.1; +http://www.google.com/bot.html)"
66.249.68.37 - - [31/Aug/2026:13:27:24 -0500] "GET /?jp/254024644.html HTTP/1.1" 301 424 "-" "Mozilla/5.0 (Linux; Android 6.0.1; Nexus 5X Build/MMB29P) AppleWebKit/537.36 (KHTML, like Gecko) Chrome/151.0.7922.173 Mobile Safari/537.36 (compatible; Googlebot/2.1; +http://www.google.com/bot.html)"
207.244.250.86 - - [31/Aug/2026:13:27:32 -0500] "POST /wp-cron.php?doing_wp_cron=1788200852.8880860805511474609375 HTTP/1.1" 200 4956 "-" "WordPress/7.0.4; https://motionave.com"
66.249.68.201 - - [31/Aug/2026:13:27:32 -0500] "GET /?jp%2F254024644_html HTTP/1.1" 200 153839 "-" "Mozilla/5.0 (Linux; Android 6.0.1; Nexus 5X Build/MMB29P) AppleWebKit/537.36 (KHTML, like Gecko) Chrome/151.0.7922.173 Mobile Safari/537.36 (compatible; Googlebot/2.1; +http://www.google.com/bot.html)"
197.63.205.221 - - [31/Aug/2026:13:27:34 -0500] "GET /list/goods/epk117dxenbim7s_39972.shtml HTTP/1.1" 404 5951 "-" "Mozilla/5.0 (Windows NT 10.0; Win64; x64) AppleWebKit/537.36 (KHTML, like Gecko) Chrome/133.0.6943.141 Safari/537.36"
66.249.68.36 - - [31/Aug/2026:13:27:48 -0500] "GET /?goods/156032774 HTTP/1.1" 301 5173 "-" "Mozilla/5.0 (Linux; Android 6.0.1; Nexus 5X Build/MMB29P) AppleWebKit/537.36 (KHTML, like Gecko) Chrome/151.0.7922.173 Mobile Safari/537.36 (compatible; Googlebot/2.1; +http://www.google.com/bot.html)"
136.113.99.238 - - [31/Aug/2026:13:27:49 -0500] "GET /robots.txt HTTP/1.1" 404 5926 "-" "Mozilla/5.0 (compatible; Reflectionbot/1.0; +https://reflection.ai/bot)"
136.113.99.238 - - [31/Aug/2026:13:27:50 -0500] "GET /items/Z045031197 HTTP/1.1" 404 1301 "-" "Mozilla/5.0 (compatible; Reflectionbot/1.0; +https://reflection.ai/bot)"
130.211.231.54 - - [31/Aug/2026:13:27:53 -0500] "GET /items/I289022765 HTTP/1.1" 404 5926 "-" "Mozilla/5.0 (compatible; Reflectionbot/1.0; +https://reflection.ai/bot)"
66.249.68.200 - - [31/Aug/2026:13:27:52 -0500] "GET /?goods%2F156032774 HTTP/1.1" 200 153839 "-" "Mozilla/5.0 (Linux; Android 6.0.1; Nexus 5X Build/MMB29P) AppleWebKit/537.36 (KHTML, like Gecko) Chrome/151.0.7922.173 Mobile Safari/537.36 (compatible; Googlebot/2.1; +http://www.google.com/bot.html)"
32.198.72.191 - - [31/Aug/2026:13:28:03 -0500] "GET /wp-content/uploads/2019/05/MOTION_-BLOG-POST-may-2-855x425.jpg HTTP/1.1" 404 5982 "-" "Mozilla/5.0 (Windows NT 10.0; Win64; x64) AppleWebKit/537.36 (KHTML, like Gecko) Chrome/120.0.0.0 Safari/537.36"
196.188.226.35 - - [31/Aug/2026:13:28:11 -0500] "GET /list/goods/ewrbb251edww4h2ia_10946.shtml HTTP/1.1" 404 5951 "-" "Mozilla/5.0 (Windows NT 10.0; Win64; x64) AppleWebKit/537.36 (KHTML, like Gecko) Chrome/128.0.6613.84 Safari/537.36"
192.3.239.5 - - [31/Aug/2026:13:28:22 -0500] "GET / HTTP/1.1" 200 111707 "-" "Mozilla/5.0 (Ubuntu; Linux i686) AppleWebKit/537.36 (KHTML, like Gecko) Chrome/128.0.0.0 Safari/537.36"
66.249.68.200 - - [31/Aug/2026:13:26:55 -0500] "GET /?jp%2F015045233_html HTTP/1.1" 200 153839 "-" "Mozilla/5.0 (Linux; Android 6.0.1; Nexus 5X Build/MMB29P) AppleWebKit/537.36 (KHTML, like Gecko) Chrome/151.0.7922.173 Mobile Safari/537.36 (compatible; Googlebot/2.1; +http://www.google.com/bot.html)"
66.249.68.37 - - [31/Aug/2026:13:28:38 -0500] "GET /?detail/1130000799941 HTTP/1.1" 301 5178 "-" "Mozilla/5.0 (Linux; Android 6.0.1; Nexus 5X Build/MMB29P) AppleWebKit/537.36 (KHTML, like Gecko) Chrome/151.0.7922.173 Mobile Safari/537.36 (compatible; Googlebot/2.1; +http://www.google.com/bot.html)"
66.249.68.201 - - [31/Aug/2026:13:28:45 -0500] "GET /?detail%2F1130000799941 HTTP/1.1" 200 153839 "-" "Mozilla/5.0 (Linux; Android 6.0.1; Nexus 5X Build/MMB29P) AppleWebKit/537.36 (KHTML, like Gecko) Chrome/151.0.7922.173 Mobile Safari/537.36 (compatible; Googlebot/2.1; +http://www.google.com/bot.html)"
79.213.165.23 - - [31/Aug/2026:13:28:48 -0500] "GET /list/goods/fe36ouifolgowd_41309.shtml HTTP/1.1" 404 5951 "-" "Mozilla/5.0 (Macintosh; Intel Mac OS X 15.3; rv:134.0) Gecko/20100101 Firefox/134.0"
66.249.68.37 - - [31/Aug/2026:13:29:18 -0500] "GET /?goods/029016031 HTTP/1.1" 301 5173 "-" "Mozilla/5.0 (Linux; Android 6.0.1; Nexus 5X Build/MMB29P) AppleWebKit/537.36 (KHTML, like Gecko) Chrome/151.0.7922.173 Mobile Safari/537.36 (compatible; Googlebot/2.1; +http://www.google.com/bot.html)"
222.107.159.49 - - [31/Aug/2026:13:29:22 -0500] "HEAD /2020 HTTP/1.1" 404 5174 "http://motionave.com/2020" "Mozilla/5.0 (X11; Linux x86_64) AppleWebKit/537.36 (KHTML, like Gecko) Chrome/96.0.4664.45 Safari/537.36"
5.25.171.112 - - [31/Aug/2026:13:29:26 -0500] "GET /list/goods/ffpuu289eox60mu_23944.shtml HTTP/1.1" 404 5951 "-" "Mozilla/5.0 (Macintosh; Intel Mac OS X 13_4_1) AppleWebKit/537.36 (KHTML, like Gecko) Chrome/130.0.6723.116 Safari/537.36"
66.249.68.192 - - [31/Aug/2026:13:29:27 -0500] "GET /?goods%2F029016031 HTTP/1.1" 200 153839 "-" "Mozilla/5.0 (Linux; Android 6.0.1; Nexus 5X Build/MMB29P) AppleWebKit/537.36 (KHTML, like Gecko) Chrome/151.0.7922.173 Mobile Safari/537.36 (compatible; Googlebot/2.1; +http://www.google.com/bot.html)"
98.84.19.166 - - [31/Aug/2026:13:30:01 -0500] "GET /wp-content/uploads/2019/01/CStudy_Header_Janpro_-855x425.png HTTP/1.1" 404 5982 "-" "Mozilla/5.0 (Windows NT 10.0; Win64; x64) AppleWebKit/537.36 (KHTML, like Gecko) Chrome/120.0.0.0 Safari/537.36"
45.6.16.180 - - [31/Aug/2026:13:30:02 -0500] "GET /list/goods/fl53exvxs9eg_26610.shtml HTTP/1.1" 404 5951 "-" "Mozilla/4.0 (compatible; MSIE 5.22; Mac_PowerPC)"
98.84.19.166 - - [31/Aug/2026:13:30:02 -0500] "GET /wp-content/plugins/leaflet-maps-marker/inc/img/icon-fullscreen.png HTTP/1.1" 404 5982 "-" "Mozilla/5.0 (Windows NT 10.0; Win64; x64) AppleWebKit/537.36 (KHTML, like Gecko) Chrome/120.0.0.0 Safari/537.36"
98.84.19.166 - - [31/Aug/2026:13:30:02 -0500] "GET /wp-content/uploads/2018/12/1_Header_BLOGPOST_2-855x425.png HTTP/1.1" 404 5982 "-" "Mozilla/5.0 (Windows NT 10.0; Win64; x64) AppleWebKit/537.36 (KHTML, like Gecko) Chrome/120.0.0.0 Safari/537.36"
66.249.68.38 - - [31/Aug/2026:13:30:27 -0500] "GET /?detail/1030052959470 HTTP/1.1" 301 5178 "-" "Mozilla/5.0 (compatible; Googlebot/2.1; +http://www.google.com/bot.html)"
66.249.68.201 - - [31/Aug/2026:13:30:35 -0500] "GET /?detail%2F1030052959470 HTTP/1.1" 200 153839 "-" "Mozilla/5.0 (compatible; Googlebot/2.1; +http://www.google.com/bot.html)"
37.243.253.43 - - [31/Aug/2026:13:30:39 -0500] "GET /list/goods/fnvc157ptjqntu_46540.shtml HTTP/1.1" 404 5951 "-" "Mozilla/5.0 (Windows NT 10.0; WOW64; rv:136.0) Gecko/20100101 Firefox/136.0"
98.84.19.166 - - [31/Aug/2026:13:31:06 -0500] "GET /wp-content/uploads/2019/01/Header-855x425.png HTTP/1.1" 404 5982 "-" "Mozilla/5.0 (Windows NT 10.0; Win64; x64) AppleWebKit/537.36 (KHTML, like Gecko) Chrome/120.0.0.0 Safari/537.36"
66.249.68.37 - - [31/Aug/2026:13:31:07 -0500] "GET /?jp/120015950.html HTTP/1.1" 301 5175 "-" "Mozilla/5.0 (Linux; Android 6.0.1; Nexus 5X Build/MMB29P) AppleWebKit/537.36 (KHTML, like Gecko) Chrome/151.0.7922.173 Mobile Safari/537.36 (compatible; Googlebot/2.1; +http://www.google.com/bot.html)"
98.84.19.166 - - [31/Aug/2026:13:31:10 -0500] "GET /wp-content/uploads/2018/12/1_Header_BLOGPOST_2-855x425.png HTTP/1.1" 404 5982 "-" "Mozilla/5.0 (Windows NT 10.0; Win64; x64) AppleWebKit/537.36 (KHTML, like Gecko) Chrome/120.0.0.0 Safari/537.36"
98.84.19.166 - - [31/Aug/2026:13:31:16 -0500] "GET /wp-content/uploads/2019/01/8trends-855x425.png HTTP/1.1" 404 5982 "-" "Mozilla/5.0 (Windows NT 10.0; Win64; x64) AppleWebKit/537.36 (KHTML, like Gecko) Chrome/120.0.0.0 Safari/537.36"
66.249.68.192 - - [31/Aug/2026:13:31:13 -0500] "GET /?jp%2F120015950_html HTTP/1.1" 200 153839 "-" "Mozilla/5.0 (Linux; Android 6.0.1; Nexus 5X Build/MMB29P) AppleWebKit/537.36 (KHTML, like Gecko) Chrome/151.0.7922.173 Mobile Safari/537.36 (compatible; Googlebot/2.1; +http://www.google.com/bot.html)"
32.198.56.18 - - [31/Aug/2026:13:31:26 -0500] "GET /wp-content/uploads/2019/11/blog-ejemplo.jpg HTTP/1.1" 404 5982 "-" "Mozilla/5.0 (Windows NT 10.0; Win64; x64) AppleWebKit/537.36 (KHTML, like Gecko) Chrome/120.0.0.0 Safari/537.36"
222.107.159.49 - - [31/Aug/2026:13:31:30 -0500] "HEAD /2019 HTTP/1.1" 404 5174 "http://motionave.com/2019" "Mozilla/5.0 (X11; Linux x86_64) AppleWebKit/537.36 (KHTML, like Gecko) Chrome/96.0.4664.45 Safari/537.36"
98.92.124.251 - - [31/Aug/2026:13:31:33 -0500] "GET /wp-content/uploads/2019/05/MOTION_-BLOG-POST-may-2-855x425.jpg HTTP/1.1" 404 5982 "-" "Mozilla/5.0 (Windows NT 10.0; Win64; x64) AppleWebKit/537.36 (KHTML, like Gecko) Chrome/120.0.0.0 Safari/537.36"
98.92.124.251 - - [31/Aug/2026:13:31:33 -0500] "GET /wp-content/uploads/2019/05/photo5116401721919252508-855x425.jpg HTTP/1.1" 404 5982 "-" "Mozilla/5.0 (Windows NT 10.0; Win64; x64) AppleWebKit/537.36 (KHTML, like Gecko) Chrome/120.0.0.0 Safari/537.36"
