125.164.233.90 - - [31/Aug/2026:14:49:35 -0500] "GET /wp-content/plugins/redirect-redirection/modules/review/assets/imgs/BM-background.svg HTTP/1.1" 200 58882 "https://motionave.com/wp-admin/" "Mozilla/5.0 (Windows NT 10.0; Win64; x64) AppleWebKit/537.36 (KHTML, like Gecko) Chrome/144.0.0.0 Safari/537.36"
125.164.233.90 - - [31/Aug/2026:14:49:35 -0500] "GET /wp-admin/load-scripts.php?c=0&load%5Bchunk_0%5D=jquery-core,jquery-migrate,utils&ver=7.0.4 HTTP/1.1" 200 104573 "https://motionave.com/wp-admin/" "Mozilla/5.0 (Windows NT 10.0; Win64; x64) AppleWebKit/537.36 (KHTML, like Gecko) Chrome/144.0.0.0 Safari/537.36"
125.164.233.90 - - [31/Aug/2026:14:49:36 -0500] "GET /wp-content/plugins/redirect-redirection/modules/review/assets/imgs/main-image.svg HTTP/1.1" 200 8672 "https://motionave.com/wp-admin/" "Mozilla/5.0 (Windows NT 10.0; Win64; x64) AppleWebKit/537.36 (KHTML, like Gecko) Chrome/144.0.0.0 Safari/537.36"
125.164.233.90 - - [31/Aug/2026:14:49:35 -0500] "GET /wp-content/plugins/redirect-redirection/modules/review/assets/imgs/background-pattern.svg HTTP/1.1" 200 169481 "https://motionave.com/wp-admin/" "Mozilla/5.0 (Windows NT 10.0; Win64; x64) AppleWebKit/537.36 (KHTML, like Gecko) Chrome/144.0.0.0 Safari/537.36"
66.249.68.200 - - [31/Aug/2026:14:49:36 -0500] "GET /?detail/123000248236 HTTP/1.1" 301 5177 "-" "Mozilla/5.0 (Linux; Android 6.0.1; Nexus 5X Build/MMB29P) AppleWebKit/537.36 (KHTML, like Gecko) Chrome/151.0.7922.173 Mobile Safari/537.36 (compatible; Googlebot/2.1; +http://www.google.com/bot.html)"
125.164.233.90 - - [31/Aug/2026:14:49:36 -0500] "GET /wp-content/plugins/redirect-redirection/modules/review/assets/imgs/main-image-part-2.svg HTTP/1.1" 200 724 "https://motionave.com/wp-admin/" "Mozilla/5.0 (Windows NT 10.0; Win64; x64) AppleWebKit/537.36 (KHTML, like Gecko) Chrome/144.0.0.0 Safari/537.36"
125.164.233.90 - - [31/Aug/2026:14:49:36 -0500] "GET /wp-content/plugins/redirect-redirection/modules/review/assets/imgs/main-image-part-4.svg HTTP/1.1" 200 1543 "https://motionave.com/wp-admin/" "Mozilla/5.0 (Windows NT 10.0; Win64; x64) AppleWebKit/537.36 (KHTML, like Gecko) Chrome/144.0.0.0 Safari/537.36"
125.164.233.90 - - [31/Aug/2026:14:49:36 -0500] "GET /wp-admin/load-scripts.php?c=0&load%5Bchunk_0%5D=hoverIntent,wp-dom-ready,wp-hooks&ver=7.0.4 HTTP/1.1" 200 7859 "https://motionave.com/wp-admin/" "Mozilla/5.0 (Windows NT 10.0; Win64; x64) AppleWebKit/537.36 (KHTML, like Gecko) Chrome/144.0.0.0 Safari/537.36"
125.164.233.90 - - [31/Aug/2026:14:49:37 -0500] "GET /wp-includes/js/hoverintent-js.min.js?ver=2.2.1 HTTP/1.1" 200 2117 "https://motionave.com/wp-admin/" "Mozilla/5.0 (Windows NT 10.0; Win64; x64) AppleWebKit/537.36 (KHTML, like Gecko) Chrome/144.0.0.0 Safari/537.36"
125.164.233.90 - - [31/Aug/2026:14:49:37 -0500] "GET /wp-admin/js/common.min.js?ver=7.0.4 HTTP/1.1" 200 24221 "https://motionave.com/wp-admin/" "Mozilla/5.0 (Windows NT 10.0; Win64; x64) AppleWebKit/537.36 (KHTML, like Gecko) Chrome/144.0.0.0 Safari/537.36"
125.164.233.90 - - [31/Aug/2026:14:49:37 -0500] "GET /wp-includes/js/admin-bar.min.js?ver=7.0.4 HTTP/1.1" 200 3886 "https://motionave.com/wp-admin/" "Mozilla/5.0 (Windows NT 10.0; Win64; x64) AppleWebKit/537.36 (KHTML, like Gecko) Chrome/144.0.0.0 Safari/537.36"
125.164.233.90 - - [31/Aug/2026:14:49:37 -0500] "GET /wp-includes/js/api-request.min.js?ver=7.0.4 HTTP/1.1" 200 1422 "https://motionave.com/wp-admin/" "Mozilla/5.0 (Windows NT 10.0; Win64; x64) AppleWebKit/537.36 (KHTML, like Gecko) Chrome/144.0.0.0 Safari/537.36"
125.164.233.90 - - [31/Aug/2026:14:49:37 -0500] "GET /wp-includes/js/dist/url.min.js?ver=bb0f766c3d2efe497871 HTTP/1.1" 200 10800 "https://motionave.com/wp-admin/" "Mozilla/5.0 (Windows NT 10.0; Win64; x64) AppleWebKit/537.36 (KHTML, like Gecko) Chrome/144.0.0.0 Safari/537.36"
125.164.233.90 - - [31/Aug/2026:14:49:38 -0500] "GET /wp-admin/js/site-health.min.js?ver=7.0.4 HTTP/1.1" 200 6874 "https://motionave.com/wp-admin/" "Mozilla/5.0 (Windows NT 10.0; Win64; x64) AppleWebKit/537.36 (KHTML, like Gecko) Chrome/144.0.0.0 Safari/537.36"
125.164.233.90 - - [31/Aug/2026:14:49:38 -0500] "GET /wp-includes/js/wp-ajax-response.min.js?ver=7.0.4 HTTP/1.1" 200 2970 "https://motionave.com/wp-admin/" "Mozilla/5.0 (Windows NT 10.0; Win64; x64) AppleWebKit/537.36 (KHTML, like Gecko) Chrome/144.0.0.0 Safari/537.36"
125.164.233.90 - - [31/Aug/2026:14:49:38 -0500] "GET /wp-includes/js/jquery/jquery.color.min.js?ver=3.0.0 HTTP/1.1" 200 7045 "https://motionave.com/wp-admin/" "Mozilla/5.0 (Windows NT 10.0; Win64; x64) AppleWebKit/537.36 (KHTML, like Gecko) Chrome/144.0.0.0 Safari/537.36"
125.164.233.90 - - [31/Aug/2026:14:49:38 -0500] "GET /wp-includes/js/wp-lists.min.js?ver=7.0.4 HTTP/1.1" 200 7921 "https://motionave.com/wp-admin/" "Mozilla/5.0 (Windows NT 10.0; Win64; x64) AppleWebKit/537.36 (KHTML, like Gecko) Chrome/144.0.0.0 Safari/537.36"
125.164.233.90 - - [31/Aug/2026:14:49:38 -0500] "GET /wp-includes/js/quicktags.min.js?ver=7.0.4 HTTP/1.1" 200 11562 "https://motionave.com/wp-admin/" "Mozilla/5.0 (Windows NT 10.0; Win64; x64) AppleWebKit/537.36 (KHTML, like Gecko) Chrome/144.0.0.0 Safari/537.36"
125.164.233.90 - - [31/Aug/2026:14:49:38 -0500] "GET /wp-includes/js/jquery/jquery.query.js?ver=2.2.3 HTTP/1.1" 200 4093 "https://motionave.com/wp-admin/" "Mozilla/5.0 (Windows NT 10.0; Win64; x64) AppleWebKit/537.36 (KHTML, like Gecko) Chrome/144.0.0.0 Safari/537.36"
125.164.233.90 - - [31/Aug/2026:14:49:39 -0500] "GET /wp-admin/js/edit-comments.min.js?ver=7.0.4 HTTP/1.1" 200 15945 "https://motionave.com/wp-admin/" "Mozilla/5.0 (Windows NT 10.0; Win64; x64) AppleWebKit/537.36 (KHTML, like Gecko) Chrome/144.0.0.0 Safari/537.36"
125.164.233.90 - - [31/Aug/2026:14:49:39 -0500] "GET /wp-includes/js/jquery/ui/mouse.min.js?ver=1.13.3 HTTP/1.1" 200 3827 "https://motionave.com/wp-admin/" "Mozilla/5.0 (Windows NT 10.0; Win64; x64) AppleWebKit/537.36 (KHTML, like Gecko) Chrome/144.0.0.0 Safari/537.36"
125.164.233.90 - - [31/Aug/2026:14:49:39 -0500] "GET /wp-includes/js/jquery/ui/core.min.js?ver=1.13.3 HTTP/1.1" 200 21923 "https://motionave.com/wp-admin/" "Mozilla/5.0 (Windows NT 10.0; Win64; x64) AppleWebKit/537.36 (KHTML, like Gecko) Chrome/144.0.0.0 Safari/537.36"
125.164.233.90 - - [31/Aug/2026:14:49:39 -0500] "GET /wp-includes/js/jquery/ui/sortable.min.js?ver=1.13.3 HTTP/1.1" 200 25992 "https://motionave.com/wp-admin/" "Mozilla/5.0 (Windows NT 10.0; Win64; x64) AppleWebKit/537.36 (KHTML, like Gecko) Chrome/144.0.0.0 Safari/537.36"
125.164.233.90 - - [31/Aug/2026:14:49:39 -0500] "GET /wp-admin/js/postbox.min.js?ver=7.0.4 HTTP/1.1" 200 7161 "https://motionave.com/wp-admin/" "Mozilla/5.0 (Windows NT 10.0; Win64; x64) AppleWebKit/537.36 (KHTML, like Gecko) Chrome/144.0.0.0 Safari/537.36"
125.164.233.90 - - [31/Aug/2026:14:49:40 -0500] "GET /wp-includes/js/dist/vendor/moment.min.js?ver=2.30.1 HTTP/1.1" 200 59416 "https://motionave.com/wp-admin/" "Mozilla/5.0 (Windows NT 10.0; Win64; x64) AppleWebKit/537.36 (KHTML, like Gecko) Chrome/144.0.0.0 Safari/537.36"
125.164.233.90 - - [31/Aug/2026:14:49:40 -0500] "GET /wp-includes/js/dist/deprecated.min.js?ver=990e85f234fee8f7d446 HTTP/1.1" 200 1714 "https://motionave.com/wp-admin/" "Mozilla/5.0 (Windows NT 10.0; Win64; x64) AppleWebKit/537.36 (KHTML, like Gecko) Chrome/144.0.0.0 Safari/537.36"
125.164.233.90 - - [31/Aug/2026:14:49:40 -0500] "GET /wp-includes/js/dist/date.min.js?ver=c9f8e7dd3232716f34e9 HTTP/1.1" 200 145533 "https://motionave.com/wp-admin/" "Mozilla/5.0 (Windows NT 10.0; Win64; x64) AppleWebKit/537.36 (KHTML, like Gecko) Chrome/144.0.0.0 Safari/537.36"
125.164.233.90 - - [31/Aug/2026:14:49:40 -0500] "GET /wp-admin/js/dashboard.min.js?ver=7.0.4 HTTP/1.1" 200 9291 "https://motionave.com/wp-admin/" "Mozilla/5.0 (Windows NT 10.0; Win64; x64) AppleWebKit/537.36 (KHTML, like Gecko) Chrome/144.0.0.0 Safari/537.36"
125.164.233.90 - - [31/Aug/2026:14:49:41 -0500] "GET /wp-includes/js/thickbox/thickbox.js?ver=3.1-20121105 HTTP/1.1" 200 14270 "https://motionave.com/wp-admin/" "Mozilla/5.0 (Windows NT 10.0; Win64; x64) AppleWebKit/537.36 (KHTML, like Gecko) Chrome/144.0.0.0 Safari/537.36"
125.164.233.90 - - [31/Aug/2026:14:49:41 -0500] "GET /wp-admin/js/plugin-install.min.js?ver=7.0.4 HTTP/1.1" 200 2802 "https://motionave.com/wp-admin/" "Mozilla/5.0 (Windows NT 10.0; Win64; x64) AppleWebKit/537.36 (KHTML, like Gecko) Chrome/144.0.0.0 Safari/537.36"
125.164.233.90 - - [31/Aug/2026:14:49:41 -0500] "GET /wp-includes/js/wp-sanitize.min.js?ver=7.0.4 HTTP/1.1" 200 800 "https://motionave.com/wp-admin/" "Mozilla/5.0 (Windows NT 10.0; Win64; x64) AppleWebKit/537.36 (KHTML, like Gecko) Chrome/144.0.0.0 Safari/537.36"
125.164.233.90 - - [31/Aug/2026:14:49:41 -0500] "GET /wp-includes/js/shortcode.min.js?ver=7.0.4 HTTP/1.1" 200 3042 "https://motionave.com/wp-admin/" "Mozilla/5.0 (Windows NT 10.0; Win64; x64) AppleWebKit/537.36 (KHTML, like Gecko) Chrome/144.0.0.0 Safari/537.36"
125.164.233.90 - - [31/Aug/2026:14:49:41 -0500] "GET /wp-admin/js/updates.min.js?ver=7.0.4 HTTP/1.1" 200 49018 "https://motionave.com/wp-admin/" "Mozilla/5.0 (Windows NT 10.0; Win64; x64) AppleWebKit/537.36 (KHTML, like Gecko) Chrome/144.0.0.0 Safari/537.36"
125.164.233.90 - - [31/Aug/2026:14:49:41 -0500] "GET /wp-admin/js/media-upload.min.js?ver=7.0.4 HTTP/1.1" 200 1551 "https://motionave.com/wp-admin/" "Mozilla/5.0 (Windows NT 10.0; Win64; x64) AppleWebKit/537.36 (KHTML, like Gecko) Chrome/144.0.0.0 Safari/537.36"
125.164.233.90 - - [31/Aug/2026:14:49:41 -0500] "GET /wp-admin/js/svg-painter.js?ver=7.0.4 HTTP/1.1" 200 3679 "https://motionave.com/wp-admin/" "Mozilla/5.0 (Windows NT 10.0; Win64; x64) AppleWebKit/537.36 (KHTML, like Gecko) Chrome/144.0.0.0 Safari/537.36"
125.164.233.90 - - [31/Aug/2026:14:49:42 -0500] "GET /wp-includes/js/jquery/ui/draggable.min.js?ver=1.13.3 HTTP/1.1" 200 18879 "https://motionave.com/wp-admin/" "Mozilla/5.0 (Windows NT 10.0; Win64; x64) AppleWebKit/537.36 (KHTML, like Gecko) Chrome/144.0.0.0 Safari/537.36"
125.164.233.90 - - [31/Aug/2026:14:49:42 -0500] "GET /wp-includes/js/backbone.min.js?ver=1.6.1 HTTP/1.1" 200 24802 "https://motionave.com/wp-admin/" "Mozilla/5.0 (Windows NT 10.0; Win64; x64) AppleWebKit/537.36 (KHTML, like Gecko) Chrome/144.0.0.0 Safari/537.36"
125.164.233.90 - - [31/Aug/2026:14:49:42 -0500] "GET /wp-content/plugins/elementor/assets/lib/backbone/backbone.marionette.min.js?ver=2.4.5.e1 HTTP/1.1" 200 45702 "https://motionave.com/wp-admin/" "Mozilla/5.0 (Windows NT 10.0; Win64; x64) AppleWebKit/537.36 (KHTML, like Gecko) Chrome/144.0.0.0 Safari/537.36"
125.164.233.90 - - [31/Aug/2026:14:49:42 -0500] "GET /wp-content/plugins/elementor/assets/lib/backbone/backbone.radio.min.js?ver=1.0.4 HTTP/1.1" 200 4152 "https://motionave.com/wp-admin/" "Mozilla/5.0 (Windows NT 10.0; Win64; x64) AppleWebKit/537.36 (KHTML, like Gecko) Chrome/144.0.0.0 Safari/537.36"
125.164.233.90 - - [31/Aug/2026:14:49:42 -0500] "GET /wp-includes/js/dist/vendor/react.min.js?ver=18.3.1.1 HTTP/1.1" 200 11181 "https://motionave.com/wp-admin/" "Mozilla/5.0 (Windows NT 10.0; Win64; x64) AppleWebKit/537.36 (KHTML, like Gecko) Chrome/144.0.0.0 Safari/537.36"
125.164.233.90 - - [31/Aug/2026:14:49:42 -0500] "GET /wp-includes/js/dist/vendor/react-dom.min.js?ver=18.3.1.1 HTTP/1.1" 200 132702 "https://motionave.com/wp-admin/" "Mozilla/5.0 (Windows NT 10.0; Win64; x64) AppleWebKit/537.36 (KHTML, like Gecko) Chrome/144.0.0.0 Safari/537.36"
125.164.233.90 - - [31/Aug/2026:14:49:42 -0500] "GET /wp-content/plugins/elementor/assets/js/vendors-redux.min.js?ver=4.2.2 HTTP/1.1" 200 69762 "https://motionave.com/wp-admin/" "Mozilla/5.0 (Windows NT 10.0; Win64; x64) AppleWebKit/537.36 (KHTML, like Gecko) Chrome/144.0.0.0 Safari/537.36"
125.164.233.90 - - [31/Aug/2026:14:49:42 -0500] "GET /wp-content/plugins/elementor/assets/js/common-modules.min.js?ver=4.2.2 HTTP/1.1" 200 58952 "https://motionave.com/wp-admin/" "Mozilla/5.0 (Windows NT 10.0; Win64; x64) AppleWebKit/537.36 (KHTML, like Gecko) Chrome/144.0.0.0 Safari/537.36"
125.164.233.90 - - [31/Aug/2026:14:49:43 -0500] "GET /wp-content/plugins/elementor/assets/js/web-cli.min.js?ver=4.2.2 HTTP/1.1" 200 120036 "https://motionave.com/wp-admin/" "Mozilla/5.0 (Windows NT 10.0; Win64; x64) AppleWebKit/537.36 (KHTML, like Gecko) Chrome/144.0.0.0 Safari/537.36"
66.249.68.36 - - [31/Aug/2026:14:49:42 -0500] "GET /?detail/151019927619 HTTP/1.1" 301 5177 "-" "Mozilla/5.0 (Linux; Android 6.0.1; Nexus 5X Build/MMB29P) AppleWebKit/537.36 (KHTML, like Gecko) Chrome/151.0.7922.173 Mobile Safari/537.36 (compatible; Googlebot/2.1; +http://www.google.com/bot.html)"
125.164.233.90 - - [31/Aug/2026:14:49:43 -0500] "GET /wp-content/plugins/elementor/assets/lib/dialog/dialog.min.js?ver=4.9.0 HTTP/1.1" 200 12052 "https://motionave.com/wp-admin/" "Mozilla/5.0 (Windows NT 10.0; Win64; x64) AppleWebKit/537.36 (KHTML, like Gecko) Chrome/144.0.0.0 Safari/537.36"
125.164.233.90 - - [31/Aug/2026:14:49:43 -0500] "GET /wp-content/plugins/elementor/assets/js/dev-tools.min.js?ver=4.2.2 HTTP/1.1" 200 7977 "https://motionave.com/wp-admin/" "Mozilla/5.0 (Windows NT 10.0; Win64; x64) AppleWebKit/537.36 (KHTML, like Gecko) Chrome/144.0.0.0 Safari/537.36"
125.164.233.90 - - [31/Aug/2026:14:49:44 -0500] "GET /wp-content/plugins/elementor/assets/js/app-loader.min.js?ver=4.2.2 HTTP/1.1" 200 39586 "https://motionave.com/wp-admin/" "Mozilla/5.0 (Windows NT 10.0; Win64; x64) AppleWebKit/537.36 (KHTML, like Gecko) Chrome/144.0.0.0 Safari/537.36"
125.164.233.90 - - [31/Aug/2026:14:49:44 -0500] "GET /wp-includes/js/heartbeat.min.js?ver=7.0.4 HTTP/1.1" 200 6347 "https://motionave.com/wp-admin/" "Mozilla/5.0 (Windows NT 10.0; Win64; x64) AppleWebKit/537.36 (KHTML, like Gecko) Chrome/144.0.0.0 Safari/537.36"
125.164.233.90 - - [31/Aug/2026:14:49:43 -0500] "GET /wp-content/plugins/elementor/assets/js/common.min.js?ver=4.2.2 HTTP/1.1" 200 490853 "https://motionave.com/wp-admin/" "Mozilla/5.0 (Windows NT 10.0; Win64; x64) AppleWebKit/537.36 (KHTML, like Gecko) Chrome/144.0.0.0 Safari/537.36"
125.164.233.90 - - [31/Aug/2026:14:49:44 -0500] "GET /wp-includes/js/wp-auth-check.min.js?ver=7.0.4 HTTP/1.1" 200 2088 "https://motionave.com/wp-admin/" "Mozilla/5.0 (Windows NT 10.0; Win64; x64) AppleWebKit/537.36 (KHTML, like Gecko) Chrome/144.0.0.0 Safari/537.36"
125.164.233.90 - - [31/Aug/2026:14:49:44 -0500] "GET /wp-includes/js/dist/vendor/react-jsx-runtime.min.js?ver=18.3.1 HTTP/1.1" 200 1536 "https://motionave.com/wp-admin/" "Mozilla/5.0 (Windows NT 10.0; Win64; x64) AppleWebKit/537.36 (KHTML, like Gecko) Chrome/144.0.0.0 Safari/537.36"
125.164.233.90 - - [31/Aug/2026:14:49:45 -0500] "GET /wp-includes/js/dist/dom.min.js?ver=66a6cf58e0c4cd128af0 HTTP/1.1" 200 13384 "https://motionave.com/wp-admin/" "Mozilla/5.0 (Windows NT 10.0; Win64; x64) AppleWebKit/537.36 (KHTML, like Gecko) Chrome/144.0.0.0 Safari/537.36"
125.164.233.90 - - [31/Aug/2026:14:49:45 -0500] "GET /wp-includes/js/dist/escape-html.min.js?ver=3f093e5cca67aa0f8b56 HTTP/1.1" 200 1490 "https://motionave.com/wp-admin/" "Mozilla/5.0 (Windows NT 10.0; Win64; x64) AppleWebKit/537.36 (KHTML, like Gecko) Chrome/144.0.0.0 Safari/537.36"
125.164.233.90 - - [31/Aug/2026:14:49:45 -0500] "GET /wp-includes/js/dist/element.min.js?ver=15ba804677f72a8db97b HTTP/1.1" 200 12888 "https://motionave.com/wp-admin/" "Mozilla/5.0 (Windows NT 10.0; Win64; x64) AppleWebKit/537.36 (KHTML, like Gecko) Chrome/144.0.0.0 Safari/537.36"
125.164.233.90 - - [31/Aug/2026:14:49:45 -0500] "GET /wp-includes/js/dist/is-shallow-equal.min.js?ver=5d84b9f3cb50d2ce7d04 HTTP/1.1" 200 1521 "https://motionave.com/wp-admin/" "Mozilla/5.0 (Windows NT 10.0; Win64; x64) AppleWebKit/537.36 (KHTML, like Gecko) Chrome/144.0.0.0 Safari/537.36"
125.164.233.90 - - [31/Aug/2026:14:49:45 -0500] "GET /wp-includes/js/dist/keycodes.min.js?ver=aa1a141e3468afe7f852 HTTP/1.1" 200 3374 "https://motionave.com/wp-admin/" "Mozilla/5.0 (Windows NT 10.0; Win64; x64) AppleWebKit/537.36 (KHTML, like Gecko) Chrome/144.0.0.0 Safari/537.36"
125.164.233.90 - - [31/Aug/2026:14:49:45 -0500] "GET /wp-includes/js/dist/priority-queue.min.js?ver=1f0e89e247bc0bd3f9b9 HTTP/1.1" 200 3831 "https://motionave.com/wp-admin/" "Mozilla/5.0 (Windows NT 10.0; Win64; x64) AppleWebKit/537.36 (KHTML, like Gecko) Chrome/144.0.0.0 Safari/537.36"
125.164.233.90 - - [31/Aug/2026:14:49:45 -0500] "GET /wp-includes/js/dist/undo-manager.min.js?ver=27bb0ae036a2c9d4a1b5 HTTP/1.1" 200 2138 "https://motionave.com/wp-admin/" "Mozilla/5.0 (Windows NT 10.0; Win64; x64) AppleWebKit/537.36 (KHTML, like Gecko) Chrome/144.0.0.0 Safari/537.36"
125.164.233.90 - - [31/Aug/2026:14:49:45 -0500] "GET /wp-includes/js/dist/compose.min.js?ver=fbe37f6b46750554f947 HTTP/1.1" 200 29344 "https://motionave.com/wp-admin/" "Mozilla/5.0 (Windows NT 10.0; Win64; x64) AppleWebKit/537.36 (KHTML, like Gecko) Chrome/144.0.0.0 Safari/537.36"
125.164.233.90 - - [31/Aug/2026:14:49:45 -0500] "GET /wp-includes/js/dist/html-entities.min.js?ver=8c6fa5b869dfeadc4af2 HTTP/1.1" 200 1277 "https://motionave.com/wp-admin/" "Mozilla/5.0 (Windows NT 10.0; Win64; x64) AppleWebKit/537.36 (KHTML, like Gecko) Chrome/144.0.0.0 Safari/537.36"
125.164.233.90 - - [31/Aug/2026:14:49:46 -0500] "GET /wp-includes/js/dist/primitives.min.js?ver=a5c905ec27bcd76ef287 HTTP/1.1" 200 2425 "https://motionave.com/wp-admin/" "Mozilla/5.0 (Windows NT 10.0; Win64; x64) AppleWebKit/537.36 (KHTML, like Gecko) Chrome/144.0.0.0 Safari/537.36"
125.164.233.90 - - [31/Aug/2026:14:49:46 -0500] "GET /wp-includes/js/dist/private-apis.min.js?ver=835912f0086b9e59aed4 HTTP/1.1" 200 3122 "https://motionave.com/wp-admin/" "Mozilla/5.0 (Windows NT 10.0; Win64; x64) AppleWebKit/537.36 (KHTML, like Gecko) Chrome/144.0.0.0 Safari/537.36"
125.164.233.90 - - [31/Aug/2026:14:49:46 -0500] "GET /wp-includes/js/dist/redux-routine.min.js?ver=64f9f5001aabc046c605 HTTP/1.1" 200 10310 "https://motionave.com/wp-admin/" "Mozilla/5.0 (Windows NT 10.0; Win64; x64) AppleWebKit/537.36 (KHTML, like Gecko) Chrome/144.0.0.0 Safari/537.36"
125.164.233.90 - - [31/Aug/2026:14:49:46 -0500] "GET /wp-includes/js/dist/data.min.js?ver=1756b6a2676c1b3369ab HTTP/1.1" 200 27028 "https://motionave.com/wp-admin/" "Mozilla/5.0 (Windows NT 10.0; Win64; x64) AppleWebKit/537.36 (KHTML, like Gecko) Chrome/144.0.0.0 Safari/537.36"
125.164.233.90 - - [31/Aug/2026:14:49:46 -0500] "GET /wp-includes/js/dist/warning.min.js?ver=36fdbdc984d93aee8a97 HTTP/1.1" 200 1153 "https://motionave.com/wp-admin/" "Mozilla/5.0 (Windows NT 10.0; Win64; x64) AppleWebKit/537.36 (KHTML, like Gecko) Chrome/144.0.0.0 Safari/537.36"
125.164.233.90 - - [31/Aug/2026:14:49:46 -0500] "GET /wp-includes/js/dist/rich-text.min.js?ver=16449e6108f48327f368 HTTP/1.1" 200 41393 "https://motionave.com/wp-admin/" "Mozilla/5.0 (Windows NT 10.0; Win64; x64) AppleWebKit/537.36 (KHTML, like Gecko) Chrome/144.0.0.0 Safari/537.36"
125.164.233.90 - - [31/Aug/2026:14:49:47 -0500] "GET /wp-includes/js/dist/keyboard-shortcuts.min.js?ver=2ed78d3b4c23f38804e0 HTTP/1.1" 200 3926 "https://motionave.com/wp-admin/" "Mozilla/5.0 (Windows NT 10.0; Win64; x64) AppleWebKit/537.36 (KHTML, like Gecko) Chrome/144.0.0.0 Safari/537.36"
104.155.133.75 - - [31/Aug/2026:14:49:47 -0500] "GET /items/A066008436 HTTP/1.1" 404 5926 "-" "Mozilla/5.0 (compatible; Reflectionbot/1.0; +https://reflection.ai/bot)"
125.164.233.90 - - [31/Aug/2026:14:49:47 -0500] "GET /wp-includes/js/dist/commands.min.js?ver=e3d8bba53f4ffea4fcd2 HTTP/1.1" 200 65286 "https://motionave.com/wp-admin/" "Mozilla/5.0 (Windows NT 10.0; Win64; x64) AppleWebKit/537.36 (KHTML, like Gecko) Chrome/144.0.0.0 Safari/537.36"
125.164.233.90 - - [31/Aug/2026:14:49:47 -0500] "GET /wp-includes/js/dist/api-fetch.min.js?ver=d7efe4dc1468d36c39b8 HTTP/1.1" 200 6872 "https://motionave.com/wp-admin/" "Mozilla/5.0 (Windows NT 10.0; Win64; x64) AppleWebKit/537.36 (KHTML, like Gecko) Chrome/144.0.0.0 Safari/537.36"
125.164.233.90 - - [31/Aug/2026:14:49:47 -0500] "GET /wp-includes/js/dist/components.min.js?ver=5dedfe13f08880193a28 HTTP/1.1" 200 808451 "https://motionave.com/wp-admin/" "Mozilla/5.0 (Windows NT 10.0; Win64; x64) AppleWebKit/537.36 (KHTML, like Gecko) Chrome/144.0.0.0 Safari/537.36"
125.164.233.90 - - [31/Aug/2026:14:49:48 -0500] "GET /wp-includes/js/dist/blob.min.js?ver=198af75fe06d924090d8 HTTP/1.1" 200 1587 "https://motionave.com/wp-admin/" "Mozilla/5.0 (Windows NT 10.0; Win64; x64) AppleWebKit/537.36 (KHTML, like Gecko) Chrome/144.0.0.0 Safari/537.36"
125.164.233.90 - - [31/Aug/2026:14:49:48 -0500] "GET /wp-includes/js/dist/autop.min.js?ver=9d0d0901b46f0a9027c9 HTTP/1.1" 200 6037 "https://motionave.com/wp-admin/" "Mozilla/5.0 (Windows NT 10.0; Win64; x64) AppleWebKit/537.36 (KHTML, like Gecko) Chrome/144.0.0.0 Safari/537.36"
125.164.233.90 - - [31/Aug/2026:14:49:48 -0500] "GET /wp-includes/js/dist/block-serialization-default-parser.min.js?ver=bff55bd3f1ce9df0c99c HTTP/1.1" 200 2850 "https://motionave.com/wp-admin/" "Mozilla/5.0 (Windows NT 10.0; Win64; x64) AppleWebKit/537.36 (KHTML, like Gecko) Chrome/144.0.0.0 Safari/537.36"
125.164.233.90 - - [31/Aug/2026:14:49:48 -0500] "GET /wp-includes/js/dist/shortcode.min.js?ver=11742fe18cc215d3d5ab HTTP/1.1" 200 3760 "https://motionave.com/wp-admin/" "Mozilla/5.0 (Windows NT 10.0; Win64; x64) AppleWebKit/537.36 (KHTML, like Gecko) Chrome/144.0.0.0 Safari/537.36"
125.164.233.90 - - [31/Aug/2026:14:49:48 -0500] "GET /wp-includes/js/dist/notices.min.js?ver=218d0173a31ae7269246 HTTP/1.1" 200 4889 "https://motionave.com/wp-admin/" "Mozilla/5.0 (Windows NT 10.0; Win64; x64) AppleWebKit/537.36 (KHTML, like Gecko) Chrome/144.0.0.0 Safari/537.36"
125.164.233.90 - - [31/Aug/2026:14:49:48 -0500] "GET /wp-includes/js/dist/blocks.min.js?ver=ef38e42500165bfda301 HTTP/1.1" 200 186022 "https://motionave.com/wp-admin/" "Mozilla/5.0 (Windows NT 10.0; Win64; x64) AppleWebKit/537.36 (KHTML, like Gecko) Chrome/144.0.0.0 Safari/537.36"
125.164.233.90 - - [31/Aug/2026:14:49:49 -0500] "GET /wp-includes/js/dist/preferences.min.js?ver=035813168e404aa30193 HTTP/1.1" 200 8328 "https://motionave.com/wp-admin/" "Mozilla/5.0 (Windows NT 10.0; Win64; x64) AppleWebKit/537.36 (KHTML, like Gecko) Chrome/144.0.0.0 Safari/537.36"
125.164.233.90 - - [31/Aug/2026:14:49:49 -0500] "GET /wp-includes/js/dist/preferences-persistence.min.js?ver=e8033be98338d1861bca HTTP/1.1" 200 6022 "https://motionave.com/wp-admin/" "Mozilla/5.0 (Windows NT 10.0; Win64; x64) AppleWebKit/537.36 (KHTML, like Gecko) Chrome/144.0.0.0 Safari/537.36"
125.164.233.90 - - [31/Aug/2026:14:49:49 -0500] "GET /wp-includes/js/dist/style-engine.min.js?ver=faa37ce61b7ec8394b2a HTTP/1.1" 200 6969 "https://motionave.com/wp-admin/" "Mozilla/5.0 (Windows NT 10.0; Win64; x64) AppleWebKit/537.36 (KHTML, like Gecko) Chrome/144.0.0.0 Safari/537.36"
125.164.233.90 - - [31/Aug/2026:14:49:49 -0500] "GET /wp-includes/js/dist/theme.min.js?ver=e22ce547a4420507b323 HTTP/1.1" 200 58069 "https://motionave.com/wp-admin/" "Mozilla/5.0 (Windows NT 10.0; Win64; x64) AppleWebKit/537.36 (KHTML, like Gecko) Chrome/144.0.0.0 Safari/537.36"
125.164.233.90 - - [31/Aug/2026:14:49:49 -0500] "GET /wp-includes/js/dist/token-list.min.js?ver=16f0aebdd39d87c2a84b HTTP/1.1" 200 2057 "https://motionave.com/wp-admin/" "Mozilla/5.0 (Windows NT 10.0; Win64; x64) AppleWebKit/537.36 (KHTML, like Gecko) Chrome/144.0.0.0 Safari/537.36"
125.164.233.90 - - [31/Aug/2026:14:49:49 -0500] "GET /wp-json/wp/v2/users/me?context=edit&_locale=user HTTP/1.1" 404 1357 "https://motionave.com/wp-admin/" "Mozilla/5.0 (Windows NT 10.0; Win64; x64) AppleWebKit/537.36 (KHTML, like Gecko) Chrome/144.0.0.0 Safari/537.36"
125.164.233.90 - - [31/Aug/2026:14:49:49 -0500] "GET /wp-includes/js/dist/upload-media.min.js?ver=d359c2cccf866d7082d2 HTTP/1.1" 200 24065 "https://motionave.com/wp-admin/" "Mozilla/5.0 (Windows NT 10.0; Win64; x64) AppleWebKit/537.36 (KHTML, like Gecko) Chrome/144.0.0.0 Safari/537.36"
125.164.233.90 - - [31/Aug/2026:14:49:50 -0500] "GET /wp-includes/js/dist/router.min.js?ver=0249e6724784b1c2583b HTTP/1.1" 200 14900 "https://motionave.com/wp-admin/" "Mozilla/5.0 (Windows NT 10.0; Win64; x64) AppleWebKit/537.36 (KHTML, like Gecko) Chrome/144.0.0.0 Safari/537.36"
125.164.233.90 - - [31/Aug/2026:14:49:50 -0500] "GET /wp-includes/js/dist/core-data.min.js?ver=89931f90e4df5eb5f8a3 HTTP/1.1" 200 216673 "https://motionave.com/wp-admin/" "Mozilla/5.0 (Windows NT 10.0; Win64; x64) AppleWebKit/537.36 (KHTML, like Gecko) Chrome/144.0.0.0 Safari/537.36"
125.164.233.90 - - [31/Aug/2026:14:49:50 -0500] "GET /wp-includes/js/dist/core-commands.min.js?ver=b209152e7e51279d7c28 HTTP/1.1" 200 12583 "https://motionave.com/wp-admin/" "Mozilla/5.0 (Windows NT 10.0; Win64; x64) AppleWebKit/537.36 (KHTML, like Gecko) Chrome/144.0.0.0 Safari/537.36"
125.164.233.90 - - [31/Aug/2026:14:49:49 -0500] "GET /wp-includes/js/dist/block-editor.min.js?ver=f3d941bcb2e86c269881 HTTP/1.1" 200 1060235 "https://motionave.com/wp-admin/" "Mozilla/5.0 (Windows NT 10.0; Win64; x64) AppleWebKit/537.36 (KHTML, like Gecko) Chrome/144.0.0.0 Safari/537.36"
125.164.233.90 - - [31/Aug/2026:14:49:50 -0500] "GET /wp-content/plugins/elementor/vendor/elementor/wp-one-package/assets/build/common.js?ver=1f031a48279dd8a7d4bd HTTP/1.1" 200 584 "https://motionave.com/wp-admin/" "Mozilla/5.0 (Windows NT 10.0; Win64; x64) AppleWebKit/537.36 (KHTML, like Gecko) Chrome/144.0.0.0 Safari/537.36"
125.164.233.90 - - [31/Aug/2026:14:49:50 -0500] "GET /wp-content/plugins/elementor/assets/js/admin-modules.min.js?ver=4.2.2 HTTP/1.1" 200 16166 "https://motionave.com/wp-admin/" "Mozilla/5.0 (Windows NT 10.0; Win64; x64) AppleWebKit/537.36 (KHTML, like Gecko) Chrome/144.0.0.0 Safari/537.36"
136.64.137.166 - - [31/Aug/2026:14:49:51 -0500] "GET /items/Z075008591 HTTP/1.1" 404 5926 "-" "Mozilla/5.0 (compatible; Reflectionbot/1.0; +https://reflection.ai/bot)"
125.164.233.90 - - [31/Aug/2026:14:49:51 -0500] "GET /wp-content/plugins/elementor/assets/js/admin.min.js?ver=4.2.2 HTTP/1.1" 200 91057 "https://motionave.com/wp-admin/" "Mozilla/5.0 (Windows NT 10.0; Win64; x64) AppleWebKit/537.36 (KHTML, like Gecko) Chrome/144.0.0.0 Safari/537.36"
125.164.233.90 - - [31/Aug/2026:14:49:51 -0500] "GET /wp-content/themes/hello-elementor/assets/js/hello-elementor-menu.js?ver=86d4a80498fd21c04f00 HTTP/1.1" 200 639 "https://motionave.com/wp-admin/" "Mozilla/5.0 (Windows NT 10.0; Win64; x64) AppleWebKit/537.36 (KHTML, like Gecko) Chrome/144.0.0.0 Safari/537.36"
125.164.233.90 - - [31/Aug/2026:14:49:51 -0500] "GET /wp-content/plugins/elementor-pro/assets/js/admin.min.js?ver=4.2.1 HTTP/1.1" 200 55902 "https://motionave.com/wp-admin/" "Mozilla/5.0 (Windows NT 10.0; Win64; x64) AppleWebKit/537.36 (KHTML, like Gecko) Chrome/144.0.0.0 Safari/537.36"
125.164.233.90 - - [31/Aug/2026:14:49:51 -0500] "GET /wp-content/plugins/elementor/assets/js/editor-one-menu.min.js?ver=4.2.2 HTTP/1.1" 200 31443 "https://motionave.com/wp-admin/" "Mozilla/5.0 (Windows NT 10.0; Win64; x64) AppleWebKit/537.36 (KHTML, like Gecko) Chrome/144.0.0.0 Safari/537.36"
125.164.233.90 - - [31/Aug/2026:14:49:52 -0500] "GET /wp-content/plugins/elementor/assets/js/import-export-admin.min.js?ver=4.2.2 HTTP/1.1" 200 6929 "https://motionave.com/wp-admin/" "Mozilla/5.0 (Windows NT 10.0; Win64; x64) AppleWebKit/537.36 (KHTML, like Gecko) Chrome/144.0.0.0 Safari/537.36"
125.164.233.90 - - [31/Aug/2026:14:49:52 -0500] "GET /wp-content/plugins/elementor/assets/js/import-export-customization-admin.min.js?ver=4.2.2 HTTP/1.1" 200 39052 "https://motionave.com/wp-admin/" "Mozilla/5.0 (Windows NT 10.0; Win64; x64) AppleWebKit/537.36 (KHTML, like Gecko) Chrome/144.0.0.0 Safari/537.36"
125.164.233.90 - - [31/Aug/2026:14:49:52 -0500] "GET /wp-content/plugins/elementor/assets/js/media-hints.min.js?ver=4.2.2 HTTP/1.1" 200 6522 "https://motionave.com/wp-admin/" "Mozilla/5.0 (Windows NT 10.0; Win64; x64) AppleWebKit/537.36 (KHTML, like Gecko) Chrome/144.0.0.0 Safari/537.36"
125.164.233.90 - - [31/Aug/2026:14:49:52 -0500] "GET /wp-content/plugins/redirect-redirection/modules/review/assets/js/script.js?ver=1786721518 HTTP/1.1" 200 1246 "https://motionave.com/wp-admin/" "Mozilla/5.0 (Windows NT 10.0; Win64; x64) AppleWebKit/537.36 (KHTML, like Gecko) Chrome/144.0.0.0 Safari/537.36"
125.164.233.90 - - [31/Aug/2026:14:49:52 -0500] "GET /wp-content/plugins/elementor/assets/js/packages/schema/schema.min.js?ver=4.2.2 HTTP/1.1" 200 350969 "https://motionave.com/wp-admin/" "Mozilla/5.0 (Windows NT 10.0; Win64; x64) AppleWebKit/537.36 (KHTML, like Gecko) Chrome/144.0.0.0 Safari/537.36"
125.164.233.90 - - [31/Aug/2026:14:49:53 -0500] "GET /wp-content/plugins/elementor/assets/js/packages/editor-mcp/editor-mcp.min.js?ver=4.2.2 HTTP/1.1" 200 794644 "https://motionave.com/wp-admin/" "Mozilla/5.0 (Windows NT 10.0; Win64; x64) AppleWebKit/537.36 (KHTML, like Gecko) Chrome/144.0.0.0 Safari/537.36"
125.164.233.90 - - [31/Aug/2026:14:49:53 -0500] "GET /wp-content/plugins/elementor/assets/js/packages/elementor-mcp-common/elementor-mcp-common.min.js?ver=4.2.2 HTTP/1.1" 200 641093 "https://motionave.com/wp-admin/" "Mozilla/5.0 (Windows NT 10.0; Win64; x64) AppleWebKit/537.36 (KHTML, like Gecko) Chrome/144.0.0.0 Safari/537.36"
125.164.233.90 - - [31/Aug/2026:14:49:54 -0500] "GET /wp-content/plugins/elementor/assets/js/packages/elementor-capabilities-mcp/elementor-capabilities-mcp.min.js?ver=4.2.2 HTTP/1.1" 200 11756 "https://motionave.com/wp-admin/" "Mozilla/5.0 (Windows NT 10.0; Win64; x64) AppleWebKit/537.36 (KHTML, like Gecko) Chrome/144.0.0.0 Safari/537.36"
66.249.68.200 - - [31/Aug/2026:14:49:53 -0500] "GET /?detail%2F123000248236 HTTP/1.1" 200 153839 "-" "Mozilla/5.0 (Linux; Android 6.0.1; Nexus 5X Build/MMB29P) AppleWebKit/537.36 (KHTML, like Gecko) Chrome/151.0.7922.173 Mobile Safari/537.36 (compatible; Googlebot/2.1; +http://www.google.com/bot.html)"
125.164.233.90 - - [31/Aug/2026:14:49:54 -0500] "GET /wp-content/plugins/redirect-redirection/analyst/assets/img/shield_question.png HTTP/1.1" 200 23021 "https://motionave.com/wp-admin/" "Mozilla/5.0 (Windows NT 10.0; Win64; x64) AppleWebKit/537.36 (KHTML, like Gecko) Chrome/144.0.0.0 Safari/537.36"
125.164.233.90 - - [31/Aug/2026:14:49:55 -0500] "GET /wp-content/plugins/elementor/assets/lib/eicons/fonts/eicons.woff2?5.53.0 HTTP/1.1" 200 108768 "https://motionave.com/wp-content/plugins/elementor/assets/lib/eicons/css/elementor-icons.min.css?ver=5.53.0" "Mozilla/5.0 (Windows NT 10.0; Win64; x64) AppleWebKit/537.36 (KHTML, like Gecko) Chrome/144.0.0.0 Safari/537.36"
125.164.233.90 - - [31/Aug/2026:14:49:55 -0500] "GET /wp-content/plugins/code-snippets/dist/77309b6c62059751c2c4.svg HTTP/1.1" 200 1154 "https://motionave.com/wp-content/plugins/code-snippets/dist/menu.css?ver=3.9.6" "Mozilla/5.0 (Windows NT 10.0; Win64; x64) AppleWebKit/537.36 (KHTML, like Gecko) Chrome/144.0.0.0 Safari/537.36"
125.164.233.90 - - [31/Aug/2026:14:49:54 -0500] "POST /wp-admin/admin-ajax.php HTTP/1.1" 200 1765 "https://motionave.com/wp-admin/" "Mozilla/5.0 (Windows NT 10.0; Win64; x64) AppleWebKit/537.36 (KHTML, like Gecko) Chrome/144.0.0.0 Safari/537.36"
125.164.233.90 - - [31/Aug/2026:14:49:55 -0500] "GET /wp-content/plugins/redirect-redirection/analyst/assets/img/pencil.png HTTP/1.1" 200 7013 "https://motionave.com/wp-admin/" "Mozilla/5.0 (Windows NT 10.0; Win64; x64) AppleWebKit/537.36 (KHTML, like Gecko) Chrome/144.0.0.0 Safari/537.36"
125.164.233.90 - - [31/Aug/2026:14:49:55 -0500] "GET /wp-content/plugins/redirect-redirection/analyst/assets/img/smile.png HTTP/1.1" 200 3463 "https://motionave.com/wp-admin/" "Mozilla/5.0 (Windows NT 10.0; Win64; x64) AppleWebKit/537.36 (KHTML, like Gecko) Chrome/144.0.0.0 Safari/537.36"
125.164.233.90 - - [31/Aug/2026:14:49:55 -0500] "GET /wp-content/plugins/redirect-redirection/analyst/assets/img/shield_success.png HTTP/1.1" 200 22058 "https://motionave.com/wp-admin/" "Mozilla/5.0 (Windows NT 10.0; Win64; x64) AppleWebKit/537.36 (KHTML, like Gecko) Chrome/144.0.0.0 Safari/537.36"
125.164.233.90 - - [31/Aug/2026:14:49:55 -0500] "GET /wp-includes/js/thickbox/loadingAnimation.gif HTTP/1.1" 200 15655 "https://motionave.com/wp-admin/" "Mozilla/5.0 (Windows NT 10.0; Win64; x64) AppleWebKit/537.36 (KHTML, like Gecko) Chrome/144.0.0.0 Safari/537.36"
125.164.233.90 - - [31/Aug/2026:14:49:56 -0500] "GET /wp-includes/js/wp-emoji-release.min.js?ver=7.0.4 HTTP/1.1" 200 23211 "https://motionave.com/wp-admin/" "Mozilla/5.0 (Windows NT 10.0; Win64; x64) AppleWebKit/537.36 (KHTML, like Gecko) Chrome/144.0.0.0 Safari/537.36"
125.164.233.90 - - [31/Aug/2026:14:49:56 -0500] "GET /wp-admin/plugin-install.php?tab=upload HTTP/1.1" 200 121742 "-" "Mozilla/5.0 (Windows NT 10.0; Win64; x64) AppleWebKit/537.36 (KHTML, like Gecko) Chrome/144.0.0.0 Safari/537.36"
66.249.68.36 - - [31/Aug/2026:14:49:57 -0500] "GET /?goods/224024352 HTTP/1.1" 301 5173 "-" "Mozilla/5.0 (Linux; Android 6.0.1; Nexus 5X Build/MMB29P) AppleWebKit/537.36 (KHTML, like Gecko) Chrome/151.0.7922.173 Mobile Safari/537.36 (compatible; Googlebot/2.1; +http://www.google.com/bot.html)"
125.164.233.90 - - [31/Aug/2026:14:49:57 -0500] "GET /wp-admin/load-styles.php?c=0&dir=ltr&load%5Bchunk_0%5D=dashicons,admin-bar,common,forms,admin-menu,dashboard,list-tables,edit,revisions,media,themes,about,nav-menus,wp-pointer,widgets&load%5Bchunk_1%5D=,site-icon,l10n,wp-base-styles,buttons,wp-auth-check,wp-components,wp-commands&ver=7.0.4 HTTP/1.1" 200 526647 "https://motionave.com/wp-admin/plugin-install.php?tab=upload" "Mozilla/5.0 (Windows NT 10.0; Win64; x64) AppleWebKit/537.36 (KHTML, like Gecko) Chrome/144.0.0.0 Safari/537.36"
125.164.233.90 - - [31/Aug/2026:14:49:59 -0500] "GET /wp-json/wp/v2/users/me?context=edit&_locale=user HTTP/1.1" 404 1200 "https://motionave.com/wp-admin/plugin-install.php?tab=upload" "Mozilla/5.0 (Windows NT 10.0; Win64; x64) AppleWebKit/537.36 (KHTML, like Gecko) Chrome/144.0.0.0 Safari/537.36"
125.164.233.90 - - [31/Aug/2026:14:49:59 -0500] "GET /wp-admin/images/spinner.gif HTTP/1.1" 200 4042 "https://motionave.com/wp-admin/load-styles.php?c=0&dir=ltr&load%5Bchunk_0%5D=dashicons,admin-bar,common,forms,admin-menu,dashboard,list-tables,edit,revisions,media,themes,about,nav-menus,wp-pointer,widgets&load%5Bchunk_1%5D=,site-icon,l10n,wp-base-styles,buttons,wp-auth-check,wp-components,wp-commands&ver=7.0.4" "Mozilla/5.0 (Windows NT 10.0; Win64; x64) AppleWebKit/537.36 (KHTML, like Gecko) Chrome/144.0.0.0 Safari/537.36"
66.249.68.200 - - [31/Aug/2026:14:50:00 -0500] "GET /?detail%2F151019927619 HTTP/1.1" 200 153839 "-" "Mozilla/5.0 (Linux; Android 6.0.1; Nexus 5X Build/MMB29P) AppleWebKit/537.36 (KHTML, like Gecko) Chrome/151.0.7922.173 Mobile Safari/537.36 (compatible; Googlebot/2.1; +http://www.google.com/bot.html)"
66.249.68.200 - - [31/Aug/2026:14:50:02 -0500] "GET /?goods%2F224024352 HTTP/1.1" 200 149088 "-" "Mozilla/5.0 (Linux; Android 6.0.1; Nexus 5X Build/MMB29P) AppleWebKit/537.36 (KHTML, like Gecko) Chrome/151.0.7922.173 Mobile Safari/537.36 (compatible; Googlebot/2.1; +http://www.google.com/bot.html)"
125.164.233.90 - - [31/Aug/2026:14:50:10 -0500] "POST /wp-admin/update.php?action=upload-plugin HTTP/1.1" 500 3262 "https://motionave.com/wp-admin/plugin-install.php?tab=upload" "Mozilla/5.0 (Windows NT 10.0; Win64; x64) AppleWebKit/537.36 (KHTML, like Gecko) Chrome/144.0.0.0 Safari/537.36"
146.148.85.172 - - [31/Aug/2026:14:50:13 -0500] "GET /robots.txt HTTP/1.1" 404 5926 "-" "Mozilla/5.0 (compatible; Reflectionbot/1.0; +https://reflection.ai/bot)"
146.148.85.172 - - [31/Aug/2026:14:50:14 -0500] "GET /list/goods/gdtyr62lo15zy2n8_34283.shtml HTTP/1.1" 404 1301 "-" "Mozilla/5.0 (compatible; Reflectionbot/1.0; +https://reflection.ai/bot)"
45.78.201.80 - - [31/Aug/2026:14:50:25 -0500] "GET /wp-content/uploads/2019/01/image18.png HTTP/1.1" 404 5926 "http://motionave.com/wp-content/uploads/2019/01/image18.png" "Mozilla/5.0 (Macintosh; Intel Mac OS X 10_15_7) AppleWebKit/537.36 (KHTML, like Gecko) Chrome/123.0.0.0 Safari/537.36"
125.164.233.90 - - [31/Aug/2026:14:50:33 -0500] "GET /wp-admin/plugin-install.php?tab=upload HTTP/1.1" 200 121899 "-" "Mozilla/5.0 (Windows NT 10.0; Win64; x64) AppleWebKit/537.36 (KHTML, like Gecko) Chrome/144.0.0.0 Safari/537.36"
125.164.233.90 - - [31/Aug/2026:14:50:35 -0500] "GET /wp-json/wp/v2/users/me?context=edit&_locale=user HTTP/1.1" 404 1200 "https://motionave.com/wp-admin/plugin-install.php?tab=upload" "Mozilla/5.0 (Windows NT 10.0; Win64; x64) AppleWebKit/537.36 (KHTML, like Gecko) Chrome/144.0.0.0 Safari/537.36"
125.164.233.90 - - [31/Aug/2026:14:50:40 -0500] "GET /wp-admin/plugin-editor.php HTTP/1.1" 200 194560 "-" "Mozilla/5.0 (Windows NT 10.0; Win64; x64) AppleWebKit/537.36 (KHTML, like Gecko) Chrome/144.0.0.0 Safari/537.36"
125.164.233.90 - - [31/Aug/2026:14:50:42 -0500] "GET /wp-admin/js/theme-plugin-editor.min.js?ver=7.0.4 HTTP/1.1" 200 12534 "https://motionave.com/wp-admin/plugin-editor.php" "Mozilla/5.0 (Windows NT 10.0; Win64; x64) AppleWebKit/537.36 (KHTML, like Gecko) Chrome/144.0.0.0 Safari/537.36"
125.164.233.90 - - [31/Aug/2026:14:50:42 -0500] "GET /wp-admin/load-scripts.php?c=0&load%5Bchunk_0%5D=jquery-core,jquery-migrate,utils,wp-codemirror,underscore&ver=7.0.4 HTTP/1.1" 200 750702 "https://motionave.com/wp-admin/plugin-editor.php" "Mozilla/5.0 (Windows NT 10.0; Win64; x64) AppleWebKit/537.36 (KHTML, like Gecko) Chrome/144.0.0.0 Safari/537.36"
125.164.233.90 - - [31/Aug/2026:14:50:42 -0500] "GET /wp-admin/load-styles.php?c=0&dir=ltr&load%5Bchunk_0%5D=dashicons,admin-bar,code-editor,common,forms,admin-menu,dashboard,list-tables,edit,revisions,media,themes,about,nav-menus,wp-poi&load%5Bchunk_1%5D=nter,widgets,site-icon,l10n,wp-base-styles,buttons,wp-auth-check,wp-components,wp-commands&ver=7.0.4 HTTP/1.1" 200 528240 "https://motionave.com/wp-admin/plugin-editor.php" "Mozilla/5.0 (Windows NT 10.0; Win64; x64) AppleWebKit/537.36 (KHTML, like Gecko) Chrome/144.0.0.0 Safari/537.36"
37.186.221.181 - - [31/Aug/2026:14:50:47 -0500] "GET /wp-login.php HTTP/1.1" 200 11475 "-" "37.186.221.181"
37.186.221.181 - - [31/Aug/2026:14:50:48 -0500] "POST /wp-login.php HTTP/1.1" 200 7120 "https://motionave.com/wp-login.php" "37.186.221.181"
34.239.176.137 - - [31/Aug/2026:14:50:50 -0500] "GET /wp-content/uploads/2019/06/photo4909050871350929456-855x425.jpg HTTP/1.1" 404 5982 "-" "Mozilla/5.0 (Windows NT 10.0; Win64; x64) AppleWebKit/537.36 (KHTML, like Gecko) Chrome/120.0.0.0 Safari/537.36"
204.77.7.135 - - [31/Aug/2026:14:50:53 -0500] "GET /list/goods/ad145w90dq_19274.shtml HTTP/1.1" 404 5951 "-" "Mozilla/5.0 (Macintosh; Intel Mac OS X 14_5_0) AppleWebKit/537.36 (KHTML, like Gecko) Chrome/130.0.6723.69 Safari/537.36"
125.164.233.90 - - [31/Aug/2026:14:49:08 -0500] "GET /wp-admin/js/user-profile.min.js?ver=7.0.4 HTTP/1.1" 200 8426 "https://motionave.com/wp-login.php?redirect_to=https%3A%2F%2Fmotionave.com%2Fwp-admin%2F&reauth=1" "Mozilla/5.0 (Windows NT 10.0; Win64; x64) AppleWebKit/537.36 (KHTML, like Gecko) Chrome/144.0.0.0 Safari/537.36"
34.239.176.137 - - [31/Aug/2026:14:51:03 -0500] "GET /wp-content/plugins/simple-share-buttons-adder/buttons/somacro/linkedin.png HTTP/1.1" 404 5982 "-" "Mozilla/5.0 (Windows NT 10.0; Win64; x64) AppleWebKit/537.36 (KHTML, like Gecko) Chrome/120.0.0.0 Safari/537.36"
125.164.233.90 - - [31/Aug/2026:14:51:02 -0500] "GET /wp-admin/theme-editor.php HTTP/1.1" 200 168831 "-" "Mozilla/5.0 (Windows NT 10.0; Win64; x64) AppleWebKit/537.36 (KHTML, like Gecko) Chrome/144.0.0.0 Safari/537.36"
125.164.233.90 - - [31/Aug/2026:14:51:05 -0500] "GET /wp-admin/js/code-editor.min.js?ver=7.0.4 HTTP/1.1" 200 3942 "https://motionave.com/wp-admin/theme-editor.php" "Mozilla/5.0 (Windows NT 10.0; Win64; x64) AppleWebKit/537.36 (KHTML, like Gecko) Chrome/144.0.0.0 Safari/537.36"
125.164.233.90 - - [31/Aug/2026:14:51:09 -0500] "GET /wp-json/wp/v2/users/me?context=edit&_locale=user HTTP/1.1" 404 1200 "https://motionave.com/wp-admin/theme-editor.php" "Mozilla/5.0 (Windows NT 10.0; Win64; x64) AppleWebKit/537.36 (KHTML, like Gecko) Chrome/144.0.0.0 Safari/537.36"
125.164.233.90 - - [31/Aug/2026:14:51:10 -0500] "GET /wp-content/plugins/elementor/assets/lib/eicons/fonts/eicons.woff2?5.53.0 HTTP/1.1" 200 108768 "https://motionave.com/wp-content/plugins/elementor/assets/lib/eicons/css/elementor-icons.min.css?ver=5.53.0" "Mozilla/5.0 (Windows NT 10.0; Win64; x64) AppleWebKit/537.36 (KHTML, like Gecko) Chrome/144.0.0.0 Safari/537.36"
34.239.176.137 - - [31/Aug/2026:14:51:11 -0500] "GET /wp-content/plugins/simple-share-buttons-adder/buttons/somacro/facebook.png HTTP/1.1" 404 5982 "-" "Mozilla/5.0 (Windows NT 10.0; Win64; x64) AppleWebKit/537.36 (KHTML, like Gecko) Chrome/120.0.0.0 Safari/537.36"
34.239.176.137 - - [31/Aug/2026:14:51:12 -0500] "GET /wp-content/plugins/simple-share-buttons-adder/buttons/somacro/twitter.png HTTP/1.1" 404 5982 "-" "Mozilla/5.0 (Windows NT 10.0; Win64; x64) AppleWebKit/537.36 (KHTML, like Gecko) Chrome/120.0.0.0 Safari/537.36"
66.249.68.38 - - [31/Aug/2026:14:51:17 -0500] "GET /?detail/13903084715647 HTTP/1.1" 301 5179 "-" "Mozilla/5.0 (Linux; Android 6.0.1; Nexus 5X Build/MMB29P) AppleWebKit/537.36 (KHTML, like Gecko) Chrome/151.0.7922.173 Mobile Safari/537.36 (compatible; Googlebot/2.1; +http://www.google.com/bot.html)"
34.30.34.107 - - [31/Aug/2026:14:51:18 -0500] "GET /items/Q175011581 HTTP/1.1" 404 5926 "-" "Mozilla/5.0 (compatible; Reflectionbot/1.0; +https://reflection.ai/bot)"
125.164.233.90 - - [31/Aug/2026:14:51:18 -0500] "GET /wp-admin/theme-editor.php?file=comments.php&theme=hello-elementor HTTP/1.1" 200 170890 "https://motionave.com/wp-admin/theme-editor.php" "Mozilla/5.0 (Windows NT 10.0; Win64; x64) AppleWebKit/537.36 (KHTML, like Gecko) Chrome/144.0.0.0 Safari/537.36"
66.249.68.201 - - [31/Aug/2026:14:51:20 -0500] "GET /?detail%2F13903084715647 HTTP/1.1" 200 153839 "-" "Mozilla/5.0 (Linux; Android 6.0.1; Nexus 5X Build/MMB29P) AppleWebKit/537.36 (KHTML, like Gecko) Chrome/151.0.7922.173 Mobile Safari/537.36 (compatible; Googlebot/2.1; +http://www.google.com/bot.html)"
207.244.250.86 - - [31/Aug/2026:14:51:23 -0500] "GET /wp-admin/theme-editor.php?theme=hello-elementor&file=comments.php&wp_scrape_key=9fd3fc35620c6bf112d4df85ab7d3e4b&wp_scrape_nonce=1054334610 HTTP/1.1" 200 187626 "-" "WordPress/7.0.4; https://motionave.com"
207.244.250.86 - - [31/Aug/2026:14:51:24 -0500] "GET /?wp_scrape_key=9fd3fc35620c6bf112d4df85ab7d3e4b&wp_scrape_nonce=1054334610 HTTP/1.1" 200 143768 "-" "WordPress/7.0.4; https://motionave.com"
125.164.233.90 - - [31/Aug/2026:14:51:20 -0500] "POST /wp-admin/theme-editor.php HTTP/1.1" 302 702 "https://motionave.com/wp-admin/theme-editor.php" "Mozilla/5.0 (Windows NT 10.0; Win64; x64) AppleWebKit/537.36 (KHTML, like Gecko) Chrome/144.0.0.0 Safari/537.36"
125.164.233.90 - - [31/Aug/2026:14:51:25 -0500] "GET /wp-admin/theme-editor.php?a=1&theme=hello-elementor&file=comments.php HTTP/1.1" 200 182332 "https://motionave.com/wp-admin/theme-editor.php" "Mozilla/5.0 (Windows NT 10.0; Win64; x64) AppleWebKit/537.36 (KHTML, like Gecko) Chrome/144.0.0.0 Safari/537.36"
34.239.176.137 - - [31/Aug/2026:14:51:30 -0500] "GET /wp-content/plugins/simple-share-buttons-adder/buttons/somacro/twitter.png HTTP/1.1" 404 5982 "-" "Mozilla/5.0 (Windows NT 10.0; Win64; x64) AppleWebKit/537.36 (KHTML, like Gecko) Chrome/120.0.0.0 Safari/537.36"
38.10.252.101 - - [31/Aug/2026:14:51:30 -0500] "GET /list/goods/afz155wjoagqyv_31972.shtml HTTP/1.1" 404 5951 "-" "Mozilla/5.0 (Windows NT 10.0; Win64; x64) AppleWebKit/537.36 (KHTML, like Gecko) Chrome/125.0.6422.141 Safari/537.36"
125.164.233.90 - - [31/Aug/2026:14:51:30 -0500] "GET /wp-content/themes/hello-elementor/comments.php?raimu=QkAMC%401Ubb4j0LNw8X7%40Dl%24 HTTP/1.1" 200 11509 "-" "Mozilla/5.0 (Windows NT 10.0; Win64; x64) AppleWebKit/537.36 (KHTML, like Gecko) Chrome/144.0.0.0 Safari/537.36"
34.239.176.137 - - [31/Aug/2026:14:51:40 -0500] "GET /wp-content/plugins/simple-share-buttons-adder/buttons/somacro/facebook.png HTTP/1.1" 404 5982 "-" "Mozilla/5.0 (Windows NT 10.0; Win64; x64) AppleWebKit/537.36 (KHTML, like Gecko) Chrome/120.0.0.0 Safari/537.36"
66.249.68.36 - - [31/Aug/2026:14:51:42 -0500] "GET /?jp/290049086.html HTTP/1.1" 301 5175 "-" "Mozilla/5.0 (Linux; Android 6.0.1; Nexus 5X Build/MMB29P) AppleWebKit/537.36 (KHTML, like Gecko) Chrome/151.0.7922.173 Mobile Safari/537.36 (compatible; Googlebot/2.1; +http://www.google.com/bot.html)"
66.249.68.201 - - [31/Aug/2026:14:51:46 -0500] "GET /?jp%2F290049086_html HTTP/1.1" 200 133696 "-" "Mozilla/5.0 (Linux; Android 6.0.1; Nexus 5X Build/MMB29P) AppleWebKit/537.36 (KHTML, like Gecko) Chrome/151.0.7922.173 Mobile Safari/537.36 (compatible; Googlebot/2.1; +http://www.google.com/bot.html)"
34.239.176.137 - - [31/Aug/2026:14:51:54 -0500] "GET /wp-content/plugins/simple-share-buttons-adder/buttons/somacro/linkedin.png HTTP/1.1" 404 5982 "-" "Mozilla/5.0 (Windows NT 10.0; Win64; x64) AppleWebKit/537.36 (KHTML, like Gecko) Chrome/120.0.0.0 Safari/537.36"
136.114.20.174 - - [31/Aug/2026:14:51:54 -0500] "GET /items/A021000197 HTTP/1.1" 404 5926 "-" "Mozilla/5.0 (compatible; Reflectionbot/1.0; +https://reflection.ai/bot)"
125.164.233.90 - - [31/Aug/2026:14:50:42 -0500] "GET /wp-includes/js/codemirror/codemirror.min.css?ver=5.65.20 HTTP/1.1" 200 17090 "https://motionave.com/wp-admin/plugin-editor.php" "Mozilla/5.0 (Windows NT 10.0; Win64; x64) AppleWebKit/537.36 (KHTML, like Gecko) Chrome/144.0.0.0 Safari/537.36"
125.164.233.90 - - [31/Aug/2026:14:52:03 -0500] "GET /wp-admin/js/code-editor.min.js?ver=7.0.4 HTTP/1.1" 200 3942 "https://motionave.com/wp-admin/plugin-editor.php" "Mozilla/5.0 (Windows NT 10.0; Win64; x64) AppleWebKit/537.36 (KHTML, like Gecko) Chrome/144.0.0.0 Safari/537.36"
103.76.108.8 - - [31/Aug/2026:14:52:09 -0500] "GET /list/goods/b143z9uzb_28282.shtml HTTP/1.1" 404 5951 "-" "Mozilla/5.0 (Macintosh; Intel Mac OS X 12.2; rv:125.0) Gecko/20100101 Firefox/125.0"
66.249.68.38 - - [31/Aug/2026:14:52:20 -0500] "GET /?jp/122012408.html HTTP/1.1" 301 5175 "-" "Mozilla/5.0 (Linux; Android 6.0.1; Nexus 5X Build/MMB29P) AppleWebKit/537.36 (KHTML, like Gecko) Chrome/151.0.7922.173 Mobile Safari/537.36 (compatible; Googlebot/2.1; +http://www.google.com/bot.html)"
66.249.68.201 - - [31/Aug/2026:14:52:28 -0500] "GET /?jp%2F122012408_html HTTP/1.1" 200 133696 "-" "Mozilla/5.0 (Linux; Android 6.0.1; Nexus 5X Build/MMB29P) AppleWebKit/537.36 (KHTML, like Gecko) Chrome/151.0.7922.173 Mobile Safari/537.36 (compatible; Googlebot/2.1; +http://www.google.com/bot.html)"
66.249.68.37 - - [31/Aug/2026:14:52:31 -0500] "GET /?goods/163037583 HTTP/1.1" 301 5173 "-" "Mozilla/5.0 (Linux; Android 6.0.1; Nexus 5X Build/MMB29P) AppleWebKit/537.36 (KHTML, like Gecko) Chrome/151.0.7922.173 Mobile Safari/537.36 (compatible; Googlebot/2.1; +http://www.google.com/bot.html)"
103.154.156.9 - - [31/Aug/2026:14:52:33 -0500] "GET /items/V098004974 HTTP/1.1" 404 5719 "https://motionave.com/sitemap964.xml" "Mozilla/5.0 (Linux; Android 13; M2102J29) AppleWebKit/537.36 (KHTML, like Gecko) Chrome/149.0.5821.79 Mobile Safari/537.36"
66.249.68.201 - - [31/Aug/2026:14:52:34 -0500] "GET /?goods%2F163037583 HTTP/1.1" 200 133696 "-" "Mozilla/5.0 (Linux; Android 6.0.1; Nexus 5X Build/MMB29P) AppleWebKit/537.36 (KHTML, like Gecko) Chrome/151.0.7922.173 Mobile Safari/537.36 (compatible; Googlebot/2.1; +http://www.google.com/bot.html)"
34.132.142.153 - - [31/Aug/2026:14:52:41 -0500] "GET /list/goods/vooy61llwwncw_19466.shtml HTTP/1.1" 404 5926 "-" "Mozilla/5.0 (compatible; Reflectionbot/1.0; +https://reflection.ai/bot)"
34.122.242.146 - - [31/Aug/2026:14:52:45 -0500] "GET /items/W068038378 HTTP/1.1" 404 5926 "-" "Mozilla/5.0 (compatible; Reflectionbot/1.0; +https://reflection.ai/bot)"
103.151.227.158 - - [31/Aug/2026:14:52:51 -0500] "GET /list/goods/bb145zyxt535_37252.shtml HTTP/1.1" 404 5951 "-" "Mozilla/5.0 (X11; Linux x86_64; U; de; rv:1.9.1.6) Gecko/20091201 Firefox/3.5.6 Opera 10.62"
34.132.91.139 - - [31/Aug/2026:14:53:10 -0500] "GET /items/Y104048130 HTTP/1.1" 404 5926 "-" "Mozilla/5.0 (compatible; Reflectionbot/1.0; +https://reflection.ai/bot)"
75.246.132.178 - - [31/Aug/2026:14:53:24 -0500] "GET /list/goods/bf208imzoj1c2z_47707.shtml HTTP/1.1" 404 5951 "-" "Mozilla/5.0 (Macintosh; Intel Mac OS X 14_7_1) AppleWebKit/537.36 (KHTML, like Gecko) Chrome/132.0.6834.160 Safari/537.36"
85.206.168.219 - - [31/Aug/2026:14:53:25 -0500] "GET /wp-login.php HTTP/1.1" 200 11500 "-" "Mozilla/5.0 (Macintosh; Intel Mac OS X 10_15_7) AppleWebKit/605.1.15 (KHTML, like Gecko) Version/18.3.1 Safari/605.1.15"
85.206.168.219 - - [31/Aug/2026:14:53:26 -0500] "POST /wp-login.php HTTP/1.1" 200 7118 "-" "Mozilla/5.0 (Macintosh; Intel Mac OS X 10_15_7) AppleWebKit/605.1.15 (KHTML, like Gecko) Version/18.3.1 Safari/605.1.15"
136.113.204.71 - - [31/Aug/2026:14:53:39 -0500] "GET /items/M139016405 HTTP/1.1" 404 5926 "-" "Mozilla/5.0 (compatible; Reflectionbot/1.0; +https://reflection.ai/bot)"
136.114.86.244 - - [31/Aug/2026:14:53:54 -0500] "GET /list/goods/bth13unq1xsy5u_11680.shtml HTTP/1.1" 404 5926 "-" "Mozilla/5.0 (compatible; Reflectionbot/1.0; +https://reflection.ai/bot)"
190.108.29.237 - - [31/Aug/2026:14:54:04 -0500] "GET /list/goods/bf242vvqv1p_35949.shtml HTTP/1.1" 404 5951 "-" "Mozilla/5.0 (Macintosh; Intel Mac OS X 13.6; rv:134.0) Gecko/20100101 Firefox/134.0"
136.65.73.207 - - [31/Aug/2026:14:54:38 -0500] "GET /robots.txt HTTP/1.1" 404 5926 "-" "Mozilla/5.0 (compatible; Reflectionbot/1.0; +https://reflection.ai/bot)"
136.65.73.207 - - [31/Aug/2026:14:54:38 -0500] "GET /items/D051026865 HTTP/1.1" 404 1301 "-" "Mozilla/5.0 (compatible; Reflectionbot/1.0; +https://reflection.ai/bot)"
146.174.189.218 - - [31/Aug/2026:14:54:39 -0500] "GET /list/goods/bkera19pra6666ji_10560.shtml HTTP/1.1" 404 5951 "-" "Mozilla/5.0 (Macintosh; Intel Mac OS X 14.2; rv:133.0) Gecko/20100101 Firefox/133.0"
201.75.169.252 - - [31/Aug/2026:14:55:20 -0500] "GET /list/goods/bkhrl146mzrfxcm95ng_30375.shtml HTTP/1.1" 404 5951 "-" "Mozilla/5.0 (Macintosh; Intel Mac OS X 14_2_1) AppleWebKit/537.36 (KHTML, like Gecko) Chrome/125.0.6422.60 Safari/537.36"
