45.135.3.19 - - [31/Aug/2026:15:14:59 -0500] "POST /xmlrpc.php HTTP/1.1" 200 5468 "-" "Apache-HttpClient/4.5.13 (Java/17.0.18)"
45.135.3.19 - - [31/Aug/2026:15:15:00 -0500] "POST /xmlrpc.php HTTP/1.1" 200 5468 "-" "Apache-HttpClient/4.5.13 (Java/17.0.18)"
45.135.3.19 - - [31/Aug/2026:15:15:01 -0500] "POST /xmlrpc.php HTTP/1.1" 200 5468 "-" "Apache-HttpClient/4.5.13 (Java/17.0.18)"
45.135.3.19 - - [31/Aug/2026:15:15:02 -0500] "POST /xmlrpc.php HTTP/1.1" 200 5468 "-" "Apache-HttpClient/4.5.13 (Java/17.0.18)"
45.135.3.19 - - [31/Aug/2026:15:15:03 -0500] "POST /xmlrpc.php HTTP/1.1" 200 5468 "-" "Apache-HttpClient/4.5.13 (Java/17.0.18)"
45.135.3.19 - - [31/Aug/2026:15:15:04 -0500] "POST /xmlrpc.php HTTP/1.1" 200 5468 "-" "Apache-HttpClient/4.5.13 (Java/17.0.18)"
45.135.3.19 - - [31/Aug/2026:15:15:05 -0500] "POST /xmlrpc.php HTTP/1.1" 200 5468 "-" "Apache-HttpClient/4.5.13 (Java/17.0.18)"
45.135.3.19 - - [31/Aug/2026:15:15:06 -0500] "POST /xmlrpc.php HTTP/1.1" 200 5468 "-" "Apache-HttpClient/4.5.13 (Java/17.0.18)"
45.135.3.19 - - [31/Aug/2026:15:15:07 -0500] "POST /xmlrpc.php HTTP/1.1" 200 5468 "-" "Apache-HttpClient/4.5.13 (Java/17.0.18)"
45.135.3.19 - - [31/Aug/2026:15:15:08 -0500] "POST /xmlrpc.php HTTP/1.1" 200 5468 "-" "Apache-HttpClient/4.5.13 (Java/17.0.18)"
45.135.3.19 - - [31/Aug/2026:15:15:09 -0500] "POST /xmlrpc.php HTTP/1.1" 200 5468 "-" "Apache-HttpClient/4.5.13 (Java/17.0.18)"
45.135.3.19 - - [31/Aug/2026:15:15:10 -0500] "POST /xmlrpc.php HTTP/1.1" 200 5468 "-" "Apache-HttpClient/4.5.13 (Java/17.0.18)"
45.135.3.19 - - [31/Aug/2026:15:15:14 -0500] "POST /xmlrpc.php HTTP/1.1" 200 5468 "-" "Apache-HttpClient/4.5.13 (Java/17.0.18)"
45.135.3.19 - - [31/Aug/2026:15:15:14 -0500] "POST /xmlrpc.php HTTP/1.1" 200 5468 "-" "Apache-HttpClient/4.5.13 (Java/17.0.18)"
45.135.3.19 - - [31/Aug/2026:15:15:15 -0500] "POST /xmlrpc.php HTTP/1.1" 200 5468 "-" "Apache-HttpClient/4.5.13 (Java/17.0.18)"
45.135.3.19 - - [31/Aug/2026:15:15:16 -0500] "POST /xmlrpc.php HTTP/1.1" 200 5468 "-" "Apache-HttpClient/4.5.13 (Java/17.0.18)"
45.135.3.19 - - [31/Aug/2026:15:15:17 -0500] "POST /xmlrpc.php HTTP/1.1" 200 5468 "-" "Apache-HttpClient/4.5.13 (Java/17.0.18)"
45.135.3.19 - - [31/Aug/2026:15:15:18 -0500] "POST /xmlrpc.php HTTP/1.1" 200 5468 "-" "Apache-HttpClient/4.5.13 (Java/17.0.18)"
45.135.3.19 - - [31/Aug/2026:15:15:19 -0500] "POST /xmlrpc.php HTTP/1.1" 200 5468 "-" "Apache-HttpClient/4.5.13 (Java/17.0.18)"
45.135.3.19 - - [31/Aug/2026:15:15:20 -0500] "POST /xmlrpc.php HTTP/1.1" 200 5468 "-" "Apache-HttpClient/4.5.13 (Java/17.0.18)"
45.135.3.19 - - [31/Aug/2026:15:15:21 -0500] "POST /xmlrpc.php HTTP/1.1" 200 5468 "-" "Apache-HttpClient/4.5.13 (Java/17.0.18)"
45.135.3.19 - - [31/Aug/2026:15:15:22 -0500] "POST /xmlrpc.php HTTP/1.1" 200 5468 "-" "Apache-HttpClient/4.5.13 (Java/17.0.18)"
45.135.3.19 - - [31/Aug/2026:15:15:23 -0500] "POST /xmlrpc.php HTTP/1.1" 200 5468 "-" "Apache-HttpClient/4.5.13 (Java/17.0.18)"
45.135.3.19 - - [31/Aug/2026:15:15:24 -0500] "POST /xmlrpc.php HTTP/1.1" 200 5468 "-" "Apache-HttpClient/4.5.13 (Java/17.0.18)"
45.135.3.19 - - [31/Aug/2026:15:15:25 -0500] "POST /xmlrpc.php HTTP/1.1" 200 5468 "-" "Apache-HttpClient/4.5.13 (Java/17.0.18)"
45.135.3.19 - - [31/Aug/2026:15:15:26 -0500] "POST /xmlrpc.php HTTP/1.1" 200 5468 "-" "Apache-HttpClient/4.5.13 (Java/17.0.18)"
45.135.3.19 - - [31/Aug/2026:15:15:27 -0500] "POST /xmlrpc.php HTTP/1.1" 200 5468 "-" "Apache-HttpClient/4.5.13 (Java/17.0.18)"
45.61.187.148 - - [31/Aug/2026:15:15:28 -0500] "GET /wp-login.php HTTP/1.1" 200 11320 "-" "Mozilla/5.0 (X11; Ubuntu; Linux x86_64; rv:31.0) Gecko/20100101 Firefox/31.0"
45.135.3.19 - - [31/Aug/2026:15:15:28 -0500] "POST /xmlrpc.php HTTP/1.1" 200 5468 "-" "Apache-HttpClient/4.5.13 (Java/17.0.18)"
45.61.187.148 - - [31/Aug/2026:15:15:29 -0500] "POST /wp-login.php HTTP/1.1" 200 7173 "-" "Mozilla/5.0 (X11; Ubuntu; Linux x86_64; rv:31.0) Gecko/20100101 Firefox/31.0"
45.135.3.19 - - [31/Aug/2026:15:15:29 -0500] "POST /xmlrpc.php HTTP/1.1" 200 5468 "-" "Apache-HttpClient/4.5.13 (Java/17.0.18)"
45.135.3.19 - - [31/Aug/2026:15:15:30 -0500] "POST /xmlrpc.php HTTP/1.1" 200 5468 "-" "Apache-HttpClient/4.5.13 (Java/17.0.18)"
45.135.3.19 - - [31/Aug/2026:15:15:31 -0500] "POST /xmlrpc.php HTTP/1.1" 200 5468 "-" "Apache-HttpClient/4.5.13 (Java/17.0.18)"
45.135.3.19 - - [31/Aug/2026:15:15:32 -0500] "POST /xmlrpc.php HTTP/1.1" 200 5468 "-" "Apache-HttpClient/4.5.13 (Java/17.0.18)"
190.212.214.5 - - [31/Aug/2026:15:15:32 -0500] "GET /list/goods/aom287hvlgbij8qsqmg_9272.shtml HTTP/1.1" 404 5951 "-" "Mozilla/5.0 (Macintosh; Intel Mac OS X 12.6; rv:125.0) Gecko/20100101 Firefox/125.0"
45.135.3.19 - - [31/Aug/2026:15:15:33 -0500] "POST /xmlrpc.php HTTP/1.1" 200 5468 "-" "Apache-HttpClient/4.5.13 (Java/17.0.18)"
45.135.3.19 - - [31/Aug/2026:15:15:34 -0500] "POST /xmlrpc.php HTTP/1.1" 200 5468 "-" "Apache-HttpClient/4.5.13 (Java/17.0.18)"
45.135.3.19 - - [31/Aug/2026:15:15:35 -0500] "POST /xmlrpc.php HTTP/1.1" 200 5468 "-" "Apache-HttpClient/4.5.13 (Java/17.0.18)"
45.135.3.19 - - [31/Aug/2026:15:15:36 -0500] "POST /xmlrpc.php HTTP/1.1" 200 5468 "-" "Apache-HttpClient/4.5.13 (Java/17.0.18)"
45.135.3.19 - - [31/Aug/2026:15:15:37 -0500] "POST /xmlrpc.php HTTP/1.1" 200 5468 "-" "Apache-HttpClient/4.5.13 (Java/17.0.18)"
45.135.3.19 - - [31/Aug/2026:15:15:38 -0500] "POST /xmlrpc.php HTTP/1.1" 200 5468 "-" "Apache-HttpClient/4.5.13 (Java/17.0.18)"
45.135.3.19 - - [31/Aug/2026:15:15:39 -0500] "POST /xmlrpc.php HTTP/1.1" 200 5468 "-" "Apache-HttpClient/4.5.13 (Java/17.0.18)"
45.135.3.19 - - [31/Aug/2026:15:15:40 -0500] "POST /xmlrpc.php HTTP/1.1" 200 5468 "-" "Apache-HttpClient/4.5.13 (Java/17.0.18)"
66.249.68.201 - - [31/Aug/2026:15:15:39 -0500] "GET /?detail/187030313845 HTTP/1.1" 301 5177 "-" "Mozilla/5.0 (Linux; Android 6.0.1; Nexus 5X Build/MMB29P) AppleWebKit/537.36 (KHTML, like Gecko) Chrome/151.0.7922.173 Mobile Safari/537.36 (compatible; Googlebot/2.1; +http://www.google.com/bot.html)"
45.135.3.19 - - [31/Aug/2026:15:15:41 -0500] "POST /xmlrpc.php HTTP/1.1" 200 5468 "-" "Apache-HttpClient/4.5.13 (Java/17.0.18)"
45.135.3.19 - - [31/Aug/2026:15:15:42 -0500] "POST /xmlrpc.php HTTP/1.1" 200 5468 "-" "Apache-HttpClient/4.5.13 (Java/17.0.18)"
45.135.3.19 - - [31/Aug/2026:15:15:42 -0500] "POST /xmlrpc.php HTTP/1.1" 200 5468 "-" "Apache-HttpClient/4.5.13 (Java/17.0.18)"
45.135.3.19 - - [31/Aug/2026:15:15:43 -0500] "POST /xmlrpc.php HTTP/1.1" 200 5468 "-" "Apache-HttpClient/4.5.13 (Java/17.0.18)"
45.135.3.19 - - [31/Aug/2026:15:15:44 -0500] "POST /xmlrpc.php HTTP/1.1" 200 5468 "-" "Apache-HttpClient/4.5.13 (Java/17.0.18)"
45.135.3.19 - - [31/Aug/2026:15:15:45 -0500] "POST /xmlrpc.php HTTP/1.1" 200 5468 "-" "Apache-HttpClient/4.5.13 (Java/17.0.18)"
45.135.3.19 - - [31/Aug/2026:15:15:46 -0500] "POST /xmlrpc.php HTTP/1.1" 200 5468 "-" "Apache-HttpClient/4.5.13 (Java/17.0.18)"
45.135.3.19 - - [31/Aug/2026:15:15:47 -0500] "POST /xmlrpc.php HTTP/1.1" 200 5468 "-" "Apache-HttpClient/4.5.13 (Java/17.0.18)"
45.135.3.19 - - [31/Aug/2026:15:15:48 -0500] "POST /xmlrpc.php HTTP/1.1" 200 5468 "-" "Apache-HttpClient/4.5.13 (Java/17.0.18)"
45.135.3.19 - - [31/Aug/2026:15:15:49 -0500] "POST /xmlrpc.php HTTP/1.1" 200 5468 "-" "Apache-HttpClient/4.5.13 (Java/17.0.18)"
45.135.3.19 - - [31/Aug/2026:15:15:51 -0500] "POST /xmlrpc.php HTTP/1.1" 200 5468 "-" "Apache-HttpClient/4.5.13 (Java/17.0.18)"
45.135.3.19 - - [31/Aug/2026:15:15:52 -0500] "POST /xmlrpc.php HTTP/1.1" 200 5468 "-" "Apache-HttpClient/4.5.13 (Java/17.0.18)"
45.135.3.19 - - [31/Aug/2026:15:15:52 -0500] "POST /xmlrpc.php HTTP/1.1" 200 5468 "-" "Apache-HttpClient/4.5.13 (Java/17.0.18)"
45.135.3.19 - - [31/Aug/2026:15:15:53 -0500] "POST /xmlrpc.php HTTP/1.1" 200 5468 "-" "Apache-HttpClient/4.5.13 (Java/17.0.18)"
45.135.3.19 - - [31/Aug/2026:15:15:54 -0500] "POST /xmlrpc.php HTTP/1.1" 200 5468 "-" "Apache-HttpClient/4.5.13 (Java/17.0.18)"
45.135.3.19 - - [31/Aug/2026:15:15:55 -0500] "POST /xmlrpc.php HTTP/1.1" 200 5468 "-" "Apache-HttpClient/4.5.13 (Java/17.0.18)"
45.135.3.19 - - [31/Aug/2026:15:15:56 -0500] "POST /xmlrpc.php HTTP/1.1" 200 5468 "-" "Apache-HttpClient/4.5.13 (Java/17.0.18)"
45.135.3.19 - - [31/Aug/2026:15:15:57 -0500] "POST /xmlrpc.php HTTP/1.1" 200 5468 "-" "Apache-HttpClient/4.5.13 (Java/17.0.18)"
45.135.3.19 - - [31/Aug/2026:15:15:58 -0500] "POST /xmlrpc.php HTTP/1.1" 200 5468 "-" "Apache-HttpClient/4.5.13 (Java/17.0.18)"
45.135.3.19 - - [31/Aug/2026:15:15:59 -0500] "POST /xmlrpc.php HTTP/1.1" 200 5468 "-" "Apache-HttpClient/4.5.13 (Java/17.0.18)"
45.135.3.19 - - [31/Aug/2026:15:16:00 -0500] "POST /xmlrpc.php HTTP/1.1" 200 5468 "-" "Apache-HttpClient/4.5.13 (Java/17.0.18)"
45.135.3.19 - - [31/Aug/2026:15:16:02 -0500] "POST /xmlrpc.php HTTP/1.1" 200 5468 "-" "Apache-HttpClient/4.5.13 (Java/17.0.18)"
66.249.68.192 - - [31/Aug/2026:15:16:00 -0500] "GET /?detail%2F187030313845 HTTP/1.1" 200 133696 "-" "Mozilla/5.0 (Linux; Android 6.0.1; Nexus 5X Build/MMB29P) AppleWebKit/537.36 (KHTML, like Gecko) Chrome/151.0.7922.173 Mobile Safari/537.36 (compatible; Googlebot/2.1; +http://www.google.com/bot.html)"
45.135.3.19 - - [31/Aug/2026:15:16:03 -0500] "POST /xmlrpc.php HTTP/1.1" 200 5468 "-" "Apache-HttpClient/4.5.13 (Java/17.0.18)"
45.135.3.19 - - [31/Aug/2026:15:16:04 -0500] "POST /xmlrpc.php HTTP/1.1" 200 5468 "-" "Apache-HttpClient/4.5.13 (Java/17.0.18)"
45.135.3.19 - - [31/Aug/2026:15:16:05 -0500] "POST /xmlrpc.php HTTP/1.1" 200 5468 "-" "Apache-HttpClient/4.5.13 (Java/17.0.18)"
45.135.3.19 - - [31/Aug/2026:15:16:06 -0500] "POST /xmlrpc.php HTTP/1.1" 200 5468 "-" "Apache-HttpClient/4.5.13 (Java/17.0.18)"
45.135.3.19 - - [31/Aug/2026:15:16:07 -0500] "POST /xmlrpc.php HTTP/1.1" 200 5468 "-" "Apache-HttpClient/4.5.13 (Java/17.0.18)"
45.135.3.19 - - [31/Aug/2026:15:16:08 -0500] "POST /xmlrpc.php HTTP/1.1" 200 5468 "-" "Apache-HttpClient/4.5.13 (Java/17.0.18)"
45.135.3.19 - - [31/Aug/2026:15:16:12 -0500] "POST /xmlrpc.php HTTP/1.1" 200 5468 "-" "Apache-HttpClient/4.5.13 (Java/17.0.18)"
45.135.3.19 - - [31/Aug/2026:15:16:13 -0500] "POST /xmlrpc.php HTTP/1.1" 200 5468 "-" "Apache-HttpClient/4.5.13 (Java/17.0.18)"
45.135.3.19 - - [31/Aug/2026:15:16:14 -0500] "POST /xmlrpc.php HTTP/1.1" 200 5468 "-" "Apache-HttpClient/4.5.13 (Java/17.0.18)"
45.135.3.19 - - [31/Aug/2026:15:16:15 -0500] "POST /xmlrpc.php HTTP/1.1" 200 5468 "-" "Apache-HttpClient/4.5.13 (Java/17.0.18)"
45.135.3.19 - - [31/Aug/2026:15:16:16 -0500] "POST /xmlrpc.php HTTP/1.1" 200 5468 "-" "Apache-HttpClient/4.5.13 (Java/17.0.18)"
45.135.3.19 - - [31/Aug/2026:15:16:18 -0500] "POST /xmlrpc.php HTTP/1.1" 200 5468 "-" "Apache-HttpClient/4.5.13 (Java/17.0.18)"
45.135.3.19 - - [31/Aug/2026:15:16:19 -0500] "POST /xmlrpc.php HTTP/1.1" 200 5468 "-" "Apache-HttpClient/4.5.13 (Java/17.0.18)"
45.135.3.19 - - [31/Aug/2026:15:16:20 -0500] "POST /xmlrpc.php HTTP/1.1" 200 5468 "-" "Apache-HttpClient/4.5.13 (Java/17.0.18)"
45.135.3.19 - - [31/Aug/2026:15:16:21 -0500] "POST /xmlrpc.php HTTP/1.1" 200 5468 "-" "Apache-HttpClient/4.5.13 (Java/17.0.18)"
45.135.3.19 - - [31/Aug/2026:15:16:22 -0500] "POST /xmlrpc.php HTTP/1.1" 200 5468 "-" "Apache-HttpClient/4.5.13 (Java/17.0.18)"
45.135.3.19 - - [31/Aug/2026:15:16:23 -0500] "POST /xmlrpc.php HTTP/1.1" 200 5468 "-" "Apache-HttpClient/4.5.13 (Java/17.0.18)"
66.249.68.192 - - [31/Aug/2026:15:16:23 -0500] "GET /?jp/055024389.html HTTP/1.1" 301 5175 "-" "Mozilla/5.0 (compatible; Googlebot/2.1; +http://www.google.com/bot.html)"
102.40.14.59 - - [31/Aug/2026:15:16:23 -0500] "GET /list/goods/b271ywqobx4zx_14378.shtml HTTP/1.1" 404 5951 "-" "Mozilla/5.0 (Macintosh; Intel Mac OS X 14_5_0) AppleWebKit/537.36 (KHTML, like Gecko) Chrome/130.0.6723.69 Safari/537.36"
45.135.3.19 - - [31/Aug/2026:15:16:24 -0500] "POST /xmlrpc.php HTTP/1.1" 200 5468 "-" "Apache-HttpClient/4.5.13 (Java/17.0.18)"
45.135.3.19 - - [31/Aug/2026:15:14:47 -0500] "POST /xmlrpc.php HTTP/1.1" 200 5468 "-" "Apache-HttpClient/4.5.13 (Java/17.0.18)"
45.135.3.19 - - [31/Aug/2026:15:15:12 -0500] "POST /xmlrpc.php HTTP/1.1" 200 5468 "-" "Apache-HttpClient/4.5.13 (Java/17.0.18)"
45.135.3.19 - - [31/Aug/2026:15:16:24 -0500] "POST /xmlrpc.php HTTP/1.1" 200 5468 "-" "Apache-HttpClient/4.5.13 (Java/17.0.18)"
44.223.42.137 - - [31/Aug/2026:15:16:25 -0500] "GET /wp-content/uploads/2019/03/image2-2.png HTTP/1.1" 404 5982 "-" "Mozilla/5.0 (Windows NT 10.0; Win64; x64) AppleWebKit/537.36 (KHTML, like Gecko) Chrome/120.0.0.0 Safari/537.36"
45.135.3.19 - - [31/Aug/2026:15:16:25 -0500] "POST /xmlrpc.php HTTP/1.1" 200 5468 "-" "Apache-HttpClient/4.5.13 (Java/17.0.18)"
45.135.3.19 - - [31/Aug/2026:15:16:26 -0500] "POST /xmlrpc.php HTTP/1.1" 200 5468 "-" "Apache-HttpClient/4.5.13 (Java/17.0.18)"
45.135.3.19 - - [31/Aug/2026:15:16:27 -0500] "POST /xmlrpc.php HTTP/1.1" 200 5468 "-" "Apache-HttpClient/4.5.13 (Java/17.0.18)"
45.135.3.19 - - [31/Aug/2026:15:16:28 -0500] "POST /xmlrpc.php HTTP/1.1" 200 5468 "-" "Apache-HttpClient/4.5.13 (Java/17.0.18)"
45.135.3.19 - - [31/Aug/2026:15:16:29 -0500] "POST /xmlrpc.php HTTP/1.1" 200 5468 "-" "Apache-HttpClient/4.5.13 (Java/17.0.18)"
45.135.3.19 - - [31/Aug/2026:15:16:30 -0500] "POST /xmlrpc.php HTTP/1.1" 200 5468 "-" "Apache-HttpClient/4.5.13 (Java/17.0.18)"
66.249.68.201 - - [31/Aug/2026:15:16:31 -0500] "GET /?jp%2F055024389_html HTTP/1.1" 200 133696 "-" "Mozilla/5.0 (compatible; Googlebot/2.1; +http://www.google.com/bot.html)"
45.135.3.19 - - [31/Aug/2026:15:16:32 -0500] "POST /xmlrpc.php HTTP/1.1" 200 5468 "-" "Apache-HttpClient/4.5.13 (Java/17.0.18)"
45.135.3.19 - - [31/Aug/2026:15:16:33 -0500] "POST /xmlrpc.php HTTP/1.1" 200 5468 "-" "Apache-HttpClient/4.5.13 (Java/17.0.18)"
44.223.42.137 - - [31/Aug/2026:15:16:33 -0500] "GET /wp-content/uploads/2019/05/image3.jpg HTTP/1.1" 404 5982 "-" "Mozilla/5.0 (Windows NT 10.0; Win64; x64) AppleWebKit/537.36 (KHTML, like Gecko) Chrome/120.0.0.0 Safari/537.36"
45.135.3.19 - - [31/Aug/2026:15:16:34 -0500] "POST /xmlrpc.php HTTP/1.1" 200 5468 "-" "Apache-HttpClient/4.5.13 (Java/17.0.18)"
45.135.3.19 - - [31/Aug/2026:15:16:35 -0500] "POST /xmlrpc.php HTTP/1.1" 200 5468 "-" "Apache-HttpClient/4.5.13 (Java/17.0.18)"
44.223.42.137 - - [31/Aug/2026:15:16:36 -0500] "GET /wp-content/uploads/2019/03/image5-2.png HTTP/1.1" 404 5982 "-" "Mozilla/5.0 (Windows NT 10.0; Win64; x64) AppleWebKit/537.36 (KHTML, like Gecko) Chrome/120.0.0.0 Safari/537.36"
45.135.3.19 - - [31/Aug/2026:15:16:36 -0500] "POST /xmlrpc.php HTTP/1.1" 200 5468 "-" "Apache-HttpClient/4.5.13 (Java/17.0.18)"
45.135.3.19 - - [31/Aug/2026:15:16:37 -0500] "POST /xmlrpc.php HTTP/1.1" 200 5468 "-" "Apache-HttpClient/4.5.13 (Java/17.0.18)"
66.249.68.37 - - [31/Aug/2026:15:16:38 -0500] "GET /?detail/160000335971 HTTP/1.1" 301 5177 "-" "Mozilla/5.0 (Linux; Android 6.0.1; Nexus 5X Build/MMB29P) AppleWebKit/537.36 (KHTML, like Gecko) Chrome/151.0.7922.173 Mobile Safari/537.36 (compatible; Googlebot/2.1; +http://www.google.com/bot.html)"
45.135.3.19 - - [31/Aug/2026:15:16:38 -0500] "POST /xmlrpc.php HTTP/1.1" 200 5468 "-" "Apache-HttpClient/4.5.13 (Java/17.0.18)"
45.135.3.19 - - [31/Aug/2026:15:16:39 -0500] "POST /xmlrpc.php HTTP/1.1" 200 5468 "-" "Apache-HttpClient/4.5.13 (Java/17.0.18)"
45.135.3.19 - - [31/Aug/2026:15:16:40 -0500] "POST /xmlrpc.php HTTP/1.1" 200 5468 "-" "Apache-HttpClient/4.5.13 (Java/17.0.18)"
44.223.42.137 - - [31/Aug/2026:15:16:41 -0500] "GET /wp-content/uploads/2019/03/image1-1-855x425.jpg HTTP/1.1" 404 5982 "-" "Mozilla/5.0 (Windows NT 10.0; Win64; x64) AppleWebKit/537.36 (KHTML, like Gecko) Chrome/120.0.0.0 Safari/537.36"
45.135.3.19 - - [31/Aug/2026:15:16:41 -0500] "POST /xmlrpc.php HTTP/1.1" 200 5468 "-" "Apache-HttpClient/4.5.13 (Java/17.0.18)"
45.135.3.19 - - [31/Aug/2026:15:16:42 -0500] "POST /xmlrpc.php HTTP/1.1" 200 5468 "-" "Apache-HttpClient/4.5.13 (Java/17.0.18)"
45.135.3.19 - - [31/Aug/2026:15:16:43 -0500] "POST /xmlrpc.php HTTP/1.1" 200 5468 "-" "Apache-HttpClient/4.5.13 (Java/17.0.18)"
45.135.3.19 - - [31/Aug/2026:15:16:44 -0500] "POST /xmlrpc.php HTTP/1.1" 200 5468 "-" "Apache-HttpClient/4.5.13 (Java/17.0.18)"
45.135.3.19 - - [31/Aug/2026:15:16:45 -0500] "POST /xmlrpc.php HTTP/1.1" 200 5468 "-" "Apache-HttpClient/4.5.13 (Java/17.0.18)"
45.135.3.19 - - [31/Aug/2026:15:16:46 -0500] "POST /xmlrpc.php HTTP/1.1" 200 5468 "-" "Apache-HttpClient/4.5.13 (Java/17.0.18)"
44.223.42.137 - - [31/Aug/2026:15:16:47 -0500] "GET /wp-content/plugins/leaflet-maps-marker/inc/img/icon-fullscreen.png HTTP/1.1" 404 5982 "-" "Mozilla/5.0 (Windows NT 10.0; Win64; x64) AppleWebKit/537.36 (KHTML, like Gecko) Chrome/120.0.0.0 Safari/537.36"
45.135.3.19 - - [31/Aug/2026:15:16:48 -0500] "POST /xmlrpc.php HTTP/1.1" 200 5468 "-" "Apache-HttpClient/4.5.13 (Java/17.0.18)"
45.135.3.19 - - [31/Aug/2026:15:16:48 -0500] "POST /xmlrpc.php HTTP/1.1" 200 5468 "-" "Apache-HttpClient/4.5.13 (Java/17.0.18)"
45.135.3.19 - - [31/Aug/2026:15:16:50 -0500] "POST /xmlrpc.php HTTP/1.1" 200 5468 "-" "Apache-HttpClient/4.5.13 (Java/17.0.18)"
45.135.3.19 - - [31/Aug/2026:15:16:50 -0500] "POST /xmlrpc.php HTTP/1.1" 200 5468 "-" "Apache-HttpClient/4.5.13 (Java/17.0.18)"
44.223.42.137 - - [31/Aug/2026:15:16:52 -0500] "GET /wp-content/uploads/2019/03/image4-2.png HTTP/1.1" 404 5982 "-" "Mozilla/5.0 (Windows NT 10.0; Win64; x64) AppleWebKit/537.36 (KHTML, like Gecko) Chrome/120.0.0.0 Safari/537.36"
45.135.3.19 - - [31/Aug/2026:15:16:52 -0500] "POST /xmlrpc.php HTTP/1.1" 200 5468 "-" "Apache-HttpClient/4.5.13 (Java/17.0.18)"
45.135.3.19 - - [31/Aug/2026:15:16:53 -0500] "POST /xmlrpc.php HTTP/1.1" 200 5468 "-" "Apache-HttpClient/4.5.13 (Java/17.0.18)"
45.135.3.19 - - [31/Aug/2026:15:16:54 -0500] "POST /xmlrpc.php HTTP/1.1" 200 5468 "-" "Apache-HttpClient/4.5.13 (Java/17.0.18)"
45.135.3.19 - - [31/Aug/2026:15:16:55 -0500] "POST /xmlrpc.php HTTP/1.1" 200 5468 "-" "Apache-HttpClient/4.5.13 (Java/17.0.18)"
44.223.42.137 - - [31/Aug/2026:15:16:56 -0500] "GET /wp-content/uploads/2019/03/image3-2.png HTTP/1.1" 404 5982 "-" "Mozilla/5.0 (Windows NT 10.0; Win64; x64) AppleWebKit/537.36 (KHTML, like Gecko) Chrome/120.0.0.0 Safari/537.36"
45.135.3.19 - - [31/Aug/2026:15:16:55 -0500] "POST /xmlrpc.php HTTP/1.1" 200 5468 "-" "Apache-HttpClient/4.5.13 (Java/17.0.18)"
45.135.3.19 - - [31/Aug/2026:15:16:57 -0500] "POST /xmlrpc.php HTTP/1.1" 200 5468 "-" "Apache-HttpClient/4.5.13 (Java/17.0.18)"
45.135.3.19 - - [31/Aug/2026:15:16:58 -0500] "POST /xmlrpc.php HTTP/1.1" 200 5468 "-" "Apache-HttpClient/4.5.13 (Java/17.0.18)"
45.135.3.19 - - [31/Aug/2026:15:16:59 -0500] "POST /xmlrpc.php HTTP/1.1" 200 5468 "-" "Apache-HttpClient/4.5.13 (Java/17.0.18)"
45.135.3.19 - - [31/Aug/2026:15:16:59 -0500] "POST /xmlrpc.php HTTP/1.1" 200 5468 "-" "Apache-HttpClient/4.5.13 (Java/17.0.18)"
45.135.3.19 - - [31/Aug/2026:15:17:00 -0500] "POST /xmlrpc.php HTTP/1.1" 200 5468 "-" "Apache-HttpClient/4.5.13 (Java/17.0.18)"
44.223.42.137 - - [31/Aug/2026:15:17:02 -0500] "GET /wp-content/uploads/2019/03/image6-2.png HTTP/1.1" 404 5982 "-" "Mozilla/5.0 (Windows NT 10.0; Win64; x64) AppleWebKit/537.36 (KHTML, like Gecko) Chrome/120.0.0.0 Safari/537.36"
45.135.3.19 - - [31/Aug/2026:15:17:01 -0500] "POST /xmlrpc.php HTTP/1.1" 200 5468 "-" "Apache-HttpClient/4.5.13 (Java/17.0.18)"
45.135.3.19 - - [31/Aug/2026:15:17:03 -0500] "POST /xmlrpc.php HTTP/1.1" 200 5468 "-" "Apache-HttpClient/4.5.13 (Java/17.0.18)"
45.135.3.19 - - [31/Aug/2026:15:17:04 -0500] "POST /xmlrpc.php HTTP/1.1" 200 5468 "-" "Apache-HttpClient/4.5.13 (Java/17.0.18)"
66.249.68.201 - - [31/Aug/2026:15:17:07 -0500] "GET /?detail%2F160000335971 HTTP/1.1" 200 133696 "-" "Mozilla/5.0 (Linux; Android 6.0.1; Nexus 5X Build/MMB29P) AppleWebKit/537.36 (KHTML, like Gecko) Chrome/151.0.7922.173 Mobile Safari/537.36 (compatible; Googlebot/2.1; +http://www.google.com/bot.html)"
45.135.3.19 - - [31/Aug/2026:15:17:09 -0500] "POST /xmlrpc.php HTTP/1.1" 200 5468 "-" "Apache-HttpClient/4.5.13 (Java/17.0.18)"
209.141.57.84 - - [31/Aug/2026:15:17:11 -0500] "GET /wp-login.php HTTP/1.1" 200 11320 "-" "Mozilla/5.0 (Macintosh; Intel Mac OS X 10_9_3) AppleWebKit/537.76.4 (KHTML, like Gecko) Version/7.0.4 Safari/537.76.4"
45.135.3.19 - - [31/Aug/2026:15:17:11 -0500] "POST /xmlrpc.php HTTP/1.1" 200 5468 "-" "Apache-HttpClient/4.5.13 (Java/17.0.18)"
44.223.42.137 - - [31/Aug/2026:15:17:12 -0500] "GET /wp-content/uploads/2018/11/9-855x425.jpg HTTP/1.1" 404 5982 "-" "Mozilla/5.0 (Windows NT 10.0; Win64; x64) AppleWebKit/537.36 (KHTML, like Gecko) Chrome/120.0.0.0 Safari/537.36"
45.135.3.19 - - [31/Aug/2026:15:17:12 -0500] "POST /xmlrpc.php HTTP/1.1" 200 5468 "-" "Apache-HttpClient/4.5.13 (Java/17.0.18)"
45.135.3.19 - - [31/Aug/2026:15:17:13 -0500] "POST /xmlrpc.php HTTP/1.1" 200 5468 "-" "Apache-HttpClient/4.5.13 (Java/17.0.18)"
45.135.3.19 - - [31/Aug/2026:15:17:14 -0500] "POST /xmlrpc.php HTTP/1.1" 200 5468 "-" "Apache-HttpClient/4.5.13 (Java/17.0.18)"
45.135.3.19 - - [31/Aug/2026:15:17:15 -0500] "POST /xmlrpc.php HTTP/1.1" 200 5468 "-" "Apache-HttpClient/4.5.13 (Java/17.0.18)"
45.135.3.19 - - [31/Aug/2026:15:17:16 -0500] "POST /xmlrpc.php HTTP/1.1" 200 5468 "-" "Apache-HttpClient/4.5.13 (Java/17.0.18)"
45.135.3.19 - - [31/Aug/2026:15:17:17 -0500] "POST /xmlrpc.php HTTP/1.1" 200 5468 "-" "Apache-HttpClient/4.5.13 (Java/17.0.18)"
45.135.3.19 - - [31/Aug/2026:15:17:19 -0500] "POST /xmlrpc.php HTTP/1.1" 200 5468 "-" "Apache-HttpClient/4.5.13 (Java/17.0.18)"
45.135.3.19 - - [31/Aug/2026:15:17:23 -0500] "POST /xmlrpc.php HTTP/1.1" 200 5468 "-" "Apache-HttpClient/4.5.13 (Java/17.0.18)"
45.135.3.19 - - [31/Aug/2026:15:17:24 -0500] "POST /xmlrpc.php HTTP/1.1" 200 5468 "-" "Apache-HttpClient/4.5.13 (Java/17.0.18)"
44.223.42.137 - - [31/Aug/2026:15:17:24 -0500] "GET /wp-content/uploads/2019/05/image2-855x425.jpg HTTP/1.1" 404 5982 "-" "Mozilla/5.0 (Windows NT 10.0; Win64; x64) AppleWebKit/537.36 (KHTML, like Gecko) Chrome/120.0.0.0 Safari/537.36"
45.135.3.19 - - [31/Aug/2026:15:17:25 -0500] "POST /xmlrpc.php HTTP/1.1" 200 5468 "-" "Apache-HttpClient/4.5.13 (Java/17.0.18)"
44.223.42.137 - - [31/Aug/2026:15:17:26 -0500] "GET /wp-content/uploads/2019/05/image1.jpg HTTP/1.1" 404 5982 "-" "Mozilla/5.0 (Windows NT 10.0; Win64; x64) AppleWebKit/537.36 (KHTML, like Gecko) Chrome/120.0.0.0 Safari/537.36"
45.135.3.19 - - [31/Aug/2026:15:17:26 -0500] "POST /xmlrpc.php HTTP/1.1" 200 5468 "-" "Apache-HttpClient/4.5.13 (Java/17.0.18)"
45.135.3.19 - - [31/Aug/2026:15:17:27 -0500] "POST /xmlrpc.php HTTP/1.1" 200 5468 "-" "Apache-HttpClient/4.5.13 (Java/17.0.18)"
45.135.3.19 - - [31/Aug/2026:15:17:28 -0500] "POST /xmlrpc.php HTTP/1.1" 200 5468 "-" "Apache-HttpClient/4.5.13 (Java/17.0.18)"
45.135.3.19 - - [31/Aug/2026:15:17:29 -0500] "POST /xmlrpc.php HTTP/1.1" 200 5468 "-" "Apache-HttpClient/4.5.13 (Java/17.0.18)"
45.135.3.19 - - [31/Aug/2026:15:17:30 -0500] "POST /xmlrpc.php HTTP/1.1" 200 5468 "-" "Apache-HttpClient/4.5.13 (Java/17.0.18)"
44.223.42.137 - - [31/Aug/2026:15:17:31 -0500] "GET /wp-content/plugins/leaflet-maps-marker/inc/img/icon-kml.png HTTP/1.1" 404 5982 "-" "Mozilla/5.0 (Windows NT 10.0; Win64; x64) AppleWebKit/537.36 (KHTML, like Gecko) Chrome/120.0.0.0 Safari/537.36"
45.135.3.19 - - [31/Aug/2026:15:17:31 -0500] "POST /xmlrpc.php HTTP/1.1" 200 5468 "-" "Apache-HttpClient/4.5.13 (Java/17.0.18)"
188.52.210.41 - - [31/Aug/2026:15:17:32 -0500] "GET /list/goods/bou151grrkv5u7nxg8m_25594.shtml HTTP/1.1" 404 5951 "-" "Mozilla/5.0 (Macintosh; Intel Mac OS X 12_5_1) AppleWebKit/537.36 (KHTML, like Gecko) Chrome/127.0.6533.120 Safari/537.36"
45.135.3.19 - - [31/Aug/2026:15:17:32 -0500] "POST /xmlrpc.php HTTP/1.1" 200 5468 "-" "Apache-HttpClient/4.5.13 (Java/17.0.18)"
34.121.33.92 - - [31/Aug/2026:15:17:35 -0500] "GET /list/goods/j268tqte22ricpps_8993.shtml HTTP/1.1" 404 5926 "-" "Mozilla/5.0 (compatible; Reflectionbot/1.0; +https://reflection.ai/bot)"
45.135.3.19 - - [31/Aug/2026:15:17:36 -0500] "POST /xmlrpc.php HTTP/1.1" 200 5468 "-" "Apache-HttpClient/4.5.13 (Java/17.0.18)"
45.135.3.19 - - [31/Aug/2026:15:17:37 -0500] "POST /xmlrpc.php HTTP/1.1" 200 5468 "-" "Apache-HttpClient/4.5.13 (Java/17.0.18)"
45.135.3.19 - - [31/Aug/2026:15:17:38 -0500] "POST /xmlrpc.php HTTP/1.1" 200 5468 "-" "Apache-HttpClient/4.5.13 (Java/17.0.18)"
45.135.3.19 - - [31/Aug/2026:15:17:39 -0500] "POST /xmlrpc.php HTTP/1.1" 200 5468 "-" "Apache-HttpClient/4.5.13 (Java/17.0.18)"
45.135.3.19 - - [31/Aug/2026:15:17:41 -0500] "POST /xmlrpc.php HTTP/1.1" 200 5468 "-" "Apache-HttpClient/4.5.13 (Java/17.0.18)"
45.135.3.19 - - [31/Aug/2026:15:17:42 -0500] "POST /xmlrpc.php HTTP/1.1" 200 5468 "-" "Apache-HttpClient/4.5.13 (Java/17.0.18)"
45.135.3.19 - - [31/Aug/2026:15:17:43 -0500] "POST /xmlrpc.php HTTP/1.1" 200 5468 "-" "Apache-HttpClient/4.5.13 (Java/17.0.18)"
45.135.3.19 - - [31/Aug/2026:15:17:44 -0500] "POST /xmlrpc.php HTTP/1.1" 200 5468 "-" "Apache-HttpClient/4.5.13 (Java/17.0.18)"
45.135.3.19 - - [31/Aug/2026:15:17:45 -0500] "POST /xmlrpc.php HTTP/1.1" 200 5468 "-" "Apache-HttpClient/4.5.13 (Java/17.0.18)"
45.135.3.19 - - [31/Aug/2026:15:17:46 -0500] "POST /xmlrpc.php HTTP/1.1" 200 5468 "-" "Apache-HttpClient/4.5.13 (Java/17.0.18)"
45.135.3.19 - - [31/Aug/2026:15:17:47 -0500] "POST /xmlrpc.php HTTP/1.1" 200 5468 "-" "Apache-HttpClient/4.5.13 (Java/17.0.18)"
45.135.3.19 - - [31/Aug/2026:15:17:48 -0500] "POST /xmlrpc.php HTTP/1.1" 200 5468 "-" "Apache-HttpClient/4.5.13 (Java/17.0.18)"
45.135.3.19 - - [31/Aug/2026:15:17:49 -0500] "POST /xmlrpc.php HTTP/1.1" 200 5468 "-" "Apache-HttpClient/4.5.13 (Java/17.0.18)"
45.135.3.19 - - [31/Aug/2026:15:17:50 -0500] "POST /xmlrpc.php HTTP/1.1" 200 5468 "-" "Apache-HttpClient/4.5.13 (Java/17.0.18)"
45.135.3.19 - - [31/Aug/2026:15:17:52 -0500] "POST /xmlrpc.php HTTP/1.1" 200 5468 "-" "Apache-HttpClient/4.5.13 (Java/17.0.18)"
45.135.3.19 - - [31/Aug/2026:15:17:53 -0500] "POST /xmlrpc.php HTTP/1.1" 200 5468 "-" "Apache-HttpClient/4.5.13 (Java/17.0.18)"
45.135.3.19 - - [31/Aug/2026:15:17:54 -0500] "POST /xmlrpc.php HTTP/1.1" 200 5468 "-" "Apache-HttpClient/4.5.13 (Java/17.0.18)"
45.135.3.19 - - [31/Aug/2026:15:17:55 -0500] "POST /xmlrpc.php HTTP/1.1" 200 5468 "-" "Apache-HttpClient/4.5.13 (Java/17.0.18)"
45.135.3.19 - - [31/Aug/2026:15:17:56 -0500] "POST /xmlrpc.php HTTP/1.1" 200 5468 "-" "Apache-HttpClient/4.5.13 (Java/17.0.18)"
45.61.187.30 - - [31/Aug/2026:15:17:57 -0500] "GET /wp-login.php HTTP/1.1" 200 11320 "-" "Mozilla/5.0 (Windows NT 6.2; WOW64; rv:30.0) Gecko/20100101 Firefox/30.0"
45.135.3.19 - - [31/Aug/2026:15:17:57 -0500] "POST /xmlrpc.php HTTP/1.1" 200 5468 "-" "Apache-HttpClient/4.5.13 (Java/17.0.18)"
45.135.3.19 - - [31/Aug/2026:15:17:58 -0500] "POST /xmlrpc.php HTTP/1.1" 200 5468 "-" "Apache-HttpClient/4.5.13 (Java/17.0.18)"
45.135.3.19 - - [31/Aug/2026:15:17:59 -0500] "POST /xmlrpc.php HTTP/1.1" 200 5468 "-" "Apache-HttpClient/4.5.13 (Java/17.0.18)"
45.135.3.19 - - [31/Aug/2026:15:18:00 -0500] "POST /xmlrpc.php HTTP/1.1" 200 5468 "-" "Apache-HttpClient/4.5.13 (Java/17.0.18)"
45.135.3.19 - - [31/Aug/2026:15:18:01 -0500] "POST /xmlrpc.php HTTP/1.1" 200 5468 "-" "Apache-HttpClient/4.5.13 (Java/17.0.18)"
45.135.3.19 - - [31/Aug/2026:15:16:10 -0500] "POST /xmlrpc.php HTTP/1.1" 200 5468 "-" "Apache-HttpClient/4.5.13 (Java/17.0.18)"
45.135.3.19 - - [31/Aug/2026:15:16:47 -0500] "POST /xmlrpc.php HTTP/1.1" 200 5468 "-" "Apache-HttpClient/4.5.13 (Java/17.0.18)"
45.135.3.19 - - [31/Aug/2026:15:18:03 -0500] "POST /xmlrpc.php HTTP/1.1" 200 5468 "-" "Apache-HttpClient/4.5.13 (Java/17.0.18)"
209.141.57.84 - - [31/Aug/2026:15:18:03 -0500] "POST /wp-login.php HTTP/1.1" 200 11772 "-" "Mozilla/5.0 (Macintosh; Intel Mac OS X 10_9_3) AppleWebKit/537.76.4 (KHTML, like Gecko) Version/7.0.4 Safari/537.76.4"
45.135.3.19 - - [31/Aug/2026:15:18:04 -0500] "POST /xmlrpc.php HTTP/1.1" 200 5468 "-" "Apache-HttpClient/4.5.13 (Java/17.0.18)"
45.135.3.19 - - [31/Aug/2026:15:18:05 -0500] "POST /xmlrpc.php HTTP/1.1" 200 5468 "-" "Apache-HttpClient/4.5.13 (Java/17.0.18)"
45.135.3.19 - - [31/Aug/2026:15:18:06 -0500] "POST /xmlrpc.php HTTP/1.1" 200 5468 "-" "Apache-HttpClient/4.5.13 (Java/17.0.18)"
38.254.105.250 - - [31/Aug/2026:15:18:06 -0500] "GET /list/goods/ciqz250xenpzp6o4c_22777.shtml HTTP/1.1" 404 5951 "-" "Mozilla/5.0 (Macintosh; Intel Mac OS X 14_3_0) AppleWebKit/537.36 (KHTML, like Gecko) Chrome/128.0.6613.137 Safari/537.36"
45.135.3.19 - - [31/Aug/2026:15:18:07 -0500] "POST /xmlrpc.php HTTP/1.1" 200 5468 "-" "Apache-HttpClient/4.5.13 (Java/17.0.18)"
45.135.3.19 - - [31/Aug/2026:15:18:08 -0500] "POST /xmlrpc.php HTTP/1.1" 200 5468 "-" "Apache-HttpClient/4.5.13 (Java/17.0.18)"
45.135.3.19 - - [31/Aug/2026:15:18:09 -0500] "POST /xmlrpc.php HTTP/1.1" 200 5468 "-" "Apache-HttpClient/4.5.13 (Java/17.0.18)"
45.135.3.19 - - [31/Aug/2026:15:18:11 -0500] "POST /xmlrpc.php HTTP/1.1" 200 5468 "-" "Apache-HttpClient/4.5.13 (Java/17.0.18)"
45.135.3.19 - - [31/Aug/2026:15:18:11 -0500] "POST /xmlrpc.php HTTP/1.1" 200 5468 "-" "Apache-HttpClient/4.5.13 (Java/17.0.18)"
45.135.3.19 - - [31/Aug/2026:15:18:12 -0500] "POST /xmlrpc.php HTTP/1.1" 200 5468 "-" "Apache-HttpClient/4.5.13 (Java/17.0.18)"
45.135.3.19 - - [31/Aug/2026:15:18:13 -0500] "POST /xmlrpc.php HTTP/1.1" 200 5468 "-" "Apache-HttpClient/4.5.13 (Java/17.0.18)"
45.135.3.19 - - [31/Aug/2026:15:18:14 -0500] "POST /xmlrpc.php HTTP/1.1" 200 5468 "-" "Apache-HttpClient/4.5.13 (Java/17.0.18)"
45.135.3.19 - - [31/Aug/2026:15:18:15 -0500] "POST /xmlrpc.php HTTP/1.1" 200 5468 "-" "Apache-HttpClient/4.5.13 (Java/17.0.18)"
45.135.3.19 - - [31/Aug/2026:15:18:16 -0500] "POST /xmlrpc.php HTTP/1.1" 200 5468 "-" "Apache-HttpClient/4.5.13 (Java/17.0.18)"
45.135.3.19 - - [31/Aug/2026:15:18:17 -0500] "POST /xmlrpc.php HTTP/1.1" 200 5468 "-" "Apache-HttpClient/4.5.13 (Java/17.0.18)"
45.135.3.19 - - [31/Aug/2026:15:18:22 -0500] "POST /xmlrpc.php HTTP/1.1" 200 5468 "-" "Apache-HttpClient/4.5.13 (Java/17.0.18)"
45.135.3.19 - - [31/Aug/2026:15:18:23 -0500] "POST /xmlrpc.php HTTP/1.1" 200 5468 "-" "Apache-HttpClient/4.5.13 (Java/17.0.18)"
45.135.3.19 - - [31/Aug/2026:15:18:24 -0500] "POST /xmlrpc.php HTTP/1.1" 200 5468 "-" "Apache-HttpClient/4.5.13 (Java/17.0.18)"
45.135.3.19 - - [31/Aug/2026:15:18:27 -0500] "POST /xmlrpc.php HTTP/1.1" 200 5468 "-" "Apache-HttpClient/4.5.13 (Java/17.0.18)"
66.249.68.192 - - [31/Aug/2026:15:18:27 -0500] "GET /?jp/144044034.html HTTP/1.1" 301 5175 "-" "Mozilla/5.0 (Linux; Android 6.0.1; Nexus 5X Build/MMB29P) AppleWebKit/537.36 (KHTML, like Gecko) Chrome/151.0.7922.173 Mobile Safari/537.36 (compatible; Googlebot/2.1; +http://www.google.com/bot.html)"
45.135.3.19 - - [31/Aug/2026:15:18:28 -0500] "POST /xmlrpc.php HTTP/1.1" 200 5468 "-" "Apache-HttpClient/4.5.13 (Java/17.0.18)"
45.135.3.19 - - [31/Aug/2026:15:18:29 -0500] "POST /xmlrpc.php HTTP/1.1" 200 5468 "-" "Apache-HttpClient/4.5.13 (Java/17.0.18)"
45.135.3.19 - - [31/Aug/2026:15:18:30 -0500] "POST /xmlrpc.php HTTP/1.1" 200 5468 "-" "Apache-HttpClient/4.5.13 (Java/17.0.18)"
130.211.231.54 - - [31/Aug/2026:15:18:30 -0500] "GET /list/goods/u177pmg5vl0wvs_21020.shtml HTTP/1.1" 404 5926 "-" "Mozilla/5.0 (compatible; Reflectionbot/1.0; +https://reflection.ai/bot)"
45.135.3.19 - - [31/Aug/2026:15:18:31 -0500] "POST /xmlrpc.php HTTP/1.1" 200 5468 "-" "Apache-HttpClient/4.5.13 (Java/17.0.18)"
45.135.3.19 - - [31/Aug/2026:15:18:32 -0500] "POST /xmlrpc.php HTTP/1.1" 200 5468 "-" "Apache-HttpClient/4.5.13 (Java/17.0.18)"
45.135.3.19 - - [31/Aug/2026:15:18:32 -0500] "POST /xmlrpc.php HTTP/1.1" 200 5468 "-" "Apache-HttpClient/4.5.13 (Java/17.0.18)"
66.249.68.201 - - [31/Aug/2026:15:18:34 -0500] "GET /?jp%2F144044034_html HTTP/1.1" 200 133696 "-" "Mozilla/5.0 (Linux; Android 6.0.1; Nexus 5X Build/MMB29P) AppleWebKit/537.36 (KHTML, like Gecko) Chrome/151.0.7922.173 Mobile Safari/537.36 (compatible; Googlebot/2.1; +http://www.google.com/bot.html)"
45.135.3.19 - - [31/Aug/2026:15:18:35 -0500] "POST /xmlrpc.php HTTP/1.1" 200 5468 "-" "Apache-HttpClient/4.5.13 (Java/17.0.18)"
45.135.3.19 - - [31/Aug/2026:15:18:36 -0500] "POST /xmlrpc.php HTTP/1.1" 200 5468 "-" "Apache-HttpClient/4.5.13 (Java/17.0.18)"
45.135.3.19 - - [31/Aug/2026:15:18:37 -0500] "POST /xmlrpc.php HTTP/1.1" 200 5468 "-" "Apache-HttpClient/4.5.13 (Java/17.0.18)"
45.135.3.19 - - [31/Aug/2026:15:18:38 -0500] "POST /xmlrpc.php HTTP/1.1" 200 5468 "-" "Apache-HttpClient/4.5.13 (Java/17.0.18)"
45.135.3.19 - - [31/Aug/2026:15:18:39 -0500] "POST /xmlrpc.php HTTP/1.1" 200 5468 "-" "Apache-HttpClient/4.5.13 (Java/17.0.18)"
66.249.68.200 - - [31/Aug/2026:15:18:40 -0500] "GET /wp-content/plugins/elementor/assets/css/widget-icon-list.min.css?ver=4.2.2 HTTP/1.1" 200 15422 "https://motionave.com/?jp%2F144044034_html" "Mozilla/5.0 (Linux; Android 6.0.1; Nexus 5X Build/MMB29P) AppleWebKit/537.36 (KHTML, like Gecko) Chrome/151.0.7922.173 Mobile Safari/537.36 (compatible; Googlebot/2.1; +http://www.google.com/bot.html)"
45.135.3.19 - - [31/Aug/2026:15:18:40 -0500] "POST /xmlrpc.php HTTP/1.1" 200 5468 "-" "Apache-HttpClient/4.5.13 (Java/17.0.18)"
45.135.3.19 - - [31/Aug/2026:15:18:41 -0500] "POST /xmlrpc.php HTTP/1.1" 200 5468 "-" "Apache-HttpClient/4.5.13 (Java/17.0.18)"
46.248.200.93 - - [31/Aug/2026:15:18:44 -0500] "GET /list/goods/cpwav280qmyj42_25739.shtml HTTP/1.1" 404 5951 "-" "Mozilla/5.0 (Macintosh; Intel Mac OS X 12.3; rv:130.0) Gecko/20100101 Firefox/130.0"
45.135.3.19 - - [31/Aug/2026:15:18:43 -0500] "POST /xmlrpc.php HTTP/1.1" 200 5468 "-" "Apache-HttpClient/4.5.13 (Java/17.0.18)"
45.135.3.19 - - [31/Aug/2026:15:18:45 -0500] "POST /xmlrpc.php HTTP/1.1" 200 5468 "-" "Apache-HttpClient/4.5.13 (Java/17.0.18)"
45.135.3.19 - - [31/Aug/2026:15:18:46 -0500] "POST /xmlrpc.php HTTP/1.1" 200 5468 "-" "Apache-HttpClient/4.5.13 (Java/17.0.18)"
45.135.3.19 - - [31/Aug/2026:15:18:47 -0500] "POST /xmlrpc.php HTTP/1.1" 200 5468 "-" "Apache-HttpClient/4.5.13 (Java/17.0.18)"
45.135.3.19 - - [31/Aug/2026:15:18:48 -0500] "POST /xmlrpc.php HTTP/1.1" 200 5468 "-" "Apache-HttpClient/4.5.13 (Java/17.0.18)"
45.135.3.19 - - [31/Aug/2026:15:18:49 -0500] "POST /xmlrpc.php HTTP/1.1" 200 5468 "-" "Apache-HttpClient/4.5.13 (Java/17.0.18)"
45.135.3.19 - - [31/Aug/2026:15:18:50 -0500] "POST /xmlrpc.php HTTP/1.1" 200 5468 "-" "Apache-HttpClient/4.5.13 (Java/17.0.18)"
45.135.3.19 - - [31/Aug/2026:15:18:50 -0500] "POST /xmlrpc.php HTTP/1.1" 200 5468 "-" "Apache-HttpClient/4.5.13 (Java/17.0.18)"
45.135.3.19 - - [31/Aug/2026:15:18:51 -0500] "POST /xmlrpc.php HTTP/1.1" 200 5468 "-" "Apache-HttpClient/4.5.13 (Java/17.0.18)"
45.135.3.19 - - [31/Aug/2026:15:18:52 -0500] "POST /xmlrpc.php HTTP/1.1" 200 5468 "-" "Apache-HttpClient/4.5.13 (Java/17.0.18)"
45.135.3.19 - - [31/Aug/2026:15:18:54 -0500] "POST /xmlrpc.php HTTP/1.1" 200 5468 "-" "Apache-HttpClient/4.5.13 (Java/17.0.18)"
45.135.3.19 - - [31/Aug/2026:15:18:55 -0500] "POST /xmlrpc.php HTTP/1.1" 200 5468 "-" "Apache-HttpClient/4.5.13 (Java/17.0.18)"
45.135.3.19 - - [31/Aug/2026:15:18:56 -0500] "POST /xmlrpc.php HTTP/1.1" 200 5468 "-" "Apache-HttpClient/4.5.13 (Java/17.0.18)"
45.135.3.19 - - [31/Aug/2026:15:18:57 -0500] "POST /xmlrpc.php HTTP/1.1" 200 5468 "-" "Apache-HttpClient/4.5.13 (Java/17.0.18)"
45.135.3.19 - - [31/Aug/2026:15:18:58 -0500] "POST /xmlrpc.php HTTP/1.1" 200 5468 "-" "Apache-HttpClient/4.5.13 (Java/17.0.18)"
45.135.3.19 - - [31/Aug/2026:15:18:58 -0500] "POST /xmlrpc.php HTTP/1.1" 200 5468 "-" "Apache-HttpClient/4.5.13 (Java/17.0.18)"
45.135.3.19 - - [31/Aug/2026:15:19:00 -0500] "GET /wp-login.php HTTP/1.1" 200 11500 "https://www.google.com" "Mozilla/5.0 (X11; Linux x86_64) AppleWebKit/537.36 (KHTML, like Gecko) Chrome/119.0.0.0 Safari/537.36"
157.22.125.80 - - [31/Aug/2026:15:19:01 -0500] "GET /wp-login.php HTTP/1.1" 200 11500 "https://www.google.com" "Mozilla/5.0 (X11; Linux x86_64) AppleWebKit/537.36 (KHTML, like Gecko) Chrome/119.0.0.0 Safari/537.36"
157.22.125.80 - - [31/Aug/2026:15:19:02 -0500] "POST /wp-login.php HTTP/1.1" 200 11871 "https://motionave.com/wp-login.php" "Mozilla/5.0 (X11; Linux x86_64) AppleWebKit/537.36 (KHTML, like Gecko) Chrome/119.0.0.0 Safari/537.36"
5.181.168.48 - - [31/Aug/2026:15:19:03 -0500] "GET /wp-login.php HTTP/1.1" 200 11500 "https://www.google.com" "Mozilla/5.0 (X11; Linux x86_64) AppleWebKit/537.36 (KHTML, like Gecko) Chrome/119.0.0.0 Safari/537.36"
5.181.168.48 - - [31/Aug/2026:15:19:04 -0500] "POST /wp-login.php HTTP/1.1" 200 11871 "https://motionave.com/wp-login.php" "Mozilla/5.0 (X11; Linux x86_64) AppleWebKit/537.36 (KHTML, like Gecko) Chrome/119.0.0.0 Safari/537.36"
155.212.37.42 - - [31/Aug/2026:15:19:05 -0500] "GET /wp-login.php HTTP/1.1" 200 11500 "https://www.google.com" "Mozilla/5.0 (X11; Linux x86_64) AppleWebKit/537.36 (KHTML, like Gecko) Chrome/119.0.0.0 Safari/537.36"
155.212.37.42 - - [31/Aug/2026:15:19:06 -0500] "POST /wp-login.php HTTP/1.1" 200 11871 "https://motionave.com/wp-login.php" "Mozilla/5.0 (X11; Linux x86_64) AppleWebKit/537.36 (KHTML, like Gecko) Chrome/119.0.0.0 Safari/537.36"
157.22.73.86 - - [31/Aug/2026:15:19:07 -0500] "GET /wp-login.php HTTP/1.1" 200 11500 "https://www.google.com" "Mozilla/5.0 (X11; Linux x86_64) AppleWebKit/537.36 (KHTML, like Gecko) Chrome/119.0.0.0 Safari/537.36"
157.22.73.86 - - [31/Aug/2026:15:19:09 -0500] "POST /wp-login.php HTTP/1.1" 200 11769 "https://motionave.com/wp-login.php" "Mozilla/5.0 (X11; Linux x86_64) AppleWebKit/537.36 (KHTML, like Gecko) Chrome/119.0.0.0 Safari/537.36"
155.212.36.18 - - [31/Aug/2026:15:19:10 -0500] "GET /wp-login.php HTTP/1.1" 200 11500 "https://www.google.com" "Mozilla/5.0 (X11; Linux x86_64) AppleWebKit/537.36 (KHTML, like Gecko) Chrome/119.0.0.0 Safari/537.36"
155.212.36.18 - - [31/Aug/2026:15:19:13 -0500] "POST /wp-login.php HTTP/1.1" 200 11871 "https://motionave.com/wp-login.php" "Mozilla/5.0 (X11; Linux x86_64) AppleWebKit/537.36 (KHTML, like Gecko) Chrome/119.0.0.0 Safari/537.36"
45.135.2.189 - - [31/Aug/2026:15:19:14 -0500] "GET /wp-login.php HTTP/1.1" 200 11500 "https://www.google.com" "Mozilla/5.0 (X11; Linux x86_64) AppleWebKit/537.36 (KHTML, like Gecko) Chrome/119.0.0.0 Safari/537.36"
45.135.2.189 - - [31/Aug/2026:15:19:15 -0500] "POST /wp-login.php HTTP/1.1" 200 11871 "https://motionave.com/wp-login.php" "Mozilla/5.0 (X11; Linux x86_64) AppleWebKit/537.36 (KHTML, like Gecko) Chrome/119.0.0.0 Safari/537.36"
45.66.210.115 - - [31/Aug/2026:15:19:16 -0500] "GET /wp-login.php HTTP/1.1" 200 11500 "https://www.google.com" "Mozilla/5.0 (X11; Linux x86_64) AppleWebKit/537.36 (KHTML, like Gecko) Chrome/119.0.0.0 Safari/537.36"
45.66.210.115 - - [31/Aug/2026:15:19:17 -0500] "POST /wp-login.php HTTP/1.1" 200 11871 "https://motionave.com/wp-login.php" "Mozilla/5.0 (X11; Linux x86_64) AppleWebKit/537.36 (KHTML, like Gecko) Chrome/119.0.0.0 Safari/537.36"
157.22.72.144 - - [31/Aug/2026:15:19:18 -0500] "GET /wp-login.php HTTP/1.1" 200 11500 "https://www.google.com" "Mozilla/5.0 (X11; Linux x86_64) AppleWebKit/537.36 (KHTML, like Gecko) Chrome/119.0.0.0 Safari/537.36"
157.22.72.144 - - [31/Aug/2026:15:19:19 -0500] "POST /wp-login.php HTTP/1.1" 200 11871 "https://motionave.com/wp-login.php" "Mozilla/5.0 (X11; Linux x86_64) AppleWebKit/537.36 (KHTML, like Gecko) Chrome/119.0.0.0 Safari/537.36"
122.8.93.144 - - [31/Aug/2026:15:19:20 -0500] "GET /wp-login.php HTTP/1.1" 200 11500 "https://www.google.com" "Mozilla/5.0 (X11; Linux x86_64) AppleWebKit/537.36 (KHTML, like Gecko) Chrome/119.0.0.0 Safari/537.36"
122.8.93.144 - - [31/Aug/2026:15:19:21 -0500] "POST /wp-login.php HTTP/1.1" 200 11871 "https://motionave.com/wp-login.php" "Mozilla/5.0 (X11; Linux x86_64) AppleWebKit/537.36 (KHTML, like Gecko) Chrome/119.0.0.0 Safari/537.36"
193.202.81.178 - - [31/Aug/2026:15:19:22 -0500] "GET /wp-login.php HTTP/1.1" 200 11500 "https://www.google.com" "Mozilla/5.0 (X11; Linux x86_64) AppleWebKit/537.36 (KHTML, like Gecko) Chrome/119.0.0.0 Safari/537.36"
167.61.6.100 - - [31/Aug/2026:15:19:22 -0500] "GET /list/goods/ctrmc143qe9ab_34534.shtml HTTP/1.1" 404 5951 "-" "Mozilla/5.0 (Macintosh; Intel Mac OS X 11_5_2) AppleWebKit/537.36 (KHTML, like Gecko) Chrome/124.0.6367.82 Safari/537.36"
193.202.81.178 - - [31/Aug/2026:15:19:23 -0500] "POST /wp-login.php HTTP/1.1" 200 11871 "https://motionave.com/wp-login.php" "Mozilla/5.0 (X11; Linux x86_64) AppleWebKit/537.36 (KHTML, like Gecko) Chrome/119.0.0.0 Safari/537.36"
45.132.187.51 - - [31/Aug/2026:15:19:23 -0500] "GET /wp-login.php HTTP/1.1" 200 11500 "https://www.google.com" "Mozilla/5.0 (X11; Linux x86_64) AppleWebKit/537.36 (KHTML, like Gecko) Chrome/119.0.0.0 Safari/537.36"
45.132.187.51 - - [31/Aug/2026:15:19:24 -0500] "POST /wp-login.php HTTP/1.1" 200 11871 "https://motionave.com/wp-login.php" "Mozilla/5.0 (X11; Linux x86_64) AppleWebKit/537.36 (KHTML, like Gecko) Chrome/119.0.0.0 Safari/537.36"
193.203.9.219 - - [31/Aug/2026:15:19:25 -0500] "GET /wp-login.php HTTP/1.1" 200 11500 "https://www.google.com" "Mozilla/5.0 (X11; Linux x86_64) AppleWebKit/537.36 (KHTML, like Gecko) Chrome/119.0.0.0 Safari/537.36"
193.203.9.219 - - [31/Aug/2026:15:19:26 -0500] "POST /wp-login.php HTTP/1.1" 200 11871 "https://motionave.com/wp-login.php" "Mozilla/5.0 (X11; Linux x86_64) AppleWebKit/537.36 (KHTML, like Gecko) Chrome/119.0.0.0 Safari/537.36"
157.22.19.139 - - [31/Aug/2026:15:19:27 -0500] "GET /wp-login.php HTTP/1.1" 200 11500 "https://www.google.com" "Mozilla/5.0 (X11; Linux x86_64) AppleWebKit/537.36 (KHTML, like Gecko) Chrome/119.0.0.0 Safari/537.36"
157.22.19.139 - - [31/Aug/2026:15:19:28 -0500] "POST /wp-login.php HTTP/1.1" 200 11871 "https://motionave.com/wp-login.php" "Mozilla/5.0 (X11; Linux x86_64) AppleWebKit/537.36 (KHTML, like Gecko) Chrome/119.0.0.0 Safari/537.36"
45.159.20.203 - - [31/Aug/2026:15:19:29 -0500] "GET /wp-login.php HTTP/1.1" 200 11500 "https://www.google.com" "Mozilla/5.0 (X11; Linux x86_64) AppleWebKit/537.36 (KHTML, like Gecko) Chrome/119.0.0.0 Safari/537.36"
45.159.20.203 - - [31/Aug/2026:15:19:30 -0500] "POST /wp-login.php HTTP/1.1" 200 11871 "https://motionave.com/wp-login.php" "Mozilla/5.0 (X11; Linux x86_64) AppleWebKit/537.36 (KHTML, like Gecko) Chrome/119.0.0.0 Safari/537.36"
185.81.145.65 - - [31/Aug/2026:15:19:31 -0500] "GET /wp-login.php HTTP/1.1" 200 11500 "https://www.google.com" "Mozilla/5.0 (X11; Linux x86_64) AppleWebKit/537.36 (KHTML, like Gecko) Chrome/119.0.0.0 Safari/537.36"
185.81.145.65 - - [31/Aug/2026:15:19:31 -0500] "POST /wp-login.php HTTP/1.1" 200 11871 "https://motionave.com/wp-login.php" "Mozilla/5.0 (X11; Linux x86_64) AppleWebKit/537.36 (KHTML, like Gecko) Chrome/119.0.0.0 Safari/537.36"
170.168.172.243 - - [31/Aug/2026:15:19:33 -0500] "GET /wp-login.php HTTP/1.1" 200 11500 "https://www.google.com" "Mozilla/5.0 (X11; Linux x86_64) AppleWebKit/537.36 (KHTML, like Gecko) Chrome/119.0.0.0 Safari/537.36"
170.168.172.243 - - [31/Aug/2026:15:19:34 -0500] "POST /wp-login.php HTTP/1.1" 200 11871 "https://motionave.com/wp-login.php" "Mozilla/5.0 (X11; Linux x86_64) AppleWebKit/537.36 (KHTML, like Gecko) Chrome/119.0.0.0 Safari/537.36"
45.148.233.73 - - [31/Aug/2026:15:19:35 -0500] "GET /wp-login.php HTTP/1.1" 200 11500 "https://www.google.com" "Mozilla/5.0 (X11; Linux x86_64) AppleWebKit/537.36 (KHTML, like Gecko) Chrome/119.0.0.0 Safari/537.36"
45.148.233.73 - - [31/Aug/2026:15:19:36 -0500] "POST /wp-login.php HTTP/1.1" 200 11871 "https://motionave.com/wp-login.php" "Mozilla/5.0 (X11; Linux x86_64) AppleWebKit/537.36 (KHTML, like Gecko) Chrome/119.0.0.0 Safari/537.36"
5.181.168.87 - - [31/Aug/2026:15:19:36 -0500] "GET /wp-login.php HTTP/1.1" 200 11500 "https://www.google.com" "Mozilla/5.0 (X11; Linux x86_64) AppleWebKit/537.36 (KHTML, like Gecko) Chrome/119.0.0.0 Safari/537.36"
5.181.168.87 - - [31/Aug/2026:15:19:38 -0500] "POST /wp-login.php HTTP/1.1" 200 11871 "https://motionave.com/wp-login.php" "Mozilla/5.0 (X11; Linux x86_64) AppleWebKit/537.36 (KHTML, like Gecko) Chrome/119.0.0.0 Safari/537.36"
45.159.21.206 - - [31/Aug/2026:15:19:38 -0500] "GET /wp-login.php HTTP/1.1" 200 11500 "https://www.google.com" "Mozilla/5.0 (X11; Linux x86_64) AppleWebKit/537.36 (KHTML, like Gecko) Chrome/119.0.0.0 Safari/537.36"
45.159.21.206 - - [31/Aug/2026:15:19:39 -0500] "POST /wp-login.php HTTP/1.1" 200 11871 "https://motionave.com/wp-login.php" "Mozilla/5.0 (X11; Linux x86_64) AppleWebKit/537.36 (KHTML, like Gecko) Chrome/119.0.0.0 Safari/537.36"
83.142.52.66 - - [31/Aug/2026:15:19:41 -0500] "GET /wp-login.php HTTP/1.1" 200 11500 "https://www.google.com" "Mozilla/5.0 (X11; Linux x86_64) AppleWebKit/537.36 (KHTML, like Gecko) Chrome/119.0.0.0 Safari/537.36"
83.142.52.66 - - [31/Aug/2026:15:19:42 -0500] "POST /wp-login.php HTTP/1.1" 200 11871 "https://motionave.com/wp-login.php" "Mozilla/5.0 (X11; Linux x86_64) AppleWebKit/537.36 (KHTML, like Gecko) Chrome/119.0.0.0 Safari/537.36"
157.22.126.234 - - [31/Aug/2026:15:19:43 -0500] "GET /wp-login.php HTTP/1.1" 200 11500 "https://www.google.com" "Mozilla/5.0 (X11; Linux x86_64) AppleWebKit/537.36 (KHTML, like Gecko) Chrome/119.0.0.0 Safari/537.36"
157.22.126.234 - - [31/Aug/2026:15:19:44 -0500] "POST /wp-login.php HTTP/1.1" 200 11871 "https://motionave.com/wp-login.php" "Mozilla/5.0 (X11; Linux x86_64) AppleWebKit/537.36 (KHTML, like Gecko) Chrome/119.0.0.0 Safari/537.36"
91.218.123.225 - - [31/Aug/2026:15:19:45 -0500] "GET /wp-login.php HTTP/1.1" 200 11500 "https://www.google.com" "Mozilla/5.0 (X11; Linux x86_64) AppleWebKit/537.36 (KHTML, like Gecko) Chrome/119.0.0.0 Safari/537.36"
91.218.123.225 - - [31/Aug/2026:15:19:45 -0500] "POST /wp-login.php HTTP/1.1" 200 11871 "https://motionave.com/wp-login.php" "Mozilla/5.0 (X11; Linux x86_64) AppleWebKit/537.36 (KHTML, like Gecko) Chrome/119.0.0.0 Safari/537.36"
83.142.54.31 - - [31/Aug/2026:15:19:46 -0500] "GET /wp-login.php HTTP/1.1" 200 11500 "https://www.google.com" "Mozilla/5.0 (X11; Linux x86_64) AppleWebKit/537.36 (KHTML, like Gecko) Chrome/119.0.0.0 Safari/537.36"
83.142.54.31 - - [31/Aug/2026:15:19:47 -0500] "POST /wp-login.php HTTP/1.1" 200 11871 "https://motionave.com/wp-login.php" "Mozilla/5.0 (X11; Linux x86_64) AppleWebKit/537.36 (KHTML, like Gecko) Chrome/119.0.0.0 Safari/537.36"
45.132.184.98 - - [31/Aug/2026:15:19:48 -0500] "GET /wp-login.php HTTP/1.1" 200 11500 "https://www.google.com" "Mozilla/5.0 (X11; Linux x86_64) AppleWebKit/537.36 (KHTML, like Gecko) Chrome/119.0.0.0 Safari/537.36"
45.132.184.98 - - [31/Aug/2026:15:19:49 -0500] "POST /wp-login.php HTTP/1.1" 200 11871 "https://motionave.com/wp-login.php" "Mozilla/5.0 (X11; Linux x86_64) AppleWebKit/537.36 (KHTML, like Gecko) Chrome/119.0.0.0 Safari/537.36"
157.22.44.224 - - [31/Aug/2026:15:19:50 -0500] "GET /wp-login.php HTTP/1.1" 200 11500 "https://www.google.com" "Mozilla/5.0 (X11; Linux x86_64) AppleWebKit/537.36 (KHTML, like Gecko) Chrome/119.0.0.0 Safari/537.36"
157.22.44.224 - - [31/Aug/2026:15:19:51 -0500] "POST /wp-login.php HTTP/1.1" 200 11871 "https://motionave.com/wp-login.php" "Mozilla/5.0 (X11; Linux x86_64) AppleWebKit/537.36 (KHTML, like Gecko) Chrome/119.0.0.0 Safari/537.36"
157.22.101.15 - - [31/Aug/2026:15:19:52 -0500] "GET /wp-login.php HTTP/1.1" 200 11500 "https://www.google.com" "Mozilla/5.0 (X11; Linux x86_64) AppleWebKit/537.36 (KHTML, like Gecko) Chrome/119.0.0.0 Safari/537.36"
157.22.101.15 - - [31/Aug/2026:15:19:53 -0500] "POST /wp-login.php HTTP/1.1" 200 11871 "https://motionave.com/wp-login.php" "Mozilla/5.0 (X11; Linux x86_64) AppleWebKit/537.36 (KHTML, like Gecko) Chrome/119.0.0.0 Safari/537.36"
185.168.31.217 - - [31/Aug/2026:15:19:54 -0500] "GET /wp-login.php HTTP/1.1" 200 11500 "https://www.google.com" "Mozilla/5.0 (X11; Linux x86_64) AppleWebKit/537.36 (KHTML, like Gecko) Chrome/119.0.0.0 Safari/537.36"
185.168.31.217 - - [31/Aug/2026:15:19:55 -0500] "POST /wp-login.php HTTP/1.1" 200 11871 "https://motionave.com/wp-login.php" "Mozilla/5.0 (X11; Linux x86_64) AppleWebKit/537.36 (KHTML, like Gecko) Chrome/119.0.0.0 Safari/537.36"
155.212.36.47 - - [31/Aug/2026:15:19:56 -0500] "GET /wp-login.php HTTP/1.1" 200 11500 "https://www.google.com" "Mozilla/5.0 (X11; Linux x86_64) AppleWebKit/537.36 (KHTML, like Gecko) Chrome/119.0.0.0 Safari/537.36"
155.212.36.47 - - [31/Aug/2026:15:19:57 -0500] "POST /wp-login.php HTTP/1.1" 200 11871 "https://motionave.com/wp-login.php" "Mozilla/5.0 (X11; Linux x86_64) AppleWebKit/537.36 (KHTML, like Gecko) Chrome/119.0.0.0 Safari/537.36"
45.135.2.157 - - [31/Aug/2026:15:19:58 -0500] "GET /wp-login.php HTTP/1.1" 200 11500 "https://www.google.com" "Mozilla/5.0 (X11; Linux x86_64) AppleWebKit/537.36 (KHTML, like Gecko) Chrome/119.0.0.0 Safari/537.36"
45.135.2.157 - - [31/Aug/2026:15:19:59 -0500] "POST /wp-login.php HTTP/1.1" 200 11769 "https://motionave.com/wp-login.php" "Mozilla/5.0 (X11; Linux x86_64) AppleWebKit/537.36 (KHTML, like Gecko) Chrome/119.0.0.0 Safari/537.36"
14.192.213.36 - - [31/Aug/2026:15:19:59 -0500] "GET /list/goods/cwxq169cyjo403_2622.shtml HTTP/1.1" 404 5951 "-" "Mozilla/5.0 (Macintosh; Intel Mac OS X 10_15_7) AppleWebKit/537.36 (KHTML, like Gecko) Chrome/125.0.6422.176 Safari/537.36"
5.183.255.148 - - [31/Aug/2026:15:20:00 -0500] "GET /wp-login.php HTTP/1.1" 200 11500 "https://www.google.com" "Mozilla/5.0 (X11; Linux x86_64) AppleWebKit/537.36 (KHTML, like Gecko) Chrome/119.0.0.0 Safari/537.36"
5.183.255.148 - - [31/Aug/2026:15:20:01 -0500] "POST /wp-login.php HTTP/1.1" 200 11871 "https://motionave.com/wp-login.php" "Mozilla/5.0 (X11; Linux x86_64) AppleWebKit/537.36 (KHTML, like Gecko) Chrome/119.0.0.0 Safari/537.36"
155.212.37.49 - - [31/Aug/2026:15:20:05 -0500] "GET /wp-login.php HTTP/1.1" 200 11500 "https://www.google.com" "Mozilla/5.0 (X11; Linux x86_64) AppleWebKit/537.36 (KHTML, like Gecko) Chrome/119.0.0.0 Safari/537.36"
155.212.37.49 - - [31/Aug/2026:15:20:06 -0500] "POST /wp-login.php HTTP/1.1" 200 11871 "https://motionave.com/wp-login.php" "Mozilla/5.0 (X11; Linux x86_64) AppleWebKit/537.36 (KHTML, like Gecko) Chrome/119.0.0.0 Safari/537.36"
45.148.233.44 - - [31/Aug/2026:15:20:08 -0500] "GET /wp-login.php HTTP/1.1" 200 11500 "https://www.google.com" "Mozilla/5.0 (X11; Linux x86_64) AppleWebKit/537.36 (KHTML, like Gecko) Chrome/119.0.0.0 Safari/537.36"
