66.249.68.38 - - [31/Aug/2026:18:55:43 -0500] "GET /?jp/206016543.html HTTP/1.1" 301 5175 "-" "Mozilla/5.0 (Linux; Android 6.0.1; Nexus 5X Build/MMB29P) AppleWebKit/537.36 (KHTML, like Gecko) Chrome/151.0.7922.173 Mobile Safari/537.36 (compatible; Googlebot/2.1; +http://www.google.com/bot.html)"
103.58.117.21 - - [31/Aug/2026:18:55:43 -0500] "POST /xmlrpc.php HTTP/1.1" 200 5468 "-" "Jetpack by WordPress.com"
66.249.68.201 - - [31/Aug/2026:18:55:53 -0500] "GET /?jp%2F206016543_html HTTP/1.1" 200 133696 "-" "Mozilla/5.0 (Linux; Android 6.0.1; Nexus 5X Build/MMB29P) AppleWebKit/537.36 (KHTML, like Gecko) Chrome/151.0.7922.173 Mobile Safari/537.36 (compatible; Googlebot/2.1; +http://www.google.com/bot.html)"
103.58.117.21 - - [31/Aug/2026:18:55:54 -0500] "POST /xmlrpc.php HTTP/1.1" 200 5468 "-" "Jetpack by WordPress.com"
32.192.73.112 - - [31/Aug/2026:18:55:57 -0500] "GET /wp-content/uploads/2016/06/chevrolet.jpg HTTP/1.1" 404 5982 "-" "Mozilla/5.0 (Windows NT 10.0; Win64; x64) AppleWebKit/537.36 (KHTML, like Gecko) Chrome/120.0.0.0 Safari/537.36"
103.58.117.21 - - [31/Aug/2026:18:56:05 -0500] "POST /xmlrpc.php HTTP/1.1" 200 5468 "-" "Jetpack/12.5; WordPress/6.2; http://site47460893.com"
66.249.68.201 - - [31/Aug/2026:18:56:11 -0500] "GET /?goods/199010946 HTTP/1.1" 301 5173 "-" "Mozilla/5.0 (compatible; Googlebot/2.1; +http://www.google.com/bot.html)"
167.56.27.74 - - [31/Aug/2026:18:56:13 -0500] "GET /buy.php?shop/hot/senior204040659.shtml HTTP/1.1" 404 4891 "https://motionave.com/buy.php?sitemap12.xml" "Mozilla/5.0 (Linux; Android 14; M2102J28) AppleWebKit/537.36 (KHTML, like Gecko) Chrome/144.0.5245.135 Mobile Safari/537.36"
66.249.68.201 - - [31/Aug/2026:18:56:14 -0500] "GET /?goods%2F199010946 HTTP/1.1" 200 128945 "-" "Mozilla/5.0 (compatible; Googlebot/2.1; +http://www.google.com/bot.html)"
103.58.117.21 - - [31/Aug/2026:18:56:15 -0500] "POST /xmlrpc.php HTTP/1.1" 200 5468 "-" "Jetpack by WordPress.com"
103.58.117.21 - - [31/Aug/2026:18:56:26 -0500] "POST /xmlrpc.php HTTP/1.1" 200 5468 "-" "Jetpack by WordPress.com"
186.13.115.238 - - [31/Aug/2026:18:56:33 -0500] "GET /list/goods/oht84oteawx_25061.shtml HTTP/1.1" 404 5951 "-" "Mozilla/5.0 (Windows NT 10.0; Win64; x64) AppleWebKit/537.36 (KHTML, like Gecko) Chrome/130.0.6723.116 Safari/537.36"
34.239.169.196 - - [31/Aug/2026:18:56:35 -0500] "GET /wp-content/uploads/2016/09/microsoft-helps-Four-Ways-to-Master-Customer-Service-for-Our-Brand.png HTTP/1.1" 404 5982 "-" "Mozilla/5.0 (Windows NT 10.0; Win64; x64) AppleWebKit/537.36 (KHTML, like Gecko) Chrome/120.0.0.0 Safari/537.36"
34.239.169.196 - - [31/Aug/2026:18:56:35 -0500] "GET /wp-content/uploads/2016/09/americna-airlines-Four-Ways-to-Master-Customer-Service-for-Our-Brand.png HTTP/1.1" 404 5982 "-" "Mozilla/5.0 (Windows NT 10.0; Win64; x64) AppleWebKit/537.36 (KHTML, like Gecko) Chrome/120.0.0.0 Safari/537.36"
103.58.117.21 - - [31/Aug/2026:18:56:38 -0500] "POST /xmlrpc.php HTTP/1.1" 200 5468 "-" "WordPress.com; https://wordpress.com"
103.58.117.21 - - [31/Aug/2026:18:56:47 -0500] "POST /xmlrpc.php HTTP/1.1" 200 5468 "-" "Jetpack by WordPress.com (Jetpack 12.1; WordPress 6.1)"
34.239.169.196 - - [31/Aug/2026:18:56:48 -0500] "GET /wp-content/plugins/leaflet-maps-marker/inc/img/icon-kml.png HTTP/1.1" 404 5982 "-" "Mozilla/5.0 (Windows NT 10.0; Win64; x64) AppleWebKit/537.36 (KHTML, like Gecko) Chrome/120.0.0.0 Safari/537.36"
34.239.169.196 - - [31/Aug/2026:18:56:52 -0500] "GET /wp-content/uploads/2016/09/American-express-Four-Ways-to-Master-Customer-Service-for-Our-Brand-1024x512.jpg HTTP/1.1" 404 5982 "-" "Mozilla/5.0 (Windows NT 10.0; Win64; x64) AppleWebKit/537.36 (KHTML, like Gecko) Chrome/120.0.0.0 Safari/537.36"
103.58.117.21 - - [31/Aug/2026:18:56:58 -0500] "POST /xmlrpc.php HTTP/1.1" 200 5468 "-" "Jetpack by WordPress.com (Jetpack 12.1; WordPress 6.1)"
103.58.117.21 - - [31/Aug/2026:18:57:09 -0500] "POST /xmlrpc.php HTTP/1.1" 200 5468 "-" "Jetpack by WordPress.com (Jetpack 12.5; WordPress 6.4)"
177.223.253.122 - - [31/Aug/2026:18:57:12 -0500] "GET /list/goods/ot54pycml4y9_20571.shtml HTTP/1.1" 404 5951 "-" "Mozilla/5.0 (Macintosh; Intel Mac OS X 10_15_7) AppleWebKit/537.36 (KHTML, like Gecko) Chrome/129.0.6668.58 Safari/537.36"
103.58.117.21 - - [31/Aug/2026:18:57:19 -0500] "POST /xmlrpc.php HTTP/1.1" 200 5468 "-" "WordPress.com; https://wordpress.com"
34.239.169.196 - - [31/Aug/2026:18:57:23 -0500] "GET /wp-content/uploads/2016/09/Let-go-of-these-5-content-marketing-myths-1024x683.jpg HTTP/1.1" 404 5982 "-" "Mozilla/5.0 (Windows NT 10.0; Win64; x64) AppleWebKit/537.36 (KHTML, like Gecko) Chrome/120.0.0.0 Safari/537.36"
34.239.169.196 - - [31/Aug/2026:18:57:26 -0500] "GET /wp-content/plugins/leaflet-maps-marker/inc/img/icon-fullscreen.png HTTP/1.1" 404 5982 "-" "Mozilla/5.0 (Windows NT 10.0; Win64; x64) AppleWebKit/537.36 (KHTML, like Gecko) Chrome/120.0.0.0 Safari/537.36"
103.58.117.21 - - [31/Aug/2026:18:57:30 -0500] "POST /xmlrpc.php HTTP/1.1" 200 5468 "-" "Jetpack by WordPress.com"
190.6.36.97 - - [31/Aug/2026:18:57:33 -0500] "GET /buy.php?shop/engine/battery067027054.shtml HTTP/1.1" 404 4891 "https://motionave.com/buy.php?sitemap12.xml" "Mozilla/5.0 (Linux; Android 15; V2186) AppleWebKit/537.36 (KHTML, like Gecko) Chrome/146.0.5867.59 Mobile Safari/537.36"
34.239.169.196 - - [31/Aug/2026:18:57:36 -0500] "GET /wp-content/uploads/2016/09/UPS-Four-Ways-to-Master-Customer-Service-for-Our-Brand.png HTTP/1.1" 404 5982 "-" "Mozilla/5.0 (Windows NT 10.0; Win64; x64) AppleWebKit/537.36 (KHTML, like Gecko) Chrome/120.0.0.0 Safari/537.36"
103.58.117.21 - - [31/Aug/2026:18:57:41 -0500] "POST /xmlrpc.php HTTP/1.1" 200 5468 "-" "Jetpack by WordPress.com (Jetpack 12.1; WordPress 6.2)"
34.239.169.196 - - [31/Aug/2026:18:57:41 -0500] "GET /wp-content/uploads/2016/09/Four-Ways-to-Master-Customer-Service-for-our-Brand-1024x683.jpg HTTP/1.1" 404 5982 "-" "Mozilla/5.0 (Windows NT 10.0; Win64; x64) AppleWebKit/537.36 (KHTML, like Gecko) Chrome/120.0.0.0 Safari/537.36"
103.58.117.21 - - [31/Aug/2026:18:57:51 -0500] "POST /xmlrpc.php HTTP/1.1" 200 5468 "-" "Jetpack by WordPress.com (Jetpack 12.0; WordPress 6.4)"
88.21.231.225 - - [31/Aug/2026:18:57:53 -0500] "GET /list/goods/p13epvi5ezjlco6_29718.shtml HTTP/1.1" 404 5951 "-" "Mozilla/5.0 (Macintosh; Intel Mac OS X 13.2; rv:131.0) Gecko/20100101 Firefox/131.0"
103.58.117.21 - - [31/Aug/2026:18:58:01 -0500] "POST /xmlrpc.php HTTP/1.1" 200 5468 "-" "Jetpack/13.0; WordPress/6.2; http://site91590206.com"
103.58.117.21 - - [31/Aug/2026:18:58:12 -0500] "POST /xmlrpc.php HTTP/1.1" 200 5468 "-" "Jetpack by WordPress.com"
66.249.68.192 - - [31/Aug/2026:18:58:21 -0500] "GET /?detail/195037085591 HTTP/1.1" 301 5177 "-" "Mozilla/5.0 (compatible; Googlebot/2.1; +http://www.google.com/bot.html)"
103.58.117.21 - - [31/Aug/2026:18:58:23 -0500] "POST /xmlrpc.php HTTP/1.1" 200 5468 "-" "Jetpack/12.0; WordPress/6.1; http://site88196036.com"
66.249.68.200 - - [31/Aug/2026:18:58:27 -0500] "GET /?detail%2F195037085591 HTTP/1.1" 200 133696 "-" "Mozilla/5.0 (compatible; Googlebot/2.1; +http://www.google.com/bot.html)"
190.130.131.237 - - [31/Aug/2026:18:58:33 -0500] "GET /list/goods/pw199fg1list_10246.shtml HTTP/1.1" 404 5951 "-" "Mozilla/5.0 (Macintosh; Intel Mac OS X 13.1; rv:126.0) Gecko/20100101 Firefox/126.0"
103.58.117.21 - - [31/Aug/2026:18:58:33 -0500] "POST /xmlrpc.php HTTP/1.1" 200 5468 "-" "Jetpack/12.5; WordPress/6.3; http://site24854893.com"
66.249.68.38 - - [31/Aug/2026:18:58:42 -0500] "GET /?goods/065034270 HTTP/1.1" 301 5173 "-" "Mozilla/5.0 (compatible; Googlebot/2.1; +http://www.google.com/bot.html)"
103.58.117.21 - - [31/Aug/2026:18:58:44 -0500] "POST /xmlrpc.php HTTP/1.1" 200 5468 "-" "Jetpack/12.5; WordPress/6.1; http://site25288718.com"
66.249.68.200 - - [31/Aug/2026:18:58:46 -0500] "GET /?goods%2F065034270 HTTP/1.1" 200 133696 "-" "Mozilla/5.0 (compatible; Googlebot/2.1; +http://www.google.com/bot.html)"
103.58.117.21 - - [31/Aug/2026:18:58:54 -0500] "POST /xmlrpc.php HTTP/1.1" 200 5468 "-" "WordPress.com; https://wordpress.com"
103.58.117.21 - - [31/Aug/2026:18:59:05 -0500] "POST /xmlrpc.php HTTP/1.1" 200 5468 "-" "WordPress.com; https://wordpress.com"
136.119.137.98 - - [31/Aug/2026:18:59:09 -0500] "GET /list/goods/mjlu39dynyb2l_27614.shtml HTTP/1.1" 404 5926 "-" "Mozilla/5.0 (compatible; Reflectionbot/1.0; +https://reflection.ai/bot)"
69.43.15.118 - - [31/Aug/2026:18:59:12 -0500] "GET /list/goods/q198aewo9ixyk_40391.shtml HTTP/1.1" 404 5951 "-" "Mozilla/5.0 (Macintosh; Intel Mac OS X 15_1_0) AppleWebKit/537.36 (KHTML, like Gecko) Chrome/129.0.6668.100 Safari/537.36"
103.58.117.21 - - [31/Aug/2026:18:59:16 -0500] "POST /xmlrpc.php HTTP/1.1" 200 5468 "-" "WordPress.com; https://wordpress.com"
103.58.117.21 - - [31/Aug/2026:18:59:26 -0500] "POST /xmlrpc.php HTTP/1.1" 200 5468 "-" "Jetpack by WordPress.com"
205.185.121.17 - - [31/Aug/2026:18:59:31 -0500] "GET /wp-login.php HTTP/1.1" 200 11320 "-" "Mozilla/5.0 (Macintosh; Intel Mac OS X 10_15_7) AppleWebKit/605.1.15 (KHTML, like Gecko) Version/16.0 Safari/605.1.15"
205.185.121.17 - - [31/Aug/2026:18:59:31 -0500] "POST /wp-login.php HTTP/1.1" 200 7175 "-" "Mozilla/5.0 (Macintosh; Intel Mac OS X 10_15_7) AppleWebKit/605.1.15 (KHTML, like Gecko) Version/16.0 Safari/605.1.15"
103.58.117.21 - - [31/Aug/2026:18:59:37 -0500] "POST /xmlrpc.php HTTP/1.1" 200 5468 "-" "Jetpack by WordPress.com"
66.249.68.36 - - [31/Aug/2026:18:59:46 -0500] "GET /?jp/130001600.html HTTP/1.1" 301 5175 "-" "Mozilla/5.0 (compatible; Googlebot/2.1; +http://www.google.com/bot.html)"
103.58.117.21 - - [31/Aug/2026:18:59:49 -0500] "POST /xmlrpc.php HTTP/1.1" 200 5468 "-" "Jetpack by WordPress.com"
207.191.166.145 - - [31/Aug/2026:18:59:53 -0500] "GET /list/goods/q236sun3x9_19151.shtml HTTP/1.1" 404 5951 "-" "Mozilla/5.0 (Macintosh; Intel Mac OS X 15.1; rv:127.0) Gecko/20100101 Firefox/127.0"
66.249.68.200 - - [31/Aug/2026:18:59:53 -0500] "GET /?jp%2F130001600_html HTTP/1.1" 200 133696 "-" "Mozilla/5.0 (compatible; Googlebot/2.1; +http://www.google.com/bot.html)"
103.58.117.21 - - [31/Aug/2026:18:59:59 -0500] "POST /xmlrpc.php HTTP/1.1" 200 5468 "-" "Jetpack/12.0; WordPress/6.1; http://site25818139.com"
103.58.117.21 - - [31/Aug/2026:19:00:09 -0500] "POST /xmlrpc.php HTTP/1.1" 200 5468 "-" "Jetpack by WordPress.com (Jetpack 12.1; WordPress 6.2)"
191.202.165.68 - - [31/Aug/2026:19:00:19 -0500] "GET /list/goods/djph11se1stf7o_7158.shtml HTTP/1.1" 404 5951 "-" "Mozilla/5.0 (Windows NT 10.0; Win64; x64) AppleWebKit/537.36 (KHTML, like Gecko) Chrome/134.0.6998.88 Safari/537.36"
103.58.117.21 - - [31/Aug/2026:19:00:19 -0500] "POST /xmlrpc.php HTTP/1.1" 200 5468 "-" "Jetpack by WordPress.com (Jetpack 12.5; WordPress 6.1)"
103.58.117.21 - - [31/Aug/2026:19:00:30 -0500] "POST /xmlrpc.php HTTP/1.1" 200 5468 "-" "Jetpack by WordPress.com (Jetpack 12.1; WordPress 6.4)"
103.58.117.21 - - [31/Aug/2026:19:00:41 -0500] "POST /xmlrpc.php HTTP/1.1" 200 5468 "-" "Jetpack by WordPress.com"
103.58.117.21 - - [31/Aug/2026:19:00:51 -0500] "POST /xmlrpc.php HTTP/1.1" 200 5468 "-" "Jetpack/12.5; WordPress/6.2; http://site89174476.com"
66.249.68.37 - - [31/Aug/2026:19:00:59 -0500] "GET /?detail/154038247873 HTTP/1.1" 301 5177 "-" "Mozilla/5.0 (Linux; Android 6.0.1; Nexus 5X Build/MMB29P) AppleWebKit/537.36 (KHTML, like Gecko) Chrome/151.0.7922.173 Mobile Safari/537.36 (compatible; Googlebot/2.1; +http://www.google.com/bot.html)"
103.58.117.21 - - [31/Aug/2026:19:01:02 -0500] "POST /xmlrpc.php HTTP/1.1" 200 5468 "-" "Jetpack by WordPress.com"
179.165.69.240 - - [31/Aug/2026:19:01:03 -0500] "GET /list/goods/dy168hewzv8jok_6725.shtml HTTP/1.1" 404 5951 "-" "Mozilla/5.0 (Macintosh; Intel Mac OS X 12_7_4) AppleWebKit/537.36 (KHTML, like Gecko) Chrome/133.0.6943.98 Safari/537.36"
66.249.68.192 - - [31/Aug/2026:19:01:06 -0500] "GET /?detail%2F154038247873 HTTP/1.1" 200 133696 "-" "Mozilla/5.0 (Linux; Android 6.0.1; Nexus 5X Build/MMB29P) AppleWebKit/537.36 (KHTML, like Gecko) Chrome/151.0.7922.173 Mobile Safari/537.36 (compatible; Googlebot/2.1; +http://www.google.com/bot.html)"
103.58.117.21 - - [31/Aug/2026:19:01:12 -0500] "POST /xmlrpc.php HTTP/1.1" 200 5468 "-" "WordPress.com; https://wordpress.com"
103.58.117.21 - - [31/Aug/2026:19:01:23 -0500] "POST /xmlrpc.php HTTP/1.1" 200 5468 "-" "Jetpack/13.0; WordPress/6.4; http://site57859212.com"
103.58.117.21 - - [31/Aug/2026:19:01:33 -0500] "POST /xmlrpc.php HTTP/1.1" 200 5468 "-" "Jetpack by WordPress.com (Jetpack 12.0; WordPress 6.2)"
103.58.117.21 - - [31/Aug/2026:19:01:44 -0500] "POST /xmlrpc.php HTTP/1.1" 200 5468 "-" "Jetpack by WordPress.com (Jetpack 12.5; WordPress 6.4)"
130.250.229.120 - - [31/Aug/2026:19:01:47 -0500] "GET /buy.php?shop/death/intellectual262016631.shtml HTTP/1.1" 404 4891 "https://motionave.com/buy.php?sitemap12.xml" "Mozilla/5.0 (Linux; Android 12; OPPO PCLM8) AppleWebKit/537.36 (KHTML, like Gecko) Chrome/150.0.5090.125 Mobile Safari/537.36 MicroMessenger/8.0.38(0x18001B3F) NetType/WIFI Language/zh_CN"
103.58.117.21 - - [31/Aug/2026:19:01:55 -0500] "POST /xmlrpc.php HTTP/1.1" 200 5468 "-" "Jetpack by WordPress.com"
36.83.139.178 - - [31/Aug/2026:19:02:01 -0500] "GET /list/goods/ex64asj8xr_38923.shtml HTTP/1.1" 404 5951 "-" "Mozilla/5.0 (Macintosh; Intel Mac OS X 13.7; rv:130.0) Gecko/20100101 Firefox/130.0"
103.58.117.21 - - [31/Aug/2026:19:02:05 -0500] "POST /xmlrpc.php HTTP/1.1" 200 5468 "-" "Jetpack/12.5; WordPress/6.4; http://site15724483.com"
103.58.117.21 - - [31/Aug/2026:19:02:16 -0500] "POST /xmlrpc.php HTTP/1.1" 200 5468 "-" "Jetpack/12.0; WordPress/6.1; http://site10489533.com"
103.58.117.21 - - [31/Aug/2026:19:02:26 -0500] "POST /xmlrpc.php HTTP/1.1" 200 5468 "-" "Jetpack/12.0; WordPress/6.2; http://site58335707.com"
88.166.92.85 - - [31/Aug/2026:19:02:31 -0500] "GET /list/goods/fe147objqvosntwji_45852.shtml HTTP/1.1" 404 5951 "-" "Mozilla/5.0 (Windows NT 10.0; Win64; x64) AppleWebKit/537.36 (KHTML, like Gecko) Chrome/127.0.6533.120 Safari/537.36"
103.58.117.21 - - [31/Aug/2026:19:02:37 -0500] "POST /xmlrpc.php HTTP/1.1" 200 5468 "-" "WordPress.com; https://wordpress.com"
103.58.117.21 - - [31/Aug/2026:19:02:48 -0500] "POST /xmlrpc.php HTTP/1.1" 200 5468 "-" "Jetpack by WordPress.com (Jetpack 12.5; WordPress 6.2)"
103.58.117.21 - - [31/Aug/2026:19:02:58 -0500] "POST /xmlrpc.php HTTP/1.1" 200 5468 "-" "Jetpack/13.0; WordPress/6.4; http://site85610478.com"
103.58.117.21 - - [31/Aug/2026:19:03:10 -0500] "POST /xmlrpc.php HTTP/1.1" 200 5468 "-" "WordPress.com; https://wordpress.com"
101.142.8.70 - - [31/Aug/2026:19:03:17 -0500] "GET /list/goods/fpxeu179sydmti768gn_21294.shtml HTTP/1.1" 404 5951 "-" "Mozilla/5.0 (Macintosh; Intel Mac OS X 13_3_0) AppleWebKit/537.36 (KHTML, like Gecko) Chrome/128.0.6613.84 Safari/537.36"
103.58.117.21 - - [31/Aug/2026:19:03:21 -0500] "POST /xmlrpc.php HTTP/1.1" 200 5468 "-" "Jetpack by WordPress.com"
66.249.68.36 - - [31/Aug/2026:19:03:20 -0500] "GET /?jp/019033104.html HTTP/1.1" 301 5175 "-" "Mozilla/5.0 (compatible; Googlebot/2.1; +http://www.google.com/bot.html)"
66.249.68.192 - - [31/Aug/2026:19:03:28 -0500] "GET /?jp%2F019033104_html HTTP/1.1" 200 133696 "-" "Mozilla/5.0 (compatible; Googlebot/2.1; +http://www.google.com/bot.html)"
103.58.117.21 - - [31/Aug/2026:19:03:30 -0500] "POST /xmlrpc.php HTTP/1.1" 200 5468 "-" "Jetpack by WordPress.com (Jetpack 13.0; WordPress 6.4)"
103.58.117.21 - - [31/Aug/2026:19:03:41 -0500] "POST /xmlrpc.php HTTP/1.1" 200 5468 "-" "Jetpack by WordPress.com (Jetpack 12.5; WordPress 6.2)"
103.58.117.21 - - [31/Aug/2026:19:03:51 -0500] "POST /xmlrpc.php HTTP/1.1" 200 5468 "-" "Jetpack by WordPress.com"
123.28.128.143 - - [31/Aug/2026:19:04:02 -0500] "GET /list/goods/fsiru8uywdwfo2b6oy_24655.shtml HTTP/1.1" 404 5951 "-" "Mozilla/5.0 (Macintosh; Intel Mac OS X 12.4; rv:131.0) Gecko/20100101 Firefox/131.0"
103.58.117.21 - - [31/Aug/2026:19:04:02 -0500] "POST /xmlrpc.php HTTP/1.1" 200 5468 "-" "Jetpack/12.1; WordPress/6.2; http://site88359530.com"
103.58.117.21 - - [31/Aug/2026:19:04:13 -0500] "POST /xmlrpc.php HTTP/1.1" 200 5468 "-" "Jetpack/13.0; WordPress/6.3; http://site33669667.com"
103.58.117.21 - - [31/Aug/2026:19:04:23 -0500] "POST /xmlrpc.php HTTP/1.1" 200 5468 "-" "Jetpack/12.5; WordPress/6.1; http://site73131064.com"
66.249.68.200 - - [31/Aug/2026:19:04:32 -0500] "GET /?goods/169036687 HTTP/1.1" 301 5173 "-" "Mozilla/5.0 (Linux; Android 6.0.1; Nexus 5X Build/MMB29P) AppleWebKit/537.36 (KHTML, like Gecko) Chrome/151.0.7922.173 Mobile Safari/537.36 (compatible; Googlebot/2.1; +http://www.google.com/bot.html)"
190.108.204.34 - - [31/Aug/2026:19:04:33 -0500] "GET /buy.php?shop/company/central061019138.shtml HTTP/1.1" 404 4891 "https://motionave.com/buy.php?sitemap12.xml" "Mozilla/5.0 (Linux; Android 14; V2187) AppleWebKit/537.36 (KHTML, like Gecko) Chrome/149.0.5109.123 Mobile Safari/537.36 MicroMessenger/8.0.30(0x18001B3F) NetType/WIFI Language/zh_CN"
103.58.117.21 - - [31/Aug/2026:19:04:34 -0500] "POST /xmlrpc.php HTTP/1.1" 200 5468 "-" "WordPress.com; https://wordpress.com"
66.249.68.200 - - [31/Aug/2026:19:04:38 -0500] "GET /?goods%2F169036687 HTTP/1.1" 200 133696 "-" "Mozilla/5.0 (Linux; Android 6.0.1; Nexus 5X Build/MMB29P) AppleWebKit/537.36 (KHTML, like Gecko) Chrome/151.0.7922.173 Mobile Safari/537.36 (compatible; Googlebot/2.1; +http://www.google.com/bot.html)"
2.51.54.117 - - [31/Aug/2026:19:04:47 -0500] "GET /list/goods/g4ckmfjrduy34_28499.shtml HTTP/1.1" 404 5951 "-" "Mozilla/5.0 (Macintosh; Intel Mac OS X 12_3_1) AppleWebKit/537.36 (KHTML, like Gecko) Chrome/130.0.6723.191 Safari/537.36"
187.86.31.114 - - [31/Aug/2026:19:05:32 -0500] "GET /list/goods/h231ddnnoxc3ie_37250.shtml HTTP/1.1" 404 5951 "-" "Mozilla/5.0 (Macintosh; Intel Mac OS X 14.4; rv:132.0) Gecko/20100101 Firefox/132.0"
34.121.79.77 - - [31/Aug/2026:19:06:13 -0500] "GET /items/Z046033142 HTTP/1.1" 404 5926 "-" "Mozilla/5.0 (compatible; Reflectionbot/1.0; +https://reflection.ai/bot)"
189.101.17.83 - - [31/Aug/2026:19:06:18 -0500] "GET /list/goods/hj150pgd9tmvs_46583.shtml HTTP/1.1" 404 5951 "-" "Mozilla/5.0 (Macintosh; Intel Mac OS X 11.3; rv:130.0) Gecko/20100101 Firefox/130.0"
136.112.153.229 - - [31/Aug/2026:19:06:24 -0500] "GET /items/U182007058 HTTP/1.1" 404 5926 "-" "Mozilla/5.0 (compatible; Reflectionbot/1.0; +https://reflection.ai/bot)"
34.42.171.171 - - [31/Aug/2026:19:06:43 -0500] "GET /items/S052016532 HTTP/1.1" 404 5926 "-" "Mozilla/5.0 (compatible; Reflectionbot/1.0; +https://reflection.ai/bot)"
69.6.249.110 - - [31/Aug/2026:19:06:56 -0500] "GET /wp-login.php HTTP/1.1" 200 11475 "-" "69.6.249.110"
69.6.249.110 - - [31/Aug/2026:19:06:58 -0500] "POST /wp-login.php HTTP/1.1" 200 7120 "https://motionave.com/wp-login.php" "69.6.249.110"
23.113.86.223 - - [31/Aug/2026:19:07:02 -0500] "GET /list/goods/hqq183ppzgcfthn8_1712.shtml HTTP/1.1" 404 5951 "-" "Mozilla/5.0 (Macintosh; Intel Mac OS X 15.0; rv:128.0) Gecko/20100101 Firefox/128.0"
136.116.122.85 - - [31/Aug/2026:19:07:13 -0500] "GET /list/goods/d171okcbe8pok_49974.shtml HTTP/1.1" 404 5926 "-" "Mozilla/5.0 (compatible; Reflectionbot/1.0; +https://reflection.ai/bot)"
66.249.68.38 - - [31/Aug/2026:19:07:19 -0500] "GET /?goods/127006765 HTTP/1.1" 301 5173 "-" "Mozilla/5.0 (Linux; Android 6.0.1; Nexus 5X Build/MMB29P) AppleWebKit/537.36 (KHTML, like Gecko) Chrome/151.0.7922.173 Mobile Safari/537.36 (compatible; Googlebot/2.1; +http://www.google.com/bot.html)"
58.10.236.23 - - [31/Aug/2026:19:07:20 -0500] "GET /buy.php?shop/appreciate/newspaper205039074.shtml HTTP/1.1" 404 4891 "https://motionave.com/buy.php?sitemap12.xml" "Mozilla/5.0 (Linux; Android 15; M2102J29) AppleWebKit/537.36 (KHTML, like Gecko) Chrome/140.0.5131.15 Mobile Safari/537.36"
66.249.68.201 - - [31/Aug/2026:19:07:25 -0500] "GET /wp-content/plugins/elementor-pro/assets/css/modules/sticky.min.css?ver=4.2.1 HTTP/1.1" 200 5296 "https://motionave.com/?detail%2F03903679051428" "Mozilla/5.0 (Linux; Android 6.0.1; Nexus 5X Build/MMB29P) AppleWebKit/537.36 (KHTML, like Gecko) Chrome/151.0.7922.173 Mobile Safari/537.36 (compatible; Googlebot/2.1; +http://www.google.com/bot.html)"
66.249.68.201 - - [31/Aug/2026:19:07:29 -0500] "GET /wp-content/plugins/elementor/assets/lib/animations/styles/fadeInLeft.min.css?ver=4.2.2 HTTP/1.1" 200 5271 "https://motionave.com/?detail%2F03903679051428" "Mozilla/5.0 (Linux; Android 6.0.1; Nexus 5X Build/MMB29P) AppleWebKit/537.36 (KHTML, like Gecko) Chrome/151.0.7922.173 Mobile Safari/537.36 (compatible; Googlebot/2.1; +http://www.google.com/bot.html)"
66.249.68.200 - - [31/Aug/2026:19:07:34 -0500] "GET /?detail/055046465018 HTTP/1.1" 301 5177 "-" "Mozilla/5.0 (compatible; Googlebot/2.1; +http://www.google.com/bot.html)"
66.249.68.200 - - [31/Aug/2026:19:07:37 -0500] "GET /?goods%2F127006765 HTTP/1.1" 200 128945 "-" "Mozilla/5.0 (Linux; Android 6.0.1; Nexus 5X Build/MMB29P) AppleWebKit/537.36 (KHTML, like Gecko) Chrome/151.0.7922.173 Mobile Safari/537.36 (compatible; Googlebot/2.1; +http://www.google.com/bot.html)"
66.249.68.200 - - [31/Aug/2026:19:07:40 -0500] "GET /?detail%2F055046465018 HTTP/1.1" 200 128945 "-" "Mozilla/5.0 (compatible; Googlebot/2.1; +http://www.google.com/bot.html)"
77.75.76.169 - - [31/Aug/2026:19:07:47 -0500] "GET /items/N004014074 HTTP/1.1" 404 5771 "-" "Mozilla/5.0 (compatible; SeznamBot/4.0; +https://o-seznam.cz/napoveda/vyhledavani/en/seznambot-crawler/)"
152.172.35.122 - - [31/Aug/2026:19:07:48 -0500] "GET /list/goods/hul188wvltyb1o_22787.shtml HTTP/1.1" 404 5951 "-" "Mozilla/5.0 (Macintosh; Intel Mac OS X 12_6_0) AppleWebKit/537.36 (KHTML, like Gecko) Chrome/129.0.6668.58 Safari/537.36"
34.122.242.146 - - [31/Aug/2026:19:07:51 -0500] "GET /list/goods/d97hekyhhx5epmt_31848.shtml HTTP/1.1" 404 5926 "-" "Mozilla/5.0 (compatible; Reflectionbot/1.0; +https://reflection.ai/bot)"
66.249.68.38 - - [31/Aug/2026:19:08:10 -0500] "GET /?jp/294032785.html HTTP/1.1" 301 5175 "-" "Mozilla/5.0 (compatible; Googlebot/2.1; +http://www.google.com/bot.html)"
66.249.68.200 - - [31/Aug/2026:19:08:14 -0500] "GET /?goods/231037377 HTTP/1.1" 301 5173 "-" "Mozilla/5.0 (compatible; Googlebot/2.1; +http://www.google.com/bot.html)"
66.249.68.201 - - [31/Aug/2026:19:08:19 -0500] "GET /?detail/023011919608 HTTP/1.1" 301 5177 "-" "Mozilla/5.0 (compatible; Googlebot/2.1; +http://www.google.com/bot.html)"
66.249.68.200 - - [31/Aug/2026:19:08:29 -0500] "GET /?jp%2F294032785_html HTTP/1.1" 200 133696 "-" "Mozilla/5.0 (compatible; Googlebot/2.1; +http://www.google.com/bot.html)"
113.163.10.184 - - [31/Aug/2026:19:08:32 -0500] "GET /list/goods/hvg191zfbj0xzrdb_29064.shtml HTTP/1.1" 404 5951 "-" "Mozilla/5.0 (Macintosh; Intel Mac OS X 10_15_7) AppleWebKit/537.36 (KHTML, like Gecko) Chrome/126.0.6478.55 Safari/537.36"
66.249.68.200 - - [31/Aug/2026:19:08:33 -0500] "GET /?goods%2F231037377 HTTP/1.1" 200 128945 "-" "Mozilla/5.0 (compatible; Googlebot/2.1; +http://www.google.com/bot.html)"
66.249.68.200 - - [31/Aug/2026:19:08:38 -0500] "GET /?detail%2F023011919608 HTTP/1.1" 200 128945 "-" "Mozilla/5.0 (compatible; Googlebot/2.1; +http://www.google.com/bot.html)"
38.247.4.44 - - [31/Aug/2026:19:08:39 -0500] "GET /buy.php?shop/appoint/perceived096000627.shtml HTTP/1.1" 404 4891 "https://motionave.com/buy.php?sitemap12.xml" "Mozilla/5.0 (Linux; Android 15; OPPO PCLM7) AppleWebKit/537.36 (KHTML, like Gecko) Chrome/153.0.5948.11 Mobile Safari/537.36"
136.116.122.85 - - [31/Aug/2026:19:08:40 -0500] "GET /list/goods/zcars86fxmpimd1v_32509.shtml HTTP/1.1" 404 5926 "-" "Mozilla/5.0 (compatible; Reflectionbot/1.0; +https://reflection.ai/bot)"
66.249.68.200 - - [31/Aug/2026:19:08:42 -0500] "GET /?goods/266003388 HTTP/1.1" 301 422 "-" "Mozilla/5.0 (Linux; Android 6.0.1; Nexus 5X Build/MMB29P) AppleWebKit/537.36 (KHTML, like Gecko) Chrome/151.0.7922.173 Mobile Safari/537.36 (compatible; Googlebot/2.1; +http://www.google.com/bot.html)"
66.249.68.200 - - [31/Aug/2026:19:08:47 -0500] "GET /?goods/019006917 HTTP/1.1" 301 5173 "-" "Mozilla/5.0 (compatible; Googlebot/2.1; +http://www.google.com/bot.html)"
66.249.68.200 - - [31/Aug/2026:19:08:51 -0500] "GET /?goods%2F266003388 HTTP/1.1" 200 128945 "-" "Mozilla/5.0 (Linux; Android 6.0.1; Nexus 5X Build/MMB29P) AppleWebKit/537.36 (KHTML, like Gecko) Chrome/151.0.7922.173 Mobile Safari/537.36 (compatible; Googlebot/2.1; +http://www.google.com/bot.html)"
3.93.75.157 - - [31/Aug/2026:19:08:56 -0500] "GET /wp-content/uploads/2019/01/image9.png HTTP/1.1" 404 5982 "-" "Mozilla/5.0 (Windows NT 10.0; Win64; x64) AppleWebKit/537.36 (KHTML, like Gecko) Chrome/120.0.0.0 Safari/537.36"
66.249.68.200 - - [31/Aug/2026:19:08:56 -0500] "GET /?goods%2F019006917 HTTP/1.1" 200 128945 "-" "Mozilla/5.0 (compatible; Googlebot/2.1; +http://www.google.com/bot.html)"
3.93.75.157 - - [31/Aug/2026:19:09:00 -0500] "GET /wp-content/uploads/2019/01/image16.png HTTP/1.1" 404 5982 "-" "Mozilla/5.0 (Windows NT 10.0; Win64; x64) AppleWebKit/537.36 (KHTML, like Gecko) Chrome/120.0.0.0 Safari/537.36"
3.93.75.157 - - [31/Aug/2026:19:09:03 -0500] "GET /wp-content/uploads/2019/01/inphography_Buyer_02-1.jpg HTTP/1.1" 404 5982 "-" "Mozilla/5.0 (Windows NT 10.0; Win64; x64) AppleWebKit/537.36 (KHTML, like Gecko) Chrome/120.0.0.0 Safari/537.36"
3.93.75.157 - - [31/Aug/2026:19:09:03 -0500] "GET /wp-content/uploads/2019/01/Header-855x425.png HTTP/1.1" 404 5982 "-" "Mozilla/5.0 (Windows NT 10.0; Win64; x64) AppleWebKit/537.36 (KHTML, like Gecko) Chrome/120.0.0.0 Safari/537.36"
3.93.75.157 - - [31/Aug/2026:19:09:05 -0500] "GET /wp-content/uploads/2019/01/image19.png HTTP/1.1" 404 5982 "-" "Mozilla/5.0 (Windows NT 10.0; Win64; x64) AppleWebKit/537.36 (KHTML, like Gecko) Chrome/120.0.0.0 Safari/537.36"
3.93.75.157 - - [31/Aug/2026:19:09:07 -0500] "GET /wp-content/uploads/2018/12/1_Header_BLOGPOST_2-855x425.png HTTP/1.1" 404 5982 "-" "Mozilla/5.0 (Windows NT 10.0; Win64; x64) AppleWebKit/537.36 (KHTML, like Gecko) Chrome/120.0.0.0 Safari/537.36"
3.93.75.157 - - [31/Aug/2026:19:09:08 -0500] "GET /wp-content/plugins/leaflet-maps-marker/inc/img/icon-kml.png HTTP/1.1" 404 5982 "-" "Mozilla/5.0 (Windows NT 10.0; Win64; x64) AppleWebKit/537.36 (KHTML, like Gecko) Chrome/120.0.0.0 Safari/537.36"
3.93.75.157 - - [31/Aug/2026:19:09:08 -0500] "GET /wp-content/uploads/2019/01/image7.png HTTP/1.1" 404 5982 "-" "Mozilla/5.0 (Windows NT 10.0; Win64; x64) AppleWebKit/537.36 (KHTML, like Gecko) Chrome/120.0.0.0 Safari/537.36"
3.93.75.157 - - [31/Aug/2026:19:09:12 -0500] "GET /wp-content/uploads/2019/01/image3.png HTTP/1.1" 404 5982 "-" "Mozilla/5.0 (Windows NT 10.0; Win64; x64) AppleWebKit/537.36 (KHTML, like Gecko) Chrome/120.0.0.0 Safari/537.36"
3.93.75.157 - - [31/Aug/2026:19:09:15 -0500] "GET /wp-content/uploads/2019/01/image20.png HTTP/1.1" 404 5982 "-" "Mozilla/5.0 (Windows NT 10.0; Win64; x64) AppleWebKit/537.36 (KHTML, like Gecko) Chrome/120.0.0.0 Safari/537.36"
177.190.159.206 - - [31/Aug/2026:19:09:18 -0500] "GET /list/goods/ibcm65ryxwvwev_26392.shtml HTTP/1.1" 404 5951 "-" "Mozilla/5.0 (Macintosh; Intel Mac OS X 13.3; rv:125.0) Gecko/20100101 Firefox/125.0"
3.93.75.157 - - [31/Aug/2026:19:09:28 -0500] "GET /wp-content/uploads/2019/01/image11.png HTTP/1.1" 404 5982 "-" "Mozilla/5.0 (Windows NT 10.0; Win64; x64) AppleWebKit/537.36 (KHTML, like Gecko) Chrome/120.0.0.0 Safari/537.36"
3.93.75.157 - - [31/Aug/2026:19:09:33 -0500] "GET /wp-content/uploads/2019/01/image14.png HTTP/1.1" 404 5982 "-" "Mozilla/5.0 (Windows NT 10.0; Win64; x64) AppleWebKit/537.36 (KHTML, like Gecko) Chrome/120.0.0.0 Safari/537.36"
3.93.75.157 - - [31/Aug/2026:19:09:33 -0500] "GET /wp-content/uploads/2019/01/image4.png HTTP/1.1" 404 5982 "-" "Mozilla/5.0 (Windows NT 10.0; Win64; x64) AppleWebKit/537.36 (KHTML, like Gecko) Chrome/120.0.0.0 Safari/537.36"
3.93.75.157 - - [31/Aug/2026:19:09:36 -0500] "GET /wp-content/uploads/2019/01/image2.png HTTP/1.1" 404 5982 "-" "Mozilla/5.0 (Windows NT 10.0; Win64; x64) AppleWebKit/537.36 (KHTML, like Gecko) Chrome/120.0.0.0 Safari/537.36"
3.93.75.157 - - [31/Aug/2026:19:09:40 -0500] "GET /wp-content/uploads/2019/01/image21.png HTTP/1.1" 404 5982 "-" "Mozilla/5.0 (Windows NT 10.0; Win64; x64) AppleWebKit/537.36 (KHTML, like Gecko) Chrome/120.0.0.0 Safari/537.36"
3.93.75.157 - - [31/Aug/2026:19:09:41 -0500] "GET /wp-content/uploads/2019/01/image12-855x425.png HTTP/1.1" 404 5982 "-" "Mozilla/5.0 (Windows NT 10.0; Win64; x64) AppleWebKit/537.36 (KHTML, like Gecko) Chrome/120.0.0.0 Safari/537.36"
3.93.75.157 - - [31/Aug/2026:19:09:45 -0500] "GET /wp-content/uploads/2019/01/image6.png HTTP/1.1" 404 5982 "-" "Mozilla/5.0 (Windows NT 10.0; Win64; x64) AppleWebKit/537.36 (KHTML, like Gecko) Chrome/120.0.0.0 Safari/537.36"
136.114.86.244 - - [31/Aug/2026:19:09:49 -0500] "GET /list/goods/dicb77jotm3upblc6_20582.shtml HTTP/1.1" 404 5926 "-" "Mozilla/5.0 (compatible; Reflectionbot/1.0; +https://reflection.ai/bot)"
3.93.75.157 - - [31/Aug/2026:19:09:52 -0500] "GET /wp-content/uploads/2019/01/image13.png HTTP/1.1" 404 5982 "-" "Mozilla/5.0 (Windows NT 10.0; Win64; x64) AppleWebKit/537.36 (KHTML, like Gecko) Chrome/120.0.0.0 Safari/537.36"
3.93.75.157 - - [31/Aug/2026:19:09:55 -0500] "GET /wp-content/uploads/2019/01/Recipe_buyer_persona1-1-855x425.png HTTP/1.1" 404 5982 "-" "Mozilla/5.0 (Windows NT 10.0; Win64; x64) AppleWebKit/537.36 (KHTML, like Gecko) Chrome/120.0.0.0 Safari/537.36"
3.93.75.157 - - [31/Aug/2026:19:09:59 -0500] "GET /wp-content/uploads/2019/01/image8.png HTTP/1.1" 404 5982 "-" "Mozilla/5.0 (Windows NT 10.0; Win64; x64) AppleWebKit/537.36 (KHTML, like Gecko) Chrome/120.0.0.0 Safari/537.36"
190.14.140.207 - - [31/Aug/2026:19:10:01 -0500] "GET /list/goods/igm147hucys_4622.shtml HTTP/1.1" 404 5951 "-" "Mozilla/5.0 (Windows NT 10.0; Win64; x64) AppleWebKit/537.36 (KHTML, like Gecko) Chrome/131.0.6778.265 Safari/537.36"
3.93.75.157 - - [31/Aug/2026:19:10:02 -0500] "GET /wp-content/uploads/2018/11/9-855x425.jpg HTTP/1.1" 404 5982 "-" "Mozilla/5.0 (Windows NT 10.0; Win64; x64) AppleWebKit/537.36 (KHTML, like Gecko) Chrome/120.0.0.0 Safari/537.36"
3.93.75.157 - - [31/Aug/2026:19:10:04 -0500] "GET /wp-content/plugins/leaflet-maps-marker/inc/img/icon-fullscreen.png HTTP/1.1" 404 5982 "-" "Mozilla/5.0 (Windows NT 10.0; Win64; x64) AppleWebKit/537.36 (KHTML, like Gecko) Chrome/120.0.0.0 Safari/537.36"
3.93.75.157 - - [31/Aug/2026:19:10:05 -0500] "GET /wp-content/uploads/2018/12/1_Header_BLOGPOST_2-855x425.png HTTP/1.1" 404 5982 "-" "Mozilla/5.0 (Windows NT 10.0; Win64; x64) AppleWebKit/537.36 (KHTML, like Gecko) Chrome/120.0.0.0 Safari/537.36"
3.93.75.157 - - [31/Aug/2026:19:10:07 -0500] "GET /wp-content/uploads/2019/01/image18.png HTTP/1.1" 404 5982 "-" "Mozilla/5.0 (Windows NT 10.0; Win64; x64) AppleWebKit/537.36 (KHTML, like Gecko) Chrome/120.0.0.0 Safari/537.36"
3.93.75.157 - - [31/Aug/2026:19:10:11 -0500] "GET /wp-content/uploads/2019/01/inphography_Buyer_05.jpg HTTP/1.1" 404 5982 "-" "Mozilla/5.0 (Windows NT 10.0; Win64; x64) AppleWebKit/537.36 (KHTML, like Gecko) Chrome/120.0.0.0 Safari/537.36"
3.93.75.157 - - [31/Aug/2026:19:10:12 -0500] "GET /wp-content/uploads/2019/01/image10.png HTTP/1.1" 404 5982 "-" "Mozilla/5.0 (Windows NT 10.0; Win64; x64) AppleWebKit/537.36 (KHTML, like Gecko) Chrome/120.0.0.0 Safari/537.36"
3.93.75.157 - - [31/Aug/2026:19:10:14 -0500] "GET /wp-content/uploads/2019/01/inphography_Buyer_03.jpg HTTP/1.1" 404 5982 "-" "Mozilla/5.0 (Windows NT 10.0; Win64; x64) AppleWebKit/537.36 (KHTML, like Gecko) Chrome/120.0.0.0 Safari/537.36"
3.93.75.157 - - [31/Aug/2026:19:10:14 -0500] "GET /wp-content/uploads/2019/01/image5.png HTTP/1.1" 404 5982 "-" "Mozilla/5.0 (Windows NT 10.0; Win64; x64) AppleWebKit/537.36 (KHTML, like Gecko) Chrome/120.0.0.0 Safari/537.36"
3.93.75.157 - - [31/Aug/2026:19:10:17 -0500] "GET /wp-content/uploads/2019/01/CStudy_Header_Janpro_-855x425.png HTTP/1.1" 404 5982 "-" "Mozilla/5.0 (Windows NT 10.0; Win64; x64) AppleWebKit/537.36 (KHTML, like Gecko) Chrome/120.0.0.0 Safari/537.36"
3.93.75.157 - - [31/Aug/2026:19:10:17 -0500] "GET /wp-content/uploads/2019/01/inphography_Buyer_04.jpg HTTP/1.1" 404 5982 "-" "Mozilla/5.0 (Windows NT 10.0; Win64; x64) AppleWebKit/537.36 (KHTML, like Gecko) Chrome/120.0.0.0 Safari/537.36"
3.93.75.157 - - [31/Aug/2026:19:10:20 -0500] "GET /wp-content/uploads/2019/01/image15.png HTTP/1.1" 404 5982 "-" "Mozilla/5.0 (Windows NT 10.0; Win64; x64) AppleWebKit/537.36 (KHTML, like Gecko) Chrome/120.0.0.0 Safari/537.36"
3.93.75.157 - - [31/Aug/2026:19:10:30 -0500] "GET /wp-content/uploads/2019/01/inphography_Buyer_01.jpg HTTP/1.1" 404 5982 "-" "Mozilla/5.0 (Windows NT 10.0; Win64; x64) AppleWebKit/537.36 (KHTML, like Gecko) Chrome/120.0.0.0 Safari/537.36"
3.93.75.157 - - [31/Aug/2026:19:10:35 -0500] "GET /wp-content/uploads/2019/01/image17.png HTTP/1.1" 404 5982 "-" "Mozilla/5.0 (Windows NT 10.0; Win64; x64) AppleWebKit/537.36 (KHTML, like Gecko) Chrome/120.0.0.0 Safari/537.36"
3.93.75.157 - - [31/Aug/2026:19:10:39 -0500] "GET /wp-content/uploads/2019/01/image1.png HTTP/1.1" 404 5982 "-" "Mozilla/5.0 (Windows NT 10.0; Win64; x64) AppleWebKit/537.36 (KHTML, like Gecko) Chrome/120.0.0.0 Safari/537.36"
177.124.127.5 - - [31/Aug/2026:19:10:47 -0500] "GET /list/goods/j259z568a_14418.shtml HTTP/1.1" 404 5951 "-" "Mozilla/5.0 (Macintosh; Intel Mac OS X 13.1; rv:132.0) Gecko/20100101 Firefox/132.0"
3.93.75.157 - - [31/Aug/2026:19:09:17 -0500] "GET /wp-content/uploads/2019/01/8trends-855x425.png HTTP/1.1" 404 5982 "-" "Mozilla/5.0 (Windows NT 10.0; Win64; x64) AppleWebKit/537.36 (KHTML, like Gecko) Chrome/120.0.0.0 Safari/537.36"
136.116.122.85 - - [31/Aug/2026:19:11:28 -0500] "GET /items/V061018873 HTTP/1.1" 404 5926 "-" "Mozilla/5.0 (compatible; Reflectionbot/1.0; +https://reflection.ai/bot)"
66.249.68.192 - - [31/Aug/2026:19:11:31 -0500] "GET /?detail/139027356032 HTTP/1.1" 301 5177 "-" "Mozilla/5.0 (compatible; Googlebot/2.1; +http://www.google.com/bot.html)"
132.184.129.63 - - [31/Aug/2026:19:11:36 -0500] "GET /list/goods/jlnke25jf9o2_32864.shtml HTTP/1.1" 404 5951 "-" "Mozilla/5.0 (Macintosh; Intel Mac OS X 11_3_1) AppleWebKit/537.36 (KHTML, like Gecko) Chrome/125.0.6422.176 Safari/537.36"
66.249.68.36 - - [31/Aug/2026:19:11:36 -0500] "GET /?jp/051043120.html HTTP/1.1" 301 5175 "-" "Mozilla/5.0 (Linux; Android 6.0.1; Nexus 5X Build/MMB29P) AppleWebKit/537.36 (KHTML, like Gecko) Chrome/151.0.7922.173 Mobile Safari/537.36 (compatible; Googlebot/2.1; +http://www.google.com/bot.html)"
44.192.115.90 - - [31/Aug/2026:19:11:38 -0500] "GET /wp-content/uploads/2019/04/image4.jpg HTTP/1.1" 404 5982 "-" "Mozilla/5.0 (Windows NT 10.0; Win64; x64) AppleWebKit/537.36 (KHTML, like Gecko) Chrome/120.0.0.0 Safari/537.36"
34.121.79.77 - - [31/Aug/2026:19:11:39 -0500] "GET /list/goods/ekxr170yhkfmdc3pt_3209.shtml HTTP/1.1" 404 5926 "-" "Mozilla/5.0 (compatible; Reflectionbot/1.0; +https://reflection.ai/bot)"
66.249.68.200 - - [31/Aug/2026:19:11:41 -0500] "GET /?jp%2F051043120_html HTTP/1.1" 200 133696 "-" "Mozilla/5.0 (Linux; Android 6.0.1; Nexus 5X Build/MMB29P) AppleWebKit/537.36 (KHTML, like Gecko) Chrome/151.0.7922.173 Mobile Safari/537.36 (compatible; Googlebot/2.1; +http://www.google.com/bot.html)"
66.249.68.201 - - [31/Aug/2026:19:11:49 -0500] "GET /?detail%2F139027356032 HTTP/1.1" 200 133696 "-" "Mozilla/5.0 (compatible; Googlebot/2.1; +http://www.google.com/bot.html)"
136.119.137.98 - - [31/Aug/2026:19:12:08 -0500] "GET /items/R289048331 HTTP/1.1" 404 5926 "-" "Mozilla/5.0 (compatible; Reflectionbot/1.0; +https://reflection.ai/bot)"
66.249.68.37 - - [31/Aug/2026:19:12:16 -0500] "GET /?goods/045029062 HTTP/1.1" 301 5173 "-" "Mozilla/5.0 (Linux; Android 6.0.1; Nexus 5X Build/MMB29P) AppleWebKit/537.36 (KHTML, like Gecko) Chrome/151.0.7922.173 Mobile Safari/537.36 (compatible; Googlebot/2.1; +http://www.google.com/bot.html)"
213.230.93.150 - - [31/Aug/2026:19:12:18 -0500] "GET /list/goods/jxw94niyzaben_41861.shtml HTTP/1.1" 404 5951 "-" "Mozilla/5.0 (Windows NT 10.0; Win64; x64) AppleWebKit/537.36 (KHTML, like Gecko) Chrome/128.0.6613.36 Safari/537.36"
66.249.68.192 - - [31/Aug/2026:19:12:20 -0500] "GET /?goods%2F045029062 HTTP/1.1" 200 133696 "-" "Mozilla/5.0 (Linux; Android 6.0.1; Nexus 5X Build/MMB29P) AppleWebKit/537.36 (KHTML, like Gecko) Chrome/151.0.7922.173 Mobile Safari/537.36 (compatible; Googlebot/2.1; +http://www.google.com/bot.html)"
138.84.139.218 - - [31/Aug/2026:19:13:03 -0500] "GET /list/goods/kda249lqqqebmw_70.shtml HTTP/1.1" 404 5951 "-" "Mozilla/5.0 (Macintosh; Intel Mac OS X 13_6_3) AppleWebKit/537.36 (KHTML, like Gecko) Chrome/127.0.6533.17 Safari/537.36"
66.249.68.200 - - [31/Aug/2026:19:13:25 -0500] "GET /?goods/045046055 HTTP/1.1" 301 5173 "-" "Mozilla/5.0 (compatible; Googlebot/2.1; +http://www.google.com/bot.html)"
66.249.68.201 - - [31/Aug/2026:19:13:32 -0500] "GET /?goods%2F045046055 HTTP/1.1" 200 133696 "-" "Mozilla/5.0 (compatible; Googlebot/2.1; +http://www.google.com/bot.html)"
189.203.27.121 - - [31/Aug/2026:19:13:46 -0500] "GET /list/goods/kklzq263dobl08wcs5v_40526.shtml HTTP/1.1" 404 5951 "-" "Mozilla/5.0 (Macintosh; Intel Mac OS X 14_1_0) AppleWebKit/537.36 (KHTML, like Gecko) Chrome/129.0.6668.58 Safari/537.36"
105.155.16.50 - - [31/Aug/2026:19:14:36 -0500] "GET /list/goods/kms271hlxemc3ooh_23176.shtml HTTP/1.1" 404 5951 "-" "Mozilla/5.0 (Macintosh; Intel Mac OS X 11.1; rv:135.0) Gecko/20100101 Firefox/135.0"
66.249.68.192 - - [31/Aug/2026:19:14:36 -0500] "GET /?goods%2F169036687 HTTP/1.1" 200 133696 "-" "Mozilla/5.0 (Linux; Android 6.0.1; Nexus 5X Build/MMB29P) AppleWebKit/537.36 (KHTML, like Gecko) Chrome/151.0.7922.173 Mobile Safari/537.36 (compatible; Googlebot/2.1; +http://www.google.com/bot.html)"
113.189.215.167 - - [31/Aug/2026:19:15:17 -0500] "GET /list/goods/koqzb209blspiu8_196.shtml HTTP/1.1" 404 5951 "-" "Mozilla/5.0 (Macintosh; Intel Mac OS X 10.15; rv:134.0) Gecko/20100101 Firefox/134.0"
136.64.84.117 - - [31/Aug/2026:19:16:01 -0500] "GET /items/M089038955 HTTP/1.1" 404 5926 "-" "Mozilla/5.0 (compatible; Reflectionbot/1.0; +https://reflection.ai/bot)"
12.203.91.90 - - [31/Aug/2026:19:16:02 -0500] "GET /list/goods/krga32kqen05s1c_39157.shtml HTTP/1.1" 404 5951 "-" "Mozilla/5.0 (Macintosh; Intel Mac OS X 14.2; rv:127.0) Gecko/20100101 Firefox/127.0"
66.249.68.37 - - [31/Aug/2026:19:16:01 -0500] "GET /?jp/079012518.html HTTP/1.1" 301 5175 "-" "Mozilla/5.0 (Linux; Android 6.0.1; Nexus 5X Build/MMB29P) AppleWebKit/537.36 (KHTML, like Gecko) Chrome/151.0.7922.173 Mobile Safari/537.36 (compatible; Googlebot/2.1; +http://www.google.com/bot.html)"
66.249.68.200 - - [31/Aug/2026:19:16:08 -0500] "GET /?jp%2F079012518_html HTTP/1.1" 200 133696 "-" "Mozilla/5.0 (Linux; Android 6.0.1; Nexus 5X Build/MMB29P) AppleWebKit/537.36 (KHTML, like Gecko) Chrome/151.0.7922.173 Mobile Safari/537.36 (compatible; Googlebot/2.1; +http://www.google.com/bot.html)"
136.114.86.244 - - [31/Aug/2026:19:16:10 -0500] "GET /list/goods/gpk157yabgzdow88qb_47306.shtml HTTP/1.1" 404 5926 "-" "Mozilla/5.0 (compatible; Reflectionbot/1.0; +https://reflection.ai/bot)"
66.249.68.192 - - [31/Aug/2026:19:16:27 -0500] "GET /?detail/12000613177699 HTTP/1.1" 301 5179 "-" "Mozilla/5.0 (Linux; Android 6.0.1; Nexus 5X Build/MMB29P) AppleWebKit/537.36 (KHTML, like Gecko) Chrome/151.0.7922.173 Mobile Safari/537.36 (compatible; Googlebot/2.1; +http://www.google.com/bot.html)"
122.54.165.172 - - [31/Aug/2026:19:16:47 -0500] "GET /list/goods/krxn106bndlbe3_871.shtml HTTP/1.1" 404 5951 "-" "Mozilla/5.0 (Macintosh; U; PPC Mac OS X; it-it) AppleWebKit/417.9 (KHTML, like Gecko) Safari/417.9.2"
104.197.249.29 - - [31/Aug/2026:19:16:53 -0500] "GET /list/goods/zf190gzgo83_48259.shtml HTTP/1.1" 404 5926 "-" "Mozilla/5.0 (compatible; Reflectionbot/1.0; +https://reflection.ai/bot)"
66.249.68.200 - - [31/Aug/2026:19:16:55 -0500] "GET /?detail%2F12000613177699 HTTP/1.1" 200 133696 "-" "Mozilla/5.0 (Linux; Android 6.0.1; Nexus 5X Build/MMB29P) AppleWebKit/537.36 (KHTML, like Gecko) Chrome/151.0.7922.173 Mobile Safari/537.36 (compatible; Googlebot/2.1; +http://www.google.com/bot.html)"
190.43.118.230 - - [31/Aug/2026:19:17:05 -0500] "GET /buy.php?s114025988 HTTP/1.1" 404 4891 "https://motionave.com/buy.php?sitemap12.xml" "Mozilla/5.0 (iPhone; CPU iPhone OS 16_1 like Mac OS X) AppleWebKit/605.1.15 (KHTML, like Gecko) Version/16.1 Mobile/15E148 Safari/604.1 MicroMessenger/8.0.39(0x18001B3F) NetType/WIFI Language/zh_CN"
66.249.68.201 - - [31/Aug/2026:19:17:22 -0500] "GET /list/goods/isr220voihopz7bcgd_41335.shtml HTTP/1.1" 404 5951 "-" "Mozilla/5.0 (Linux; Android 6.0.1; Nexus 5X Build/MMB29P) AppleWebKit/537.36 (KHTML, like Gecko) Chrome/151.0.7922.173 Mobile Safari/537.36 (compatible; Googlebot/2.1; +http://www.google.com/bot.html)"
2.135.76.19 - - [31/Aug/2026:19:17:33 -0500] "GET /list/goods/ks56auvhhtwdzq_38643.shtml HTTP/1.1" 404 5951 "-" "Mozilla/5.0 (Macintosh; Intel Mac OS X 14.6; rv:125.0) Gecko/20100101 Firefox/125.0"
66.249.68.36 - - [31/Aug/2026:19:17:50 -0500] "GET /?jp/094016348.html HTTP/1.1" 301 5175 "-" "Mozilla/5.0 (compatible; Googlebot/2.1; +http://www.google.com/bot.html)"
136.112.153.229 - - [31/Aug/2026:19:17:52 -0500] "GET /list/goods/rysfm139fmlln_17392.shtml HTTP/1.1" 404 5926 "-" "Mozilla/5.0 (compatible; Reflectionbot/1.0; +https://reflection.ai/bot)"
66.249.68.200 - - [31/Aug/2026:19:17:55 -0500] "GET /?jp%2F094016348_html HTTP/1.1" 200 133696 "-" "Mozilla/5.0 (compatible; Googlebot/2.1; +http://www.google.com/bot.html)"
66.249.68.200 - - [31/Aug/2026:19:17:59 -0500] "GET /?jp%2F094016348_html HTTP/1.1" 200 128945 "-" "Mozilla/5.0 (compatible; Googlebot/2.1; +http://www.google.com/bot.html)"
38.250.153.157 - - [31/Aug/2026:19:18:23 -0500] "GET /list/goods/ksl275jkkxi616yg7_27848.shtml HTTP/1.1" 404 5951 "-" "Mozilla/5.0 (Macintosh; Intel Mac OS X 14_4_1) AppleWebKit/537.36 (KHTML, like Gecko) Chrome/134.0.6998.45 Safari/537.36"
66.249.68.36 - - [31/Aug/2026:19:18:50 -0500] "GET /?goods/187041065 HTTP/1.1" 301 5173 "-" "Mozilla/5.0 (Linux; Android 6.0.1; Nexus 5X Build/MMB29P) AppleWebKit/537.36 (KHTML, like Gecko) Chrome/151.0.7922.173 Mobile Safari/537.36 (compatible; Googlebot/2.1; +http://www.google.com/bot.html)"
66.249.68.200 - - [31/Aug/2026:19:18:56 -0500] "GET /?goods%2F187041065 HTTP/1.1" 200 133696 "-" "Mozilla/5.0 (Linux; Android 6.0.1; Nexus 5X Build/MMB29P) AppleWebKit/537.36 (KHTML, like Gecko) Chrome/151.0.7922.173 Mobile Safari/537.36 (compatible; Googlebot/2.1; +http://www.google.com/bot.html)"
100.55.151.242 - - [31/Aug/2026:19:18:57 -0500] "GET /wp-content/uploads/2019/05/photo5116401721919252508-855x425.jpg HTTP/1.1" 404 5982 "-" "Mozilla/5.0 (Windows NT 10.0; Win64; x64) AppleWebKit/537.36 (KHTML, like Gecko) Chrome/120.0.0.0 Safari/537.36"
152.166.139.111 - - [31/Aug/2026:19:19:11 -0500] "GET /list/goods/kuo149ukt57_34358.shtml HTTP/1.1" 404 5951 "-" "Mozilla/5.0 (Windows NT 10.0; Win64; x64) AppleWebKit/537.36 (KHTML, like Gecko) Chrome/129.0.6668.58 Safari/537.36"
34.16.27.129 - - [31/Aug/2026:19:19:20 -0500] "GET /list/goods/wzz41ooc7add_28974.shtml HTTP/1.1" 404 5926 "-" "Mozilla/5.0 (compatible; Reflectionbot/1.0; +https://reflection.ai/bot)"
104.197.249.29 - - [31/Aug/2026:19:19:26 -0500] "GET /list/goods/y12eysyfj_8265.shtml HTTP/1.1" 404 5926 "-" "Mozilla/5.0 (compatible; Reflectionbot/1.0; +https://reflection.ai/bot)"
83.53.184.184 - - [31/Aug/2026:19:19:51 -0500] "GET /buy.php?r168035854 HTTP/1.1" 404 4891 "https://motionave.com/buy.php?sitemap12.xml" "Mozilla/5.0 (Linux; Android 13; V2184) AppleWebKit/537.36 (KHTML, like Gecko) Chrome/141.0.5405.8 Mobile Safari/537.36 MicroMessenger/8.0.39(0x18001B3F) NetType/WIFI Language/zh_CN"
91.186.243.180 - - [31/Aug/2026:19:19:52 -0500] "GET /list/goods/l204jgum9rwgpcj5_3259.shtml HTTP/1.1" 404 5951 "-" "Mozilla/5.0 (Windows NT 10.0; Win64; x64) AppleWebKit/537.36 (KHTML, like Gecko) Chrome/127.0.6533.120 Safari/537.36"
66.249.68.37 - - [31/Aug/2026:19:20:12 -0500] "GET /category/1_2736/1 HTTP/1.1" 404 5951 "-" "Mozilla/5.0 (Linux; Android 6.0.1; Nexus 5X Build/MMB29P) AppleWebKit/537.36 (KHTML, like Gecko) Chrome/151.0.7922.173 Mobile Safari/537.36 (compatible; Googlebot/2.1; +http://www.google.com/bot.html)"
185.142.40.134 - - [31/Aug/2026:19:20:33 -0500] "GET /list/goods/lgel9lomour_9590.shtml HTTP/1.1" 404 5951 "-" "Mozilla/5.0 (Macintosh; Intel Mac OS X 14_3_1) AppleWebKit/537.36 (KHTML, like Gecko) Chrome/131.0.6778.204 Safari/537.36"
66.249.68.36 - - [31/Aug/2026:19:21:01 -0500] "GET /?jp/208003398.html HTTP/1.1" 301 5175 "-" "Mozilla/5.0 (Linux; Android 6.0.1; Nexus 5X Build/MMB29P) AppleWebKit/537.36 (KHTML, like Gecko) Chrome/151.0.7922.173 Mobile Safari/537.36 (compatible; Googlebot/2.1; +http://www.google.com/bot.html)"
66.249.68.192 - - [31/Aug/2026:19:21:05 -0500] "GET /?jp%2F208003398_html HTTP/1.1" 200 133696 "-" "Mozilla/5.0 (Linux; Android 6.0.1; Nexus 5X Build/MMB29P) AppleWebKit/537.36 (KHTML, like Gecko) Chrome/151.0.7922.173 Mobile Safari/537.36 (compatible; Googlebot/2.1; +http://www.google.com/bot.html)"
66.249.68.36 - - [31/Aug/2026:19:21:13 -0500] "GET /?goods/262036554 HTTP/1.1" 301 5173 "-" "Mozilla/5.0 (Linux; Android 6.0.1; Nexus 5X Build/MMB29P) AppleWebKit/537.36 (KHTML, like Gecko) Chrome/151.0.7922.173 Mobile Safari/537.36 (compatible; Googlebot/2.1; +http://www.google.com/bot.html)"
200.113.141.127 - - [31/Aug/2026:19:21:17 -0500] "GET /list/goods/lj255vhypnk3n_24928.shtml HTTP/1.1" 404 5951 "-" "Mozilla/5.0 (Macintosh; Intel Mac OS X 11_7_0) AppleWebKit/537.36 (KHTML, like Gecko) Chrome/134.0.6998.88 Safari/537.36"
66.249.68.201 - - [31/Aug/2026:19:21:19 -0500] "GET /?goods%2F262036554 HTTP/1.1" 200 133696 "-" "Mozilla/5.0 (Linux; Android 6.0.1; Nexus 5X Build/MMB29P) AppleWebKit/537.36 (KHTML, like Gecko) Chrome/151.0.7922.173 Mobile Safari/537.36 (compatible; Googlebot/2.1; +http://www.google.com/bot.html)"
66.249.68.36 - - [31/Aug/2026:19:21:39 -0500] "GET /?goods/267020483 HTTP/1.1" 301 5173 "-" "Mozilla/5.0 (Linux; Android 6.0.1; Nexus 5X Build/MMB29P) AppleWebKit/537.36 (KHTML, like Gecko) Chrome/151.0.7922.173 Mobile Safari/537.36 (compatible; Googlebot/2.1; +http://www.google.com/bot.html)"
66.249.68.200 - - [31/Aug/2026:19:21:43 -0500] "GET /?goods%2F267020483 HTTP/1.1" 200 133696 "-" "Mozilla/5.0 (Linux; Android 6.0.1; Nexus 5X Build/MMB29P) AppleWebKit/537.36 (KHTML, like Gecko) Chrome/151.0.7922.173 Mobile Safari/537.36 (compatible; Googlebot/2.1; +http://www.google.com/bot.html)"
66.249.68.200 - - [31/Aug/2026:19:22:00 -0500] "GET /?jp/074013137.html HTTP/1.1" 301 5175 "-" "Mozilla/5.0 (Linux; Android 6.0.1; Nexus 5X Build/MMB29P) AppleWebKit/537.36 (KHTML, like Gecko) Chrome/151.0.7922.173 Mobile Safari/537.36 (compatible; Googlebot/2.1; +http://www.google.com/bot.html)"
125.63.8.165 - - [31/Aug/2026:19:22:03 -0500] "GET /list/goods/lt124lyvkck0_13843.shtml HTTP/1.1" 404 5951 "-" "Mozilla/5.0 (Windows NT 10.0; Win64; x64) AppleWebKit/537.36 (KHTML, like Gecko) Chrome/133.0.6943.141 Safari/537.36"
66.249.68.200 - - [31/Aug/2026:19:22:04 -0500] "GET /?jp/074013137.html HTTP/1.1" 301 424 "-" "Mozilla/5.0 (Linux; Android 6.0.1; Nexus 5X Build/MMB29P) AppleWebKit/537.36 (KHTML, like Gecko) Chrome/151.0.7922.173 Mobile Safari/537.36 (compatible; Googlebot/2.1; +http://www.google.com/bot.html)"
66.249.68.200 - - [31/Aug/2026:19:22:07 -0500] "GET /?jp%2F074013137_html HTTP/1.1" 200 128945 "-" "Mozilla/5.0 (Linux; Android 6.0.1; Nexus 5X Build/MMB29P) AppleWebKit/537.36 (KHTML, like Gecko) Chrome/151.0.7922.173 Mobile Safari/537.36 (compatible; Googlebot/2.1; +http://www.google.com/bot.html)"
66.249.68.201 - - [31/Aug/2026:19:22:10 -0500] "GET /?jp%2F074013137_html HTTP/1.1" 200 133696 "-" "Mozilla/5.0 (Linux; Android 6.0.1; Nexus 5X Build/MMB29P) AppleWebKit/537.36 (KHTML, like Gecko) Chrome/151.0.7922.173 Mobile Safari/537.36 (compatible; Googlebot/2.1; +http://www.google.com/bot.html)"
146.148.85.172 - - [31/Aug/2026:19:22:53 -0500] "GET /list/goods/wey201fo4jv_49470.shtml HTTP/1.1" 404 5926 "-" "Mozilla/5.0 (compatible; Reflectionbot/1.0; +https://reflection.ai/bot)"
153.51.240.92 - - [31/Aug/2026:19:23:32 -0500] "GET /list/goods/m156wmmonx26h1bxk_8831.shtml HTTP/1.1" 404 5951 "-" "Mozilla/5.0 (Macintosh; Intel Mac OS X 10_15_7) AppleWebKit/537.36 (KHTML, like Gecko) Chrome/127.0.6533.72 Safari/537.36"
136.113.194.64 - - [31/Aug/2026:19:23:57 -0500] "GET /items/W238039148 HTTP/1.1" 404 5926 "-" "Mozilla/5.0 (compatible; Reflectionbot/1.0; +https://reflection.ai/bot)"
66.249.68.200 - - [31/Aug/2026:19:24:03 -0500] "GET /?goods/283048691 HTTP/1.1" 301 5173 "-" "Mozilla/5.0 (Linux; Android 6.0.1; Nexus 5X Build/MMB29P) AppleWebKit/537.36 (KHTML, like Gecko) Chrome/151.0.7922.173 Mobile Safari/537.36 (compatible; Googlebot/2.1; +http://www.google.com/bot.html)"
223.25.19.171 - - [31/Aug/2026:19:22:47 -0500] "GET /list/goods/lyloz27ozkp7tafb_22100.shtml HTTP/1.1" 404 5951 "-" "Mozilla/5.0 (Windows NT 10.0; Win64; x64; rv:125.0) Gecko/20100101 Firefox/125.0"
66.249.68.36 - - [31/Aug/2026:19:24:07 -0500] "GET /?jp/197041016.html HTTP/1.1" 301 5175 "-" "Mozilla/5.0 (Linux; Android 6.0.1; Nexus 5X Build/MMB29P) AppleWebKit/537.36 (KHTML, like Gecko) Chrome/151.0.7922.173 Mobile Safari/537.36 (compatible; Googlebot/2.1; +http://www.google.com/bot.html)"
66.249.68.200 - - [31/Aug/2026:19:24:11 -0500] "GET /?jp%2F197041016_html HTTP/1.1" 200 133696 "-" "Mozilla/5.0 (Linux; Android 6.0.1; Nexus 5X Build/MMB29P) AppleWebKit/537.36 (KHTML, like Gecko) Chrome/151.0.7922.173 Mobile Safari/537.36 (compatible; Googlebot/2.1; +http://www.google.com/bot.html)"
66.249.68.201 - - [31/Aug/2026:19:24:14 -0500] "GET /?goods%2F283048691 HTTP/1.1" 200 133696 "-" "Mozilla/5.0 (Linux; Android 6.0.1; Nexus 5X Build/MMB29P) AppleWebKit/537.36 (KHTML, like Gecko) Chrome/151.0.7922.173 Mobile Safari/537.36 (compatible; Googlebot/2.1; +http://www.google.com/bot.html)"
179.29.45.123 - - [31/Aug/2026:19:24:19 -0500] "GET /list/goods/m211wjsdv2m_20286.shtml HTTP/1.1" 404 5951 "-" "Mozilla/5.0 (Macintosh; Intel Mac OS X 15_4_1) AppleWebKit/537.36 (KHTML, like Gecko) Chrome/134.0.6998.88 Safari/537.36"
