114.79.19.207 - - [01/Sep/2026:08:58:19 -0500] "GET /favicon.ico HTTP/1.1" 200 122896 "https://scott.motionave.com/" "Mozilla/5.0 (Linux; Android 10; K) AppleWebKit/537.36 (KHTML, like Gecko) Chrome/152.0.0.0 Mobile Safari/537.36"
136.109.39.202 - - [01/Sep/2026:09:04:00 -0500] "GET / HTTP/1.1" 200 126769 "-" "Mozilla/5.0 (Linux; Android 12; Pixel 6) AppleWebKit/537.36 (KHTML, like Gecko) Chrome/114.0.0.0 Mobile Safari/537.36"
103.255.156.158 - - [01/Sep/2026:09:05:47 -0500] "GET / HTTP/1.1" 200 126840 "https://www.google.com/" "Mozilla/5.0 (Linux; Android 10; K) AppleWebKit/537.36 (KHTML, like Gecko) Chrome/151.0.0.0 Mobile Safari/537.36"
103.255.156.158 - - [01/Sep/2026:09:05:47 -0500] "GET /wp-content/themes/hello-elementor/style.min.css?ver=2.6.1 HTTP/1.1" 200 11211 "https://scott.motionave.com/" "Mozilla/5.0 (Linux; Android 10; K) AppleWebKit/537.36 (KHTML, like Gecko) Chrome/151.0.0.0 Mobile Safari/537.36"
103.255.156.158 - - [01/Sep/2026:09:05:47 -0500] "GET /wp-includes/css/dist/block-library/style.min.css?ver=6.9.4 HTTP/1.1" 200 124927 "https://scott.motionave.com/" "Mozilla/5.0 (Linux; Android 10; K) AppleWebKit/537.36 (KHTML, like Gecko) Chrome/151.0.0.0 Mobile Safari/537.36"
103.255.156.158 - - [01/Sep/2026:09:05:48 -0500] "GET /wp-content/themes/hello-elementor/theme.min.css?ver=2.6.1 HTTP/1.1" 200 16088 "https://scott.motionave.com/" "Mozilla/5.0 (Linux; Android 10; K) AppleWebKit/537.36 (KHTML, like Gecko) Chrome/151.0.0.0 Mobile Safari/537.36"
103.255.156.158 - - [01/Sep/2026:09:05:48 -0500] "GET /wp-content/plugins/elementor/assets/css/frontend-lite.min.css?ver=3.7.7 HTTP/1.1" 200 109190 "https://scott.motionave.com/" "Mozilla/5.0 (Linux; Android 10; K) AppleWebKit/537.36 (KHTML, like Gecko) Chrome/151.0.0.0 Mobile Safari/537.36"
103.255.156.158 - - [01/Sep/2026:09:05:48 -0500] "GET /wp-content/uploads/elementor/css/post-8.css?ver=1663770907 HTTP/1.1" 200 3151 "https://scott.motionave.com/" "Mozilla/5.0 (Linux; Android 10; K) AppleWebKit/537.36 (KHTML, like Gecko) Chrome/151.0.0.0 Mobile Safari/537.36"
103.255.156.158 - - [01/Sep/2026:09:05:48 -0500] "GET /wp-content/plugins/elementor/assets/lib/eicons/css/elementor-icons.min.css?ver=5.16.0 HTTP/1.1" 200 19881 "https://scott.motionave.com/" "Mozilla/5.0 (Linux; Android 10; K) AppleWebKit/537.36 (KHTML, like Gecko) Chrome/151.0.0.0 Mobile Safari/537.36"
103.255.156.158 - - [01/Sep/2026:09:05:48 -0500] "GET /wp-content/plugins/elementor-pro/assets/css/frontend-lite.min.css?ver=3.7.5 HTTP/1.1" 200 12103 "https://scott.motionave.com/" "Mozilla/5.0 (Linux; Android 10; K) AppleWebKit/537.36 (KHTML, like Gecko) Chrome/151.0.0.0 Mobile Safari/537.36"
103.255.156.158 - - [01/Sep/2026:09:05:48 -0500] "GET /wp-content/plugins/elementor/assets/lib/font-awesome/css/all.min.css?ver=3.7.7 HTTP/1.1" 200 59934 "https://scott.motionave.com/" "Mozilla/5.0 (Linux; Android 10; K) AppleWebKit/537.36 (KHTML, like Gecko) Chrome/151.0.0.0 Mobile Safari/537.36"
103.255.156.158 - - [01/Sep/2026:09:05:48 -0500] "GET /wp-content/plugins/elementor/assets/lib/font-awesome/css/v4-shims.min.css?ver=3.7.7 HTTP/1.1" 200 27176 "https://scott.motionave.com/" "Mozilla/5.0 (Linux; Android 10; K) AppleWebKit/537.36 (KHTML, like Gecko) Chrome/151.0.0.0 Mobile Safari/537.36"
103.255.156.158 - - [01/Sep/2026:09:05:48 -0500] "GET /wp-content/uploads/elementor/css/global.css?ver=1663770907 HTTP/1.1" 200 104538 "https://scott.motionave.com/" "Mozilla/5.0 (Linux; Android 10; K) AppleWebKit/537.36 (KHTML, like Gecko) Chrome/151.0.0.0 Mobile Safari/537.36"
103.255.156.158 - - [01/Sep/2026:09:05:48 -0500] "GET /wp-content/uploads/elementor/css/post-22.css?ver=1663770908 HTTP/1.1" 200 10562 "https://scott.motionave.com/" "Mozilla/5.0 (Linux; Android 10; K) AppleWebKit/537.36 (KHTML, like Gecko) Chrome/151.0.0.0 Mobile Safari/537.36"
103.255.156.158 - - [01/Sep/2026:09:05:48 -0500] "GET /wp-content/uploads/elementor/css/post-9.css?ver=1663770907 HTTP/1.1" 200 22221 "https://scott.motionave.com/" "Mozilla/5.0 (Linux; Android 10; K) AppleWebKit/537.36 (KHTML, like Gecko) Chrome/151.0.0.0 Mobile Safari/537.36"
103.255.156.158 - - [01/Sep/2026:09:05:48 -0500] "GET /wp-content/uploads/elementor/css/post-146.css?ver=1663770908 HTTP/1.1" 200 2370 "https://scott.motionave.com/" "Mozilla/5.0 (Linux; Android 10; K) AppleWebKit/537.36 (KHTML, like Gecko) Chrome/151.0.0.0 Mobile Safari/537.36"
103.255.156.158 - - [01/Sep/2026:09:05:48 -0500] "GET /wp-content/plugins/elementor/assets/lib/font-awesome/css/fontawesome.min.css?ver=5.15.3 HTTP/1.1" 200 58502 "https://scott.motionave.com/" "Mozilla/5.0 (Linux; Android 10; K) AppleWebKit/537.36 (KHTML, like Gecko) Chrome/151.0.0.0 Mobile Safari/537.36"
103.255.156.158 - - [01/Sep/2026:09:05:48 -0500] "GET /wp-content/plugins/elementor/assets/lib/font-awesome/css/solid.min.css?ver=5.15.3 HTTP/1.1" 200 1053 "https://scott.motionave.com/" "Mozilla/5.0 (Linux; Android 10; K) AppleWebKit/537.36 (KHTML, like Gecko) Chrome/151.0.0.0 Mobile Safari/537.36"
103.255.156.158 - - [01/Sep/2026:09:05:49 -0500] "GET /wp-includes/js/jquery/jquery-migrate.min.js?ver=3.4.1 HTTP/1.1" 200 14007 "https://scott.motionave.com/" "Mozilla/5.0 (Linux; Android 10; K) AppleWebKit/537.36 (KHTML, like Gecko) Chrome/151.0.0.0 Mobile Safari/537.36"
103.255.156.158 - - [01/Sep/2026:09:05:49 -0500] "GET /wp-content/plugins/elementor/assets/lib/font-awesome/js/v4-shims.min.js?ver=3.7.7 HTTP/1.1" 200 15485 "https://scott.motionave.com/" "Mozilla/5.0 (Linux; Android 10; K) AppleWebKit/537.36 (KHTML, like Gecko) Chrome/151.0.0.0 Mobile Safari/537.36"
103.255.156.158 - - [01/Sep/2026:09:05:49 -0500] "GET /wp-content/uploads/2021/07/SKLogo-orang.png HTTP/1.1" 200 23415 "https://scott.motionave.com/" "Mozilla/5.0 (Linux; Android 10; K) AppleWebKit/537.36 (KHTML, like Gecko) Chrome/151.0.0.0 Mobile Safari/537.36"
103.255.156.158 - - [01/Sep/2026:09:05:48 -0500] "GET /wp-includes/js/jquery/jquery.min.js?ver=3.7.1 HTTP/1.1" 200 88245 "https://scott.motionave.com/" "Mozilla/5.0 (Linux; Android 10; K) AppleWebKit/537.36 (KHTML, like Gecko) Chrome/151.0.0.0 Mobile Safari/537.36"
103.255.156.158 - - [01/Sep/2026:09:05:49 -0500] "GET /wp-content/plugins/elementor-pro/assets/css/widget-nav-menu.min.css HTTP/1.1" 200 29875 "https://scott.motionave.com/" "Mozilla/5.0 (Linux; Android 10; K) AppleWebKit/537.36 (KHTML, like Gecko) Chrome/151.0.0.0 Mobile Safari/537.36"
103.255.156.158 - - [01/Sep/2026:09:05:49 -0500] "GET /wp-content/plugins/elementor-pro/assets/css/widget-call-to-action.min.css HTTP/1.1" 200 11811 "https://scott.motionave.com/" "Mozilla/5.0 (Linux; Android 10; K) AppleWebKit/537.36 (KHTML, like Gecko) Chrome/151.0.0.0 Mobile Safari/537.36"
103.255.156.158 - - [01/Sep/2026:09:05:49 -0500] "GET /wp-content/themes/hello-elementor/assets/js/hello-frontend.min.js?ver=1.0.0 HTTP/1.1" 200 3563 "https://scott.motionave.com/" "Mozilla/5.0 (Linux; Android 10; K) AppleWebKit/537.36 (KHTML, like Gecko) Chrome/151.0.0.0 Mobile Safari/537.36"
103.255.156.158 - - [01/Sep/2026:09:05:49 -0500] "GET /wp-content/plugins/elementor-pro/assets/lib/smartmenus/jquery.smartmenus.min.js?ver=1.0.1 HTTP/1.1" 200 25690 "https://scott.motionave.com/" "Mozilla/5.0 (Linux; Android 10; K) AppleWebKit/537.36 (KHTML, like Gecko) Chrome/151.0.0.0 Mobile Safari/537.36"
103.255.156.158 - - [01/Sep/2026:09:05:49 -0500] "GET /wp-content/plugins/elementor-pro/assets/js/webpack-pro.runtime.min.js?ver=3.7.5 HTTP/1.1" 200 5584 "https://scott.motionave.com/" "Mozilla/5.0 (Linux; Android 10; K) AppleWebKit/537.36 (KHTML, like Gecko) Chrome/151.0.0.0 Mobile Safari/537.36"
103.255.156.158 - - [01/Sep/2026:09:05:49 -0500] "GET /wp-content/plugins/elementor/assets/js/webpack.runtime.min.js?ver=3.7.7 HTTP/1.1" 200 5357 "https://scott.motionave.com/" "Mozilla/5.0 (Linux; Android 10; K) AppleWebKit/537.36 (KHTML, like Gecko) Chrome/151.0.0.0 Mobile Safari/537.36"
103.255.156.158 - - [01/Sep/2026:09:05:49 -0500] "GET /wp-includes/js/dist/i18n.min.js?ver=c26c3dc7bed366793375 HTTP/1.1" 200 5714 "https://scott.motionave.com/" "Mozilla/5.0 (Linux; Android 10; K) AppleWebKit/537.36 (KHTML, like Gecko) Chrome/151.0.0.0 Mobile Safari/537.36"
103.255.156.158 - - [01/Sep/2026:09:05:49 -0500] "GET /wp-includes/js/dist/hooks.min.js?ver=dd5603f07f9220ed27f1 HTTP/1.1" 200 6061 "https://scott.motionave.com/" "Mozilla/5.0 (Linux; Android 10; K) AppleWebKit/537.36 (KHTML, like Gecko) Chrome/151.0.0.0 Mobile Safari/537.36"
103.255.156.158 - - [01/Sep/2026:09:05:49 -0500] "GET /wp-content/plugins/elementor/assets/js/frontend-modules.min.js?ver=3.7.7 HTTP/1.1" 200 33446 "https://scott.motionave.com/" "Mozilla/5.0 (Linux; Android 10; K) AppleWebKit/537.36 (KHTML, like Gecko) Chrome/151.0.0.0 Mobile Safari/537.36"
103.255.156.158 - - [01/Sep/2026:09:05:50 -0500] "GET /wp-content/plugins/elementor-pro/assets/js/frontend.min.js?ver=3.7.5 HTTP/1.1" 200 21876 "https://scott.motionave.com/" "Mozilla/5.0 (Linux; Android 10; K) AppleWebKit/537.36 (KHTML, like Gecko) Chrome/151.0.0.0 Mobile Safari/537.36"
103.255.156.158 - - [01/Sep/2026:09:05:50 -0500] "GET /wp-content/plugins/elementor/assets/lib/waypoints/waypoints.min.js?ver=4.0.2 HTTP/1.1" 200 12628 "https://scott.motionave.com/" "Mozilla/5.0 (Linux; Android 10; K) AppleWebKit/537.36 (KHTML, like Gecko) Chrome/151.0.0.0 Mobile Safari/537.36"
103.255.156.158 - - [01/Sep/2026:09:05:50 -0500] "GET /wp-content/plugins/elementor-pro/assets/js/elements-handlers.min.js?ver=3.7.5 HTTP/1.1" 200 24870 "https://scott.motionave.com/" "Mozilla/5.0 (Linux; Android 10; K) AppleWebKit/537.36 (KHTML, like Gecko) Chrome/151.0.0.0 Mobile Safari/537.36"
103.255.156.158 - - [01/Sep/2026:09:05:50 -0500] "GET /wp-content/plugins/elementor/assets/js/frontend.min.js?ver=3.7.7 HTTP/1.1" 200 41059 "https://scott.motionave.com/" "Mozilla/5.0 (Linux; Android 10; K) AppleWebKit/537.36 (KHTML, like Gecko) Chrome/151.0.0.0 Mobile Safari/537.36"
103.255.156.158 - - [01/Sep/2026:09:05:50 -0500] "GET /wp-content/uploads/2021/07/line-.png HTTP/1.1" 200 551 "https://scott.motionave.com/" "Mozilla/5.0 (Linux; Android 10; K) AppleWebKit/537.36 (KHTML, like Gecko) Chrome/151.0.0.0 Mobile Safari/537.36"
103.255.156.158 - - [01/Sep/2026:09:05:50 -0500] "GET /wp-content/uploads/2021/07/down-arrow-0.png HTTP/1.1" 200 685 "https://scott.motionave.com/" "Mozilla/5.0 (Linux; Android 10; K) AppleWebKit/537.36 (KHTML, like Gecko) Chrome/151.0.0.0 Mobile Safari/537.36"
103.255.156.158 - - [01/Sep/2026:09:05:51 -0500] "GET /wp-content/uploads/2022/08/Grove-at-Grand-Bay.jpg HTTP/1.1" 200 213495 "https://scott.motionave.com/" "Mozilla/5.0 (Linux; Android 10; K) AppleWebKit/537.36 (KHTML, like Gecko) Chrome/151.0.0.0 Mobile Safari/537.36"
103.255.156.158 - - [01/Sep/2026:09:05:51 -0500] "GET /wp-content/uploads/2021/07/Services-scaled.jpg HTTP/1.1" 200 172659 "https://scott.motionave.com/wp-content/uploads/elementor/css/post-9.css?ver=1663770907" "Mozilla/5.0 (Linux; Android 10; K) AppleWebKit/537.36 (KHTML, like Gecko) Chrome/151.0.0.0 Mobile Safari/537.36"
103.255.156.158 - - [01/Sep/2026:09:05:52 -0500] "GET /wp-content/plugins/elementor/assets/lib/eicons/fonts/eicons.woff2?5.16.0 HTTP/1.1" 200 94081 "https://scott.motionave.com/wp-content/plugins/elementor/assets/lib/eicons/css/elementor-icons.min.css?ver=5.16.0" "Mozilla/5.0 (Linux; Android 10; K) AppleWebKit/537.36 (KHTML, like Gecko) Chrome/151.0.0.0 Mobile Safari/537.36"
103.255.156.158 - - [01/Sep/2026:09:05:52 -0500] "GET /wp-content/uploads/2021/08/FrontCoralWayStorage___LOW-1024x579.jpg HTTP/1.1" 200 93123 "https://scott.motionave.com/" "Mozilla/5.0 (Linux; Android 10; K) AppleWebKit/537.36 (KHTML, like Gecko) Chrome/151.0.0.0 Mobile Safari/537.36"
103.255.156.158 - - [01/Sep/2026:09:05:52 -0500] "GET /wp-content/uploads/2021/08/7DoralSquareRendering-October22017__LOW-1024x537.jpg HTTP/1.1" 200 83787 "https://scott.motionave.com/" "Mozilla/5.0 (Linux; Android 10; K) AppleWebKit/537.36 (KHTML, like Gecko) Chrome/151.0.0.0 Mobile Safari/537.36"
103.255.156.158 - - [01/Sep/2026:09:05:53 -0500] "GET /wp-content/uploads/2021/08/KellerHamptonInnSiteRendering__LOW-1024x576.jpg HTTP/1.1" 200 88793 "https://scott.motionave.com/" "Mozilla/5.0 (Linux; Android 10; K) AppleWebKit/537.36 (KHTML, like Gecko) Chrome/151.0.0.0 Mobile Safari/537.36"
103.255.156.158 - - [01/Sep/2026:09:05:53 -0500] "GET /wp-content/plugins/elementor-pro/assets/js/nav-menu.3de49ba5ef86f9a22ff5.bundle.min.js HTTP/1.1" 200 3704 "https://scott.motionave.com/" "Mozilla/5.0 (Linux; Android 10; K) AppleWebKit/537.36 (KHTML, like Gecko) Chrome/151.0.0.0 Mobile Safari/537.36"
103.255.156.158 - - [01/Sep/2026:09:05:54 -0500] "GET /wp-content/plugins/elementor/assets/js/text-editor.2c35aafbe5bf0e127950.bundle.min.js HTTP/1.1" 200 1758 "https://scott.motionave.com/" "Mozilla/5.0 (Linux; Android 10; K) AppleWebKit/537.36 (KHTML, like Gecko) Chrome/151.0.0.0 Mobile Safari/537.36"
103.255.156.158 - - [01/Sep/2026:09:06:10 -0500] "GET /wp-content/uploads/2021/07/white-arroe.png HTTP/1.1" 200 1324 "https://scott.motionave.com/" "Mozilla/5.0 (Linux; Android 10; K) AppleWebKit/537.36 (KHTML, like Gecko) Chrome/151.0.0.0 Mobile Safari/537.36"
103.255.156.158 - - [01/Sep/2026:09:06:10 -0500] "GET /wp-content/uploads/2022/08/Certainty-Efficiency-Experience-1024x773.png HTTP/1.1" 200 69750 "https://scott.motionave.com/" "Mozilla/5.0 (Linux; Android 10; K) AppleWebKit/537.36 (KHTML, like Gecko) Chrome/151.0.0.0 Mobile Safari/537.36"
103.255.156.158 - - [01/Sep/2026:09:05:50 -0500] "GET /wp-includes/js/jquery/ui/core.min.js?ver=1.13.3 HTTP/1.1" 200 21923 "https://scott.motionave.com/" "Mozilla/5.0 (Linux; Android 10; K) AppleWebKit/537.36 (KHTML, like Gecko) Chrome/151.0.0.0 Mobile Safari/537.36"
103.255.156.158 - - [01/Sep/2026:09:07:19 -0500] "GET /wp-content/uploads/2021/08/representative-project-about.jpg HTTP/1.1" 200 144000 "https://scott.motionave.com/wp-content/uploads/elementor/css/post-9.css?ver=1663770907" "Mozilla/5.0 (Linux; Android 10; K) AppleWebKit/537.36 (KHTML, like Gecko) Chrome/151.0.0.0 Mobile Safari/537.36"
103.76.108.213 - - [01/Sep/2026:09:28:51 -0500] "GET / HTTP/1.1" 200 126840 "https://www.google.com/" "Mozilla/5.0 (Linux; Android 10; K) AppleWebKit/537.36 (KHTML, like Gecko) Chrome/151.0.0.0 Mobile Safari/537.36"
103.76.108.213 - - [01/Sep/2026:09:28:52 -0500] "GET /wp-includes/css/dist/block-library/style.min.css?ver=6.9.4 HTTP/1.1" 200 124927 "https://scott.motionave.com/" "Mozilla/5.0 (Linux; Android 10; K) AppleWebKit/537.36 (KHTML, like Gecko) Chrome/151.0.0.0 Mobile Safari/537.36"
103.76.108.213 - - [01/Sep/2026:09:28:53 -0500] "GET /wp-content/themes/hello-elementor/theme.min.css?ver=2.6.1 HTTP/1.1" 200 16245 "https://scott.motionave.com/" "Mozilla/5.0 (Linux; Android 10; K) AppleWebKit/537.36 (KHTML, like Gecko) Chrome/151.0.0.0 Mobile Safari/537.36"
103.76.108.213 - - [01/Sep/2026:09:28:53 -0500] "GET /wp-content/themes/hello-elementor/style.min.css?ver=2.6.1 HTTP/1.1" 200 6594 "https://scott.motionave.com/" "Mozilla/5.0 (Linux; Android 10; K) AppleWebKit/537.36 (KHTML, like Gecko) Chrome/151.0.0.0 Mobile Safari/537.36"
103.76.108.213 - - [01/Sep/2026:09:28:53 -0500] "GET /wp-content/uploads/elementor/css/post-8.css?ver=1663770907 HTTP/1.1" 200 3151 "https://scott.motionave.com/" "Mozilla/5.0 (Linux; Android 10; K) AppleWebKit/537.36 (KHTML, like Gecko) Chrome/151.0.0.0 Mobile Safari/537.36"
103.76.108.213 - - [01/Sep/2026:09:28:53 -0500] "GET /wp-content/plugins/elementor/assets/lib/eicons/css/elementor-icons.min.css?ver=5.16.0 HTTP/1.1" 200 19724 "https://scott.motionave.com/" "Mozilla/5.0 (Linux; Android 10; K) AppleWebKit/537.36 (KHTML, like Gecko) Chrome/151.0.0.0 Mobile Safari/537.36"
103.76.108.213 - - [01/Sep/2026:09:28:53 -0500] "GET /wp-content/plugins/elementor-pro/assets/css/frontend-lite.min.css?ver=3.7.5 HTTP/1.1" 200 11946 "https://scott.motionave.com/" "Mozilla/5.0 (Linux; Android 10; K) AppleWebKit/537.36 (KHTML, like Gecko) Chrome/151.0.0.0 Mobile Safari/537.36"
103.76.108.213 - - [01/Sep/2026:09:28:53 -0500] "GET /wp-content/plugins/elementor/assets/lib/font-awesome/css/all.min.css?ver=3.7.7 HTTP/1.1" 200 59934 "https://scott.motionave.com/" "Mozilla/5.0 (Linux; Android 10; K) AppleWebKit/537.36 (KHTML, like Gecko) Chrome/151.0.0.0 Mobile Safari/537.36"
103.76.108.213 - - [01/Sep/2026:09:28:53 -0500] "GET /wp-content/plugins/elementor/assets/css/frontend-lite.min.css?ver=3.7.7 HTTP/1.1" 200 109347 "https://scott.motionave.com/" "Mozilla/5.0 (Linux; Android 10; K) AppleWebKit/537.36 (KHTML, like Gecko) Chrome/151.0.0.0 Mobile Safari/537.36"
103.76.108.213 - - [01/Sep/2026:09:28:54 -0500] "GET /wp-content/plugins/elementor/assets/lib/font-awesome/css/v4-shims.min.css?ver=3.7.7 HTTP/1.1" 200 27176 "https://scott.motionave.com/" "Mozilla/5.0 (Linux; Android 10; K) AppleWebKit/537.36 (KHTML, like Gecko) Chrome/151.0.0.0 Mobile Safari/537.36"
103.76.108.213 - - [01/Sep/2026:09:28:54 -0500] "GET /wp-content/uploads/elementor/css/global.css?ver=1663770907 HTTP/1.1" 200 104538 "https://scott.motionave.com/" "Mozilla/5.0 (Linux; Android 10; K) AppleWebKit/537.36 (KHTML, like Gecko) Chrome/151.0.0.0 Mobile Safari/537.36"
182.8.182.196 - - [01/Sep/2026:09:28:54 -0500] "GET / HTTP/1.1" 200 126840 "https://www.google.com/" "Mozilla/5.0 (Linux; Android 10; K) AppleWebKit/537.36 (KHTML, like Gecko) Chrome/138.0.0.0 Mobile Safari/537.36"
103.76.108.213 - - [01/Sep/2026:09:28:55 -0500] "GET /wp-content/uploads/elementor/css/post-9.css?ver=1663770907 HTTP/1.1" 200 22221 "https://scott.motionave.com/" "Mozilla/5.0 (Linux; Android 10; K) AppleWebKit/537.36 (KHTML, like Gecko) Chrome/151.0.0.0 Mobile Safari/537.36"
182.8.182.196 - - [01/Sep/2026:09:28:55 -0500] "GET /wp-content/themes/hello-elementor/style.min.css?ver=2.6.1 HTTP/1.1" 200 11211 "https://scott.motionave.com/" "Mozilla/5.0 (Linux; Android 10; K) AppleWebKit/537.36 (KHTML, like Gecko) Chrome/138.0.0.0 Mobile Safari/537.36"
182.8.182.196 - - [01/Sep/2026:09:28:56 -0500] "GET /wp-content/themes/hello-elementor/theme.min.css?ver=2.6.1 HTTP/1.1" 200 16088 "https://scott.motionave.com/" "Mozilla/5.0 (Linux; Android 10; K) AppleWebKit/537.36 (KHTML, like Gecko) Chrome/138.0.0.0 Mobile Safari/537.36"
103.76.108.213 - - [01/Sep/2026:09:28:56 -0500] "GET /wp-content/uploads/elementor/css/post-22.css?ver=1663770908 HTTP/1.1" 200 10562 "https://scott.motionave.com/" "Mozilla/5.0 (Linux; Android 10; K) AppleWebKit/537.36 (KHTML, like Gecko) Chrome/151.0.0.0 Mobile Safari/537.36"
182.8.182.196 - - [01/Sep/2026:09:28:56 -0500] "GET /wp-content/plugins/elementor/assets/css/frontend-lite.min.css?ver=3.7.7 HTTP/1.1" 200 109190 "https://scott.motionave.com/" "Mozilla/5.0 (Linux; Android 10; K) AppleWebKit/537.36 (KHTML, like Gecko) Chrome/138.0.0.0 Mobile Safari/537.36"
182.8.182.196 - - [01/Sep/2026:09:28:55 -0500] "GET /wp-includes/css/dist/block-library/style.min.css?ver=6.9.4 HTTP/1.1" 200 124927 "https://scott.motionave.com/" "Mozilla/5.0 (Linux; Android 10; K) AppleWebKit/537.36 (KHTML, like Gecko) Chrome/138.0.0.0 Mobile Safari/537.36"
182.8.182.196 - - [01/Sep/2026:09:28:56 -0500] "GET /wp-content/uploads/elementor/css/post-8.css?ver=1663770907 HTTP/1.1" 200 3151 "https://scott.motionave.com/" "Mozilla/5.0 (Linux; Android 10; K) AppleWebKit/537.36 (KHTML, like Gecko) Chrome/138.0.0.0 Mobile Safari/537.36"
182.8.182.196 - - [01/Sep/2026:09:28:56 -0500] "GET /wp-content/plugins/elementor/assets/lib/eicons/css/elementor-icons.min.css?ver=5.16.0 HTTP/1.1" 200 19881 "https://scott.motionave.com/" "Mozilla/5.0 (Linux; Android 10; K) AppleWebKit/537.36 (KHTML, like Gecko) Chrome/138.0.0.0 Mobile Safari/537.36"
182.8.182.196 - - [01/Sep/2026:09:28:56 -0500] "GET /wp-content/plugins/elementor-pro/assets/css/frontend-lite.min.css?ver=3.7.5 HTTP/1.1" 200 12103 "https://scott.motionave.com/" "Mozilla/5.0 (Linux; Android 10; K) AppleWebKit/537.36 (KHTML, like Gecko) Chrome/138.0.0.0 Mobile Safari/537.36"
103.76.108.213 - - [01/Sep/2026:09:28:56 -0500] "GET /wp-content/uploads/elementor/css/post-146.css?ver=1663770908 HTTP/1.1" 200 2370 "https://scott.motionave.com/" "Mozilla/5.0 (Linux; Android 10; K) AppleWebKit/537.36 (KHTML, like Gecko) Chrome/151.0.0.0 Mobile Safari/537.36"
182.8.182.196 - - [01/Sep/2026:09:28:56 -0500] "GET /wp-content/plugins/elementor/assets/lib/font-awesome/css/v4-shims.min.css?ver=3.7.7 HTTP/1.1" 200 27176 "https://scott.motionave.com/" "Mozilla/5.0 (Linux; Android 10; K) AppleWebKit/537.36 (KHTML, like Gecko) Chrome/138.0.0.0 Mobile Safari/537.36"
182.8.182.196 - - [01/Sep/2026:09:28:56 -0500] "GET /wp-content/uploads/elementor/css/post-9.css?ver=1663770907 HTTP/1.1" 200 22221 "https://scott.motionave.com/" "Mozilla/5.0 (Linux; Android 10; K) AppleWebKit/537.36 (KHTML, like Gecko) Chrome/138.0.0.0 Mobile Safari/537.36"
103.76.108.213 - - [01/Sep/2026:09:28:56 -0500] "GET /wp-content/plugins/elementor/assets/lib/font-awesome/css/fontawesome.min.css?ver=5.15.3 HTTP/1.1" 200 58502 "https://scott.motionave.com/" "Mozilla/5.0 (Linux; Android 10; K) AppleWebKit/537.36 (KHTML, like Gecko) Chrome/151.0.0.0 Mobile Safari/537.36"
182.8.182.196 - - [01/Sep/2026:09:28:56 -0500] "GET /wp-content/uploads/elementor/css/post-146.css?ver=1663770908 HTTP/1.1" 200 2370 "https://scott.motionave.com/" "Mozilla/5.0 (Linux; Android 10; K) AppleWebKit/537.36 (KHTML, like Gecko) Chrome/138.0.0.0 Mobile Safari/537.36"
103.76.108.213 - - [01/Sep/2026:09:28:56 -0500] "GET /wp-content/plugins/elementor/assets/lib/font-awesome/css/solid.min.css?ver=5.15.3 HTTP/1.1" 200 1053 "https://scott.motionave.com/" "Mozilla/5.0 (Linux; Android 10; K) AppleWebKit/537.36 (KHTML, like Gecko) Chrome/151.0.0.0 Mobile Safari/537.36"
182.8.182.196 - - [01/Sep/2026:09:28:56 -0500] "GET /wp-content/plugins/elementor/assets/lib/font-awesome/css/fontawesome.min.css?ver=5.15.3 HTTP/1.1" 200 58502 "https://scott.motionave.com/" "Mozilla/5.0 (Linux; Android 10; K) AppleWebKit/537.36 (KHTML, like Gecko) Chrome/138.0.0.0 Mobile Safari/537.36"
182.8.182.196 - - [01/Sep/2026:09:28:56 -0500] "GET /wp-content/uploads/elementor/css/global.css?ver=1663770907 HTTP/1.1" 200 104538 "https://scott.motionave.com/" "Mozilla/5.0 (Linux; Android 10; K) AppleWebKit/537.36 (KHTML, like Gecko) Chrome/138.0.0.0 Mobile Safari/537.36"
182.8.182.196 - - [01/Sep/2026:09:28:56 -0500] "GET /wp-content/plugins/elementor/assets/lib/font-awesome/css/solid.min.css?ver=5.15.3 HTTP/1.1" 200 1053 "https://scott.motionave.com/" "Mozilla/5.0 (Linux; Android 10; K) AppleWebKit/537.36 (KHTML, like Gecko) Chrome/138.0.0.0 Mobile Safari/537.36"
182.8.182.196 - - [01/Sep/2026:09:28:57 -0500] "GET /wp-includes/js/jquery/jquery.min.js?ver=3.7.1 HTTP/1.1" 200 88245 "https://scott.motionave.com/" "Mozilla/5.0 (Linux; Android 10; K) AppleWebKit/537.36 (KHTML, like Gecko) Chrome/138.0.0.0 Mobile Safari/537.36"
103.76.108.213 - - [01/Sep/2026:09:28:57 -0500] "GET /wp-includes/js/jquery/jquery.min.js?ver=3.7.1 HTTP/1.1" 200 88245 "https://scott.motionave.com/" "Mozilla/5.0 (Linux; Android 10; K) AppleWebKit/537.36 (KHTML, like Gecko) Chrome/151.0.0.0 Mobile Safari/537.36"
182.8.182.196 - - [01/Sep/2026:09:28:57 -0500] "GET /wp-includes/js/jquery/jquery-migrate.min.js?ver=3.4.1 HTTP/1.1" 200 14007 "https://scott.motionave.com/" "Mozilla/5.0 (Linux; Android 10; K) AppleWebKit/537.36 (KHTML, like Gecko) Chrome/138.0.0.0 Mobile Safari/537.36"
182.8.182.196 - - [01/Sep/2026:09:28:57 -0500] "GET /wp-content/plugins/elementor-pro/assets/css/widget-nav-menu.min.css HTTP/1.1" 200 29875 "https://scott.motionave.com/" "Mozilla/5.0 (Linux; Android 10; K) AppleWebKit/537.36 (KHTML, like Gecko) Chrome/138.0.0.0 Mobile Safari/537.36"
182.8.182.196 - - [01/Sep/2026:09:28:57 -0500] "GET /wp-content/uploads/2021/07/SKLogo-orang.png HTTP/1.1" 200 23415 "https://scott.motionave.com/" "Mozilla/5.0 (Linux; Android 10; K) AppleWebKit/537.36 (KHTML, like Gecko) Chrome/138.0.0.0 Mobile Safari/537.36"
182.8.182.196 - - [01/Sep/2026:09:28:57 -0500] "GET /wp-content/plugins/elementor-pro/assets/css/widget-call-to-action.min.css HTTP/1.1" 200 11811 "https://scott.motionave.com/" "Mozilla/5.0 (Linux; Android 10; K) AppleWebKit/537.36 (KHTML, like Gecko) Chrome/138.0.0.0 Mobile Safari/537.36"
103.76.108.213 - - [01/Sep/2026:09:28:57 -0500] "GET /wp-includes/js/jquery/jquery-migrate.min.js?ver=3.4.1 HTTP/1.1" 200 14007 "https://scott.motionave.com/" "Mozilla/5.0 (Linux; Android 10; K) AppleWebKit/537.36 (KHTML, like Gecko) Chrome/151.0.0.0 Mobile Safari/537.36"
182.8.182.196 - - [01/Sep/2026:09:28:57 -0500] "GET /wp-content/plugins/elementor-pro/assets/lib/smartmenus/jquery.smartmenus.min.js?ver=1.0.1 HTTP/1.1" 200 25690 "https://scott.motionave.com/" "Mozilla/5.0 (Linux; Android 10; K) AppleWebKit/537.36 (KHTML, like Gecko) Chrome/138.0.0.0 Mobile Safari/537.36"
182.8.182.196 - - [01/Sep/2026:09:28:57 -0500] "GET /wp-content/plugins/elementor-pro/assets/js/webpack-pro.runtime.min.js?ver=3.7.5 HTTP/1.1" 200 5584 "https://scott.motionave.com/" "Mozilla/5.0 (Linux; Android 10; K) AppleWebKit/537.36 (KHTML, like Gecko) Chrome/138.0.0.0 Mobile Safari/537.36"
182.8.182.196 - - [01/Sep/2026:09:28:57 -0500] "GET /wp-content/plugins/elementor/assets/js/webpack.runtime.min.js?ver=3.7.7 HTTP/1.1" 200 5357 "https://scott.motionave.com/" "Mozilla/5.0 (Linux; Android 10; K) AppleWebKit/537.36 (KHTML, like Gecko) Chrome/138.0.0.0 Mobile Safari/537.36"
182.8.182.196 - - [01/Sep/2026:09:28:57 -0500] "GET /wp-content/plugins/elementor/assets/js/frontend-modules.min.js?ver=3.7.7 HTTP/1.1" 200 33446 "https://scott.motionave.com/" "Mozilla/5.0 (Linux; Android 10; K) AppleWebKit/537.36 (KHTML, like Gecko) Chrome/138.0.0.0 Mobile Safari/537.36"
182.8.182.196 - - [01/Sep/2026:09:28:58 -0500] "GET /wp-includes/js/dist/hooks.min.js?ver=dd5603f07f9220ed27f1 HTTP/1.1" 200 6061 "https://scott.motionave.com/" "Mozilla/5.0 (Linux; Android 10; K) AppleWebKit/537.36 (KHTML, like Gecko) Chrome/138.0.0.0 Mobile Safari/537.36"
182.8.182.196 - - [01/Sep/2026:09:28:58 -0500] "GET /wp-includes/js/dist/i18n.min.js?ver=c26c3dc7bed366793375 HTTP/1.1" 200 5714 "https://scott.motionave.com/" "Mozilla/5.0 (Linux; Android 10; K) AppleWebKit/537.36 (KHTML, like Gecko) Chrome/138.0.0.0 Mobile Safari/537.36"
182.8.182.196 - - [01/Sep/2026:09:28:58 -0500] "GET /wp-content/plugins/elementor-pro/assets/js/frontend.min.js?ver=3.7.5 HTTP/1.1" 200 21876 "https://scott.motionave.com/" "Mozilla/5.0 (Linux; Android 10; K) AppleWebKit/537.36 (KHTML, like Gecko) Chrome/138.0.0.0 Mobile Safari/537.36"
182.8.182.196 - - [01/Sep/2026:09:28:58 -0500] "GET /wp-content/plugins/elementor/assets/lib/waypoints/waypoints.min.js?ver=4.0.2 HTTP/1.1" 200 12628 "https://scott.motionave.com/" "Mozilla/5.0 (Linux; Android 10; K) AppleWebKit/537.36 (KHTML, like Gecko) Chrome/138.0.0.0 Mobile Safari/537.36"
182.8.182.196 - - [01/Sep/2026:09:28:58 -0500] "GET /wp-includes/js/jquery/ui/core.min.js?ver=1.13.3 HTTP/1.1" 200 21923 "https://scott.motionave.com/" "Mozilla/5.0 (Linux; Android 10; K) AppleWebKit/537.36 (KHTML, like Gecko) Chrome/138.0.0.0 Mobile Safari/537.36"
182.8.182.196 - - [01/Sep/2026:09:28:58 -0500] "GET /wp-content/uploads/2021/07/down-arrow-0.png HTTP/1.1" 200 685 "https://scott.motionave.com/" "Mozilla/5.0 (Linux; Android 10; K) AppleWebKit/537.36 (KHTML, like Gecko) Chrome/138.0.0.0 Mobile Safari/537.36"
182.8.182.196 - - [01/Sep/2026:09:28:58 -0500] "GET /wp-content/plugins/elementor-pro/assets/js/elements-handlers.min.js?ver=3.7.5 HTTP/1.1" 200 24870 "https://scott.motionave.com/" "Mozilla/5.0 (Linux; Android 10; K) AppleWebKit/537.36 (KHTML, like Gecko) Chrome/138.0.0.0 Mobile Safari/537.36"
103.76.108.213 - - [01/Sep/2026:09:28:58 -0500] "GET /wp-content/plugins/elementor/assets/lib/font-awesome/js/v4-shims.min.js?ver=3.7.7 HTTP/1.1" 200 15485 "https://scott.motionave.com/" "Mozilla/5.0 (Linux; Android 10; K) AppleWebKit/537.36 (KHTML, like Gecko) Chrome/151.0.0.0 Mobile Safari/537.36"
182.8.182.196 - - [01/Sep/2026:09:28:59 -0500] "GET /wp-content/uploads/2021/07/line-.png HTTP/1.1" 200 551 "https://scott.motionave.com/" "Mozilla/5.0 (Linux; Android 10; K) AppleWebKit/537.36 (KHTML, like Gecko) Chrome/138.0.0.0 Mobile Safari/537.36"
182.8.182.196 - - [01/Sep/2026:09:28:59 -0500] "GET /wp-content/plugins/elementor/assets/js/frontend.min.js?ver=3.7.7 HTTP/1.1" 200 41059 "https://scott.motionave.com/" "Mozilla/5.0 (Linux; Android 10; K) AppleWebKit/537.36 (KHTML, like Gecko) Chrome/138.0.0.0 Mobile Safari/537.36"
103.76.108.213 - - [01/Sep/2026:09:28:59 -0500] "GET /wp-content/uploads/2021/07/SKLogo-orang.png HTTP/1.1" 200 23415 "https://scott.motionave.com/" "Mozilla/5.0 (Linux; Android 10; K) AppleWebKit/537.36 (KHTML, like Gecko) Chrome/151.0.0.0 Mobile Safari/537.36"
103.76.108.213 - - [01/Sep/2026:09:28:59 -0500] "GET /wp-content/plugins/elementor-pro/assets/css/widget-nav-menu.min.css HTTP/1.1" 200 29875 "https://scott.motionave.com/" "Mozilla/5.0 (Linux; Android 10; K) AppleWebKit/537.36 (KHTML, like Gecko) Chrome/151.0.0.0 Mobile Safari/537.36"
103.76.108.213 - - [01/Sep/2026:09:28:59 -0500] "GET /wp-content/plugins/elementor-pro/assets/css/widget-call-to-action.min.css HTTP/1.1" 200 11968 "https://scott.motionave.com/" "Mozilla/5.0 (Linux; Android 10; K) AppleWebKit/537.36 (KHTML, like Gecko) Chrome/151.0.0.0 Mobile Safari/537.36"
103.76.108.213 - - [01/Sep/2026:09:29:00 -0500] "GET /wp-content/themes/hello-elementor/assets/js/hello-frontend.min.js?ver=1.0.0 HTTP/1.1" 200 3563 "https://scott.motionave.com/" "Mozilla/5.0 (Linux; Android 10; K) AppleWebKit/537.36 (KHTML, like Gecko) Chrome/151.0.0.0 Mobile Safari/537.36"
103.76.108.213 - - [01/Sep/2026:09:29:00 -0500] "GET /wp-content/plugins/elementor-pro/assets/lib/smartmenus/jquery.smartmenus.min.js?ver=1.0.1 HTTP/1.1" 200 25690 "https://scott.motionave.com/" "Mozilla/5.0 (Linux; Android 10; K) AppleWebKit/537.36 (KHTML, like Gecko) Chrome/151.0.0.0 Mobile Safari/537.36"
103.76.108.213 - - [01/Sep/2026:09:29:00 -0500] "GET /wp-content/plugins/elementor-pro/assets/js/webpack-pro.runtime.min.js?ver=3.7.5 HTTP/1.1" 200 5584 "https://scott.motionave.com/" "Mozilla/5.0 (Linux; Android 10; K) AppleWebKit/537.36 (KHTML, like Gecko) Chrome/151.0.0.0 Mobile Safari/537.36"
103.76.108.213 - - [01/Sep/2026:09:29:00 -0500] "GET /wp-content/plugins/elementor/assets/js/webpack.runtime.min.js?ver=3.7.7 HTTP/1.1" 200 5357 "https://scott.motionave.com/" "Mozilla/5.0 (Linux; Android 10; K) AppleWebKit/537.36 (KHTML, like Gecko) Chrome/151.0.0.0 Mobile Safari/537.36"
103.76.108.213 - - [01/Sep/2026:09:29:00 -0500] "GET /wp-content/plugins/elementor/assets/js/frontend-modules.min.js?ver=3.7.7 HTTP/1.1" 200 33446 "https://scott.motionave.com/" "Mozilla/5.0 (Linux; Android 10; K) AppleWebKit/537.36 (KHTML, like Gecko) Chrome/151.0.0.0 Mobile Safari/537.36"
103.76.108.213 - - [01/Sep/2026:09:29:00 -0500] "GET /wp-includes/js/dist/hooks.min.js?ver=dd5603f07f9220ed27f1 HTTP/1.1" 200 6061 "https://scott.motionave.com/" "Mozilla/5.0 (Linux; Android 10; K) AppleWebKit/537.36 (KHTML, like Gecko) Chrome/151.0.0.0 Mobile Safari/537.36"
103.76.108.213 - - [01/Sep/2026:09:29:00 -0500] "GET /wp-includes/js/dist/i18n.min.js?ver=c26c3dc7bed366793375 HTTP/1.1" 200 5871 "https://scott.motionave.com/" "Mozilla/5.0 (Linux; Android 10; K) AppleWebKit/537.36 (KHTML, like Gecko) Chrome/151.0.0.0 Mobile Safari/537.36"
103.76.108.213 - - [01/Sep/2026:09:29:01 -0500] "GET /wp-content/plugins/elementor-pro/assets/js/frontend.min.js?ver=3.7.5 HTTP/1.1" 200 21876 "https://scott.motionave.com/" "Mozilla/5.0 (Linux; Android 10; K) AppleWebKit/537.36 (KHTML, like Gecko) Chrome/151.0.0.0 Mobile Safari/537.36"
103.76.108.213 - - [01/Sep/2026:09:29:01 -0500] "GET /wp-content/plugins/elementor/assets/lib/waypoints/waypoints.min.js?ver=4.0.2 HTTP/1.1" 200 12628 "https://scott.motionave.com/" "Mozilla/5.0 (Linux; Android 10; K) AppleWebKit/537.36 (KHTML, like Gecko) Chrome/151.0.0.0 Mobile Safari/537.36"
103.76.108.213 - - [01/Sep/2026:09:29:01 -0500] "GET /wp-includes/js/jquery/ui/core.min.js?ver=1.13.3 HTTP/1.1" 200 21923 "https://scott.motionave.com/" "Mozilla/5.0 (Linux; Android 10; K) AppleWebKit/537.36 (KHTML, like Gecko) Chrome/151.0.0.0 Mobile Safari/537.36"
103.76.108.213 - - [01/Sep/2026:09:29:01 -0500] "GET /wp-content/plugins/elementor/assets/js/frontend.min.js?ver=3.7.7 HTTP/1.1" 200 41059 "https://scott.motionave.com/" "Mozilla/5.0 (Linux; Android 10; K) AppleWebKit/537.36 (KHTML, like Gecko) Chrome/151.0.0.0 Mobile Safari/537.36"
103.76.108.213 - - [01/Sep/2026:09:29:02 -0500] "GET /wp-content/plugins/elementor-pro/assets/js/elements-handlers.min.js?ver=3.7.5 HTTP/1.1" 200 24870 "https://scott.motionave.com/" "Mozilla/5.0 (Linux; Android 10; K) AppleWebKit/537.36 (KHTML, like Gecko) Chrome/151.0.0.0 Mobile Safari/537.36"
103.76.108.213 - - [01/Sep/2026:09:29:02 -0500] "GET /wp-content/uploads/2021/07/down-arrow-0.png HTTP/1.1" 200 685 "https://scott.motionave.com/" "Mozilla/5.0 (Linux; Android 10; K) AppleWebKit/537.36 (KHTML, like Gecko) Chrome/151.0.0.0 Mobile Safari/537.36"
103.76.108.213 - - [01/Sep/2026:09:29:02 -0500] "GET /wp-content/uploads/2021/07/line-.png HTTP/1.1" 200 551 "https://scott.motionave.com/" "Mozilla/5.0 (Linux; Android 10; K) AppleWebKit/537.36 (KHTML, like Gecko) Chrome/151.0.0.0 Mobile Safari/537.36"
103.76.108.213 - - [01/Sep/2026:09:29:03 -0500] "GET /wp-content/plugins/elementor/assets/lib/eicons/fonts/eicons.woff2?5.16.0 HTTP/1.1" 200 94238 "https://scott.motionave.com/wp-content/plugins/elementor/assets/lib/eicons/css/elementor-icons.min.css?ver=5.16.0" "Mozilla/5.0 (Linux; Android 10; K) AppleWebKit/537.36 (KHTML, like Gecko) Chrome/151.0.0.0 Mobile Safari/537.36"
103.76.108.213 - - [01/Sep/2026:09:29:04 -0500] "GET /wp-content/uploads/2021/08/FrontCoralWayStorage___LOW-1024x579.jpg HTTP/1.1" 200 93123 "https://scott.motionave.com/" "Mozilla/5.0 (Linux; Android 10; K) AppleWebKit/537.36 (KHTML, like Gecko) Chrome/151.0.0.0 Mobile Safari/537.36"
103.76.108.213 - - [01/Sep/2026:09:29:05 -0500] "GET /wp-content/uploads/2021/08/7DoralSquareRendering-October22017__LOW-1024x537.jpg HTTP/1.1" 200 83787 "https://scott.motionave.com/" "Mozilla/5.0 (Linux; Android 10; K) AppleWebKit/537.36 (KHTML, like Gecko) Chrome/151.0.0.0 Mobile Safari/537.36"
103.76.108.213 - - [01/Sep/2026:09:29:06 -0500] "GET /wp-content/uploads/2021/08/KellerHamptonInnSiteRendering__LOW-1024x576.jpg HTTP/1.1" 200 88793 "https://scott.motionave.com/" "Mozilla/5.0 (Linux; Android 10; K) AppleWebKit/537.36 (KHTML, like Gecko) Chrome/151.0.0.0 Mobile Safari/537.36"
103.76.108.213 - - [01/Sep/2026:09:29:03 -0500] "GET /wp-content/uploads/2022/08/Grove-at-Grand-Bay.jpg HTTP/1.1" 200 213495 "https://scott.motionave.com/" "Mozilla/5.0 (Linux; Android 10; K) AppleWebKit/537.36 (KHTML, like Gecko) Chrome/151.0.0.0 Mobile Safari/537.36"
103.76.108.213 - - [01/Sep/2026:09:29:03 -0500] "GET /wp-content/uploads/2021/07/Services-scaled.jpg HTTP/1.1" 200 172659 "https://scott.motionave.com/wp-content/uploads/elementor/css/post-9.css?ver=1663770907" "Mozilla/5.0 (Linux; Android 10; K) AppleWebKit/537.36 (KHTML, like Gecko) Chrome/151.0.0.0 Mobile Safari/537.36"
103.76.108.213 - - [01/Sep/2026:09:29:09 -0500] "GET /wp-content/uploads/2022/08/Certainty-Efficiency-Experience-1024x773.png HTTP/1.1" 200 69593 "https://scott.motionave.com/" "Mozilla/5.0 (Linux; Android 10; K) AppleWebKit/537.36 (KHTML, like Gecko) Chrome/151.0.0.0 Mobile Safari/537.36"
103.76.108.213 - - [01/Sep/2026:09:29:09 -0500] "GET /wp-content/uploads/2021/07/white-arroe.png HTTP/1.1" 200 1167 "https://scott.motionave.com/" "Mozilla/5.0 (Linux; Android 10; K) AppleWebKit/537.36 (KHTML, like Gecko) Chrome/151.0.0.0 Mobile Safari/537.36"
103.76.108.213 - - [01/Sep/2026:09:29:10 -0500] "GET /wp-content/plugins/elementor-pro/assets/js/nav-menu.3de49ba5ef86f9a22ff5.bundle.min.js HTTP/1.1" 200 3704 "https://scott.motionave.com/" "Mozilla/5.0 (Linux; Android 10; K) AppleWebKit/537.36 (KHTML, like Gecko) Chrome/151.0.0.0 Mobile Safari/537.36"
103.76.108.213 - - [01/Sep/2026:09:29:10 -0500] "GET /wp-content/plugins/elementor/assets/js/text-editor.2c35aafbe5bf0e127950.bundle.min.js HTTP/1.1" 200 1758 "https://scott.motionave.com/" "Mozilla/5.0 (Linux; Android 10; K) AppleWebKit/537.36 (KHTML, like Gecko) Chrome/151.0.0.0 Mobile Safari/537.36"
103.76.108.213 - - [01/Sep/2026:09:29:10 -0500] "GET /wp-includes/js/wp-emoji-release.min.js?ver=6.9.4 HTTP/1.1" 200 23221 "https://scott.motionave.com/" "Mozilla/5.0 (Linux; Android 10; K) AppleWebKit/537.36 (KHTML, like Gecko) Chrome/151.0.0.0 Mobile Safari/537.36"
103.76.108.213 - - [01/Sep/2026:09:29:03 -0500] "GET /wp-content/uploads/2021/08/representative-project-about.jpg HTTP/1.1" 200 478000 "https://scott.motionave.com/wp-content/uploads/elementor/css/post-9.css?ver=1663770907" "Mozilla/5.0 (Linux; Android 10; K) AppleWebKit/537.36 (KHTML, like Gecko) Chrome/151.0.0.0 Mobile Safari/537.36"
69.63.184.30 - - [01/Sep/2026:09:29:39 -0500] "GET /robots.txt HTTP/1.1" 200 365972 "-" "facebookexternalhit/1.1 (+http://www.facebook.com/externalhit_uatext.php)"
182.8.182.196 - - [01/Sep/2026:09:28:56 -0500] "GET /wp-content/plugins/elementor/assets/lib/font-awesome/css/all.min.css?ver=3.7.7 HTTP/1.1" 200 59934 "https://scott.motionave.com/" "Mozilla/5.0 (Linux; Android 10; K) AppleWebKit/537.36 (KHTML, like Gecko) Chrome/138.0.0.0 Mobile Safari/537.36"
182.8.182.196 - - [01/Sep/2026:09:29:54 -0500] "GET /wp-content/uploads/elementor/css/post-22.css?ver=1663770908 HTTP/1.1" 200 10562 "https://scott.motionave.com/" "Mozilla/5.0 (Linux; Android 10; K) AppleWebKit/537.36 (KHTML, like Gecko) Chrome/138.0.0.0 Mobile Safari/537.36"
182.8.182.196 - - [01/Sep/2026:09:28:57 -0500] "GET /wp-content/plugins/elementor/assets/lib/font-awesome/js/v4-shims.min.js?ver=3.7.7 HTTP/1.1" 200 15485 "https://scott.motionave.com/" "Mozilla/5.0 (Linux; Android 10; K) AppleWebKit/537.36 (KHTML, like Gecko) Chrome/138.0.0.0 Mobile Safari/537.36"
182.8.182.196 - - [01/Sep/2026:09:29:54 -0500] "GET /wp-content/themes/hello-elementor/assets/js/hello-frontend.min.js?ver=1.0.0 HTTP/1.1" 200 3563 "https://scott.motionave.com/" "Mozilla/5.0 (Linux; Android 10; K) AppleWebKit/537.36 (KHTML, like Gecko) Chrome/138.0.0.0 Mobile Safari/537.36"
114.8.205.114 - - [01/Sep/2026:09:34:46 -0500] "GET / HTTP/1.1" 200 126840 "https://www.google.com/" "Mozilla/5.0 (Linux; Android 10; K) AppleWebKit/537.36 (KHTML, like Gecko) Chrome/152.0.0.0 Mobile Safari/537.36"
114.8.205.114 - - [01/Sep/2026:09:34:47 -0500] "GET /wp-content/themes/hello-elementor/style.min.css?ver=2.6.1 HTTP/1.1" 200 11211 "https://scott.motionave.com/" "Mozilla/5.0 (Linux; Android 10; K) AppleWebKit/537.36 (KHTML, like Gecko) Chrome/152.0.0.0 Mobile Safari/537.36"
114.8.205.114 - - [01/Sep/2026:09:34:47 -0500] "GET /wp-content/themes/hello-elementor/theme.min.css?ver=2.6.1 HTTP/1.1" 200 16088 "https://scott.motionave.com/" "Mozilla/5.0 (Linux; Android 10; K) AppleWebKit/537.36 (KHTML, like Gecko) Chrome/152.0.0.0 Mobile Safari/537.36"
114.8.205.114 - - [01/Sep/2026:09:34:47 -0500] "GET /wp-content/plugins/elementor/assets/css/frontend-lite.min.css?ver=3.7.7 HTTP/1.1" 200 109190 "https://scott.motionave.com/" "Mozilla/5.0 (Linux; Android 10; K) AppleWebKit/537.36 (KHTML, like Gecko) Chrome/152.0.0.0 Mobile Safari/537.36"
114.8.205.114 - - [01/Sep/2026:09:34:47 -0500] "GET /wp-includes/css/dist/block-library/style.min.css?ver=6.9.4 HTTP/1.1" 200 124927 "https://scott.motionave.com/" "Mozilla/5.0 (Linux; Android 10; K) AppleWebKit/537.36 (KHTML, like Gecko) Chrome/152.0.0.0 Mobile Safari/537.36"
114.8.205.114 - - [01/Sep/2026:09:34:48 -0500] "GET /wp-content/plugins/elementor/assets/lib/eicons/css/elementor-icons.min.css?ver=5.16.0 HTTP/1.1" 200 19881 "https://scott.motionave.com/" "Mozilla/5.0 (Linux; Android 10; K) AppleWebKit/537.36 (KHTML, like Gecko) Chrome/152.0.0.0 Mobile Safari/537.36"
114.8.205.114 - - [01/Sep/2026:09:34:48 -0500] "GET /wp-content/uploads/elementor/css/post-8.css?ver=1663770907 HTTP/1.1" 200 3151 "https://scott.motionave.com/" "Mozilla/5.0 (Linux; Android 10; K) AppleWebKit/537.36 (KHTML, like Gecko) Chrome/152.0.0.0 Mobile Safari/537.36"
114.8.205.114 - - [01/Sep/2026:09:34:48 -0500] "GET /wp-content/plugins/elementor-pro/assets/css/frontend-lite.min.css?ver=3.7.5 HTTP/1.1" 200 12103 "https://scott.motionave.com/" "Mozilla/5.0 (Linux; Android 10; K) AppleWebKit/537.36 (KHTML, like Gecko) Chrome/152.0.0.0 Mobile Safari/537.36"
114.8.205.114 - - [01/Sep/2026:09:34:48 -0500] "GET /wp-content/plugins/elementor/assets/lib/font-awesome/css/all.min.css?ver=3.7.7 HTTP/1.1" 200 59934 "https://scott.motionave.com/" "Mozilla/5.0 (Linux; Android 10; K) AppleWebKit/537.36 (KHTML, like Gecko) Chrome/152.0.0.0 Mobile Safari/537.36"
114.8.205.114 - - [01/Sep/2026:09:34:52 -0500] "GET /wp-content/plugins/elementor/assets/lib/font-awesome/css/v4-shims.min.css?ver=3.7.7 HTTP/1.1" 200 27176 "https://scott.motionave.com/" "Mozilla/5.0 (Linux; Android 10; K) AppleWebKit/537.36 (KHTML, like Gecko) Chrome/152.0.0.0 Mobile Safari/537.36"
114.8.205.114 - - [01/Sep/2026:09:34:54 -0500] "GET /wp-content/uploads/elementor/css/post-9.css?ver=1663770907 HTTP/1.1" 200 22378 "https://scott.motionave.com/" "Mozilla/5.0 (Linux; Android 10; K) AppleWebKit/537.36 (KHTML, like Gecko) Chrome/152.0.0.0 Mobile Safari/537.36"
114.8.205.114 - - [01/Sep/2026:09:34:54 -0500] "GET /wp-content/uploads/elementor/css/post-146.css?ver=1663770908 HTTP/1.1" 200 2370 "https://scott.motionave.com/" "Mozilla/5.0 (Linux; Android 10; K) AppleWebKit/537.36 (KHTML, like Gecko) Chrome/152.0.0.0 Mobile Safari/537.36"
114.8.205.114 - - [01/Sep/2026:09:34:54 -0500] "GET /wp-content/plugins/elementor/assets/lib/font-awesome/css/fontawesome.min.css?ver=5.15.3 HTTP/1.1" 200 58502 "https://scott.motionave.com/" "Mozilla/5.0 (Linux; Android 10; K) AppleWebKit/537.36 (KHTML, like Gecko) Chrome/152.0.0.0 Mobile Safari/537.36"
114.8.205.114 - - [01/Sep/2026:09:34:54 -0500] "GET /wp-content/plugins/elementor/assets/lib/font-awesome/css/solid.min.css?ver=5.15.3 HTTP/1.1" 200 1210 "https://scott.motionave.com/" "Mozilla/5.0 (Linux; Android 10; K) AppleWebKit/537.36 (KHTML, like Gecko) Chrome/152.0.0.0 Mobile Safari/537.36"
114.8.205.114 - - [01/Sep/2026:09:34:55 -0500] "GET /wp-content/uploads/elementor/css/post-22.css?ver=1663770908 HTTP/1.1" 200 10562 "https://scott.motionave.com/" "Mozilla/5.0 (Linux; Android 10; K) AppleWebKit/537.36 (KHTML, like Gecko) Chrome/152.0.0.0 Mobile Safari/537.36"
114.8.205.114 - - [01/Sep/2026:09:34:55 -0500] "GET /wp-includes/js/jquery/jquery-migrate.min.js?ver=3.4.1 HTTP/1.1" 200 14164 "https://scott.motionave.com/" "Mozilla/5.0 (Linux; Android 10; K) AppleWebKit/537.36 (KHTML, like Gecko) Chrome/152.0.0.0 Mobile Safari/537.36"
114.8.205.114 - - [01/Sep/2026:09:34:55 -0500] "GET /wp-content/plugins/elementor/assets/lib/font-awesome/js/v4-shims.min.js?ver=3.7.7 HTTP/1.1" 200 15485 "https://scott.motionave.com/" "Mozilla/5.0 (Linux; Android 10; K) AppleWebKit/537.36 (KHTML, like Gecko) Chrome/152.0.0.0 Mobile Safari/537.36"
114.8.205.114 - - [01/Sep/2026:09:34:55 -0500] "GET /wp-content/uploads/2021/07/SKLogo-orang.png HTTP/1.1" 200 23415 "https://scott.motionave.com/" "Mozilla/5.0 (Linux; Android 10; K) AppleWebKit/537.36 (KHTML, like Gecko) Chrome/152.0.0.0 Mobile Safari/537.36"
114.8.205.114 - - [01/Sep/2026:09:34:55 -0500] "GET /wp-content/plugins/elementor-pro/assets/css/widget-nav-menu.min.css HTTP/1.1" 200 29875 "https://scott.motionave.com/" "Mozilla/5.0 (Linux; Android 10; K) AppleWebKit/537.36 (KHTML, like Gecko) Chrome/152.0.0.0 Mobile Safari/537.36"
114.8.205.114 - - [01/Sep/2026:09:34:54 -0500] "GET /wp-content/uploads/elementor/css/global.css?ver=1663770907 HTTP/1.1" 200 104695 "https://scott.motionave.com/" "Mozilla/5.0 (Linux; Android 10; K) AppleWebKit/537.36 (KHTML, like Gecko) Chrome/152.0.0.0 Mobile Safari/537.36"
114.8.205.114 - - [01/Sep/2026:09:34:55 -0500] "GET /wp-content/plugins/elementor-pro/assets/css/widget-call-to-action.min.css HTTP/1.1" 200 11811 "https://scott.motionave.com/" "Mozilla/5.0 (Linux; Android 10; K) AppleWebKit/537.36 (KHTML, like Gecko) Chrome/152.0.0.0 Mobile Safari/537.36"
114.8.205.114 - - [01/Sep/2026:09:34:56 -0500] "GET /wp-content/themes/hello-elementor/assets/js/hello-frontend.min.js?ver=1.0.0 HTTP/1.1" 200 3563 "https://scott.motionave.com/" "Mozilla/5.0 (Linux; Android 10; K) AppleWebKit/537.36 (KHTML, like Gecko) Chrome/152.0.0.0 Mobile Safari/537.36"
114.8.205.114 - - [01/Sep/2026:09:34:55 -0500] "GET /wp-includes/js/jquery/jquery.min.js?ver=3.7.1 HTTP/1.1" 200 88402 "https://scott.motionave.com/" "Mozilla/5.0 (Linux; Android 10; K) AppleWebKit/537.36 (KHTML, like Gecko) Chrome/152.0.0.0 Mobile Safari/537.36"
114.8.205.114 - - [01/Sep/2026:09:34:56 -0500] "GET /wp-content/plugins/elementor-pro/assets/lib/smartmenus/jquery.smartmenus.min.js?ver=1.0.1 HTTP/1.1" 200 25690 "https://scott.motionave.com/" "Mozilla/5.0 (Linux; Android 10; K) AppleWebKit/537.36 (KHTML, like Gecko) Chrome/152.0.0.0 Mobile Safari/537.36"
114.8.205.114 - - [01/Sep/2026:09:34:56 -0500] "GET /wp-content/plugins/elementor-pro/assets/js/webpack-pro.runtime.min.js?ver=3.7.5 HTTP/1.1" 200 5584 "https://scott.motionave.com/" "Mozilla/5.0 (Linux; Android 10; K) AppleWebKit/537.36 (KHTML, like Gecko) Chrome/152.0.0.0 Mobile Safari/537.36"
114.8.205.114 - - [01/Sep/2026:09:34:56 -0500] "GET /wp-content/plugins/elementor/assets/js/webpack.runtime.min.js?ver=3.7.7 HTTP/1.1" 200 5357 "https://scott.motionave.com/" "Mozilla/5.0 (Linux; Android 10; K) AppleWebKit/537.36 (KHTML, like Gecko) Chrome/152.0.0.0 Mobile Safari/537.36"
114.8.205.114 - - [01/Sep/2026:09:34:56 -0500] "GET /wp-content/plugins/elementor/assets/js/frontend-modules.min.js?ver=3.7.7 HTTP/1.1" 200 33446 "https://scott.motionave.com/" "Mozilla/5.0 (Linux; Android 10; K) AppleWebKit/537.36 (KHTML, like Gecko) Chrome/152.0.0.0 Mobile Safari/537.36"
114.8.205.114 - - [01/Sep/2026:09:34:56 -0500] "GET /wp-includes/js/dist/hooks.min.js?ver=dd5603f07f9220ed27f1 HTTP/1.1" 200 6061 "https://scott.motionave.com/" "Mozilla/5.0 (Linux; Android 10; K) AppleWebKit/537.36 (KHTML, like Gecko) Chrome/152.0.0.0 Mobile Safari/537.36"
114.8.205.114 - - [01/Sep/2026:09:34:56 -0500] "GET /wp-includes/js/dist/i18n.min.js?ver=c26c3dc7bed366793375 HTTP/1.1" 200 5714 "https://scott.motionave.com/" "Mozilla/5.0 (Linux; Android 10; K) AppleWebKit/537.36 (KHTML, like Gecko) Chrome/152.0.0.0 Mobile Safari/537.36"
114.8.205.114 - - [01/Sep/2026:09:34:56 -0500] "GET /wp-content/plugins/elementor-pro/assets/js/frontend.min.js?ver=3.7.5 HTTP/1.1" 200 21876 "https://scott.motionave.com/" "Mozilla/5.0 (Linux; Android 10; K) AppleWebKit/537.36 (KHTML, like Gecko) Chrome/152.0.0.0 Mobile Safari/537.36"
114.8.205.114 - - [01/Sep/2026:09:34:56 -0500] "GET /wp-content/plugins/elementor/assets/lib/waypoints/waypoints.min.js?ver=4.0.2 HTTP/1.1" 200 12628 "https://scott.motionave.com/" "Mozilla/5.0 (Linux; Android 10; K) AppleWebKit/537.36 (KHTML, like Gecko) Chrome/152.0.0.0 Mobile Safari/537.36"
114.8.205.114 - - [01/Sep/2026:09:34:56 -0500] "GET /wp-content/uploads/2021/07/down-arrow-0.png HTTP/1.1" 200 685 "https://scott.motionave.com/" "Mozilla/5.0 (Linux; Android 10; K) AppleWebKit/537.36 (KHTML, like Gecko) Chrome/152.0.0.0 Mobile Safari/537.36"
114.8.205.114 - - [01/Sep/2026:09:34:56 -0500] "GET /wp-includes/js/jquery/ui/core.min.js?ver=1.13.3 HTTP/1.1" 200 21923 "https://scott.motionave.com/" "Mozilla/5.0 (Linux; Android 10; K) AppleWebKit/537.36 (KHTML, like Gecko) Chrome/152.0.0.0 Mobile Safari/537.36"
114.8.205.114 - - [01/Sep/2026:09:34:57 -0500] "GET /wp-content/plugins/elementor/assets/js/frontend.min.js?ver=3.7.7 HTTP/1.1" 200 41059 "https://scott.motionave.com/" "Mozilla/5.0 (Linux; Android 10; K) AppleWebKit/537.36 (KHTML, like Gecko) Chrome/152.0.0.0 Mobile Safari/537.36"
114.8.205.114 - - [01/Sep/2026:09:34:57 -0500] "GET /wp-content/plugins/elementor-pro/assets/js/elements-handlers.min.js?ver=3.7.5 HTTP/1.1" 200 24870 "https://scott.motionave.com/" "Mozilla/5.0 (Linux; Android 10; K) AppleWebKit/537.36 (KHTML, like Gecko) Chrome/152.0.0.0 Mobile Safari/537.36"
114.8.205.114 - - [01/Sep/2026:09:34:57 -0500] "GET /wp-content/uploads/2021/07/line-.png HTTP/1.1" 200 551 "https://scott.motionave.com/" "Mozilla/5.0 (Linux; Android 10; K) AppleWebKit/537.36 (KHTML, like Gecko) Chrome/152.0.0.0 Mobile Safari/537.36"
114.8.205.114 - - [01/Sep/2026:09:34:56 -0500] "GET /wp-content/uploads/2021/08/representative-project-about.jpg HTTP/1.1" 200 478000 "https://scott.motionave.com/wp-content/uploads/elementor/css/post-9.css?ver=1663770907" "Mozilla/5.0 (Linux; Android 10; K) AppleWebKit/537.36 (KHTML, like Gecko) Chrome/152.0.0.0 Mobile Safari/537.36"
114.8.205.114 - - [01/Sep/2026:09:34:57 -0500] "GET /wp-content/uploads/2022/08/Certainty-Efficiency-Experience-1024x773.png HTTP/1.1" 200 69593 "https://scott.motionave.com/" "Mozilla/5.0 (Linux; Android 10; K) AppleWebKit/537.36 (KHTML, like Gecko) Chrome/152.0.0.0 Mobile Safari/537.36"
114.8.205.114 - - [01/Sep/2026:09:34:57 -0500] "GET /wp-content/uploads/2021/07/Services-scaled.jpg HTTP/1.1" 200 172659 "https://scott.motionave.com/wp-content/uploads/elementor/css/post-9.css?ver=1663770907" "Mozilla/5.0 (Linux; Android 10; K) AppleWebKit/537.36 (KHTML, like Gecko) Chrome/152.0.0.0 Mobile Safari/537.36"
114.8.205.114 - - [01/Sep/2026:09:34:56 -0500] "GET /wp-content/plugins/elementor/assets/lib/eicons/fonts/eicons.woff2?5.16.0 HTTP/1.1" 200 94081 "https://scott.motionave.com/wp-content/plugins/elementor/assets/lib/eicons/css/elementor-icons.min.css?ver=5.16.0" "Mozilla/5.0 (Linux; Android 10; K) AppleWebKit/537.36 (KHTML, like Gecko) Chrome/152.0.0.0 Mobile Safari/537.36"
114.8.205.114 - - [01/Sep/2026:09:34:59 -0500] "GET /wp-content/uploads/2021/08/FrontCoralWayStorage___LOW-1024x579.jpg HTTP/1.1" 200 93123 "https://scott.motionave.com/" "Mozilla/5.0 (Linux; Android 10; K) AppleWebKit/537.36 (KHTML, like Gecko) Chrome/152.0.0.0 Mobile Safari/537.36"
