34.175.15.234 - - [31/Aug/2026:20:17:17 -0500] "GET /pinfo.php HTTP/1.1" 404 308 "-" "Mozilla/5.0 (X11; Linux x86_64) AppleWebKit/537.36 (KHTML, like Gecko) Chrome/131.0.0.0 Safari/537.36"
34.175.15.234 - - [31/Aug/2026:20:17:17 -0500] "GET /test.php HTTP/1.1" 404 308 "-" "Mozilla/5.0 (X11; Linux x86_64) AppleWebKit/537.36 (KHTML, like Gecko) Chrome/131.0.0.0 Safari/537.36"
34.175.15.234 - - [31/Aug/2026:20:17:17 -0500] "GET /phpinfo HTTP/1.1" 404 1136 "-" "Mozilla/5.0 (X11; Linux x86_64) AppleWebKit/537.36 (KHTML, like Gecko) Chrome/131.0.0.0 Safari/537.36"
34.175.15.234 - - [31/Aug/2026:20:17:17 -0500] "GET /p.php HTTP/1.1" 404 308 "-" "Mozilla/5.0 (X11; Linux x86_64) AppleWebKit/537.36 (KHTML, like Gecko) Chrome/131.0.0.0 Safari/537.36"
34.175.15.234 - - [31/Aug/2026:20:17:18 -0500] "GET /debug.php HTTP/1.1" 404 308 "-" "Mozilla/5.0 (X11; Linux x86_64) AppleWebKit/537.36 (KHTML, like Gecko) Chrome/131.0.0.0 Safari/537.36"
34.175.15.234 - - [31/Aug/2026:20:17:18 -0500] "GET /admin/phpinfo.php HTTP/1.1" 404 1136 "-" "Mozilla/5.0 (X11; Linux x86_64) AppleWebKit/537.36 (KHTML, like Gecko) Chrome/131.0.0.0 Safari/537.36"
34.175.15.234 - - [31/Aug/2026:20:17:18 -0500] "GET /test/phpinfo.php HTTP/1.1" 404 1136 "-" "Mozilla/5.0 (X11; Linux x86_64) AppleWebKit/537.36 (KHTML, like Gecko) Chrome/131.0.0.0 Safari/537.36"
34.175.15.234 - - [31/Aug/2026:20:17:18 -0500] "GET /dev/phpinfo.php HTTP/1.1" 404 1136 "-" "Mozilla/5.0 (X11; Linux x86_64) AppleWebKit/537.36 (KHTML, like Gecko) Chrome/131.0.0.0 Safari/537.36"
34.175.15.234 - - [31/Aug/2026:20:17:18 -0500] "GET /old/phpinfo.php HTTP/1.1" 404 1136 "-" "Mozilla/5.0 (X11; Linux x86_64) AppleWebKit/537.36 (KHTML, like Gecko) Chrome/131.0.0.0 Safari/537.36"
34.175.15.234 - - [31/Aug/2026:20:17:18 -0500] "GET /tmp/phpinfo.php HTTP/1.1" 404 1136 "-" "Mozilla/5.0 (X11; Linux x86_64) AppleWebKit/537.36 (KHTML, like Gecko) Chrome/131.0.0.0 Safari/537.36"
34.175.15.234 - - [31/Aug/2026:20:17:18 -0500] "GET /public/phpinfo.php HTTP/1.1" 404 1136 "-" "Mozilla/5.0 (X11; Linux x86_64) AppleWebKit/537.36 (KHTML, like Gecko) Chrome/131.0.0.0 Safari/537.36"
34.175.15.234 - - [31/Aug/2026:20:17:18 -0500] "GET /info HTTP/1.1" 404 1136 "-" "Mozilla/5.0 (X11; Linux x86_64) AppleWebKit/537.36 (KHTML, like Gecko) Chrome/131.0.0.0 Safari/537.36"
34.175.15.234 - - [31/Aug/2026:20:17:19 -0500] "GET /php-info.php HTTP/1.1" 404 308 "-" "Mozilla/5.0 (X11; Linux x86_64) AppleWebKit/537.36 (KHTML, like Gecko) Chrome/131.0.0.0 Safari/537.36"
34.175.15.234 - - [31/Aug/2026:20:17:19 -0500] "GET /phpversion.php HTTP/1.1" 404 308 "-" "Mozilla/5.0 (X11; Linux x86_64) AppleWebKit/537.36 (KHTML, like Gecko) Chrome/131.0.0.0 Safari/537.36"
34.175.15.234 - - [31/Aug/2026:20:17:19 -0500] "GET /_phpinfo.php HTTP/1.1" 404 308 "-" "Mozilla/5.0 (X11; Linux x86_64) AppleWebKit/537.36 (KHTML, like Gecko) Chrome/131.0.0.0 Safari/537.36"
34.175.15.234 - - [31/Aug/2026:20:17:19 -0500] "GET /old_phpinfo.php HTTP/1.1" 404 308 "-" "Mozilla/5.0 (X11; Linux x86_64) AppleWebKit/537.36 (KHTML, like Gecko) Chrome/131.0.0.0 Safari/537.36"
34.175.15.234 - - [31/Aug/2026:20:17:19 -0500] "GET /server-info.php HTTP/1.1" 404 308 "-" "Mozilla/5.0 (X11; Linux x86_64) AppleWebKit/537.36 (KHTML, like Gecko) Chrome/131.0.0.0 Safari/537.36"
34.175.15.234 - - [31/Aug/2026:20:17:19 -0500] "GET /server-status.php HTTP/1.1" 404 308 "-" "Mozilla/5.0 (X11; Linux x86_64) AppleWebKit/537.36 (KHTML, like Gecko) Chrome/131.0.0.0 Safari/537.36"
34.175.15.234 - - [31/Aug/2026:20:17:19 -0500] "GET /_profiler/phpinfo HTTP/1.1" 404 1136 "-" "Mozilla/5.0 (X11; Linux x86_64) AppleWebKit/537.36 (KHTML, like Gecko) Chrome/131.0.0.0 Safari/537.36"
34.175.15.234 - - [31/Aug/2026:20:17:19 -0500] "GET /_environment HTTP/1.1" 404 1136 "-" "Mozilla/5.0 (X11; Linux x86_64) AppleWebKit/537.36 (KHTML, like Gecko) Chrome/131.0.0.0 Safari/537.36"
34.175.15.234 - - [31/Aug/2026:20:17:20 -0500] "GET /webroot/index.php/_environment HTTP/1.1" 404 1136 "-" "Mozilla/5.0 (X11; Linux x86_64) AppleWebKit/537.36 (KHTML, like Gecko) Chrome/131.0.0.0 Safari/537.36"
34.175.15.234 - - [31/Aug/2026:20:17:20 -0500] "GET /mail/phpinfo.php HTTP/1.1" 404 1136 "-" "Mozilla/5.0 (X11; Linux x86_64) AppleWebKit/537.36 (KHTML, like Gecko) Chrome/131.0.0.0 Safari/537.36"
34.175.15.234 - - [31/Aug/2026:20:17:20 -0500] "GET /cpanel/phpinfo.php HTTP/1.1" 404 1136 "-" "Mozilla/5.0 (X11; Linux x86_64) AppleWebKit/537.36 (KHTML, like Gecko) Chrome/131.0.0.0 Safari/537.36"
34.175.15.234 - - [31/Aug/2026:20:17:20 -0500] "GET /hosting/phpinfo.php HTTP/1.1" 404 1136 "-" "Mozilla/5.0 (X11; Linux x86_64) AppleWebKit/537.36 (KHTML, like Gecko) Chrome/131.0.0.0 Safari/537.36"
34.175.15.234 - - [31/Aug/2026:20:17:20 -0500] "GET /webmail/phpinfo.php HTTP/1.1" 404 1136 "-" "Mozilla/5.0 (X11; Linux x86_64) AppleWebKit/537.36 (KHTML, like Gecko) Chrome/131.0.0.0 Safari/537.36"
34.175.15.234 - - [31/Aug/2026:20:17:20 -0500] "GET /smtp/phpinfo.php HTTP/1.1" 404 1136 "-" "Mozilla/5.0 (X11; Linux x86_64) AppleWebKit/537.36 (KHTML, like Gecko) Chrome/131.0.0.0 Safari/537.36"
34.175.15.234 - - [31/Aug/2026:20:17:20 -0500] "GET /phpinfo.php.bak HTTP/1.1" 404 1136 "-" "Mozilla/5.0 (X11; Linux x86_64) AppleWebKit/537.36 (KHTML, like Gecko) Chrome/131.0.0.0 Safari/537.36"
34.175.15.234 - - [31/Aug/2026:20:17:20 -0500] "GET /phpinfo.php.old HTTP/1.1" 404 1136 "-" "Mozilla/5.0 (X11; Linux x86_64) AppleWebKit/537.36 (KHTML, like Gecko) Chrome/131.0.0.0 Safari/537.36"
34.175.15.234 - - [31/Aug/2026:20:17:20 -0500] "GET /phpinfo.php~ HTTP/1.1" 404 1136 "-" "Mozilla/5.0 (X11; Linux x86_64) AppleWebKit/537.36 (KHTML, like Gecko) Chrome/131.0.0.0 Safari/537.36"
34.175.15.234 - - [31/Aug/2026:20:17:21 -0500] "GET /info.php.bak HTTP/1.1" 404 1136 "-" "Mozilla/5.0 (X11; Linux x86_64) AppleWebKit/537.36 (KHTML, like Gecko) Chrome/131.0.0.0 Safari/537.36"
34.175.15.234 - - [31/Aug/2026:20:17:21 -0500] "GET /phpinfo.php.save HTTP/1.1" 404 1136 "-" "Mozilla/5.0 (X11; Linux x86_64) AppleWebKit/537.36 (KHTML, like Gecko) Chrome/131.0.0.0 Safari/537.36"
34.175.15.234 - - [31/Aug/2026:20:17:21 -0500] "GET /staging/phpinfo.php HTTP/1.1" 404 1136 "-" "Mozilla/5.0 (X11; Linux x86_64) AppleWebKit/537.36 (KHTML, like Gecko) Chrome/131.0.0.0 Safari/537.36"
34.175.15.234 - - [31/Aug/2026:20:17:21 -0500] "GET /beta/phpinfo.php HTTP/1.1" 404 1136 "-" "Mozilla/5.0 (X11; Linux x86_64) AppleWebKit/537.36 (KHTML, like Gecko) Chrome/131.0.0.0 Safari/537.36"
34.175.15.234 - - [31/Aug/2026:20:17:21 -0500] "GET /uat/phpinfo.php HTTP/1.1" 404 1136 "-" "Mozilla/5.0 (X11; Linux x86_64) AppleWebKit/537.36 (KHTML, like Gecko) Chrome/131.0.0.0 Safari/537.36"
34.175.15.234 - - [31/Aug/2026:20:17:21 -0500] "GET /qa/phpinfo.php HTTP/1.1" 404 1136 "-" "Mozilla/5.0 (X11; Linux x86_64) AppleWebKit/537.36 (KHTML, like Gecko) Chrome/131.0.0.0 Safari/537.36"
34.175.15.234 - - [31/Aug/2026:20:17:21 -0500] "GET /preview/phpinfo.php HTTP/1.1" 404 1136 "-" "Mozilla/5.0 (X11; Linux x86_64) AppleWebKit/537.36 (KHTML, like Gecko) Chrome/131.0.0.0 Safari/537.36"
34.175.15.234 - - [31/Aug/2026:20:17:21 -0500] "GET /www/phpinfo.php HTTP/1.1" 404 1136 "-" "Mozilla/5.0 (X11; Linux x86_64) AppleWebKit/537.36 (KHTML, like Gecko) Chrome/131.0.0.0 Safari/537.36"
34.175.15.234 - - [31/Aug/2026:20:17:22 -0500] "GET /htdocs/phpinfo.php HTTP/1.1" 404 1136 "-" "Mozilla/5.0 (X11; Linux x86_64) AppleWebKit/537.36 (KHTML, like Gecko) Chrome/131.0.0.0 Safari/537.36"
34.175.15.234 - - [31/Aug/2026:20:17:22 -0500] "GET /public_html/phpinfo.php HTTP/1.1" 404 1136 "-" "Mozilla/5.0 (X11; Linux x86_64) AppleWebKit/537.36 (KHTML, like Gecko) Chrome/131.0.0.0 Safari/537.36"
34.175.15.234 - - [31/Aug/2026:20:17:22 -0500] "GET /site/phpinfo.php HTTP/1.1" 404 1136 "-" "Mozilla/5.0 (X11; Linux x86_64) AppleWebKit/537.36 (KHTML, like Gecko) Chrome/131.0.0.0 Safari/537.36"
34.175.15.234 - - [31/Aug/2026:20:17:22 -0500] "GET /docs/phpinfo.php HTTP/1.1" 404 1136 "-" "Mozilla/5.0 (X11; Linux x86_64) AppleWebKit/537.36 (KHTML, like Gecko) Chrome/131.0.0.0 Safari/537.36"
34.175.15.234 - - [31/Aug/2026:20:17:22 -0500] "GET /wp-admin/phpinfo.php HTTP/1.1" 404 308 "-" "Mozilla/5.0 (X11; Linux x86_64) AppleWebKit/537.36 (KHTML, like Gecko) Chrome/131.0.0.0 Safari/537.36"
34.175.15.234 - - [31/Aug/2026:20:17:22 -0500] "GET /administrator/phpinfo.php HTTP/1.1" 404 1136 "-" "Mozilla/5.0 (X11; Linux x86_64) AppleWebKit/537.36 (KHTML, like Gecko) Chrome/131.0.0.0 Safari/537.36"
34.175.15.234 - - [31/Aug/2026:20:17:22 -0500] "GET /core/phpinfo.php HTTP/1.1" 404 1136 "-" "Mozilla/5.0 (X11; Linux x86_64) AppleWebKit/537.36 (KHTML, like Gecko) Chrome/131.0.0.0 Safari/537.36"
34.175.15.234 - - [31/Aug/2026:20:17:22 -0500] "GET /includes/phpinfo.php HTTP/1.1" 404 1136 "-" "Mozilla/5.0 (X11; Linux x86_64) AppleWebKit/537.36 (KHTML, like Gecko) Chrome/131.0.0.0 Safari/537.36"
34.175.15.234 - - [31/Aug/2026:20:17:23 -0500] "GET /service-account.json HTTP/1.1" 404 1136 "-" "Mozilla/5.0 (X11; Linux x86_64) AppleWebKit/537.36 (KHTML, like Gecko) Chrome/131.0.0.0 Safari/537.36"
34.175.15.234 - - [31/Aug/2026:20:17:23 -0500] "GET /sa.json HTTP/1.1" 404 1136 "-" "Mozilla/5.0 (X11; Linux x86_64) AppleWebKit/537.36 (KHTML, like Gecko) Chrome/131.0.0.0 Safari/537.36"
34.175.15.234 - - [31/Aug/2026:20:17:23 -0500] "GET /gcp-key.json HTTP/1.1" 404 1136 "-" "Mozilla/5.0 (X11; Linux x86_64) AppleWebKit/537.36 (KHTML, like Gecko) Chrome/131.0.0.0 Safari/537.36"
34.175.15.234 - - [31/Aug/2026:20:17:23 -0500] "GET /gcp-credentials.json HTTP/1.1" 404 1136 "-" "Mozilla/5.0 (X11; Linux x86_64) AppleWebKit/537.36 (KHTML, like Gecko) Chrome/131.0.0.0 Safari/537.36"
34.175.15.234 - - [31/Aug/2026:20:17:23 -0500] "GET /gcp-sa.json HTTP/1.1" 404 1136 "-" "Mozilla/5.0 (X11; Linux x86_64) AppleWebKit/537.36 (KHTML, like Gecko) Chrome/131.0.0.0 Safari/537.36"
34.175.15.234 - - [31/Aug/2026:20:17:23 -0500] "GET /credentials.json HTTP/1.1" 404 1136 "-" "Mozilla/5.0 (X11; Linux x86_64) AppleWebKit/537.36 (KHTML, like Gecko) Chrome/131.0.0.0 Safari/537.36"
34.175.15.234 - - [31/Aug/2026:20:17:23 -0500] "GET /google-credentials.json HTTP/1.1" 404 1136 "-" "Mozilla/5.0 (X11; Linux x86_64) AppleWebKit/537.36 (KHTML, like Gecko) Chrome/131.0.0.0 Safari/537.36"
34.175.15.234 - - [31/Aug/2026:20:17:24 -0500] "GET /google-key.json HTTP/1.1" 404 1136 "-" "Mozilla/5.0 (X11; Linux x86_64) AppleWebKit/537.36 (KHTML, like Gecko) Chrome/131.0.0.0 Safari/537.36"
34.175.15.234 - - [31/Aug/2026:20:17:24 -0500] "GET /.config/gcloud/application_default_credentials.json HTTP/1.1" 404 1136 "-" "Mozilla/5.0 (X11; Linux x86_64) AppleWebKit/537.36 (KHTML, like Gecko) Chrome/131.0.0.0 Safari/537.36"
34.175.15.234 - - [31/Aug/2026:20:17:24 -0500] "GET /application_default_credentials.json HTTP/1.1" 404 1136 "-" "Mozilla/5.0 (X11; Linux x86_64) AppleWebKit/537.36 (KHTML, like Gecko) Chrome/131.0.0.0 Safari/537.36"
34.175.15.234 - - [31/Aug/2026:20:17:24 -0500] "GET /key.json HTTP/1.1" 404 1136 "-" "Mozilla/5.0 (X11; Linux x86_64) AppleWebKit/537.36 (KHTML, like Gecko) Chrome/131.0.0.0 Safari/537.36"
34.175.15.234 - - [31/Aug/2026:20:17:24 -0500] "GET /keyfile.json HTTP/1.1" 404 1136 "-" "Mozilla/5.0 (X11; Linux x86_64) AppleWebKit/537.36 (KHTML, like Gecko) Chrome/131.0.0.0 Safari/537.36"
34.175.15.234 - - [31/Aug/2026:20:17:24 -0500] "GET /firebase-adminsdk.json HTTP/1.1" 404 1136 "-" "Mozilla/5.0 (X11; Linux x86_64) AppleWebKit/537.36 (KHTML, like Gecko) Chrome/131.0.0.0 Safari/537.36"
34.175.15.234 - - [31/Aug/2026:20:17:24 -0500] "GET /firebase-key.json HTTP/1.1" 404 1136 "-" "Mozilla/5.0 (X11; Linux x86_64) AppleWebKit/537.36 (KHTML, like Gecko) Chrome/131.0.0.0 Safari/537.36"
34.175.15.234 - - [31/Aug/2026:20:17:25 -0500] "GET / HTTP/1.1" 200 245756 "-" "Mozilla/5.0 (Windows NT 10.0; Win64; x64) AppleWebKit/537.36 (KHTML, like Gecko) Chrome/131.0.0.0 Safari/537.36"
34.175.15.234 - - [31/Aug/2026:20:16:56 -0500] "GET /yii/.env HTTP/1.1" 404 1136 "-" "Mozilla/5.0 (X11; Linux x86_64) AppleWebKit/537.36 (KHTML, like Gecko) Chrome/131.0.0.0 Safari/537.36"
34.175.15.234 - - [31/Aug/2026:20:18:54 -0500] "GET /laravel5/.env HTTP/1.1" 404 1136 "-" "Mozilla/5.0 (X11; Linux x86_64) AppleWebKit/537.36 (KHTML, like Gecko) Chrome/131.0.0.0 Safari/537.36"
57.141.4.30 - - [31/Aug/2026:20:20:20 -0500] "GET /six-ways-optimize-google-my-business-local-seo/image2-12/ HTTP/1.1" 404 5913 "-" "Mozilla/5.0 (Windows NT 10.0; Win64; x64) AppleWebKit/537.36 (KHTML, like Gecko) Chrome/145.0.0.0 Safari/537.36 (compatible; meta-externalagent/1.1 (+https://developers.facebook.com/docs/sharing/webmasters/crawler))"
207.244.250.86 - - [31/Aug/2026:20:25:45 -0500] "POST /wp-cron.php?doing_wp_cron=1788225945.2431950569152832031250 HTTP/1.1" 200 4887 "-" "WordPress/6.3.10; https://devsite.motionave.com"
192.185.4.96 - - [31/Aug/2026:20:25:42 -0500] "GET /wp-login.php HTTP/1.1" 200 11781 "-" "Mozilla/5.0 (Windows NT 10.0; Win64; x64) AppleWebKit/537.36 (KHTML, like Gecko) Chrome/151.0.0.0 Safari/537.36"
192.185.4.96 - - [31/Aug/2026:20:25:45 -0500] "POST /wp-login.php HTTP/1.1" 200 7452 "https://devsite.motionave.com/wp-login.php" "Mozilla/5.0 (Windows NT 10.0; Win64; x64) AppleWebKit/537.36 (KHTML, like Gecko) Chrome/151.0.0.0 Safari/537.36"
52.167.144.161 - - [31/Aug/2026:20:31:13 -0500] "GET /team/some-fun-facts-2/icono-4/ HTTP/1.1" 404 5890 "-" "Mozilla/5.0 AppleWebKit/537.36 (KHTML, like Gecko; compatible; bingbot/2.0; +http://www.bing.com/bingbot.htm) Chrome/116.0.1938.76 Safari/537.36"
57.141.4.20 - - [31/Aug/2026:20:31:34 -0500] "GET /presidential-slogans-race-capturing-votes/presidential-slogans-the-race-for-capturing-votes/ HTTP/1.1" 404 5913 "-" "Mozilla/5.0 (Windows NT 10.0; Win64; x64) AppleWebKit/537.36 (KHTML, like Gecko) Chrome/145.0.0.0 Safari/537.36 (compatible; meta-externalagent/1.1 (+https://developers.facebook.com/docs/sharing/webmasters/crawler))"
57.141.4.35 - - [31/Aug/2026:20:40:15 -0500] "GET /how-to-reach-out-to-your-audience-in-an-ad-free-world/how-to-reach-out-to-your-audience-in-an-ad-free-world-1/ HTTP/1.1" 404 5913 "-" "Mozilla/5.0 (Windows NT 10.0; Win64; x64) AppleWebKit/537.36 (KHTML, like Gecko) Chrome/145.0.0.0 Safari/537.36 (compatible; meta-externalagent/1.1 (+https://developers.facebook.com/docs/sharing/webmasters/crawler))"
207.244.250.86 - - [31/Aug/2026:20:40:33 -0500] "POST /wp-cron.php?doing_wp_cron=1788226833.0889511108398437500000 HTTP/1.1" 200 4887 "-" "WordPress/6.3.10; https://devsite.motionave.com"
108.167.188.65 - - [31/Aug/2026:20:40:31 -0500] "GET /wp-login.php HTTP/1.1" 200 11781 "-" "Mozilla/5.0 (Windows NT 10.0; Win64; x64) AppleWebKit/537.36 (KHTML, like Gecko) Chrome/151.0.0.0 Safari/537.36"
108.167.188.65 - - [31/Aug/2026:20:40:33 -0500] "POST /wp-login.php HTTP/1.1" 200 7452 "https://devsite.motionave.com/wp-login.php" "Mozilla/5.0 (Windows NT 10.0; Win64; x64) AppleWebKit/537.36 (KHTML, like Gecko) Chrome/151.0.0.0 Safari/537.36"
89.221.244.233 - - [31/Aug/2026:20:40:53 -0500] "GET /wp-login.php HTTP/1.1" 200 11781 "-" "Mozilla/5.0 (Windows NT 10.0; Win64; x64) AppleWebKit/537.36 (KHTML, like Gecko) Chrome/151.0.0.0 Safari/537.36"
89.221.244.233 - - [31/Aug/2026:20:40:54 -0500] "POST /wp-login.php HTTP/1.1" 200 7440 "https://devsite.motionave.com/wp-login.php" "Mozilla/5.0 (Windows NT 10.0; Win64; x64) AppleWebKit/537.36 (KHTML, like Gecko) Chrome/151.0.0.0 Safari/537.36"
202.51.202.242 - - [31/Aug/2026:20:41:37 -0500] "GET /wp-login.php HTTP/1.1" 200 11781 "-" "Mozilla/5.0 (Windows NT 10.0; Win64; x64) AppleWebKit/537.36 (KHTML, like Gecko) Chrome/151.0.0.0 Safari/537.36"
202.51.202.242 - - [31/Aug/2026:20:41:41 -0500] "GET /wp-json/wp/v2/users/me HTTP/1.1" 404 5857 "-" "Mozilla/5.0 (Windows NT 10.0; Win64; x64) AppleWebKit/537.36 (KHTML, like Gecko) Chrome/151.0.0.0 Safari/537.36"
57.141.4.36 - - [31/Aug/2026:20:43:50 -0500] "GET /all-about-us/ HTTP/1.1" 404 5913 "-" "Mozilla/5.0 (Windows NT 10.0; Win64; x64) AppleWebKit/537.36 (KHTML, like Gecko) Chrome/145.0.0.0 Safari/537.36 (compatible; meta-externalagent/1.1 (+https://developers.facebook.com/docs/sharing/webmasters/crawler))"
57.141.4.48 - - [31/Aug/2026:20:43:52 -0500] "GET /5-game-changers-instagram-marketing-trends-2019/9-2/ HTTP/1.1" 404 5913 "-" "Mozilla/5.0 (Windows NT 10.0; Win64; x64) AppleWebKit/537.36 (KHTML, like Gecko) Chrome/145.0.0.0 Safari/537.36 (compatible; meta-externalagent/1.1 (+https://developers.facebook.com/docs/sharing/webmasters/crawler))"
207.244.250.86 - - [31/Aug/2026:20:54:03 -0500] "POST /wp-cron.php?doing_wp_cron=1788227643.5089139938354492187500 HTTP/1.1" 200 4887 "-" "WordPress/6.3.10; https://devsite.motionave.com"
50.6.207.27 - - [31/Aug/2026:20:54:00 -0500] "GET /wp-login.php HTTP/1.1" 200 11781 "-" "Mozilla/5.0 (Windows NT 10.0; Win64; x64) AppleWebKit/537.36 (KHTML, like Gecko) Chrome/151.0.0.0 Safari/537.36"
50.6.207.27 - - [31/Aug/2026:20:54:03 -0500] "POST /wp-login.php HTTP/1.1" 200 7452 "https://devsite.motionave.com/wp-login.php" "Mozilla/5.0 (Windows NT 10.0; Win64; x64) AppleWebKit/537.36 (KHTML, like Gecko) Chrome/151.0.0.0 Safari/537.36"
162.241.203.42 - - [31/Aug/2026:20:55:56 -0500] "GET /wp-login.php HTTP/1.1" 200 11781 "-" "Mozilla/5.0 (Windows NT 10.0; Win64; x64) AppleWebKit/537.36 (KHTML, like Gecko) Chrome/151.0.0.0 Safari/537.36"
162.241.203.42 - - [31/Aug/2026:20:55:58 -0500] "POST /wp-login.php HTTP/1.1" 200 7436 "https://devsite.motionave.com/wp-login.php" "Mozilla/5.0 (Windows NT 10.0; Win64; x64) AppleWebKit/537.36 (KHTML, like Gecko) Chrome/151.0.0.0 Safari/537.36"
57.141.4.41 - - [31/Aug/2026:20:57:17 -0500] "GET /get-conversation-going-chatbots/ HTTP/1.1" 404 5913 "-" "Mozilla/5.0 (Windows NT 10.0; Win64; x64) AppleWebKit/537.36 (KHTML, like Gecko) Chrome/145.0.0.0 Safari/537.36 (compatible; meta-externalagent/1.1 (+https://developers.facebook.com/docs/sharing/webmasters/crawler))"
108.179.192.20 - - [31/Aug/2026:20:57:46 -0500] "GET /wp-login.php HTTP/1.1" 200 11781 "-" "Mozilla/5.0 (Windows NT 10.0; Win64; x64) AppleWebKit/537.36 (KHTML, like Gecko) Chrome/151.0.0.0 Safari/537.36"
108.179.192.20 - - [31/Aug/2026:20:57:48 -0500] "POST /wp-login.php HTTP/1.1" 200 7456 "https://devsite.motionave.com/wp-login.php" "Mozilla/5.0 (Windows NT 10.0; Win64; x64) AppleWebKit/537.36 (KHTML, like Gecko) Chrome/151.0.0.0 Safari/537.36"
207.244.250.86 - - [31/Aug/2026:21:04:17 -0500] "POST /wp-cron.php?doing_wp_cron=1788228257.8803009986877441406250 HTTP/1.1" 200 4887 "-" "WordPress/6.3.10; https://devsite.motionave.com"
192.185.2.195 - - [31/Aug/2026:21:04:15 -0500] "GET /wp-login.php HTTP/1.1" 200 11781 "-" "Mozilla/5.0 (Windows NT 10.0; Win64; x64) AppleWebKit/537.36 (KHTML, like Gecko) Chrome/151.0.0.0 Safari/537.36"
192.185.2.195 - - [31/Aug/2026:21:04:18 -0500] "POST /wp-login.php HTTP/1.1" 200 7452 "https://devsite.motionave.com/wp-login.php" "Mozilla/5.0 (Windows NT 10.0; Win64; x64) AppleWebKit/537.36 (KHTML, like Gecko) Chrome/151.0.0.0 Safari/537.36"
52.167.144.197 - - [31/Aug/2026:21:05:07 -0500] "GET /google-ads-101-mastering-the-basics/image12-2/ HTTP/1.1" 404 5890 "-" "Mozilla/5.0 AppleWebKit/537.36 (KHTML, like Gecko; compatible; bingbot/2.0; +http://www.bing.com/bingbot.htm) Chrome/116.0.1938.76 Safari/537.36"
209.42.21.221 - - [31/Aug/2026:21:07:02 -0500] "GET /wp-login.php HTTP/1.1" 200 11781 "-" "209.42.21.221"
209.42.21.221 - - [31/Aug/2026:21:07:05 -0500] "POST /wp-login.php HTTP/1.1" 200 7440 "https://devsite.motionave.com/wp-login.php" "209.42.21.221"
207.244.250.86 - - [31/Aug/2026:21:10:25 -0500] "POST /wp-cron.php?doing_wp_cron=1788228625.6404030323028564453125 HTTP/1.1" 200 4887 "-" "WordPress/6.3.10; https://devsite.motionave.com"
50.6.207.27 - - [31/Aug/2026:21:10:21 -0500] "GET /wp-login.php HTTP/1.1" 200 11781 "-" "Mozilla/5.0 (Windows NT 10.0; Win64; x64) AppleWebKit/537.36 (KHTML, like Gecko) Chrome/151.0.0.0 Safari/537.36"
50.6.207.27 - - [31/Aug/2026:21:10:25 -0500] "POST /wp-login.php HTTP/1.1" 200 7436 "https://devsite.motionave.com/wp-login.php" "Mozilla/5.0 (Windows NT 10.0; Win64; x64) AppleWebKit/537.36 (KHTML, like Gecko) Chrome/151.0.0.0 Safari/537.36"
57.141.4.5 - - [31/Aug/2026:21:11:59 -0500] "GET /game-communications-trends-olympics/ HTTP/1.1" 404 5913 "-" "Mozilla/5.0 (Windows NT 10.0; Win64; x64) AppleWebKit/537.36 (KHTML, like Gecko) Chrome/145.0.0.0 Safari/537.36 (compatible; meta-externalagent/1.1 (+https://developers.facebook.com/docs/sharing/webmasters/crawler))"
51.75.119.165 - - [31/Aug/2026:21:15:22 -0500] "GET /robots.txt HTTP/1.1" 403 5885 "-" "Mozilla/5.0 (compatible; MJ12bot/v1.4.8; http://mj12bot.com/)"
207.244.250.86 - - [31/Aug/2026:21:22:05 -0500] "POST /wp-cron.php?doing_wp_cron=1788229325.1725029945373535156250 HTTP/1.1" 200 4887 "-" "WordPress/6.3.10; https://devsite.motionave.com"
108.167.161.148 - - [31/Aug/2026:21:22:12 -0500] "GET /wp-json/wp/v2/users/me HTTP/1.1" 404 5857 "-" "Mozilla/5.0 (Windows NT 10.0; Win64; x64) AppleWebKit/537.36 (KHTML, like Gecko) Chrome/151.0.0.0 Safari/537.36"
108.167.161.148 - - [31/Aug/2026:21:22:00 -0500] "GET /wp-login.php HTTP/1.1" 200 11781 "-" "Mozilla/5.0 (Windows NT 10.0; Win64; x64) AppleWebKit/537.36 (KHTML, like Gecko) Chrome/151.0.0.0 Safari/537.36"
207.244.250.86 - - [31/Aug/2026:21:23:33 -0500] "POST /wp-cron.php?doing_wp_cron=1788229413.2829210758209228515625 HTTP/1.1" 200 4887 "-" "WordPress/6.3.10; https://devsite.motionave.com"
108.167.161.148 - - [31/Aug/2026:21:23:31 -0500] "POST /wp-login.php HTTP/1.1" 200 7452 "https://devsite.motionave.com/wp-login.php" "Mozilla/5.0 (Windows NT 10.0; Win64; x64) AppleWebKit/537.36 (KHTML, like Gecko) Chrome/151.0.0.0 Safari/537.36"
57.141.4.36 - - [31/Aug/2026:21:23:42 -0500] "GET /marketing-updates-with-motion-ave-10/ HTTP/1.1" 404 5913 "-" "Mozilla/5.0 (Windows NT 10.0; Win64; x64) AppleWebKit/537.36 (KHTML, like Gecko) Chrome/144.0.0.0 Safari/537.36 Edg/144.0.0.0 (compatible; meta-externalagent/1.1 (+https://developers.facebook.com/docs/sharing/webmasters/crawler))"
207.244.250.86 - - [31/Aug/2026:21:29:15 -0500] "POST /wp-cron.php?doing_wp_cron=1788229755.7749779224395751953125 HTTP/1.1" 200 4887 "-" "WordPress/6.3.10; https://devsite.motionave.com"
50.6.200.195 - - [31/Aug/2026:21:29:11 -0500] "GET /wp-login.php HTTP/1.1" 200 11781 "-" "Mozilla/5.0 (Windows NT 10.0; Win64; x64) AppleWebKit/537.36 (KHTML, like Gecko) Chrome/151.0.0.0 Safari/537.36"
50.6.200.195 - - [31/Aug/2026:21:29:16 -0500] "POST /wp-login.php HTTP/1.1" 200 7436 "https://devsite.motionave.com/wp-login.php" "Mozilla/5.0 (Windows NT 10.0; Win64; x64) AppleWebKit/537.36 (KHTML, like Gecko) Chrome/151.0.0.0 Safari/537.36"
57.141.4.58 - - [31/Aug/2026:21:29:34 -0500] "GET /guide-for-creating-initial-strategy-will-set-your-business-for-success-part-1/c-motion_-blog-post-jun-2/ HTTP/1.1" 404 5913 "-" "Mozilla/5.0 (Windows NT 10.0; Win64; x64) AppleWebKit/537.36 (KHTML, like Gecko) Chrome/145.0.0.0 Safari/537.36 (compatible; meta-externalagent/1.1 (+https://developers.facebook.com/docs/sharing/webmasters/crawler))"
57.141.4.38 - - [31/Aug/2026:21:31:45 -0500] "GET /marketing-updates-with-motion-ave-37/ HTTP/1.1" 404 5913 "-" "Mozilla/5.0 (X11; Linux x86_64) AppleWebKit/537.36 (KHTML, like Gecko) Chrome/145.0.0.0 Safari/537.36 (compatible; meta-externalagent/1.1 (+https://developers.facebook.com/docs/sharing/webmasters/crawler))"
57.141.4.8 - - [31/Aug/2026:21:35:45 -0500] "GET /colony-theatre-case-study/image3-8/ HTTP/1.1" 404 5913 "-" "Mozilla/5.0 (Macintosh; Intel Mac OS X 10_15_7) AppleWebKit/537.36 (KHTML, like Gecko) Chrome/145.0.0.0 Safari/537.36 (compatible; meta-externalagent/1.1 (+https://developers.facebook.com/docs/sharing/webmasters/crawler))"
57.141.4.26 - - [31/Aug/2026:21:37:43 -0500] "GET /wireframes-o-mockups-diferencia/photo5075728785353058477/ HTTP/1.1" 404 5913 "-" "Mozilla/5.0 (Windows NT 10.0; Win64; x64) AppleWebKit/537.36 (KHTML, like Gecko) Chrome/145.0.0.0 Safari/537.36 (compatible; meta-externalagent/1.1 (+https://developers.facebook.com/docs/sharing/webmasters/crawler))"
57.141.4.73 - - [31/Aug/2026:21:42:33 -0500] "GET /sem-o-facebook-ads-donde-invertir-tu-dinero/fb_wednesday_esp/ HTTP/1.1" 404 5913 "-" "Mozilla/5.0 (Windows NT 10.0; Win64; x64) AppleWebKit/537.36 (KHTML, like Gecko) Chrome/145.0.0.0 Safari/537.36 (compatible; meta-externalagent/1.1 (+https://developers.facebook.com/docs/sharing/webmasters/crawler))"
207.244.250.86 - - [31/Aug/2026:21:44:04 -0500] "POST /wp-cron.php?doing_wp_cron=1788230644.6451950073242187500000 HTTP/1.1" 200 4887 "-" "WordPress/6.3.10; https://devsite.motionave.com"
192.250.232.93 - - [31/Aug/2026:21:44:01 -0500] "GET /wp-login.php HTTP/1.1" 200 11781 "-" "192.250.232.93"
192.250.232.93 - - [31/Aug/2026:21:44:11 -0500] "GET /wp-json/wp/v2/users/me HTTP/1.1" 404 5857 "-" "192.250.232.93"
57.141.4.63 - - [31/Aug/2026:21:44:59 -0500] "GET /6-simple-seo-best-practices-stay-on-a-game/image3-9/ HTTP/1.1" 404 5913 "-" "Mozilla/5.0 (Macintosh; Intel Mac OS X 10_15_7) AppleWebKit/537.36 (KHTML, like Gecko) Chrome/145.0.0.0 Safari/537.36 (compatible; meta-externalagent/1.1 (+https://developers.facebook.com/docs/sharing/webmasters/crawler))"
207.244.250.86 - - [31/Aug/2026:21:56:39 -0500] "POST /wp-cron.php?doing_wp_cron=1788231399.3209660053253173828125 HTTP/1.1" 200 4887 "-" "WordPress/6.3.10; https://devsite.motionave.com"
198.57.247.188 - - [31/Aug/2026:21:56:36 -0500] "GET /wp-login.php HTTP/1.1" 200 11781 "-" "Mozilla/5.0 (Windows NT 10.0; Win64; x64) AppleWebKit/537.36 (KHTML, like Gecko) Chrome/151.0.0.0 Safari/537.36"
198.57.247.188 - - [31/Aug/2026:21:56:39 -0500] "POST /wp-login.php HTTP/1.1" 200 7456 "https://devsite.motionave.com/wp-login.php" "Mozilla/5.0 (Windows NT 10.0; Win64; x64) AppleWebKit/537.36 (KHTML, like Gecko) Chrome/151.0.0.0 Safari/537.36"
40.77.167.12 - - [31/Aug/2026:22:10:32 -0500] "GET /portfolio-item/fru-licious/lotion/ HTTP/1.1" 404 5890 "-" "Mozilla/5.0 AppleWebKit/537.36 (KHTML, like Gecko; compatible; bingbot/2.0; +http://www.bing.com/bingbot.htm) Chrome/116.0.1938.76 Safari/537.36"
207.244.250.86 - - [31/Aug/2026:22:11:43 -0500] "POST /wp-cron.php?doing_wp_cron=1788232303.1396789550781250000000 HTTP/1.1" 200 4887 "-" "WordPress/6.3.10; https://devsite.motionave.com"
50.6.200.195 - - [31/Aug/2026:22:11:41 -0500] "GET /wp-login.php HTTP/1.1" 200 11781 "-" "Mozilla/5.0 (Windows NT 10.0; Win64; x64) AppleWebKit/537.36 (KHTML, like Gecko) Chrome/151.0.0.0 Safari/537.36"
50.6.200.195 - - [31/Aug/2026:22:11:43 -0500] "POST /wp-login.php HTTP/1.1" 200 7436 "https://devsite.motionave.com/wp-login.php" "Mozilla/5.0 (Windows NT 10.0; Win64; x64) AppleWebKit/537.36 (KHTML, like Gecko) Chrome/151.0.0.0 Safari/537.36"
40.77.167.12 - - [31/Aug/2026:22:13:33 -0500] "GET /marketing-updates-with-motion-ave-7/ HTTP/1.1" 404 5890 "-" "Mozilla/5.0 AppleWebKit/537.36 (KHTML, like Gecko; compatible; bingbot/2.0; +http://www.bing.com/bingbot.htm) Chrome/116.0.1938.76 Safari/537.36"
57.141.4.38 - - [31/Aug/2026:22:15:31 -0500] "GET /wireframes-or-mockups-difference/blog-header-en/ HTTP/1.1" 404 5913 "-" "Mozilla/5.0 (Windows NT 10.0; Win64; x64) AppleWebKit/537.36 (KHTML, like Gecko) Chrome/145.0.0.0 Safari/537.36 (compatible; meta-externalagent/1.1 (+https://developers.facebook.com/docs/sharing/webmasters/crawler))"
57.141.4.41 - - [31/Aug/2026:22:16:28 -0500] "GET /portfolio-item/lays-commercial/ HTTP/1.1" 404 5913 "-" "Mozilla/5.0 (Windows NT 10.0; Win64; x64) AppleWebKit/537.36 (KHTML, like Gecko) Chrome/144.0.0.0 Safari/537.36 Edg/144.0.0.0 (compatible; meta-externalagent/1.1 (+https://developers.facebook.com/docs/sharing/webmasters/crawler))"
52.167.144.203 - - [31/Aug/2026:22:27:14 -0500] "GET /digital-marketing-trends-you-cant-ignore-2019/ HTTP/1.1" 404 5890 "-" "Mozilla/5.0 AppleWebKit/537.36 (KHTML, like Gecko; compatible; bingbot/2.0; +http://www.bing.com/bingbot.htm) Chrome/116.0.1938.76 Safari/537.36"
207.244.250.86 - - [31/Aug/2026:22:27:44 -0500] "POST /wp-cron.php?doing_wp_cron=1788233264.3338561058044433593750 HTTP/1.1" 200 4887 "-" "WordPress/6.3.10; https://devsite.motionave.com"
69.16.218.67 - - [31/Aug/2026:22:27:41 -0500] "GET /wp-login.php HTTP/1.1" 200 11781 "-" "Mozilla/5.0 (Windows NT 10.0; Win64; x64) AppleWebKit/537.36 (KHTML, like Gecko) Chrome/151.0.0.0 Safari/537.36"
69.16.218.67 - - [31/Aug/2026:22:27:44 -0500] "POST /wp-login.php HTTP/1.1" 200 7436 "https://devsite.motionave.com/wp-login.php" "Mozilla/5.0 (Windows NT 10.0; Win64; x64) AppleWebKit/537.36 (KHTML, like Gecko) Chrome/151.0.0.0 Safari/537.36"
207.244.250.86 - - [31/Aug/2026:22:39:04 -0500] "POST /wp-cron.php?doing_wp_cron=1788233944.7590229511260986328125 HTTP/1.1" 200 4887 "-" "WordPress/6.3.10; https://devsite.motionave.com"
66.29.146.17 - - [31/Aug/2026:22:38:59 -0500] "GET /wp-login.php HTTP/1.1" 200 11781 "-" "Mozilla/5.0 (Windows NT 10.0; Win64; x64) AppleWebKit/537.36 (KHTML, like Gecko) Chrome/151.0.0.0 Safari/537.36"
66.29.146.17 - - [31/Aug/2026:22:39:07 -0500] "GET /wp-json/wp/v2/users/me HTTP/1.1" 404 5857 "-" "Mozilla/5.0 (Windows NT 10.0; Win64; x64) AppleWebKit/537.36 (KHTML, like Gecko) Chrome/151.0.0.0 Safari/537.36"
162.144.3.250 - - [31/Aug/2026:22:41:45 -0500] "GET /wp-login.php HTTP/1.1" 200 11781 "-" "Mozilla/5.0 (Windows NT 10.0; Win64; x64) AppleWebKit/537.36 (KHTML, like Gecko) Chrome/151.0.0.0 Safari/537.36"
162.144.3.250 - - [31/Aug/2026:22:41:48 -0500] "POST /wp-login.php HTTP/1.1" 200 7436 "https://devsite.motionave.com/wp-login.php" "Mozilla/5.0 (Windows NT 10.0; Win64; x64) AppleWebKit/537.36 (KHTML, like Gecko) Chrome/151.0.0.0 Safari/537.36"
207.244.250.86 - - [31/Aug/2026:22:44:11 -0500] "POST /wp-cron.php?doing_wp_cron=1788234251.6437048912048339843750 HTTP/1.1" 200 4887 "-" "WordPress/6.3.10; https://devsite.motionave.com"
192.185.4.96 - - [31/Aug/2026:22:44:10 -0500] "GET /wp-login.php HTTP/1.1" 200 11781 "-" "Mozilla/5.0 (Windows NT 10.0; Win64; x64) AppleWebKit/537.36 (KHTML, like Gecko) Chrome/151.0.0.0 Safari/537.36"
192.185.4.96 - - [31/Aug/2026:22:44:11 -0500] "POST /wp-login.php HTTP/1.1" 200 7456 "https://devsite.motionave.com/wp-login.php" "Mozilla/5.0 (Windows NT 10.0; Win64; x64) AppleWebKit/537.36 (KHTML, like Gecko) Chrome/151.0.0.0 Safari/537.36"
57.141.4.31 - - [31/Aug/2026:22:50:46 -0500] "GET /pokemon-go-brand-reviving-done-right-3/ HTTP/1.1" 404 5913 "-" "Mozilla/5.0 (Windows NT 10.0; Win64; x64) AppleWebKit/537.36 (KHTML, like Gecko) Chrome/145.0.0.0 Safari/537.36 (compatible; meta-externalagent/1.1 (+https://developers.facebook.com/docs/sharing/webmasters/crawler))"
207.244.250.86 - - [31/Aug/2026:22:51:34 -0500] "POST /wp-cron.php?doing_wp_cron=1788234694.2545199394226074218750 HTTP/1.1" 200 4887 "-" "WordPress/6.3.10; https://devsite.motionave.com"
162.241.63.63 - - [31/Aug/2026:22:51:29 -0500] "GET /wp-login.php HTTP/1.1" 200 11781 "-" "Mozilla/5.0 (Windows NT 10.0; Win64; x64) AppleWebKit/537.36 (KHTML, like Gecko) Chrome/151.0.0.0 Safari/537.36"
162.241.63.63 - - [31/Aug/2026:22:51:34 -0500] "POST /wp-login.php HTTP/1.1" 200 7452 "https://devsite.motionave.com/wp-login.php" "Mozilla/5.0 (Windows NT 10.0; Win64; x64) AppleWebKit/537.36 (KHTML, like Gecko) Chrome/151.0.0.0 Safari/537.36"
207.244.250.86 - - [31/Aug/2026:23:12:34 -0500] "POST /wp-cron.php?doing_wp_cron=1788235954.8188629150390625000000 HTTP/1.1" 200 4887 "-" "WordPress/6.3.10; https://devsite.motionave.com"
50.6.200.195 - - [31/Aug/2026:23:12:32 -0500] "GET /wp-login.php HTTP/1.1" 200 11781 "-" "Mozilla/5.0 (Windows NT 10.0; Win64; x64) AppleWebKit/537.36 (KHTML, like Gecko) Chrome/151.0.0.0 Safari/537.36"
50.6.200.195 - - [31/Aug/2026:23:12:34 -0500] "POST /wp-login.php HTTP/1.1" 200 7456 "https://devsite.motionave.com/wp-login.php" "Mozilla/5.0 (Windows NT 10.0; Win64; x64) AppleWebKit/537.36 (KHTML, like Gecko) Chrome/151.0.0.0 Safari/537.36"
57.141.4.46 - - [31/Aug/2026:23:13:06 -0500] "GET /about-motion-ave/we-are-good-at/the-most-feature-rich-wordpress-theme-on-the-market-today/ HTTP/1.1" 404 5913 "-" "Mozilla/5.0 (Windows NT 10.0; Win64; x64) AppleWebKit/537.36 (KHTML, like Gecko) Chrome/145.0.0.0 Safari/537.36 (compatible; meta-externalagent/1.1 (+https://developers.facebook.com/docs/sharing/webmasters/crawler))"
207.244.250.86 - - [31/Aug/2026:23:20:14 -0500] "POST /wp-cron.php?doing_wp_cron=1788236414.5475089550018310546875 HTTP/1.1" 200 4887 "-" "WordPress/6.3.10; https://devsite.motionave.com"
50.6.200.195 - - [31/Aug/2026:23:20:11 -0500] "GET /wp-login.php HTTP/1.1" 200 11781 "-" "Mozilla/5.0 (Windows NT 10.0; Win64; x64) AppleWebKit/537.36 (KHTML, like Gecko) Chrome/151.0.0.0 Safari/537.36"
50.6.200.195 - - [31/Aug/2026:23:20:14 -0500] "POST /wp-login.php HTTP/1.1" 200 7452 "https://devsite.motionave.com/wp-login.php" "Mozilla/5.0 (Windows NT 10.0; Win64; x64) AppleWebKit/537.36 (KHTML, like Gecko) Chrome/151.0.0.0 Safari/537.36"
69.49.241.71 - - [31/Aug/2026:23:20:38 -0500] "GET /wp-login.php HTTP/1.1" 200 11781 "-" "Mozilla/5.0 (Windows NT 10.0; Win64; x64) AppleWebKit/537.36 (KHTML, like Gecko) Chrome/151.0.0.0 Safari/537.36"
69.49.241.71 - - [31/Aug/2026:23:20:39 -0500] "POST /wp-login.php HTTP/1.1" 200 7440 "https://devsite.motionave.com/wp-login.php" "Mozilla/5.0 (Windows NT 10.0; Win64; x64) AppleWebKit/537.36 (KHTML, like Gecko) Chrome/151.0.0.0 Safari/537.36"
207.244.250.86 - - [31/Aug/2026:23:26:21 -0500] "POST /wp-cron.php?doing_wp_cron=1788236781.0865828990936279296875 HTTP/1.1" 200 4887 "-" "WordPress/6.3.10; https://devsite.motionave.com"
162.144.3.250 - - [31/Aug/2026:23:26:18 -0500] "GET /wp-login.php HTTP/1.1" 200 11781 "-" "Mozilla/5.0 (Windows NT 10.0; Win64; x64) AppleWebKit/537.36 (KHTML, like Gecko) Chrome/151.0.0.0 Safari/537.36"
162.144.3.250 - - [31/Aug/2026:23:26:21 -0500] "POST /wp-login.php HTTP/1.1" 200 7456 "https://devsite.motionave.com/wp-login.php" "Mozilla/5.0 (Windows NT 10.0; Win64; x64) AppleWebKit/537.36 (KHTML, like Gecko) Chrome/151.0.0.0 Safari/537.36"
57.141.4.1 - - [31/Aug/2026:23:31:56 -0500] "GET /do-you-have-your-2018-marketing-goals-yet/ HTTP/1.1" 404 5913 "-" "Mozilla/5.0 (Windows NT 10.0; Win64; x64) AppleWebKit/537.36 (KHTML, like Gecko) Chrome/145.0.0.0 Safari/537.36 (compatible; meta-externalagent/1.1 (+https://developers.facebook.com/docs/sharing/webmasters/crawler))"
207.244.250.86 - - [31/Aug/2026:23:36:47 -0500] "POST /wp-cron.php?doing_wp_cron=1788237407.4248690605163574218750 HTTP/1.1" 200 4887 "-" "WordPress/6.3.10; https://devsite.motionave.com"
69.16.218.67 - - [31/Aug/2026:23:36:44 -0500] "GET /wp-login.php HTTP/1.1" 200 11781 "-" "Mozilla/5.0 (Windows NT 10.0; Win64; x64) AppleWebKit/537.36 (KHTML, like Gecko) Chrome/151.0.0.0 Safari/537.36"
69.16.218.67 - - [31/Aug/2026:23:36:47 -0500] "POST /wp-login.php HTTP/1.1" 200 7452 "https://devsite.motionave.com/wp-login.php" "Mozilla/5.0 (Windows NT 10.0; Win64; x64) AppleWebKit/537.36 (KHTML, like Gecko) Chrome/151.0.0.0 Safari/537.36"
207.244.250.86 - - [31/Aug/2026:23:43:11 -0500] "POST /wp-cron.php?doing_wp_cron=1788237791.6235029697418212890625 HTTP/1.1" 200 4887 "-" "WordPress/6.3.10; https://devsite.motionave.com"
162.241.224.83 - - [31/Aug/2026:23:43:09 -0500] "GET /wp-login.php HTTP/1.1" 200 11781 "-" "Mozilla/5.0 (Windows NT 10.0; Win64; x64) AppleWebKit/537.36 (KHTML, like Gecko) Chrome/151.0.0.0 Safari/537.36"
162.241.224.83 - - [31/Aug/2026:23:43:11 -0500] "POST /wp-login.php HTTP/1.1" 200 7452 "https://devsite.motionave.com/wp-login.php" "Mozilla/5.0 (Windows NT 10.0; Win64; x64) AppleWebKit/537.36 (KHTML, like Gecko) Chrome/151.0.0.0 Safari/537.36"
57.141.4.10 - - [31/Aug/2026:23:46:15 -0500] "GET /6-simple-seo-best-practices-stay-on-a-game/image1-10/ HTTP/1.1" 404 5913 "-" "Mozilla/5.0 (Windows NT 10.0; Win64; x64) AppleWebKit/537.36 (KHTML, like Gecko) Chrome/145.0.0.0 Safari/537.36 (compatible; meta-externalagent/1.1 (+https://developers.facebook.com/docs/sharing/webmasters/crawler))"
207.244.250.86 - - [31/Aug/2026:23:51:36 -0500] "POST /wp-cron.php?doing_wp_cron=1788238296.7347369194030761718750 HTTP/1.1" 200 4887 "-" "WordPress/6.3.10; https://devsite.motionave.com"
69.49.241.76 - - [31/Aug/2026:23:51:34 -0500] "GET /wp-login.php HTTP/1.1" 200 11781 "-" "Mozilla/5.0 (Windows NT 10.0; Win64; x64) AppleWebKit/537.36 (KHTML, like Gecko) Chrome/151.0.0.0 Safari/537.36"
69.49.241.76 - - [31/Aug/2026:23:51:37 -0500] "POST /wp-login.php HTTP/1.1" 200 7440 "https://devsite.motionave.com/wp-login.php" "Mozilla/5.0 (Windows NT 10.0; Win64; x64) AppleWebKit/537.36 (KHTML, like Gecko) Chrome/151.0.0.0 Safari/537.36"
207.244.250.86 - - [31/Aug/2026:23:54:03 -0500] "POST /wp-cron.php?doing_wp_cron=1788238443.2674939632415771484375 HTTP/1.1" 200 4887 "-" "WordPress/6.3.10; https://devsite.motionave.com"
162.241.63.88 - - [31/Aug/2026:23:54:00 -0500] "GET /wp-login.php HTTP/1.1" 200 11781 "-" "Mozilla/5.0 (Windows NT 10.0; Win64; x64) AppleWebKit/537.36 (KHTML, like Gecko) Chrome/151.0.0.0 Safari/537.36"
162.241.63.88 - - [31/Aug/2026:23:54:03 -0500] "POST /wp-login.php HTTP/1.1" 200 7456 "https://devsite.motionave.com/wp-login.php" "Mozilla/5.0 (Windows NT 10.0; Win64; x64) AppleWebKit/537.36 (KHTML, like Gecko) Chrome/151.0.0.0 Safari/537.36"
57.141.4.58 - - [31/Aug/2026:23:58:31 -0500] "GET /are-your-facebook-campaigns-giant-mess/ HTTP/1.1" 404 5913 "-" "Mozilla/5.0 (Windows NT 10.0; Win64; x64) AppleWebKit/537.36 (KHTML, like Gecko) Chrome/145.0.0.0 Safari/537.36 Edg/145.0.0.0 (compatible; meta-externalagent/1.1 (+https://developers.facebook.com/docs/sharing/webmasters/crawler))"
207.244.250.86 - - [31/Aug/2026:23:58:33 -0500] "POST /wp-cron.php?doing_wp_cron=1788238713.3995189666748046875000 HTTP/1.1" 200 4887 "-" "WordPress/6.3.10; https://devsite.motionave.com"
69.49.241.71 - - [31/Aug/2026:23:58:31 -0500] "GET /wp-login.php HTTP/1.1" 200 11781 "-" "Mozilla/5.0 (Windows NT 10.0; Win64; x64) AppleWebKit/537.36 (KHTML, like Gecko) Chrome/151.0.0.0 Safari/537.36"
69.49.241.71 - - [31/Aug/2026:23:58:33 -0500] "POST /wp-login.php HTTP/1.1" 200 7440 "https://devsite.motionave.com/wp-login.php" "Mozilla/5.0 (Windows NT 10.0; Win64; x64) AppleWebKit/537.36 (KHTML, like Gecko) Chrome/151.0.0.0 Safari/537.36"
167.71.132.111 - - [31/Aug/2026:23:59:51 -0500] "GET /wp-login.php HTTP/1.1" 200 11781 "-" "Mozilla/5.0 (Windows NT 10.0; Win64; x64) AppleWebKit/537.36 (KHTML, like Gecko) Chrome/151.0.0.0 Safari/537.36"
167.71.132.111 - - [31/Aug/2026:23:59:53 -0500] "POST /wp-login.php HTTP/1.1" 200 7452 "https://devsite.motionave.com/wp-login.php" "Mozilla/5.0 (Windows NT 10.0; Win64; x64) AppleWebKit/537.36 (KHTML, like Gecko) Chrome/151.0.0.0 Safari/537.36"
57.141.4.62 - - [01/Sep/2026:00:04:24 -0500] "GET /need-a-map-for-rebranding-follow-these-five-key-steps/need-a-map-for-rebranding-follow-these-five-key-steps-2/ HTTP/1.1" 404 5913 "-" "Mozilla/5.0 (Macintosh; Intel Mac OS X 10_15_7) AppleWebKit/537.36 (KHTML, like Gecko) Chrome/145.0.0.0 Safari/537.36 (compatible; meta-externalagent/1.1 (+https://developers.facebook.com/docs/sharing/webmasters/crawler))"
57.141.4.40 - - [01/Sep/2026:00:03:36 -0500] "GET /portfolio-item/photography-events/ HTTP/1.1" 404 5913 "-" "Mozilla/5.0 (Macintosh; Intel Mac OS X 10_15_7) AppleWebKit/537.36 (KHTML, like Gecko) Chrome/145.0.0.0 Safari/537.36 (compatible; meta-externalagent/1.1 (+https://developers.facebook.com/docs/sharing/webmasters/crawler))"
207.244.250.86 - - [01/Sep/2026:00:07:11 -0500] "POST /wp-cron.php?doing_wp_cron=1788239231.2695150375366210937500 HTTP/1.1" 200 4887 "-" "WordPress/6.3.10; https://devsite.motionave.com"
41.185.8.187 - - [01/Sep/2026:00:07:08 -0500] "GET /wp-login.php HTTP/1.1" 200 11781 "-" "Mozilla/5.0 (Windows NT 10.0; Win64; x64) AppleWebKit/537.36 (KHTML, like Gecko) Chrome/151.0.0.0 Safari/537.36"
41.185.8.187 - - [01/Sep/2026:00:07:11 -0500] "POST /wp-login.php HTTP/1.1" 200 7452 "https://devsite.motionave.com/wp-login.php" "Mozilla/5.0 (Windows NT 10.0; Win64; x64) AppleWebKit/537.36 (KHTML, like Gecko) Chrome/151.0.0.0 Safari/537.36"
207.244.250.86 - - [01/Sep/2026:00:11:35 -0500] "POST /wp-cron.php?doing_wp_cron=1788239495.6336350440979003906250 HTTP/1.1" 200 4887 "-" "WordPress/6.3.10; https://devsite.motionave.com"
209.42.18.223 - - [01/Sep/2026:00:11:33 -0500] "GET /wp-login.php HTTP/1.1" 200 11781 "-" "Mozilla/5.0 (Windows NT 10.0; Win64; x64) AppleWebKit/537.36 (KHTML, like Gecko) Chrome/151.0.0.0 Safari/537.36"
209.42.18.223 - - [01/Sep/2026:00:11:35 -0500] "POST /wp-login.php HTTP/1.1" 200 7456 "https://devsite.motionave.com/wp-login.php" "Mozilla/5.0 (Windows NT 10.0; Win64; x64) AppleWebKit/537.36 (KHTML, like Gecko) Chrome/151.0.0.0 Safari/537.36"
57.141.4.64 - - [01/Sep/2026:00:18:42 -0500] "GET /author/samuelklein/ HTTP/1.1" 404 5913 "-" "Mozilla/5.0 (Macintosh; Intel Mac OS X 10_15_7) AppleWebKit/537.36 (KHTML, like Gecko) Chrome/145.0.0.0 Safari/537.36 (compatible; meta-externalagent/1.1 (+https://developers.facebook.com/docs/sharing/webmasters/crawler))"
207.244.250.86 - - [01/Sep/2026:00:22:15 -0500] "POST /wp-cron.php?doing_wp_cron=1788240135.8736300468444824218750 HTTP/1.1" 200 4887 "-" "WordPress/6.3.10; https://devsite.motionave.com"
130.185.123.55 - - [01/Sep/2026:00:22:12 -0500] "GET /wp-login.php HTTP/1.1" 200 11781 "-" "Mozilla/5.0 (Windows NT 10.0; Win64; x64) AppleWebKit/537.36 (KHTML, like Gecko) Chrome/151.0.0.0 Safari/537.36"
130.185.123.55 - - [01/Sep/2026:00:22:16 -0500] "POST /wp-login.php HTTP/1.1" 200 7456 "https://devsite.motionave.com/wp-login.php" "Mozilla/5.0 (Windows NT 10.0; Win64; x64) AppleWebKit/537.36 (KHTML, like Gecko) Chrome/151.0.0.0 Safari/537.36"
57.141.4.33 - - [01/Sep/2026:00:23:19 -0500] "GET /emojis-making-marketing-fun-one-%f0%9f%98%82-time/ HTTP/1.1" 404 5913 "-" "Mozilla/5.0 (Windows NT 10.0; Win64; x64) AppleWebKit/537.36 (KHTML, like Gecko) Chrome/145.0.0.0 Safari/537.36 (compatible; meta-externalagent/1.1 (+https://developers.facebook.com/docs/sharing/webmasters/crawler))"
57.141.4.41 - - [01/Sep/2026:00:28:04 -0500] "GET /let-go-5-content-marketing-myths-3/let-go-of-these-5-content-marketing-myths-1024x683/ HTTP/1.1" 404 5913 "-" "Mozilla/5.0 (Windows NT 10.0; Win64; x64) AppleWebKit/537.36 (KHTML, like Gecko) Chrome/145.0.0.0 Safari/537.36 (compatible; meta-externalagent/1.1 (+https://developers.facebook.com/docs/sharing/webmasters/crawler))"
52.167.144.16 - - [01/Sep/2026:00:29:54 -0500] "GET /marketing-updates-with-motion-ave-15/ HTTP/1.1" 404 5890 "-" "Mozilla/5.0 AppleWebKit/537.36 (KHTML, like Gecko; compatible; bingbot/2.0; +http://www.bing.com/bingbot.htm) Chrome/116.0.1938.76 Safari/537.36"
207.244.250.86 - - [01/Sep/2026:00:32:31 -0500] "POST /wp-cron.php?doing_wp_cron=1788240750.9335699081420898437500 HTTP/1.1" 200 4887 "-" "WordPress/6.3.10; https://devsite.motionave.com"
103.171.88.220 - - [01/Sep/2026:00:32:28 -0500] "GET /wp-login.php HTTP/1.1" 200 11781 "-" "Mozilla/5.0 (Windows NT 10.0; Win64; x64) AppleWebKit/537.36 (KHTML, like Gecko) Chrome/151.0.0.0 Safari/537.36"
103.171.88.220 - - [01/Sep/2026:00:32:34 -0500] "GET /wp-json/wp/v2/users/me HTTP/1.1" 404 5857 "-" "Mozilla/5.0 (Windows NT 10.0; Win64; x64) AppleWebKit/537.36 (KHTML, like Gecko) Chrome/151.0.0.0 Safari/537.36"
207.244.250.86 - - [01/Sep/2026:00:36:07 -0500] "POST /wp-cron.php?doing_wp_cron=1788240967.3607320785522460937500 HTTP/1.1" 200 4887 "-" "WordPress/6.3.10; https://devsite.motionave.com"
198.57.247.188 - - [01/Sep/2026:00:36:04 -0500] "GET /wp-login.php HTTP/1.1" 200 11781 "-" "Mozilla/5.0 (Windows NT 10.0; Win64; x64) AppleWebKit/537.36 (KHTML, like Gecko) Chrome/151.0.0.0 Safari/537.36"
198.57.247.188 - - [01/Sep/2026:00:36:07 -0500] "POST /wp-login.php HTTP/1.1" 200 7452 "https://devsite.motionave.com/wp-login.php" "Mozilla/5.0 (Windows NT 10.0; Win64; x64) AppleWebKit/537.36 (KHTML, like Gecko) Chrome/151.0.0.0 Safari/537.36"
162.241.252.11 - - [01/Sep/2026:00:36:31 -0500] "GET /wp-login.php HTTP/1.1" 200 11781 "-" "Mozilla/5.0 (Windows NT 10.0; Win64; x64) AppleWebKit/537.36 (KHTML, like Gecko) Chrome/151.0.0.0 Safari/537.36"
162.241.252.11 - - [01/Sep/2026:00:36:31 -0500] "POST /wp-login.php HTTP/1.1" 200 7440 "https://devsite.motionave.com/wp-login.php" "Mozilla/5.0 (Windows NT 10.0; Win64; x64) AppleWebKit/537.36 (KHTML, like Gecko) Chrome/151.0.0.0 Safari/537.36"
57.141.4.46 - - [01/Sep/2026:00:39:49 -0500] "GET /five-lessons-legendary-horror-movies-content-marketers/five-lessons-from-legendary-horror-movies-for-content-marketers-2/ HTTP/1.1" 404 5913 "-" "Mozilla/5.0 (Windows NT 10.0; Win64; x64) AppleWebKit/537.36 (KHTML, like Gecko) Chrome/145.0.0.0 Safari/537.36 (compatible; meta-externalagent/1.1 (+https://developers.facebook.com/docs/sharing/webmasters/crawler))"
207.244.250.86 - - [01/Sep/2026:00:43:37 -0500] "POST /wp-cron.php?doing_wp_cron=1788241417.4986360073089599609375 HTTP/1.1" 200 4887 "-" "WordPress/6.3.10; https://devsite.motionave.com"
69.49.241.71 - - [01/Sep/2026:00:43:34 -0500] "GET /wp-login.php HTTP/1.1" 200 11781 "-" "Mozilla/5.0 (Windows NT 10.0; Win64; x64) AppleWebKit/537.36 (KHTML, like Gecko) Chrome/151.0.0.0 Safari/537.36"
69.49.241.71 - - [01/Sep/2026:00:43:37 -0500] "POST /wp-login.php HTTP/1.1" 200 7436 "https://devsite.motionave.com/wp-login.php" "Mozilla/5.0 (Windows NT 10.0; Win64; x64) AppleWebKit/537.36 (KHTML, like Gecko) Chrome/151.0.0.0 Safari/537.36"
167.71.240.77 - - [01/Sep/2026:00:46:27 -0500] "GET /wp-json/wp/v2/users/me HTTP/1.1" 404 5857 "-" "Mozilla/5.0 (Windows NT 10.0; Win64; x64) AppleWebKit/537.36 (KHTML, like Gecko) Chrome/151.0.0.0 Safari/537.36"
57.141.4.29 - - [01/Sep/2026:00:47:27 -0500] "GET /are-your-facebook-campaigns-giant-mess/image2-14/ HTTP/1.1" 404 5913 "-" "Mozilla/5.0 (Windows NT 10.0; Win64; x64) AppleWebKit/537.36 (KHTML, like Gecko) Chrome/145.0.0.0 Safari/537.36 Edg/145.0.0.0 (compatible; meta-externalagent/1.1 (+https://developers.facebook.com/docs/sharing/webmasters/crawler))"
57.141.4.64 - - [01/Sep/2026:00:48:51 -0500] "GET /marketing-updates-with-motion-ave-43/ HTTP/1.1" 404 5913 "-" "Mozilla/5.0 (Windows NT 10.0; Win64; x64) AppleWebKit/537.36 (KHTML, like Gecko) Chrome/145.0.0.0 Safari/537.36 (compatible; meta-externalagent/1.1 (+https://developers.facebook.com/docs/sharing/webmasters/crawler))"
207.244.250.86 - - [01/Sep/2026:00:51:00 -0500] "POST /wp-cron.php?doing_wp_cron=1788241860.3995699882507324218750 HTTP/1.1" 200 4887 "-" "WordPress/6.3.10; https://devsite.motionave.com"
50.6.160.110 - - [01/Sep/2026:00:50:55 -0500] "GET /wp-login.php HTTP/1.1" 200 11781 "-" "Mozilla/5.0 (Windows NT 10.0; Win64; x64) AppleWebKit/537.36 (KHTML, like Gecko) Chrome/151.0.0.0 Safari/537.36"
50.6.160.110 - - [01/Sep/2026:00:51:00 -0500] "POST /wp-login.php HTTP/1.1" 200 7452 "https://devsite.motionave.com/wp-login.php" "Mozilla/5.0 (Windows NT 10.0; Win64; x64) AppleWebKit/537.36 (KHTML, like Gecko) Chrome/151.0.0.0 Safari/537.36"
50.6.108.183 - - [01/Sep/2026:00:51:07 -0500] "GET /wp-login.php HTTP/1.1" 200 11781 "-" "Mozilla/5.0 (Windows NT 10.0; Win64; x64) AppleWebKit/537.36 (KHTML, like Gecko) Chrome/151.0.0.0 Safari/537.36"
50.6.108.183 - - [01/Sep/2026:00:51:09 -0500] "POST /wp-login.php HTTP/1.1" 200 7440 "https://devsite.motionave.com/wp-login.php" "Mozilla/5.0 (Windows NT 10.0; Win64; x64) AppleWebKit/537.36 (KHTML, like Gecko) Chrome/151.0.0.0 Safari/537.36"
57.141.4.27 - - [01/Sep/2026:00:57:08 -0500] "GET /wireframes-or-mockups-difference/blog-tabla-en/ HTTP/1.1" 404 5913 "-" "Mozilla/5.0 (Macintosh; Intel Mac OS X 10_15_7) AppleWebKit/537.36 (KHTML, like Gecko) Chrome/145.0.0.0 Safari/537.36 (compatible; meta-externalagent/1.1 (+https://developers.facebook.com/docs/sharing/webmasters/crawler))"
207.244.250.86 - - [01/Sep/2026:00:58:39 -0500] "POST /wp-cron.php?doing_wp_cron=1788242319.5569400787353515625000 HTTP/1.1" 200 4887 "-" "WordPress/6.3.10; https://devsite.motionave.com"
209.42.18.223 - - [01/Sep/2026:00:58:36 -0500] "GET /wp-login.php HTTP/1.1" 200 11781 "-" "Mozilla/5.0 (Windows NT 10.0; Win64; x64) AppleWebKit/537.36 (KHTML, like Gecko) Chrome/151.0.0.0 Safari/537.36"
209.42.18.223 - - [01/Sep/2026:00:58:39 -0500] "POST /wp-login.php HTTP/1.1" 200 7452 "https://devsite.motionave.com/wp-login.php" "Mozilla/5.0 (Windows NT 10.0; Win64; x64) AppleWebKit/537.36 (KHTML, like Gecko) Chrome/151.0.0.0 Safari/537.36"
57.141.4.19 - - [01/Sep/2026:01:07:08 -0500] "GET /five-lessons-legendary-horror-movies-content-marketers-3/five-lessons-from-legendary-horror-movies-for-content-marketers-1-1024x764/ HTTP/1.1" 404 5913 "-" "Mozilla/5.0 (Windows NT 10.0; Win64; x64) AppleWebKit/537.36 (KHTML, like Gecko) Chrome/145.0.0.0 Safari/537.36 (compatible; meta-externalagent/1.1 (+https://developers.facebook.com/docs/sharing/webmasters/crawler))"
57.141.4.23 - - [01/Sep/2026:01:11:48 -0500] "GET /4-things-you-need-to-optimize-in-your-facebook-ads-campaign-now/ HTTP/1.1" 404 5913 "-" "Mozilla/5.0 (Windows NT 10.0; Win64; x64) AppleWebKit/537.36 (KHTML, like Gecko) Chrome/145.0.0.0 Safari/537.36 (compatible; meta-externalagent/1.1 (+https://developers.facebook.com/docs/sharing/webmasters/crawler))"
57.141.4.66 - - [01/Sep/2026:01:23:13 -0500] "GET /common-elements-2/ HTTP/1.1" 404 5913 "-" "Mozilla/5.0 (Macintosh; Intel Mac OS X 10_15_7) AppleWebKit/537.36 (KHTML, like Gecko) Chrome/145.0.0.0 Safari/537.36 (compatible; meta-externalagent/1.1 (+https://developers.facebook.com/docs/sharing/webmasters/crawler))"
207.244.250.86 - - [01/Sep/2026:01:25:32 -0500] "POST /wp-cron.php?doing_wp_cron=1788243932.4709630012512207031250 HTTP/1.1" 200 4887 "-" "WordPress/6.3.10; https://devsite.motionave.com"
47.86.33.52 - - [01/Sep/2026:01:25:27 -0500] "GET /wp-login.php HTTP/1.1" 200 11781 "-" "Mozilla/5.0 (Windows NT 10.0; Win64; x64) AppleWebKit/537.36 (KHTML, like Gecko) Chrome/151.0.0.0 Safari/537.36"
47.86.33.52 - - [01/Sep/2026:01:25:32 -0500] "POST /wp-login.php HTTP/1.1" 200 7456 "https://devsite.motionave.com/wp-login.php" "Mozilla/5.0 (Windows NT 10.0; Win64; x64) AppleWebKit/537.36 (KHTML, like Gecko) Chrome/151.0.0.0 Safari/537.36"
