34.174.57.253 - - [01/Sep/2026:13:46:44 -0500] "GET /pi.php HTTP/1.1" 404 308 "-" "Mozilla/5.0 (X11; Linux x86_64) AppleWebKit/537.36 (KHTML, like Gecko) Chrome/131.0.0.0 Safari/537.36"
34.174.57.253 - - [01/Sep/2026:13:46:44 -0500] "GET /pinfo.php HTTP/1.1" 404 308 "-" "Mozilla/5.0 (X11; Linux x86_64) AppleWebKit/537.36 (KHTML, like Gecko) Chrome/131.0.0.0 Safari/537.36"
34.174.57.253 - - [01/Sep/2026:13:46:44 -0500] "GET /test.php HTTP/1.1" 404 308 "-" "Mozilla/5.0 (X11; Linux x86_64) AppleWebKit/537.36 (KHTML, like Gecko) Chrome/131.0.0.0 Safari/537.36"
34.174.57.253 - - [01/Sep/2026:13:46:44 -0500] "GET /phpinfo HTTP/1.1" 404 1136 "-" "Mozilla/5.0 (X11; Linux x86_64) AppleWebKit/537.36 (KHTML, like Gecko) Chrome/131.0.0.0 Safari/537.36"
34.174.57.253 - - [01/Sep/2026:13:46:44 -0500] "GET /p.php HTTP/1.1" 404 308 "-" "Mozilla/5.0 (X11; Linux x86_64) AppleWebKit/537.36 (KHTML, like Gecko) Chrome/131.0.0.0 Safari/537.36"
34.174.57.253 - - [01/Sep/2026:13:46:44 -0500] "GET /debug.php HTTP/1.1" 404 308 "-" "Mozilla/5.0 (X11; Linux x86_64) AppleWebKit/537.36 (KHTML, like Gecko) Chrome/131.0.0.0 Safari/537.36"
34.174.57.253 - - [01/Sep/2026:13:46:44 -0500] "GET /admin/phpinfo.php HTTP/1.1" 404 1136 "-" "Mozilla/5.0 (X11; Linux x86_64) AppleWebKit/537.36 (KHTML, like Gecko) Chrome/131.0.0.0 Safari/537.36"
34.174.57.253 - - [01/Sep/2026:13:46:44 -0500] "GET /test/phpinfo.php HTTP/1.1" 404 1136 "-" "Mozilla/5.0 (X11; Linux x86_64) AppleWebKit/537.36 (KHTML, like Gecko) Chrome/131.0.0.0 Safari/537.36"
34.174.57.253 - - [01/Sep/2026:13:46:44 -0500] "GET /dev/phpinfo.php HTTP/1.1" 404 1136 "-" "Mozilla/5.0 (X11; Linux x86_64) AppleWebKit/537.36 (KHTML, like Gecko) Chrome/131.0.0.0 Safari/537.36"
34.174.57.253 - - [01/Sep/2026:13:46:44 -0500] "GET /old/phpinfo.php HTTP/1.1" 404 1136 "-" "Mozilla/5.0 (X11; Linux x86_64) AppleWebKit/537.36 (KHTML, like Gecko) Chrome/131.0.0.0 Safari/537.36"
34.174.57.253 - - [01/Sep/2026:13:46:44 -0500] "GET /tmp/phpinfo.php HTTP/1.1" 404 1136 "-" "Mozilla/5.0 (X11; Linux x86_64) AppleWebKit/537.36 (KHTML, like Gecko) Chrome/131.0.0.0 Safari/537.36"
34.174.57.253 - - [01/Sep/2026:13:46:44 -0500] "GET /public/phpinfo.php HTTP/1.1" 404 1136 "-" "Mozilla/5.0 (X11; Linux x86_64) AppleWebKit/537.36 (KHTML, like Gecko) Chrome/131.0.0.0 Safari/537.36"
34.174.57.253 - - [01/Sep/2026:13:46:44 -0500] "GET /info HTTP/1.1" 404 1136 "-" "Mozilla/5.0 (X11; Linux x86_64) AppleWebKit/537.36 (KHTML, like Gecko) Chrome/131.0.0.0 Safari/537.36"
34.174.57.253 - - [01/Sep/2026:13:46:44 -0500] "GET /php-info.php HTTP/1.1" 404 308 "-" "Mozilla/5.0 (X11; Linux x86_64) AppleWebKit/537.36 (KHTML, like Gecko) Chrome/131.0.0.0 Safari/537.36"
34.174.57.253 - - [01/Sep/2026:13:46:45 -0500] "GET /phpversion.php HTTP/1.1" 404 307 "-" "Mozilla/5.0 (X11; Linux x86_64) AppleWebKit/537.36 (KHTML, like Gecko) Chrome/131.0.0.0 Safari/537.36"
34.174.57.253 - - [01/Sep/2026:13:46:45 -0500] "GET /_phpinfo.php HTTP/1.1" 404 307 "-" "Mozilla/5.0 (X11; Linux x86_64) AppleWebKit/537.36 (KHTML, like Gecko) Chrome/131.0.0.0 Safari/537.36"
34.174.57.253 - - [01/Sep/2026:13:46:45 -0500] "GET /old_phpinfo.php HTTP/1.1" 404 307 "-" "Mozilla/5.0 (X11; Linux x86_64) AppleWebKit/537.36 (KHTML, like Gecko) Chrome/131.0.0.0 Safari/537.36"
34.174.57.253 - - [01/Sep/2026:13:46:45 -0500] "GET /server-info.php HTTP/1.1" 404 307 "-" "Mozilla/5.0 (X11; Linux x86_64) AppleWebKit/537.36 (KHTML, like Gecko) Chrome/131.0.0.0 Safari/537.36"
34.174.57.253 - - [01/Sep/2026:13:46:45 -0500] "GET /server-status.php HTTP/1.1" 404 307 "-" "Mozilla/5.0 (X11; Linux x86_64) AppleWebKit/537.36 (KHTML, like Gecko) Chrome/131.0.0.0 Safari/537.36"
34.174.57.253 - - [01/Sep/2026:13:46:45 -0500] "GET /_profiler/phpinfo HTTP/1.1" 404 1135 "-" "Mozilla/5.0 (X11; Linux x86_64) AppleWebKit/537.36 (KHTML, like Gecko) Chrome/131.0.0.0 Safari/537.36"
34.174.57.253 - - [01/Sep/2026:13:46:45 -0500] "GET /_environment HTTP/1.1" 404 1135 "-" "Mozilla/5.0 (X11; Linux x86_64) AppleWebKit/537.36 (KHTML, like Gecko) Chrome/131.0.0.0 Safari/537.36"
34.174.57.253 - - [01/Sep/2026:13:46:45 -0500] "GET /webroot/index.php/_environment HTTP/1.1" 404 1135 "-" "Mozilla/5.0 (X11; Linux x86_64) AppleWebKit/537.36 (KHTML, like Gecko) Chrome/131.0.0.0 Safari/537.36"
34.174.57.253 - - [01/Sep/2026:13:46:45 -0500] "GET /mail/phpinfo.php HTTP/1.1" 404 1135 "-" "Mozilla/5.0 (X11; Linux x86_64) AppleWebKit/537.36 (KHTML, like Gecko) Chrome/131.0.0.0 Safari/537.36"
34.174.57.253 - - [01/Sep/2026:13:46:45 -0500] "GET /cpanel/phpinfo.php HTTP/1.1" 404 1100 "-" "Mozilla/5.0 (X11; Linux x86_64) AppleWebKit/537.36 (KHTML, like Gecko) Chrome/131.0.0.0 Safari/537.36"
34.174.57.253 - - [01/Sep/2026:13:46:45 -0500] "GET /hosting/phpinfo.php HTTP/1.1" 404 5702 "-" "Mozilla/5.0 (X11; Linux x86_64) AppleWebKit/537.36 (KHTML, like Gecko) Chrome/131.0.0.0 Safari/537.36"
34.174.57.253 - - [01/Sep/2026:13:46:45 -0500] "GET /webmail/phpinfo.php HTTP/1.1" 404 1136 "-" "Mozilla/5.0 (X11; Linux x86_64) AppleWebKit/537.36 (KHTML, like Gecko) Chrome/131.0.0.0 Safari/537.36"
34.174.57.253 - - [01/Sep/2026:13:46:45 -0500] "GET /smtp/phpinfo.php HTTP/1.1" 404 1136 "-" "Mozilla/5.0 (X11; Linux x86_64) AppleWebKit/537.36 (KHTML, like Gecko) Chrome/131.0.0.0 Safari/537.36"
34.174.57.253 - - [01/Sep/2026:13:46:45 -0500] "GET /phpinfo.php.bak HTTP/1.1" 404 1136 "-" "Mozilla/5.0 (X11; Linux x86_64) AppleWebKit/537.36 (KHTML, like Gecko) Chrome/131.0.0.0 Safari/537.36"
34.174.57.253 - - [01/Sep/2026:13:46:45 -0500] "GET /phpinfo.php.old HTTP/1.1" 404 1136 "-" "Mozilla/5.0 (X11; Linux x86_64) AppleWebKit/537.36 (KHTML, like Gecko) Chrome/131.0.0.0 Safari/537.36"
34.174.57.253 - - [01/Sep/2026:13:46:45 -0500] "GET /phpinfo.php~ HTTP/1.1" 404 1136 "-" "Mozilla/5.0 (X11; Linux x86_64) AppleWebKit/537.36 (KHTML, like Gecko) Chrome/131.0.0.0 Safari/537.36"
34.174.57.253 - - [01/Sep/2026:13:46:45 -0500] "GET /info.php.bak HTTP/1.1" 404 1136 "-" "Mozilla/5.0 (X11; Linux x86_64) AppleWebKit/537.36 (KHTML, like Gecko) Chrome/131.0.0.0 Safari/537.36"
34.174.57.253 - - [01/Sep/2026:13:46:45 -0500] "GET /phpinfo.php.save HTTP/1.1" 404 1136 "-" "Mozilla/5.0 (X11; Linux x86_64) AppleWebKit/537.36 (KHTML, like Gecko) Chrome/131.0.0.0 Safari/537.36"
34.174.57.253 - - [01/Sep/2026:13:46:45 -0500] "GET /staging/phpinfo.php HTTP/1.1" 404 1136 "-" "Mozilla/5.0 (X11; Linux x86_64) AppleWebKit/537.36 (KHTML, like Gecko) Chrome/131.0.0.0 Safari/537.36"
34.174.57.253 - - [01/Sep/2026:13:46:45 -0500] "GET /beta/phpinfo.php HTTP/1.1" 404 1136 "-" "Mozilla/5.0 (X11; Linux x86_64) AppleWebKit/537.36 (KHTML, like Gecko) Chrome/131.0.0.0 Safari/537.36"
34.174.57.253 - - [01/Sep/2026:13:46:45 -0500] "GET /uat/phpinfo.php HTTP/1.1" 404 1136 "-" "Mozilla/5.0 (X11; Linux x86_64) AppleWebKit/537.36 (KHTML, like Gecko) Chrome/131.0.0.0 Safari/537.36"
34.174.57.253 - - [01/Sep/2026:13:46:45 -0500] "GET /qa/phpinfo.php HTTP/1.1" 404 1136 "-" "Mozilla/5.0 (X11; Linux x86_64) AppleWebKit/537.36 (KHTML, like Gecko) Chrome/131.0.0.0 Safari/537.36"
34.174.57.253 - - [01/Sep/2026:13:46:45 -0500] "GET /preview/phpinfo.php HTTP/1.1" 404 1136 "-" "Mozilla/5.0 (X11; Linux x86_64) AppleWebKit/537.36 (KHTML, like Gecko) Chrome/131.0.0.0 Safari/537.36"
34.174.57.253 - - [01/Sep/2026:13:46:46 -0500] "GET /www/phpinfo.php HTTP/1.1" 404 1136 "-" "Mozilla/5.0 (X11; Linux x86_64) AppleWebKit/537.36 (KHTML, like Gecko) Chrome/131.0.0.0 Safari/537.36"
34.174.57.253 - - [01/Sep/2026:13:46:46 -0500] "GET /htdocs/phpinfo.php HTTP/1.1" 404 1136 "-" "Mozilla/5.0 (X11; Linux x86_64) AppleWebKit/537.36 (KHTML, like Gecko) Chrome/131.0.0.0 Safari/537.36"
34.174.57.253 - - [01/Sep/2026:13:46:46 -0500] "GET /public_html/phpinfo.php HTTP/1.1" 404 1136 "-" "Mozilla/5.0 (X11; Linux x86_64) AppleWebKit/537.36 (KHTML, like Gecko) Chrome/131.0.0.0 Safari/537.36"
34.174.57.253 - - [01/Sep/2026:13:46:46 -0500] "GET /site/phpinfo.php HTTP/1.1" 404 1136 "-" "Mozilla/5.0 (X11; Linux x86_64) AppleWebKit/537.36 (KHTML, like Gecko) Chrome/131.0.0.0 Safari/537.36"
34.174.57.253 - - [01/Sep/2026:13:46:46 -0500] "GET /docs/phpinfo.php HTTP/1.1" 404 1136 "-" "Mozilla/5.0 (X11; Linux x86_64) AppleWebKit/537.36 (KHTML, like Gecko) Chrome/131.0.0.0 Safari/537.36"
34.174.57.253 - - [01/Sep/2026:13:46:46 -0500] "GET /wp-admin/phpinfo.php HTTP/1.1" 404 308 "-" "Mozilla/5.0 (X11; Linux x86_64) AppleWebKit/537.36 (KHTML, like Gecko) Chrome/131.0.0.0 Safari/537.36"
34.174.57.253 - - [01/Sep/2026:13:46:46 -0500] "GET /administrator/phpinfo.php HTTP/1.1" 404 1136 "-" "Mozilla/5.0 (X11; Linux x86_64) AppleWebKit/537.36 (KHTML, like Gecko) Chrome/131.0.0.0 Safari/537.36"
34.174.57.253 - - [01/Sep/2026:13:46:46 -0500] "GET /core/phpinfo.php HTTP/1.1" 404 1136 "-" "Mozilla/5.0 (X11; Linux x86_64) AppleWebKit/537.36 (KHTML, like Gecko) Chrome/131.0.0.0 Safari/537.36"
34.174.57.253 - - [01/Sep/2026:13:46:46 -0500] "GET /includes/phpinfo.php HTTP/1.1" 404 1136 "-" "Mozilla/5.0 (X11; Linux x86_64) AppleWebKit/537.36 (KHTML, like Gecko) Chrome/131.0.0.0 Safari/537.36"
34.174.57.253 - - [01/Sep/2026:13:46:46 -0500] "GET /service-account.json HTTP/1.1" 404 1136 "-" "Mozilla/5.0 (X11; Linux x86_64) AppleWebKit/537.36 (KHTML, like Gecko) Chrome/131.0.0.0 Safari/537.36"
34.174.57.253 - - [01/Sep/2026:13:46:46 -0500] "GET /sa.json HTTP/1.1" 404 1136 "-" "Mozilla/5.0 (X11; Linux x86_64) AppleWebKit/537.36 (KHTML, like Gecko) Chrome/131.0.0.0 Safari/537.36"
34.174.57.253 - - [01/Sep/2026:13:46:46 -0500] "GET /gcp-key.json HTTP/1.1" 404 1136 "-" "Mozilla/5.0 (X11; Linux x86_64) AppleWebKit/537.36 (KHTML, like Gecko) Chrome/131.0.0.0 Safari/537.36"
34.174.57.253 - - [01/Sep/2026:13:46:46 -0500] "GET /gcp-credentials.json HTTP/1.1" 404 1136 "-" "Mozilla/5.0 (X11; Linux x86_64) AppleWebKit/537.36 (KHTML, like Gecko) Chrome/131.0.0.0 Safari/537.36"
34.174.57.253 - - [01/Sep/2026:13:46:46 -0500] "GET /gcp-sa.json HTTP/1.1" 404 1136 "-" "Mozilla/5.0 (X11; Linux x86_64) AppleWebKit/537.36 (KHTML, like Gecko) Chrome/131.0.0.0 Safari/537.36"
34.174.57.253 - - [01/Sep/2026:13:46:46 -0500] "GET /credentials.json HTTP/1.1" 404 1136 "-" "Mozilla/5.0 (X11; Linux x86_64) AppleWebKit/537.36 (KHTML, like Gecko) Chrome/131.0.0.0 Safari/537.36"
34.174.57.253 - - [01/Sep/2026:13:46:46 -0500] "GET /google-credentials.json HTTP/1.1" 404 1136 "-" "Mozilla/5.0 (X11; Linux x86_64) AppleWebKit/537.36 (KHTML, like Gecko) Chrome/131.0.0.0 Safari/537.36"
34.174.57.253 - - [01/Sep/2026:13:46:46 -0500] "GET /google-key.json HTTP/1.1" 404 1136 "-" "Mozilla/5.0 (X11; Linux x86_64) AppleWebKit/537.36 (KHTML, like Gecko) Chrome/131.0.0.0 Safari/537.36"
34.174.57.253 - - [01/Sep/2026:13:46:46 -0500] "GET /.config/gcloud/application_default_credentials.json HTTP/1.1" 404 1136 "-" "Mozilla/5.0 (X11; Linux x86_64) AppleWebKit/537.36 (KHTML, like Gecko) Chrome/131.0.0.0 Safari/537.36"
34.174.57.253 - - [01/Sep/2026:13:46:46 -0500] "GET /application_default_credentials.json HTTP/1.1" 404 1136 "-" "Mozilla/5.0 (X11; Linux x86_64) AppleWebKit/537.36 (KHTML, like Gecko) Chrome/131.0.0.0 Safari/537.36"
34.174.57.253 - - [01/Sep/2026:13:46:46 -0500] "GET /key.json HTTP/1.1" 404 1136 "-" "Mozilla/5.0 (X11; Linux x86_64) AppleWebKit/537.36 (KHTML, like Gecko) Chrome/131.0.0.0 Safari/537.36"
34.174.57.253 - - [01/Sep/2026:13:46:46 -0500] "GET /keyfile.json HTTP/1.1" 404 1136 "-" "Mozilla/5.0 (X11; Linux x86_64) AppleWebKit/537.36 (KHTML, like Gecko) Chrome/131.0.0.0 Safari/537.36"
34.174.57.253 - - [01/Sep/2026:13:46:46 -0500] "GET /firebase-adminsdk.json HTTP/1.1" 404 1136 "-" "Mozilla/5.0 (X11; Linux x86_64) AppleWebKit/537.36 (KHTML, like Gecko) Chrome/131.0.0.0 Safari/537.36"
34.174.57.253 - - [01/Sep/2026:13:46:46 -0500] "GET /firebase-key.json HTTP/1.1" 404 1136 "-" "Mozilla/5.0 (X11; Linux x86_64) AppleWebKit/537.36 (KHTML, like Gecko) Chrome/131.0.0.0 Safari/537.36"
207.244.250.86 - - [01/Sep/2026:13:46:47 -0500] "POST /wp-cron.php?doing_wp_cron=1788288407.7442300319671630859375 HTTP/1.1" 200 4887 "-" "WordPress/6.3.10; https://devsite.motionave.com"
34.174.57.253 - - [01/Sep/2026:13:46:46 -0500] "GET / HTTP/1.1" 200 245757 "-" "Mozilla/5.0 (Windows NT 10.0; Win64; x64) AppleWebKit/537.36 (KHTML, like Gecko) Chrome/131.0.0.0 Safari/537.36"
67.20.112.211 - - [01/Sep/2026:13:47:06 -0500] "GET /wp-login.php HTTP/1.1" 200 11781 "-" "Mozilla/5.0 (Windows NT 10.0; Win64; x64) AppleWebKit/537.36 (KHTML, like Gecko) Chrome/151.0.0.0 Safari/537.36"
67.20.112.211 - - [01/Sep/2026:13:47:08 -0500] "POST /wp-login.php HTTP/1.1" 200 7450 "https://devsite.motionave.com/wp-login.php" "Mozilla/5.0 (Windows NT 10.0; Win64; x64) AppleWebKit/537.36 (KHTML, like Gecko) Chrome/151.0.0.0 Safari/537.36"
34.174.57.253 - - [01/Sep/2026:13:46:32 -0500] "GET /application/.env HTTP/1.1" 404 1136 "-" "Mozilla/5.0 (X11; Linux x86_64) AppleWebKit/537.36 (KHTML, like Gecko) Chrome/131.0.0.0 Safari/537.36"
34.174.57.253 - - [01/Sep/2026:13:46:38 -0500] "GET /backups/.env HTTP/1.1" 404 1136 "-" "Mozilla/5.0 (X11; Linux x86_64) AppleWebKit/537.36 (KHTML, like Gecko) Chrome/131.0.0.0 Safari/537.36"
34.174.57.253 - - [01/Sep/2026:13:46:29 -0500] "GET /web/.env HTTP/1.1" 404 1136 "-" "Mozilla/5.0 (X11; Linux x86_64) AppleWebKit/537.36 (KHTML, like Gecko) Chrome/131.0.0.0 Safari/537.36"
34.174.57.253 - - [01/Sep/2026:13:46:25 -0500] "GET /.env.development HTTP/1.1" 404 1136 "-" "Mozilla/5.0 (X11; Linux x86_64) AppleWebKit/537.36 (KHTML, like Gecko) Chrome/131.0.0.0 Safari/537.36"
34.174.57.253 - - [01/Sep/2026:13:47:31 -0500] "GET /site/.env HTTP/1.1" 404 1136 "-" "Mozilla/5.0 (X11; Linux x86_64) AppleWebKit/537.36 (KHTML, like Gecko) Chrome/131.0.0.0 Safari/537.36"
34.174.57.253 - - [01/Sep/2026:13:47:31 -0500] "GET /bootstrap/.env HTTP/1.1" 404 1136 "-" "Mozilla/5.0 (X11; Linux x86_64) AppleWebKit/537.36 (KHTML, like Gecko) Chrome/131.0.0.0 Safari/537.36"
34.174.57.253 - - [01/Sep/2026:13:47:31 -0500] "GET /old/.env HTTP/1.1" 404 1136 "-" "Mozilla/5.0 (X11; Linux x86_64) AppleWebKit/537.36 (KHTML, like Gecko) Chrome/131.0.0.0 Safari/537.36"
34.174.57.253 - - [01/Sep/2026:13:47:31 -0500] "GET /.env.test HTTP/1.1" 404 1136 "-" "Mozilla/5.0 (X11; Linux x86_64) AppleWebKit/537.36 (KHTML, like Gecko) Chrome/131.0.0.0 Safari/537.36"
57.141.4.6 - - [01/Sep/2026:13:48:47 -0500] "GET /game-communications-trends-olympics/the-game-of-communications-trends-during-the-olympics/ HTTP/1.1" 404 5913 "-" "Mozilla/5.0 (Windows NT 10.0; Win64; x64) AppleWebKit/537.36 (KHTML, like Gecko) Chrome/145.0.0.0 Safari/537.36 (compatible; meta-externalagent/1.1 (+https://developers.facebook.com/docs/sharing/webmasters/crawler))"
57.141.4.44 - - [01/Sep/2026:13:51:42 -0500] "GET /portfolio-item/proper-cloth/screen-shot-2016-04-01-at-5-33-09-pm/ HTTP/1.1" 404 5913 "-" "Mozilla/5.0 (Macintosh; Intel Mac OS X 10_15_7) AppleWebKit/537.36 (KHTML, like Gecko) Chrome/145.0.0.0 Safari/537.36 (compatible; meta-externalagent/1.1 (+https://developers.facebook.com/docs/sharing/webmasters/crawler))"
207.244.250.86 - - [01/Sep/2026:13:53:45 -0500] "POST /wp-cron.php?doing_wp_cron=1788288825.5097029209136962890625 HTTP/1.1" 200 4887 "-" "WordPress/6.3.10; https://devsite.motionave.com"
162.144.3.250 - - [01/Sep/2026:13:53:42 -0500] "GET /wp-login.php HTTP/1.1" 200 11781 "-" "Mozilla/5.0 (Windows NT 10.0; Win64; x64) AppleWebKit/537.36 (KHTML, like Gecko) Chrome/151.0.0.0 Safari/537.36"
162.144.3.250 - - [01/Sep/2026:13:53:46 -0500] "POST /wp-login.php HTTP/1.1" 200 7436 "https://devsite.motionave.com/wp-login.php" "Mozilla/5.0 (Windows NT 10.0; Win64; x64) AppleWebKit/537.36 (KHTML, like Gecko) Chrome/151.0.0.0 Safari/537.36"
168.144.30.105 - - [01/Sep/2026:13:55:00 -0500] "GET /wp-login.php HTTP/1.1" 200 11781 "-" "Mozilla/5.0 (Windows NT 10.0; Win64; x64) AppleWebKit/537.36 (KHTML, like Gecko) Chrome/151.0.0.0 Safari/537.36"
168.144.30.105 - - [01/Sep/2026:13:55:05 -0500] "POST /wp-login.php HTTP/1.1" 200 7452 "https://devsite.motionave.com/wp-login.php" "Mozilla/5.0 (Windows NT 10.0; Win64; x64) AppleWebKit/537.36 (KHTML, like Gecko) Chrome/151.0.0.0 Safari/537.36"
162.241.2.179 - - [01/Sep/2026:13:55:58 -0500] "GET /wp-login.php HTTP/1.1" 200 11781 "-" "Mozilla/5.0 (Windows NT 10.0; Win64; x64) AppleWebKit/537.36 (KHTML, like Gecko) Chrome/151.0.0.0 Safari/537.36"
162.241.2.179 - - [01/Sep/2026:13:55:59 -0500] "POST /wp-login.php HTTP/1.1" 200 7456 "https://devsite.motionave.com/wp-login.php" "Mozilla/5.0 (Windows NT 10.0; Win64; x64) AppleWebKit/537.36 (KHTML, like Gecko) Chrome/151.0.0.0 Safari/537.36"
69.6.213.39 - - [01/Sep/2026:13:56:06 -0500] "GET /wp-login.php HTTP/1.1" 200 11781 "-" "Mozilla/5.0 (Windows NT 10.0; Win64; x64) AppleWebKit/537.36 (KHTML, like Gecko) Chrome/151.0.0.0 Safari/537.36"
69.6.213.39 - - [01/Sep/2026:13:56:06 -0500] "POST /wp-login.php HTTP/1.1" 200 7452 "https://devsite.motionave.com/wp-login.php" "Mozilla/5.0 (Windows NT 10.0; Win64; x64) AppleWebKit/537.36 (KHTML, like Gecko) Chrome/151.0.0.0 Safari/537.36"
207.244.250.86 - - [01/Sep/2026:13:59:47 -0500] "POST /wp-cron.php?doing_wp_cron=1788289187.6388878822326660156250 HTTP/1.1" 200 4887 "-" "WordPress/6.3.10; https://devsite.motionave.com"
47.86.33.52 - - [01/Sep/2026:13:59:45 -0500] "GET /wp-login.php HTTP/1.1" 200 11781 "-" "Mozilla/5.0 (Windows NT 10.0; Win64; x64) AppleWebKit/537.36 (KHTML, like Gecko) Chrome/151.0.0.0 Safari/537.36"
47.86.33.52 - - [01/Sep/2026:13:59:47 -0500] "POST /wp-login.php HTTP/1.1" 200 7440 "https://devsite.motionave.com/wp-login.php" "Mozilla/5.0 (Windows NT 10.0; Win64; x64) AppleWebKit/537.36 (KHTML, like Gecko) Chrome/151.0.0.0 Safari/537.36"
57.141.4.39 - - [01/Sep/2026:14:03:57 -0500] "GET /four-ways-master-customer-service-brand/ HTTP/1.1" 404 5913 "-" "Mozilla/5.0 (Macintosh; Intel Mac OS X 10_15_7) AppleWebKit/537.36 (KHTML, like Gecko) Chrome/145.0.0.0 Safari/537.36 (compatible; meta-externalagent/1.1 (+https://developers.facebook.com/docs/sharing/webmasters/crawler))"
57.141.4.4 - - [01/Sep/2026:14:04:01 -0500] "GET /facebook-ads-works-for-b2b-companies/1_header_blogpost_2-3/ HTTP/1.1" 404 5913 "-" "Mozilla/5.0 (Windows NT 10.0; Win64; x64) AppleWebKit/537.36 (KHTML, like Gecko) Chrome/145.0.0.0 Safari/537.36 (compatible; meta-externalagent/1.1 (+https://developers.facebook.com/docs/sharing/webmasters/crawler))"
173.252.70.42 - - [01/Sep/2026:14:05:45 -0500] "GET /robots.txt HTTP/1.1" 404 5913 "-" "facebookexternalhit/1.1 (+http://www.facebook.com/externalhit_uatext.php)"
207.244.250.86 - - [01/Sep/2026:14:07:31 -0500] "POST /wp-cron.php?doing_wp_cron=1788289651.3431351184844970703125 HTTP/1.1" 200 4887 "-" "WordPress/6.3.10; https://devsite.motionave.com"
47.86.33.52 - - [01/Sep/2026:14:07:29 -0500] "GET /wp-login.php HTTP/1.1" 200 11781 "-" "Mozilla/5.0 (Windows NT 10.0; Win64; x64) AppleWebKit/537.36 (KHTML, like Gecko) Chrome/151.0.0.0 Safari/537.36"
47.86.33.52 - - [01/Sep/2026:14:07:31 -0500] "POST /wp-login.php HTTP/1.1" 200 7436 "https://devsite.motionave.com/wp-login.php" "Mozilla/5.0 (Windows NT 10.0; Win64; x64) AppleWebKit/537.36 (KHTML, like Gecko) Chrome/151.0.0.0 Safari/537.36"
57.141.4.23 - - [01/Sep/2026:14:07:36 -0500] "GET /how-to-rock-split-testing-on-facebook-ads/motion_-blog-post-fb-ads/ HTTP/1.1" 404 5913 "-" "Mozilla/5.0 (Windows NT 10.0; Win64; x64) AppleWebKit/537.36 (KHTML, like Gecko) Chrome/145.0.0.0 Safari/537.36 (compatible; meta-externalagent/1.1 (+https://developers.facebook.com/docs/sharing/webmasters/crawler))"
207.244.250.86 - - [01/Sep/2026:14:10:00 -0500] "POST /wp-cron.php?doing_wp_cron=1788289800.2109520435333251953125 HTTP/1.1" 200 4887 "-" "WordPress/6.3.10; https://devsite.motionave.com"
160.16.208.110 - - [01/Sep/2026:14:09:57 -0500] "GET /wp-login.php HTTP/1.1" 200 11781 "-" "Mozilla/5.0 (Windows NT 10.0; Win64; x64) AppleWebKit/537.36 (KHTML, like Gecko) Chrome/151.0.0.0 Safari/537.36"
160.16.208.110 - - [01/Sep/2026:14:10:00 -0500] "POST /wp-login.php HTTP/1.1" 200 7452 "https://devsite.motionave.com/wp-login.php" "Mozilla/5.0 (Windows NT 10.0; Win64; x64) AppleWebKit/537.36 (KHTML, like Gecko) Chrome/151.0.0.0 Safari/537.36"
207.244.250.86 - - [01/Sep/2026:14:14:04 -0500] "POST /wp-cron.php?doing_wp_cron=1788290044.1648349761962890625000 HTTP/1.1" 200 4887 "-" "WordPress/6.3.10; https://devsite.motionave.com"
103.190.47.78 - - [01/Sep/2026:14:13:58 -0500] "GET /wp-login.php HTTP/1.1" 200 11781 "-" "Mozilla/5.0 (Windows NT 10.0; Win64; x64) AppleWebKit/537.36 (KHTML, like Gecko) Chrome/151.0.0.0 Safari/537.36"
103.190.47.78 - - [01/Sep/2026:14:14:04 -0500] "POST /wp-login.php HTTP/1.1" 200 7440 "https://devsite.motionave.com/wp-login.php" "Mozilla/5.0 (Windows NT 10.0; Win64; x64) AppleWebKit/537.36 (KHTML, like Gecko) Chrome/151.0.0.0 Safari/537.36"
68.65.121.193 - - [01/Sep/2026:14:15:09 -0500] "GET /wp-login.php HTTP/1.1" 200 11781 "-" "Mozilla/5.0 (Windows NT 10.0; Win64; x64) AppleWebKit/537.36 (KHTML, like Gecko) Chrome/151.0.0.0 Safari/537.36"
68.65.121.193 - - [01/Sep/2026:14:15:13 -0500] "POST /wp-login.php HTTP/1.1" 200 7452 "https://devsite.motionave.com/wp-login.php" "Mozilla/5.0 (Windows NT 10.0; Win64; x64) AppleWebKit/537.36 (KHTML, like Gecko) Chrome/151.0.0.0 Safari/537.36"
57.141.4.23 - - [01/Sep/2026:14:16:30 -0500] "GET /5-tips-to-optimize-your-website-for-mobile-search/motion_-blog-post-5-tips/ HTTP/1.1" 404 5913 "-" "Mozilla/5.0 (Windows NT 10.0; Win64; x64) AppleWebKit/537.36 (KHTML, like Gecko) Chrome/145.0.0.0 Safari/537.36 (compatible; meta-externalagent/1.1 (+https://developers.facebook.com/docs/sharing/webmasters/crawler))"
209.42.18.204 - - [01/Sep/2026:14:16:29 -0500] "GET /wp-login.php HTTP/1.1" 200 11781 "-" "Mozilla/5.0 (Windows NT 10.0; Win64; x64) AppleWebKit/537.36 (KHTML, like Gecko) Chrome/151.0.0.0 Safari/537.36"
209.42.18.204 - - [01/Sep/2026:14:16:31 -0500] "POST /wp-login.php HTTP/1.1" 200 7450 "https://devsite.motionave.com/wp-login.php" "Mozilla/5.0 (Windows NT 10.0; Win64; x64) AppleWebKit/537.36 (KHTML, like Gecko) Chrome/151.0.0.0 Safari/537.36"
207.244.250.86 - - [01/Sep/2026:14:18:57 -0500] "POST /wp-cron.php?doing_wp_cron=1788290337.5737340450286865234375 HTTP/1.1" 200 4887 "-" "WordPress/6.3.10; https://devsite.motionave.com"
69.16.218.67 - - [01/Sep/2026:14:18:55 -0500] "GET /wp-login.php HTTP/1.1" 200 11781 "-" "Mozilla/5.0 (Windows NT 10.0; Win64; x64) AppleWebKit/537.36 (KHTML, like Gecko) Chrome/151.0.0.0 Safari/537.36"
69.16.218.67 - - [01/Sep/2026:14:18:57 -0500] "POST /wp-login.php HTTP/1.1" 200 7456 "https://devsite.motionave.com/wp-login.php" "Mozilla/5.0 (Windows NT 10.0; Win64; x64) AppleWebKit/537.36 (KHTML, like Gecko) Chrome/151.0.0.0 Safari/537.36"
162.241.2.179 - - [01/Sep/2026:14:20:28 -0500] "GET /wp-login.php HTTP/1.1" 200 11781 "-" "Mozilla/5.0 (Windows NT 10.0; Win64; x64) AppleWebKit/537.36 (KHTML, like Gecko) Chrome/151.0.0.0 Safari/537.36"
162.241.2.179 - - [01/Sep/2026:14:20:31 -0500] "POST /wp-login.php HTTP/1.1" 200 7440 "https://devsite.motionave.com/wp-login.php" "Mozilla/5.0 (Windows NT 10.0; Win64; x64) AppleWebKit/537.36 (KHTML, like Gecko) Chrome/151.0.0.0 Safari/537.36"
40.77.167.57 - - [01/Sep/2026:14:21:39 -0500] "GET /four-ways-master-customer-service-brand/sony-dsc/ HTTP/1.1" 404 5890 "-" "Mozilla/5.0 AppleWebKit/537.36 (KHTML, like Gecko; compatible; bingbot/2.0; +http://www.bing.com/bingbot.htm) Chrome/116.0.1938.76 Safari/537.36"
40.77.167.57 - - [01/Sep/2026:14:21:39 -0500] "GET /the-recipe-for-creating-awesome-buyer-personas-infographic/inphography_buyer-6/ HTTP/1.1" 404 1081 "-" "Mozilla/5.0 AppleWebKit/537.36 (KHTML, like Gecko; compatible; bingbot/2.0; +http://www.bing.com/bingbot.htm) Chrome/116.0.1938.76 Safari/537.36"
165.232.84.100 - - [01/Sep/2026:14:22:38 -0500] "POST / HTTP/1.1" 200 4776 "https://devsite.motionave.com/" "Mozilla/5.0 (Windows NT 10.0; Win64; x64) AppleWebKit/537.36 (KHTML, like Gecko) Chrome/144.0.0.0 Safari/537.36"
207.244.250.86 - - [01/Sep/2026:14:25:53 -0500] "POST /wp-cron.php?doing_wp_cron=1788290753.2853100299835205078125 HTTP/1.1" 200 4887 "-" "WordPress/6.3.10; https://devsite.motionave.com"
162.241.63.88 - - [01/Sep/2026:14:25:51 -0500] "GET /wp-login.php HTTP/1.1" 200 11781 "-" "Mozilla/5.0 (Windows NT 10.0; Win64; x64) AppleWebKit/537.36 (KHTML, like Gecko) Chrome/151.0.0.0 Safari/537.36"
162.241.63.88 - - [01/Sep/2026:14:25:53 -0500] "POST /wp-login.php HTTP/1.1" 200 7436 "https://devsite.motionave.com/wp-login.php" "Mozilla/5.0 (Windows NT 10.0; Win64; x64) AppleWebKit/537.36 (KHTML, like Gecko) Chrome/151.0.0.0 Safari/537.36"
50.6.109.131 - - [01/Sep/2026:14:26:50 -0500] "GET /wp-login.php HTTP/1.1" 200 11781 "-" "Mozilla/5.0 (Windows NT 10.0; Win64; x64) AppleWebKit/537.36 (KHTML, like Gecko) Chrome/151.0.0.0 Safari/537.36"
50.6.109.131 - - [01/Sep/2026:14:26:52 -0500] "POST /wp-login.php HTTP/1.1" 200 7450 "https://devsite.motionave.com/wp-login.php" "Mozilla/5.0 (Windows NT 10.0; Win64; x64) AppleWebKit/537.36 (KHTML, like Gecko) Chrome/151.0.0.0 Safari/537.36"
209.42.18.223 - - [01/Sep/2026:14:27:34 -0500] "GET /wp-login.php HTTP/1.1" 200 11781 "-" "Mozilla/5.0 (Windows NT 10.0; Win64; x64) AppleWebKit/537.36 (KHTML, like Gecko) Chrome/151.0.0.0 Safari/537.36"
209.42.18.223 - - [01/Sep/2026:14:27:36 -0500] "POST /wp-login.php HTTP/1.1" 200 7450 "https://devsite.motionave.com/wp-login.php" "Mozilla/5.0 (Windows NT 10.0; Win64; x64) AppleWebKit/537.36 (KHTML, like Gecko) Chrome/151.0.0.0 Safari/537.36"
207.244.250.86 - - [01/Sep/2026:14:30:19 -0500] "POST /wp-cron.php?doing_wp_cron=1788291019.0932500362396240234375 HTTP/1.1" 200 4887 "-" "WordPress/6.3.10; https://devsite.motionave.com"
192.185.131.115 - - [01/Sep/2026:14:30:16 -0500] "GET /wp-login.php HTTP/1.1" 200 11781 "-" "Mozilla/5.0 (Windows NT 10.0; Win64; x64) AppleWebKit/537.36 (KHTML, like Gecko) Chrome/151.0.0.0 Safari/537.36"
192.185.131.115 - - [01/Sep/2026:14:30:19 -0500] "POST /wp-login.php HTTP/1.1" 200 7450 "https://devsite.motionave.com/wp-login.php" "Mozilla/5.0 (Windows NT 10.0; Win64; x64) AppleWebKit/537.36 (KHTML, like Gecko) Chrome/151.0.0.0 Safari/537.36"
198.54.114.91 - - [01/Sep/2026:14:32:42 -0500] "GET /wp-login.php HTTP/1.1" 200 11781 "-" "Mozilla/5.0 (Windows NT 10.0; Win64; x64) AppleWebKit/537.36 (KHTML, like Gecko) Chrome/151.0.0.0 Safari/537.36"
198.54.114.91 - - [01/Sep/2026:14:32:45 -0500] "POST /wp-login.php HTTP/1.1" 200 7436 "https://devsite.motionave.com/wp-login.php" "Mozilla/5.0 (Windows NT 10.0; Win64; x64) AppleWebKit/537.36 (KHTML, like Gecko) Chrome/151.0.0.0 Safari/537.36"
162.4.112.50 - - [01/Sep/2026:14:33:00 -0500] "GET /wp-login.php HTTP/1.1" 200 11781 "-" "Mozilla/5.0 (Windows NT 10.0; Win64; x64) AppleWebKit/537.36 (KHTML, like Gecko) Chrome/151.0.0.0 Safari/537.36"
162.4.112.50 - - [01/Sep/2026:14:33:01 -0500] "POST /wp-login.php HTTP/1.1" 200 7450 "https://devsite.motionave.com/wp-login.php" "Mozilla/5.0 (Windows NT 10.0; Win64; x64) AppleWebKit/537.36 (KHTML, like Gecko) Chrome/151.0.0.0 Safari/537.36"
69.6.213.102 - - [01/Sep/2026:14:33:27 -0500] "GET /wp-login.php HTTP/1.1" 200 11781 "-" "Mozilla/5.0 (Windows NT 10.0; Win64; x64) AppleWebKit/537.36 (KHTML, like Gecko) Chrome/151.0.0.0 Safari/537.36"
69.6.213.102 - - [01/Sep/2026:14:33:29 -0500] "POST /wp-login.php HTTP/1.1" 200 7450 "https://devsite.motionave.com/wp-login.php" "Mozilla/5.0 (Windows NT 10.0; Win64; x64) AppleWebKit/537.36 (KHTML, like Gecko) Chrome/151.0.0.0 Safari/537.36"
207.244.250.86 - - [01/Sep/2026:14:39:35 -0500] "POST /wp-cron.php?doing_wp_cron=1788291575.5891621112823486328125 HTTP/1.1" 200 4887 "-" "WordPress/6.3.10; https://devsite.motionave.com"
162.241.244.118 - - [01/Sep/2026:14:39:34 -0500] "GET /wp-login.php HTTP/1.1" 200 11781 "-" "Mozilla/5.0 (Windows NT 10.0; Win64; x64) AppleWebKit/537.36 (KHTML, like Gecko) Chrome/151.0.0.0 Safari/537.36"
162.241.244.118 - - [01/Sep/2026:14:39:35 -0500] "POST /wp-login.php HTTP/1.1" 200 7440 "https://devsite.motionave.com/wp-login.php" "Mozilla/5.0 (Windows NT 10.0; Win64; x64) AppleWebKit/537.36 (KHTML, like Gecko) Chrome/151.0.0.0 Safari/537.36"
192.185.4.166 - - [01/Sep/2026:14:43:06 -0500] "GET /wp-login.php HTTP/1.1" 200 11781 "-" "Mozilla/5.0 (Windows NT 10.0; Win64; x64) AppleWebKit/537.36 (KHTML, like Gecko) Chrome/151.0.0.0 Safari/537.36"
192.185.4.166 - - [01/Sep/2026:14:43:09 -0500] "POST /wp-login.php HTTP/1.1" 200 7450 "https://devsite.motionave.com/wp-login.php" "Mozilla/5.0 (Windows NT 10.0; Win64; x64) AppleWebKit/537.36 (KHTML, like Gecko) Chrome/151.0.0.0 Safari/537.36"
207.244.250.86 - - [01/Sep/2026:14:45:11 -0500] "POST /wp-cron.php?doing_wp_cron=1788291911.6342289447784423828125 HTTP/1.1" 200 4887 "-" "WordPress/6.3.10; https://devsite.motionave.com"
50.6.138.86 - - [01/Sep/2026:14:45:09 -0500] "GET /wp-login.php HTTP/1.1" 200 11781 "-" "Mozilla/5.0 (Windows NT 10.0; Win64; x64) AppleWebKit/537.36 (KHTML, like Gecko) Chrome/151.0.0.0 Safari/537.36"
50.6.138.86 - - [01/Sep/2026:14:45:11 -0500] "POST /wp-login.php HTTP/1.1" 200 7436 "https://devsite.motionave.com/wp-login.php" "Mozilla/5.0 (Windows NT 10.0; Win64; x64) AppleWebKit/537.36 (KHTML, like Gecko) Chrome/151.0.0.0 Safari/537.36"
103.75.187.19 - - [01/Sep/2026:14:45:30 -0500] "GET /wp-login.php HTTP/1.1" 200 11781 "-" "Mozilla/5.0 (Windows NT 10.0; Win64; x64) AppleWebKit/537.36 (KHTML, like Gecko) Chrome/151.0.0.0 Safari/537.36"
103.75.187.19 - - [01/Sep/2026:14:45:31 -0500] "POST /wp-login.php HTTP/1.1" 200 7440 "https://devsite.motionave.com/wp-login.php" "Mozilla/5.0 (Windows NT 10.0; Win64; x64) AppleWebKit/537.36 (KHTML, like Gecko) Chrome/151.0.0.0 Safari/537.36"
207.244.250.86 - - [01/Sep/2026:14:49:22 -0500] "POST /wp-cron.php?doing_wp_cron=1788292162.6980459690093994140625 HTTP/1.1" 200 4887 "-" "WordPress/6.3.10; https://devsite.motionave.com"
216.172.172.45 - - [01/Sep/2026:14:49:20 -0500] "GET /wp-login.php HTTP/1.1" 200 11781 "-" "Mozilla/5.0 (Windows NT 10.0; Win64; x64) AppleWebKit/537.36 (KHTML, like Gecko) Chrome/151.0.0.0 Safari/537.36"
216.172.172.45 - - [01/Sep/2026:14:49:22 -0500] "POST /wp-login.php HTTP/1.1" 200 7452 "https://devsite.motionave.com/wp-login.php" "Mozilla/5.0 (Windows NT 10.0; Win64; x64) AppleWebKit/537.36 (KHTML, like Gecko) Chrome/151.0.0.0 Safari/537.36"
43.250.141.107 - - [01/Sep/2026:14:49:56 -0500] "GET /wp-login.php HTTP/1.1" 200 11781 "-" "Mozilla/5.0 (Windows NT 10.0; Win64; x64) AppleWebKit/537.36 (KHTML, like Gecko) Chrome/151.0.0.0 Safari/537.36"
43.250.141.107 - - [01/Sep/2026:14:49:58 -0500] "POST /wp-login.php HTTP/1.1" 200 7450 "https://devsite.motionave.com/wp-login.php" "Mozilla/5.0 (Windows NT 10.0; Win64; x64) AppleWebKit/537.36 (KHTML, like Gecko) Chrome/151.0.0.0 Safari/537.36"
129.121.74.194 - - [01/Sep/2026:14:50:20 -0500] "GET /wp-login.php HTTP/1.1" 200 11781 "-" "Mozilla/5.0 (Windows NT 10.0; Win64; x64) AppleWebKit/537.36 (KHTML, like Gecko) Chrome/151.0.0.0 Safari/537.36"
129.121.74.194 - - [01/Sep/2026:14:50:23 -0500] "POST /wp-login.php HTTP/1.1" 200 7452 "https://devsite.motionave.com/wp-login.php" "Mozilla/5.0 (Windows NT 10.0; Win64; x64) AppleWebKit/537.36 (KHTML, like Gecko) Chrome/151.0.0.0 Safari/537.36"
69.6.249.177 - - [01/Sep/2026:14:51:44 -0500] "GET /wp-login.php HTTP/1.1" 200 11781 "-" "Mozilla/5.0 (Windows NT 10.0; Win64; x64) AppleWebKit/537.36 (KHTML, like Gecko) Chrome/151.0.0.0 Safari/537.36"
69.6.249.177 - - [01/Sep/2026:14:51:48 -0500] "POST /wp-login.php HTTP/1.1" 200 7436 "https://devsite.motionave.com/wp-login.php" "Mozilla/5.0 (Windows NT 10.0; Win64; x64) AppleWebKit/537.36 (KHTML, like Gecko) Chrome/151.0.0.0 Safari/537.36"
209.42.18.223 - - [01/Sep/2026:14:52:28 -0500] "GET /wp-login.php HTTP/1.1" 200 11781 "-" "Mozilla/5.0 (Windows NT 10.0; Win64; x64) AppleWebKit/537.36 (KHTML, like Gecko) Chrome/151.0.0.0 Safari/537.36"
209.42.18.223 - - [01/Sep/2026:14:52:30 -0500] "POST /wp-login.php HTTP/1.1" 200 7440 "https://devsite.motionave.com/wp-login.php" "Mozilla/5.0 (Windows NT 10.0; Win64; x64) AppleWebKit/537.36 (KHTML, like Gecko) Chrome/151.0.0.0 Safari/537.36"
207.244.250.86 - - [01/Sep/2026:14:55:22 -0500] "POST /wp-cron.php?doing_wp_cron=1788292522.3363809585571289062500 HTTP/1.1" 200 4887 "-" "WordPress/6.3.10; https://devsite.motionave.com"
50.6.109.131 - - [01/Sep/2026:14:55:20 -0500] "GET /wp-login.php HTTP/1.1" 200 11781 "-" "Mozilla/5.0 (Windows NT 10.0; Win64; x64) AppleWebKit/537.36 (KHTML, like Gecko) Chrome/151.0.0.0 Safari/537.36"
50.6.109.131 - - [01/Sep/2026:14:55:22 -0500] "POST /wp-login.php HTTP/1.1" 200 7452 "https://devsite.motionave.com/wp-login.php" "Mozilla/5.0 (Windows NT 10.0; Win64; x64) AppleWebKit/537.36 (KHTML, like Gecko) Chrome/151.0.0.0 Safari/537.36"
190.107.177.233 - - [01/Sep/2026:14:55:30 -0500] "GET /wp-login.php HTTP/1.1" 200 11781 "-" "Mozilla/5.0 (Windows NT 10.0; Win64; x64) AppleWebKit/537.36 (KHTML, like Gecko) Chrome/151.0.0.0 Safari/537.36"
190.107.177.233 - - [01/Sep/2026:14:55:30 -0500] "POST /wp-login.php HTTP/1.1" 200 7452 "https://devsite.motionave.com/wp-login.php" "Mozilla/5.0 (Windows NT 10.0; Win64; x64) AppleWebKit/537.36 (KHTML, like Gecko) Chrome/151.0.0.0 Safari/537.36"
207.244.250.86 - - [01/Sep/2026:14:59:17 -0500] "POST /wp-cron.php?doing_wp_cron=1788292757.7756400108337402343750 HTTP/1.1" 200 4887 "-" "WordPress/6.3.10; https://devsite.motionave.com"
50.6.152.190 - - [01/Sep/2026:14:59:15 -0500] "GET /wp-login.php HTTP/1.1" 200 11781 "-" "Mozilla/5.0 (Windows NT 10.0; Win64; x64) AppleWebKit/537.36 (KHTML, like Gecko) Chrome/151.0.0.0 Safari/537.36"
50.6.152.190 - - [01/Sep/2026:14:59:17 -0500] "POST /wp-login.php HTTP/1.1" 200 7440 "https://devsite.motionave.com/wp-login.php" "Mozilla/5.0 (Windows NT 10.0; Win64; x64) AppleWebKit/537.36 (KHTML, like Gecko) Chrome/151.0.0.0 Safari/537.36"
57.141.4.16 - - [01/Sep/2026:15:01:00 -0500] "GET /5-game-changers-instagram-marketing-trends-2019/e2soegagvq92jlm464jczhuo4s0vsn0yuyxgflgftd5lmfyugc_i4axjrsmleoacrdq0y_hbke-u6y_yrl485pe54ioefmngfczag6ip-3fpherqhqhg91a8d3ea9p_kbgfkpbhp/ HTTP/1.1" 404 5913 "-" "Mozilla/5.0 (Windows NT 10.0; Win64; x64) AppleWebKit/537.36 (KHTML, like Gecko) Chrome/145.0.0.0 Safari/537.36 (compatible; meta-externalagent/1.1 (+https://developers.facebook.com/docs/sharing/webmasters/crawler))"
57.141.4.20 - - [01/Sep/2026:15:01:09 -0500] "GET /interactive-elements/ HTTP/1.1" 404 5913 "-" "Mozilla/5.0 (Windows NT 10.0; Win64; x64) AppleWebKit/537.36 (KHTML, like Gecko) Chrome/145.0.0.0 Safari/537.36 Edg/145.0.0.0 (compatible; meta-externalagent/1.1 (+https://developers.facebook.com/docs/sharing/webmasters/crawler))"
162.0.209.134 - - [01/Sep/2026:15:02:08 -0500] "GET /wp-login.php HTTP/1.1" 200 11781 "-" "Mozilla/5.0 (Windows NT 10.0; Win64; x64) AppleWebKit/537.36 (KHTML, like Gecko) Chrome/151.0.0.0 Safari/537.36"
162.0.209.134 - - [01/Sep/2026:15:02:11 -0500] "POST /wp-login.php HTTP/1.1" 200 7456 "https://devsite.motionave.com/wp-login.php" "Mozilla/5.0 (Windows NT 10.0; Win64; x64) AppleWebKit/537.36 (KHTML, like Gecko) Chrome/151.0.0.0 Safari/537.36"
207.244.250.86 - - [01/Sep/2026:15:03:42 -0500] "POST /wp-cron.php?doing_wp_cron=1788293022.4263739585876464843750 HTTP/1.1" 200 4887 "-" "WordPress/6.3.10; https://devsite.motionave.com"
162.0.209.134 - - [01/Sep/2026:15:03:40 -0500] "GET /wp-login.php HTTP/1.1" 200 11781 "-" "Mozilla/5.0 (Windows NT 10.0; Win64; x64) AppleWebKit/537.36 (KHTML, like Gecko) Chrome/151.0.0.0 Safari/537.36"
162.0.209.134 - - [01/Sep/2026:15:03:42 -0500] "POST /wp-login.php HTTP/1.1" 200 7436 "https://devsite.motionave.com/wp-login.php" "Mozilla/5.0 (Windows NT 10.0; Win64; x64) AppleWebKit/537.36 (KHTML, like Gecko) Chrome/151.0.0.0 Safari/537.36"
207.244.250.86 - - [01/Sep/2026:15:16:56 -0500] "POST /wp-cron.php?doing_wp_cron=1788293816.7174060344696044921875 HTTP/1.1" 200 4887 "-" "WordPress/6.3.10; https://devsite.motionave.com"
198.54.114.72 - - [01/Sep/2026:15:16:54 -0500] "GET /wp-login.php HTTP/1.1" 200 11781 "-" "Mozilla/5.0 (Windows NT 10.0; Win64; x64) AppleWebKit/537.36 (KHTML, like Gecko) Chrome/151.0.0.0 Safari/537.36"
198.54.114.72 - - [01/Sep/2026:15:16:56 -0500] "POST /wp-login.php HTTP/1.1" 200 7452 "https://devsite.motionave.com/wp-login.php" "Mozilla/5.0 (Windows NT 10.0; Win64; x64) AppleWebKit/537.36 (KHTML, like Gecko) Chrome/151.0.0.0 Safari/537.36"
207.244.250.86 - - [01/Sep/2026:15:19:57 -0500] "POST /wp-cron.php?doing_wp_cron=1788293997.0783109664916992187500 HTTP/1.1" 200 4887 "-" "WordPress/6.3.10; https://devsite.motionave.com"
50.6.207.27 - - [01/Sep/2026:15:19:55 -0500] "GET /wp-login.php HTTP/1.1" 200 11781 "-" "Mozilla/5.0 (Windows NT 10.0; Win64; x64) AppleWebKit/537.36 (KHTML, like Gecko) Chrome/151.0.0.0 Safari/537.36"
50.6.207.27 - - [01/Sep/2026:15:19:57 -0500] "POST /wp-login.php HTTP/1.1" 200 7452 "https://devsite.motionave.com/wp-login.php" "Mozilla/5.0 (Windows NT 10.0; Win64; x64) AppleWebKit/537.36 (KHTML, like Gecko) Chrome/151.0.0.0 Safari/537.36"
103.101.58.128 - - [01/Sep/2026:15:20:09 -0500] "GET /wp-login.php HTTP/1.1" 200 11781 "-" "Mozilla/5.0 (Windows NT 10.0; Win64; x64) AppleWebKit/537.36 (KHTML, like Gecko) Chrome/151.0.0.0 Safari/537.36"
103.101.58.128 - - [01/Sep/2026:15:20:11 -0500] "POST /wp-login.php HTTP/1.1" 200 7440 "https://devsite.motionave.com/wp-login.php" "Mozilla/5.0 (Windows NT 10.0; Win64; x64) AppleWebKit/537.36 (KHTML, like Gecko) Chrome/151.0.0.0 Safari/537.36"
207.244.250.86 - - [01/Sep/2026:15:23:36 -0500] "POST /wp-cron.php?doing_wp_cron=1788294216.3304440975189208984375 HTTP/1.1" 200 4887 "-" "WordPress/6.3.10; https://devsite.motionave.com"
108.179.192.20 - - [01/Sep/2026:15:23:34 -0500] "GET /wp-login.php HTTP/1.1" 200 11781 "-" "Mozilla/5.0 (Windows NT 10.0; Win64; x64) AppleWebKit/537.36 (KHTML, like Gecko) Chrome/151.0.0.0 Safari/537.36"
108.179.192.20 - - [01/Sep/2026:15:23:36 -0500] "POST /wp-login.php HTTP/1.1" 200 7436 "https://devsite.motionave.com/wp-login.php" "Mozilla/5.0 (Windows NT 10.0; Win64; x64) AppleWebKit/537.36 (KHTML, like Gecko) Chrome/151.0.0.0 Safari/537.36"
185.26.122.80 - - [01/Sep/2026:15:25:37 -0500] "GET / HTTP/1.1" 200 245916 "-" "Mozilla/5.0 (Windows NT 10.0; Win64; x64) AppleWebKit/537.36 (KHTML, like Gecko) Chrome/126.0.0.0 Safari/537.36"
185.26.122.80 - - [01/Sep/2026:15:25:43 -0500] "POST /?rest_route=/batch/v1 HTTP/1.1" 500 5716 "-" "Mozilla/5.0 (Windows NT 10.0; Win64; x64) AppleWebKit/537.36 (KHTML, like Gecko) Chrome/126.0.0.0 Safari/537.36"
185.26.122.80 - - [01/Sep/2026:15:25:44 -0500] "POST /wp-json/batch/v1 HTTP/1.1" 404 5861 "-" "Mozilla/5.0 (Windows NT 10.0; Win64; x64) AppleWebKit/537.36 (KHTML, like Gecko) Chrome/126.0.0.0 Safari/537.36"
185.26.122.80 - - [01/Sep/2026:15:25:45 -0500] "POST /index.php?rest_route=/batch/v1 HTTP/1.1" 500 5716 "-" "Mozilla/5.0 (Windows NT 10.0; Win64; x64) AppleWebKit/537.36 (KHTML, like Gecko) Chrome/126.0.0.0 Safari/537.36"
185.26.122.80 - - [01/Sep/2026:15:25:47 -0500] "POST /index.php/wp-json/batch/v1 HTTP/1.1" 500 5716 "-" "Mozilla/5.0 (Windows NT 10.0; Win64; x64) AppleWebKit/537.36 (KHTML, like Gecko) Chrome/126.0.0.0 Safari/537.36"
185.26.122.80 - - [01/Sep/2026:15:25:49 -0500] "POST / HTTP/1.1" 500 5716 "-" "Mozilla/5.0 (Windows NT 10.0; Win64; x64) AppleWebKit/537.36 (KHTML, like Gecko) Chrome/126.0.0.0 Safari/537.36"
185.26.122.80 - - [01/Sep/2026:15:25:50 -0500] "POST /index.php HTTP/1.1" 500 5716 "-" "Mozilla/5.0 (Windows NT 10.0; Win64; x64) AppleWebKit/537.36 (KHTML, like Gecko) Chrome/126.0.0.0 Safari/537.36"
129.121.74.194 - - [01/Sep/2026:15:26:08 -0500] "GET /wp-login.php HTTP/1.1" 200 11781 "-" "Mozilla/5.0 (Windows NT 10.0; Win64; x64) AppleWebKit/537.36 (KHTML, like Gecko) Chrome/151.0.0.0 Safari/537.36"
129.121.74.194 - - [01/Sep/2026:15:26:12 -0500] "POST /wp-login.php HTTP/1.1" 200 7450 "https://devsite.motionave.com/wp-login.php" "Mozilla/5.0 (Windows NT 10.0; Win64; x64) AppleWebKit/537.36 (KHTML, like Gecko) Chrome/151.0.0.0 Safari/537.36"
57.141.4.16 - - [01/Sep/2026:15:27:14 -0500] "GET /3-fundamental-facebook-ads-strategies-for-ecommerce-you-need-to-know/image4-12/ HTTP/1.1" 404 5913 "-" "Mozilla/5.0 (Windows NT 10.0; Win64; x64) AppleWebKit/537.36 (KHTML, like Gecko) Chrome/145.0.0.0 Safari/537.36 (compatible; meta-externalagent/1.1 (+https://developers.facebook.com/docs/sharing/webmasters/crawler))"
103.101.58.128 - - [01/Sep/2026:15:27:18 -0500] "GET /wp-login.php HTTP/1.1" 200 11781 "-" "Mozilla/5.0 (Windows NT 10.0; Win64; x64) AppleWebKit/537.36 (KHTML, like Gecko) Chrome/151.0.0.0 Safari/537.36"
103.101.58.128 - - [01/Sep/2026:15:27:27 -0500] "POST /wp-login.php HTTP/1.1" 200 12216 "https://devsite.motionave.com/wp-login.php" "Mozilla/5.0 (Windows NT 10.0; Win64; x64) AppleWebKit/537.36 (KHTML, like Gecko) Chrome/151.0.0.0 Safari/537.36"
192.185.131.115 - - [01/Sep/2026:15:28:24 -0500] "GET /wp-login.php HTTP/1.1" 200 11781 "-" "Mozilla/5.0 (Windows NT 10.0; Win64; x64) AppleWebKit/537.36 (KHTML, like Gecko) Chrome/151.0.0.0 Safari/537.36"
192.185.131.115 - - [01/Sep/2026:15:28:26 -0500] "POST /wp-login.php HTTP/1.1" 200 7450 "https://devsite.motionave.com/wp-login.php" "Mozilla/5.0 (Windows NT 10.0; Win64; x64) AppleWebKit/537.36 (KHTML, like Gecko) Chrome/151.0.0.0 Safari/537.36"
207.244.250.86 - - [01/Sep/2026:15:33:28 -0500] "POST /wp-cron.php?doing_wp_cron=1788294808.8602569103240966796875 HTTP/1.1" 200 4887 "-" "WordPress/6.3.10; https://devsite.motionave.com"
162.144.3.250 - - [01/Sep/2026:15:33:26 -0500] "GET /wp-login.php HTTP/1.1" 200 11781 "-" "Mozilla/5.0 (Windows NT 10.0; Win64; x64) AppleWebKit/537.36 (KHTML, like Gecko) Chrome/151.0.0.0 Safari/537.36"
162.144.3.250 - - [01/Sep/2026:15:33:29 -0500] "POST /wp-login.php HTTP/1.1" 200 7440 "https://devsite.motionave.com/wp-login.php" "Mozilla/5.0 (Windows NT 10.0; Win64; x64) AppleWebKit/537.36 (KHTML, like Gecko) Chrome/151.0.0.0 Safari/537.36"
173.252.95.50 - - [01/Sep/2026:15:36:34 -0500] "GET /5-ways-you-can-use-chatbots-in-your-marketing-strategy/image5-4/ HTTP/1.1" 404 5913 "-" "Mozilla/5.0 (Macintosh; Intel Mac OS X 10_15_7) AppleWebKit/537.36 (KHTML, like Gecko) Chrome/145.0.0.0 Safari/537.36 (compatible; meta-webindexer/1.1 (+https://developers.facebook.com/docs/sharing/webmasters/crawler))"
173.252.70.112 - - [01/Sep/2026:15:36:34 -0500] "GET /error_docs/styles.css HTTP/1.1" 200 7816 "https://devsite.motionave.com/5-ways-you-can-use-chatbots-in-your-marketing-strategy/image5-4/" "Mozilla/5.0 (Macintosh; Intel Mac OS X 10_15_7) AppleWebKit/537.36 (KHTML, like Gecko) Chrome/145.0.0.0 Safari/537.36 (compatible; meta-webindexer/1.1 (+https://developers.facebook.com/docs/sharing/webmasters/crawler))"
173.252.87.8 - - [01/Sep/2026:15:36:35 -0500] "GET /error_docs/server.svg HTTP/1.1" 200 12520 "https://devsite.motionave.com/error_docs/styles.css" "Mozilla/5.0 (Macintosh; Intel Mac OS X 10_15_7) AppleWebKit/537.36 (KHTML, like Gecko) Chrome/145.0.0.0 Safari/537.36 (compatible; meta-webindexer/1.1 (+https://developers.facebook.com/docs/sharing/webmasters/crawler))"
207.244.250.86 - - [01/Sep/2026:15:37:44 -0500] "POST /wp-cron.php?doing_wp_cron=1788295064.8765859603881835937500 HTTP/1.1" 200 4887 "-" "WordPress/6.3.10; https://devsite.motionave.com"
192.185.4.96 - - [01/Sep/2026:15:37:42 -0500] "GET /wp-login.php HTTP/1.1" 200 11781 "-" "Mozilla/5.0 (Windows NT 10.0; Win64; x64) AppleWebKit/537.36 (KHTML, like Gecko) Chrome/151.0.0.0 Safari/537.36"
192.185.4.96 - - [01/Sep/2026:15:37:45 -0500] "POST /wp-login.php HTTP/1.1" 200 7456 "https://devsite.motionave.com/wp-login.php" "Mozilla/5.0 (Windows NT 10.0; Win64; x64) AppleWebKit/537.36 (KHTML, like Gecko) Chrome/151.0.0.0 Safari/537.36"
207.244.250.86 - - [01/Sep/2026:15:39:22 -0500] "POST /wp-cron.php?doing_wp_cron=1788295162.7593550682067871093750 HTTP/1.1" 200 4887 "-" "WordPress/6.3.10; https://devsite.motionave.com"
103.101.58.128 - - [01/Sep/2026:15:39:19 -0500] "GET /wp-login.php HTTP/1.1" 200 11781 "-" "Mozilla/5.0 (Windows NT 10.0; Win64; x64) AppleWebKit/537.36 (KHTML, like Gecko) Chrome/151.0.0.0 Safari/537.36"
108.179.253.175 - - [01/Sep/2026:15:40:38 -0500] "GET /wp-login.php HTTP/1.1" 200 11781 "-" "Mozilla/5.0 (Windows NT 10.0; Win64; x64) AppleWebKit/537.36 (KHTML, like Gecko) Chrome/151.0.0.0 Safari/537.36"
108.179.253.175 - - [01/Sep/2026:15:40:41 -0500] "POST /wp-login.php HTTP/1.1" 200 7440 "https://devsite.motionave.com/wp-login.php" "Mozilla/5.0 (Windows NT 10.0; Win64; x64) AppleWebKit/537.36 (KHTML, like Gecko) Chrome/151.0.0.0 Safari/537.36"
103.101.58.128 - - [01/Sep/2026:15:39:23 -0500] "POST /wp-login.php HTTP/1.1" 200 7450 "https://devsite.motionave.com/wp-login.php" "Mozilla/5.0 (Windows NT 10.0; Win64; x64) AppleWebKit/537.36 (KHTML, like Gecko) Chrome/151.0.0.0 Safari/537.36"
207.244.250.86 - - [01/Sep/2026:15:50:59 -0500] "POST /wp-cron.php?doing_wp_cron=1788295859.1757969856262207031250 HTTP/1.1" 200 4887 "-" "WordPress/6.3.10; https://devsite.motionave.com"
104.219.248.68 - - [01/Sep/2026:15:50:56 -0500] "GET /wp-login.php HTTP/1.1" 200 11781 "-" "Mozilla/5.0 (Windows NT 10.0; Win64; x64) AppleWebKit/537.36 (KHTML, like Gecko) Chrome/151.0.0.0 Safari/537.36"
104.219.248.68 - - [01/Sep/2026:15:50:59 -0500] "POST /wp-login.php HTTP/1.1" 200 7452 "https://devsite.motionave.com/wp-login.php" "Mozilla/5.0 (Windows NT 10.0; Win64; x64) AppleWebKit/537.36 (KHTML, like Gecko) Chrome/151.0.0.0 Safari/537.36"
162.241.244.118 - - [01/Sep/2026:15:51:12 -0500] "GET /wp-login.php HTTP/1.1" 200 11781 "-" "Mozilla/5.0 (Windows NT 10.0; Win64; x64) AppleWebKit/537.36 (KHTML, like Gecko) Chrome/151.0.0.0 Safari/537.36"
162.241.244.118 - - [01/Sep/2026:15:51:14 -0500] "POST /wp-login.php HTTP/1.1" 200 7450 "https://devsite.motionave.com/wp-login.php" "Mozilla/5.0 (Windows NT 10.0; Win64; x64) AppleWebKit/537.36 (KHTML, like Gecko) Chrome/151.0.0.0 Safari/537.36"
207.244.250.86 - - [01/Sep/2026:15:53:41 -0500] "POST /wp-cron.php?doing_wp_cron=1788296021.3474230766296386718750 HTTP/1.1" 200 4887 "-" "WordPress/6.3.10; https://devsite.motionave.com"
192.185.4.166 - - [01/Sep/2026:15:53:39 -0500] "GET /wp-login.php HTTP/1.1" 200 11781 "-" "Mozilla/5.0 (Windows NT 10.0; Win64; x64) AppleWebKit/537.36 (KHTML, like Gecko) Chrome/151.0.0.0 Safari/537.36"
192.185.4.166 - - [01/Sep/2026:15:53:41 -0500] "POST /wp-login.php HTTP/1.1" 200 7436 "https://devsite.motionave.com/wp-login.php" "Mozilla/5.0 (Windows NT 10.0; Win64; x64) AppleWebKit/537.36 (KHTML, like Gecko) Chrome/151.0.0.0 Safari/537.36"
162.241.63.88 - - [01/Sep/2026:15:54:18 -0500] "GET /wp-login.php HTTP/1.1" 200 11781 "-" "Mozilla/5.0 (Windows NT 10.0; Win64; x64) AppleWebKit/537.36 (KHTML, like Gecko) Chrome/151.0.0.0 Safari/537.36"
162.241.63.88 - - [01/Sep/2026:15:54:20 -0500] "POST /wp-login.php HTTP/1.1" 200 7450 "https://devsite.motionave.com/wp-login.php" "Mozilla/5.0 (Windows NT 10.0; Win64; x64) AppleWebKit/537.36 (KHTML, like Gecko) Chrome/151.0.0.0 Safari/537.36"
207.244.250.86 - - [01/Sep/2026:15:59:42 -0500] "POST /wp-cron.php?doing_wp_cron=1788296382.9118659496307373046875 HTTP/1.1" 200 4887 "-" "WordPress/6.3.10; https://devsite.motionave.com"
69.49.241.76 - - [01/Sep/2026:15:59:40 -0500] "GET /wp-login.php HTTP/1.1" 200 11781 "-" "Mozilla/5.0 (Windows NT 10.0; Win64; x64) AppleWebKit/537.36 (KHTML, like Gecko) Chrome/151.0.0.0 Safari/537.36"
69.49.241.76 - - [01/Sep/2026:15:59:43 -0500] "POST /wp-login.php HTTP/1.1" 200 7436 "https://devsite.motionave.com/wp-login.php" "Mozilla/5.0 (Windows NT 10.0; Win64; x64) AppleWebKit/537.36 (KHTML, like Gecko) Chrome/151.0.0.0 Safari/537.36"
57.141.4.17 - - [01/Sep/2026:16:03:58 -0500] "GET /brand-communication-tragedy-5-essential-tips-authentic-messages/radiohead2/ HTTP/1.1" 404 5913 "-" "Mozilla/5.0 (Windows NT 10.0; Win64; x64) AppleWebKit/537.36 (KHTML, like Gecko) Chrome/145.0.0.0 Safari/537.36 (compatible; meta-externalagent/1.1 (+https://developers.facebook.com/docs/sharing/webmasters/crawler))"
57.141.4.37 - - [01/Sep/2026:16:07:48 -0500] "GET /3764-2-2/ HTTP/1.1" 404 5913 "-" "Mozilla/5.0 (X11; Linux x86_64) AppleWebKit/537.36 (KHTML, like Gecko) Chrome/145.0.0.0 Safari/537.36 (compatible; meta-externalagent/1.1 (+https://developers.facebook.com/docs/sharing/webmasters/crawler))"
207.244.250.86 - - [01/Sep/2026:16:08:29 -0500] "POST /wp-cron.php?doing_wp_cron=1788296909.1048719882965087890625 HTTP/1.1" 200 4887 "-" "WordPress/6.3.10; https://devsite.motionave.com"
152.53.108.193 - - [01/Sep/2026:16:08:26 -0500] "GET /wp-login.php HTTP/1.1" 200 11781 "-" "Mozilla/5.0 (Windows NT 10.0; Win64; x64) AppleWebKit/537.36 (KHTML, like Gecko) Chrome/151.0.0.0 Safari/537.36"
152.53.108.193 - - [01/Sep/2026:16:08:29 -0500] "POST /wp-login.php HTTP/1.1" 200 7450 "https://devsite.motionave.com/wp-login.php" "Mozilla/5.0 (Windows NT 10.0; Win64; x64) AppleWebKit/537.36 (KHTML, like Gecko) Chrome/151.0.0.0 Safari/537.36"
207.244.250.86 - - [01/Sep/2026:16:10:53 -0500] "POST /wp-cron.php?doing_wp_cron=1788297053.2057569026947021484375 HTTP/1.1" 200 4887 "-" "WordPress/6.3.10; https://devsite.motionave.com"
50.6.200.195 - - [01/Sep/2026:16:10:51 -0500] "GET /wp-login.php HTTP/1.1" 200 11781 "-" "Mozilla/5.0 (Windows NT 10.0; Win64; x64) AppleWebKit/537.36 (KHTML, like Gecko) Chrome/151.0.0.0 Safari/537.36"
50.6.200.195 - - [01/Sep/2026:16:10:53 -0500] "POST /wp-login.php HTTP/1.1" 200 7452 "https://devsite.motionave.com/wp-login.php" "Mozilla/5.0 (Windows NT 10.0; Win64; x64) AppleWebKit/537.36 (KHTML, like Gecko) Chrome/151.0.0.0 Safari/537.36"
207.244.250.86 - - [01/Sep/2026:16:13:55 -0500] "POST /wp-cron.php?doing_wp_cron=1788297235.0112800598144531250000 HTTP/1.1" 200 4887 "-" "WordPress/6.3.10; https://devsite.motionave.com"
167.172.113.95 - - [01/Sep/2026:16:13:53 -0500] "GET /wp-login.php HTTP/1.1" 200 11781 "-" "Mozilla/5.0 (Windows NT 10.0; Win64; x64) AppleWebKit/537.36 (KHTML, like Gecko) Chrome/151.0.0.0 Safari/537.36"
167.172.113.95 - - [01/Sep/2026:16:13:55 -0500] "POST /wp-login.php HTTP/1.1" 200 7456 "https://devsite.motionave.com/wp-login.php" "Mozilla/5.0 (Windows NT 10.0; Win64; x64) AppleWebKit/537.36 (KHTML, like Gecko) Chrome/151.0.0.0 Safari/537.36"
