164.52.218.210 - - [31/Aug/2026:03:05:04 -0500] "POST /wp-login.php HTTP/1.1" 200 7440 "https://devsite.motionave.com/wp-login.php" "164.52.218.210"
57.141.4.73 - - [31/Aug/2026:03:05:51 -0500] "GET /author/mvalentina/ HTTP/1.1" 404 5913 "-" "Mozilla/5.0 (Windows NT 10.0; Win64; x64) AppleWebKit/537.36 (KHTML, like Gecko) Chrome/145.0.0.0 Safari/537.36 (compatible; meta-externalagent/1.1 (+https://developers.facebook.com/docs/sharing/webmasters/crawler))"
57.141.4.40 - - [31/Aug/2026:03:07:49 -0500] "GET /its-not-too-early-to-start-thinking-about-holiday-marketing/ HTTP/1.1" 404 5913 "-" "Mozilla/5.0 (X11; Linux x86_64) AppleWebKit/537.36 (KHTML, like Gecko) Chrome/145.0.0.0 Safari/537.36 (compatible; meta-externalagent/1.1 (+https://developers.facebook.com/docs/sharing/webmasters/crawler))"
207.244.250.86 - - [31/Aug/2026:03:11:25 -0500] "POST /wp-cron.php?doing_wp_cron=1788163885.8971509933471679687500 HTTP/1.1" 200 4887 "-" "WordPress/6.3.10; https://devsite.motionave.com"
69.6.212.140 - - [31/Aug/2026:03:11:23 -0500] "GET /wp-login.php HTTP/1.1" 200 11781 "-" "Mozilla/5.0 (Windows NT 10.0; Win64; x64) AppleWebKit/537.36 (KHTML, like Gecko) Chrome/151.0.0.0 Safari/537.36"
69.6.212.140 - - [31/Aug/2026:03:11:26 -0500] "POST /wp-login.php HTTP/1.1" 200 7440 "https://devsite.motionave.com/wp-login.php" "Mozilla/5.0 (Windows NT 10.0; Win64; x64) AppleWebKit/537.36 (KHTML, like Gecko) Chrome/151.0.0.0 Safari/537.36"
57.141.4.20 - - [31/Aug/2026:03:11:49 -0500] "GET /six-ways-optimize-google-my-business-local-seo/image4-11/ HTTP/1.1" 404 5913 "-" "Mozilla/5.0 (Windows NT 10.0; Win64; x64) AppleWebKit/537.36 (KHTML, like Gecko) Chrome/145.0.0.0 Safari/537.36 (compatible; meta-externalagent/1.1 (+https://developers.facebook.com/docs/sharing/webmasters/crawler))"
57.141.4.41 - - [31/Aug/2026:03:12:42 -0500] "GET /5-game-changers-instagram-marketing-trends-2019/ HTTP/1.1" 404 5913 "-" "Mozilla/5.0 (Macintosh; Intel Mac OS X 10_15_7) AppleWebKit/537.36 (KHTML, like Gecko) Chrome/145.0.0.0 Safari/537.36 (compatible; meta-externalagent/1.1 (+https://developers.facebook.com/docs/sharing/webmasters/crawler))"
57.141.4.7 - - [31/Aug/2026:03:17:36 -0500] "GET /avoid-these-four-content-marketing-blunders-for-2018/ HTTP/1.1" 404 5913 "-" "Mozilla/5.0 (Macintosh; Intel Mac OS X 10_15_7) AppleWebKit/537.36 (KHTML, like Gecko) Chrome/145.0.0.0 Safari/537.36 (compatible; meta-externalagent/1.1 (+https://developers.facebook.com/docs/sharing/webmasters/crawler))"
57.141.4.59 - - [31/Aug/2026:03:20:02 -0500] "GET /5-recomendaciones-mantenerse-al-dia-tendencias-diseno/tendencias-de-diseno/ HTTP/1.1" 404 5913 "-" "Mozilla/5.0 (Windows NT 10.0; Win64; x64) AppleWebKit/537.36 (KHTML, like Gecko) Chrome/145.0.0.0 Safari/537.36 (compatible; meta-externalagent/1.1 (+https://developers.facebook.com/docs/sharing/webmasters/crawler))"
57.141.4.62 - - [31/Aug/2026:03:22:32 -0500] "GET /como-hacer-un-video-educativo-para-un-blog-en-18-minutos-video/motion-school-of-marketing/ HTTP/1.1" 404 5913 "-" "Mozilla/5.0 (X11; Linux x86_64) AppleWebKit/537.36 (KHTML, like Gecko) Chrome/145.0.0.0 Safari/537.36 (compatible; meta-externalagent/1.1 (+https://developers.facebook.com/docs/sharing/webmasters/crawler))"
57.141.4.21 - - [31/Aug/2026:03:29:15 -0500] "GET /services/service-maintenance-worker-repairing-2/ HTTP/1.1" 404 5913 "-" "Mozilla/5.0 (Windows NT 10.0; Win64; x64) AppleWebKit/537.36 (KHTML, like Gecko) Chrome/145.0.0.0 Safari/537.36 (compatible; meta-externalagent/1.1 (+https://developers.facebook.com/docs/sharing/webmasters/crawler))"
207.244.250.86 - - [31/Aug/2026:03:30:49 -0500] "POST /wp-cron.php?doing_wp_cron=1788165048.9677629470825195312500 HTTP/1.1" 200 4887 "-" "WordPress/6.3.10; https://devsite.motionave.com"
50.6.169.131 - - [31/Aug/2026:03:30:46 -0500] "GET /wp-login.php HTTP/1.1" 200 11781 "-" "50.6.169.131"
50.6.169.131 - - [31/Aug/2026:03:30:49 -0500] "POST /wp-login.php HTTP/1.1" 200 7440 "https://devsite.motionave.com/wp-login.php" "50.6.169.131"
207.244.250.86 - - [31/Aug/2026:03:45:00 -0500] "POST /wp-cron.php?doing_wp_cron=1788165900.1326680183410644531250 HTTP/1.1" 200 4887 "-" "WordPress/6.3.10; https://devsite.motionave.com"
103.75.187.25 - - [31/Aug/2026:03:44:56 -0500] "GET /wp-login.php HTTP/1.1" 200 11781 "-" "103.75.187.25"
103.75.187.25 - - [31/Aug/2026:03:45:01 -0500] "POST /wp-login.php HTTP/1.1" 200 7440 "https://devsite.motionave.com/wp-login.php" "103.75.187.25"
57.141.4.12 - - [31/Aug/2026:03:58:54 -0500] "GET /how-to-create-killer-content-strategy-for-business/image2-6/ HTTP/1.1" 404 5913 "-" "Mozilla/5.0 (Windows NT 10.0; Win64; x64) AppleWebKit/537.36 (KHTML, like Gecko) Chrome/145.0.0.0 Safari/537.36 (compatible; meta-externalagent/1.1 (+https://developers.facebook.com/docs/sharing/webmasters/crawler))"
57.141.4.58 - - [31/Aug/2026:04:02:41 -0500] "GET /portfolio-item/zumba-stories/ HTTP/1.1" 404 5913 "-" "Mozilla/5.0 (Windows NT 10.0; Win64; x64) AppleWebKit/537.36 (KHTML, like Gecko) Chrome/145.0.0.0 Safari/537.36 (compatible; meta-externalagent/1.1 (+https://developers.facebook.com/docs/sharing/webmasters/crawler))"
57.141.4.22 - - [31/Aug/2026:04:06:20 -0500] "GET /beginners-guide-facebook-messenger-ads/image2-2/ HTTP/1.1" 404 5913 "-" "Mozilla/5.0 (Macintosh; Intel Mac OS X 10_15_7) AppleWebKit/537.36 (KHTML, like Gecko) Chrome/145.0.0.0 Safari/537.36 (compatible; meta-externalagent/1.1 (+https://developers.facebook.com/docs/sharing/webmasters/crawler))"
57.141.4.68 - - [31/Aug/2026:04:06:46 -0500] "GET /zydo-case-study/image2-10/ HTTP/1.1" 404 5913 "-" "Mozilla/5.0 (Macintosh; Intel Mac OS X 10_15_7) AppleWebKit/537.36 (KHTML, like Gecko) Chrome/145.0.0.0 Safari/537.36 (compatible; meta-externalagent/1.1 (+https://developers.facebook.com/docs/sharing/webmasters/crawler))"
207.244.250.86 - - [31/Aug/2026:04:08:46 -0500] "POST /wp-cron.php?doing_wp_cron=1788167326.4694120883941650390625 HTTP/1.1" 200 4887 "-" "WordPress/6.3.10; https://devsite.motionave.com"
130.185.123.55 - - [31/Aug/2026:04:08:44 -0500] "GET /wp-login.php HTTP/1.1" 200 11781 "-" "Mozilla/5.0 (Windows NT 10.0; Win64; x64) AppleWebKit/537.36 (KHTML, like Gecko) Chrome/151.0.0.0 Safari/537.36"
130.185.123.55 - - [31/Aug/2026:04:08:46 -0500] "POST /wp-login.php HTTP/1.1" 200 7440 "https://devsite.motionave.com/wp-login.php" "Mozilla/5.0 (Windows NT 10.0; Win64; x64) AppleWebKit/537.36 (KHTML, like Gecko) Chrome/151.0.0.0 Safari/537.36"
207.244.250.86 - - [31/Aug/2026:04:16:49 -0500] "POST /wp-cron.php?doing_wp_cron=1788167809.7551329135894775390625 HTTP/1.1" 200 4887 "-" "WordPress/6.3.10; https://devsite.motionave.com"
198.187.31.117 - - [31/Aug/2026:04:16:47 -0500] "GET /wp-login.php HTTP/1.1" 200 11781 "-" "Mozilla/5.0 (Windows NT 10.0; Win64; x64) AppleWebKit/537.36 (KHTML, like Gecko) Chrome/151.0.0.0 Safari/537.36"
198.187.31.117 - - [31/Aug/2026:04:16:49 -0500] "POST /wp-login.php HTTP/1.1" 200 7452 "https://devsite.motionave.com/wp-login.php" "Mozilla/5.0 (Windows NT 10.0; Win64; x64) AppleWebKit/537.36 (KHTML, like Gecko) Chrome/151.0.0.0 Safari/537.36"
50.87.144.101 - - [31/Aug/2026:04:17:51 -0500] "GET /wp-login.php HTTP/1.1" 200 11781 "-" "Mozilla/5.0 (Windows NT 10.0; Win64; x64) AppleWebKit/537.36 (KHTML, like Gecko) Chrome/151.0.0.0 Safari/537.36"
50.87.144.101 - - [31/Aug/2026:04:17:55 -0500] "POST /wp-login.php HTTP/1.1" 200 7440 "https://devsite.motionave.com/wp-login.php" "Mozilla/5.0 (Windows NT 10.0; Win64; x64) AppleWebKit/537.36 (KHTML, like Gecko) Chrome/151.0.0.0 Safari/537.36"
207.244.250.86 - - [31/Aug/2026:04:19:38 -0500] "POST /wp-cron.php?doing_wp_cron=1788167977.8320178985595703125000 HTTP/1.1" 200 4887 "-" "WordPress/6.3.10; https://devsite.motionave.com"
129.121.74.194 - - [31/Aug/2026:04:19:28 -0500] "GET /wp-login.php HTTP/1.1" 200 11781 "-" "129.121.74.194"
129.121.74.194 - - [31/Aug/2026:04:19:39 -0500] "GET /wp-json/wp/v2/users/me HTTP/1.1" 404 5857 "-" "129.121.74.194"
50.6.155.1 - - [31/Aug/2026:04:23:16 -0500] "GET /wp-login.php HTTP/1.1" 200 11781 "-" "Mozilla/5.0 (Windows NT 10.0; Win64; x64) AppleWebKit/537.36 (KHTML, like Gecko) Chrome/151.0.0.0 Safari/537.36"
50.6.155.1 - - [31/Aug/2026:04:23:19 -0500] "POST /wp-login.php HTTP/1.1" 200 7456 "https://devsite.motionave.com/wp-login.php" "Mozilla/5.0 (Windows NT 10.0; Win64; x64) AppleWebKit/537.36 (KHTML, like Gecko) Chrome/151.0.0.0 Safari/537.36"
57.141.4.36 - - [31/Aug/2026:04:28:44 -0500] "GET /landing-page/ HTTP/1.1" 404 5913 "-" "Mozilla/5.0 (Windows NT 10.0; Win64; x64) AppleWebKit/537.36 (KHTML, like Gecko) Chrome/145.0.0.0 Safari/537.36 (compatible; meta-externalagent/1.1 (+https://developers.facebook.com/docs/sharing/webmasters/crawler))"
167.172.113.95 - - [31/Aug/2026:04:32:25 -0500] "GET /wp-json/wp/v2/users/me HTTP/1.1" 404 5857 "-" "Mozilla/5.0 (Windows NT 10.0; Win64; x64) AppleWebKit/537.36 (KHTML, like Gecko) Chrome/151.0.0.0 Safari/537.36"
207.244.250.86 - - [31/Aug/2026:04:33:09 -0500] "POST /wp-cron.php?doing_wp_cron=1788168789.2784628868103027343750 HTTP/1.1" 200 4887 "-" "WordPress/6.3.10; https://devsite.motionave.com"
112.78.134.58 - - [31/Aug/2026:04:33:07 -0500] "GET /wp-login.php HTTP/1.1" 200 11781 "-" "112.78.134.58"
112.78.134.58 - - [31/Aug/2026:04:33:10 -0500] "POST /wp-login.php HTTP/1.1" 200 7440 "https://devsite.motionave.com/wp-login.php" "112.78.134.58"
207.244.250.86 - - [31/Aug/2026:04:38:22 -0500] "POST /wp-cron.php?doing_wp_cron=1788169102.4947979450225830078125 HTTP/1.1" 200 4887 "-" "WordPress/6.3.10; https://devsite.motionave.com"
134.209.56.66 - - [31/Aug/2026:04:38:20 -0500] "GET /wp-login.php HTTP/1.1" 200 11822 "-" "Mozilla/5.0"
134.209.56.66 - - [31/Aug/2026:04:38:23 -0500] "GET /?author=1 HTTP/1.1" 404 78489 "-" "Mozilla/5.0"
134.209.56.66 - - [31/Aug/2026:04:38:24 -0500] "GET /?feed=rss2 HTTP/1.1" 301 569 "-" "Mozilla/5.0"
134.209.56.66 - - [31/Aug/2026:04:38:25 -0500] "GET /feed/ HTTP/1.1" 404 1081 "-" "Mozilla/5.0"
207.244.250.86 - - [31/Aug/2026:04:40:04 -0500] "POST /wp-cron.php?doing_wp_cron=1788169204.6510028839111328125000 HTTP/1.1" 200 4887 "-" "WordPress/6.3.10; https://devsite.motionave.com"
50.6.155.1 - - [31/Aug/2026:04:40:00 -0500] "GET /wp-login.php HTTP/1.1" 200 11781 "-" "Mozilla/5.0 (Windows NT 10.0; Win64; x64) AppleWebKit/537.36 (KHTML, like Gecko) Chrome/151.0.0.0 Safari/537.36"
50.6.155.1 - - [31/Aug/2026:04:40:04 -0500] "POST /wp-login.php HTTP/1.1" 200 7436 "https://devsite.motionave.com/wp-login.php" "Mozilla/5.0 (Windows NT 10.0; Win64; x64) AppleWebKit/537.36 (KHTML, like Gecko) Chrome/151.0.0.0 Safari/537.36"
216.144.248.162 - - [31/Aug/2026:04:41:38 -0500] "GET /wp-login.php HTTP/1.1" 200 11781 "-" "Mozilla/5.0 (Windows NT 10.0; Win64; x64) AppleWebKit/537.36 (KHTML, like Gecko) Chrome/151.0.0.0 Safari/537.36"
216.144.248.162 - - [31/Aug/2026:04:41:41 -0500] "POST /wp-login.php HTTP/1.1" 200 7456 "https://devsite.motionave.com/wp-login.php" "Mozilla/5.0 (Windows NT 10.0; Win64; x64) AppleWebKit/537.36 (KHTML, like Gecko) Chrome/151.0.0.0 Safari/537.36"
57.141.4.13 - - [31/Aug/2026:04:46:36 -0500] "GET /portfolio-category/photography/ HTTP/1.1" 404 5913 "-" "Mozilla/5.0 (Macintosh; Intel Mac OS X 10_15_7) AppleWebKit/537.36 (KHTML, like Gecko) Chrome/145.0.0.0 Safari/537.36 (compatible; meta-externalagent/1.1 (+https://developers.facebook.com/docs/sharing/webmasters/crawler))"
207.244.250.86 - - [31/Aug/2026:04:47:18 -0500] "POST /wp-cron.php?doing_wp_cron=1788169637.9246909618377685546875 HTTP/1.1" 200 4887 "-" "WordPress/6.3.10; https://devsite.motionave.com"
108.179.252.145 - - [31/Aug/2026:04:47:15 -0500] "GET /wp-login.php HTTP/1.1" 200 11781 "-" "Mozilla/5.0 (Windows NT 10.0; Win64; x64) AppleWebKit/537.36 (KHTML, like Gecko) Chrome/151.0.0.0 Safari/537.36"
108.179.252.145 - - [31/Aug/2026:04:47:18 -0500] "POST /wp-login.php HTTP/1.1" 200 7440 "https://devsite.motionave.com/wp-login.php" "Mozilla/5.0 (Windows NT 10.0; Win64; x64) AppleWebKit/537.36 (KHTML, like Gecko) Chrome/151.0.0.0 Safari/537.36"
198.57.247.188 - - [31/Aug/2026:04:47:54 -0500] "GET /wp-login.php HTTP/1.1" 200 11781 "-" "Mozilla/5.0 (Windows NT 10.0; Win64; x64) AppleWebKit/537.36 (KHTML, like Gecko) Chrome/151.0.0.0 Safari/537.36"
198.57.247.188 - - [31/Aug/2026:04:47:55 -0500] "POST /wp-login.php HTTP/1.1" 200 7436 "https://devsite.motionave.com/wp-login.php" "Mozilla/5.0 (Windows NT 10.0; Win64; x64) AppleWebKit/537.36 (KHTML, like Gecko) Chrome/151.0.0.0 Safari/537.36"
207.244.250.86 - - [31/Aug/2026:04:49:55 -0500] "POST /wp-cron.php?doing_wp_cron=1788169795.6850359439849853515625 HTTP/1.1" 200 4887 "-" "WordPress/6.3.10; https://devsite.motionave.com"
103.255.134.61 - - [31/Aug/2026:04:49:53 -0500] "GET /wp-login.php HTTP/1.1" 200 11781 "-" "103.255.134.61"
207.244.250.86 - - [31/Aug/2026:04:53:45 -0500] "POST /wp-cron.php?doing_wp_cron=1788170025.5329880714416503906250 HTTP/1.1" 200 4887 "-" "WordPress/6.3.10; https://devsite.motionave.com"
162.241.2.158 - - [31/Aug/2026:04:53:43 -0500] "GET /wp-login.php HTTP/1.1" 200 11781 "-" "Mozilla/5.0 (Windows NT 10.0; Win64; x64) AppleWebKit/537.36 (KHTML, like Gecko) Chrome/151.0.0.0 Safari/537.36"
162.241.2.158 - - [31/Aug/2026:04:53:45 -0500] "POST /wp-login.php HTTP/1.1" 200 7452 "https://devsite.motionave.com/wp-login.php" "Mozilla/5.0 (Windows NT 10.0; Win64; x64) AppleWebKit/537.36 (KHTML, like Gecko) Chrome/151.0.0.0 Safari/537.36"
57.141.4.15 - - [31/Aug/2026:04:56:44 -0500] "GET /our-top-content-marketing-lessons-from-2017/fb_tuesday/ HTTP/1.1" 404 5913 "-" "Mozilla/5.0 (X11; Linux x86_64) AppleWebKit/537.36 (KHTML, like Gecko) Chrome/145.0.0.0 Safari/537.36 (compatible; meta-externalagent/1.1 (+https://developers.facebook.com/docs/sharing/webmasters/crawler))"
57.141.4.25 - - [31/Aug/2026:04:58:49 -0500] "GET /4-recomendaciones-para-videos-exitosos/ HTTP/1.1" 404 5913 "-" "Mozilla/5.0 (Windows NT 10.0; Win64; x64) AppleWebKit/537.36 (KHTML, like Gecko) Chrome/145.0.0.0 Safari/537.36 (compatible; meta-externalagent/1.1 (+https://developers.facebook.com/docs/sharing/webmasters/crawler))"
207.244.250.86 - - [31/Aug/2026:05:00:46 -0500] "POST /wp-cron.php?doing_wp_cron=1788170446.6670811176300048828125 HTTP/1.1" 200 4887 "-" "WordPress/6.3.10; https://devsite.motionave.com"
108.179.192.130 - - [31/Aug/2026:05:00:44 -0500] "GET /wp-login.php HTTP/1.1" 200 11781 "-" "Mozilla/5.0 (Windows NT 10.0; Win64; x64) AppleWebKit/537.36 (KHTML, like Gecko) Chrome/151.0.0.0 Safari/537.36"
108.179.192.130 - - [31/Aug/2026:05:00:46 -0500] "POST /wp-login.php HTTP/1.1" 200 7440 "https://devsite.motionave.com/wp-login.php" "Mozilla/5.0 (Windows NT 10.0; Win64; x64) AppleWebKit/537.36 (KHTML, like Gecko) Chrome/151.0.0.0 Safari/537.36"
209.42.18.223 - - [31/Aug/2026:05:01:09 -0500] "GET /wp-login.php HTTP/1.1" 200 11781 "-" "Mozilla/5.0 (Windows NT 10.0; Win64; x64) AppleWebKit/537.36 (KHTML, like Gecko) Chrome/151.0.0.0 Safari/537.36"
209.42.18.223 - - [31/Aug/2026:05:01:12 -0500] "POST /wp-login.php HTTP/1.1" 200 7452 "https://devsite.motionave.com/wp-login.php" "Mozilla/5.0 (Windows NT 10.0; Win64; x64) AppleWebKit/537.36 (KHTML, like Gecko) Chrome/151.0.0.0 Safari/537.36"
145.239.69.44 - - [31/Aug/2026:05:04:31 -0500] "GET /robots.txt HTTP/1.1" 403 5885 "-" "Mozilla/5.0 (compatible; MJ12bot/v1.4.8; http://mj12bot.com/)"
57.141.4.35 - - [31/Aug/2026:05:04:49 -0500] "GET /sitemap_index.xml HTTP/1.1" 404 5913 "-" "Mozilla/5.0 (Windows NT 10.0; Win64; x64) AppleWebKit/537.36 (KHTML, like Gecko) Chrome/145.0.0.0 Safari/537.36 (compatible; meta-externalagent/1.1 (+https://developers.facebook.com/docs/sharing/webmasters/crawler))"
202.92.5.25 - - [31/Aug/2026:05:06:13 -0500] "GET /wp-json/wp/v2/users/me HTTP/1.1" 404 5857 "-" "202.92.5.25"
57.141.4.70 - - [31/Aug/2026:05:11:16 -0500] "GET /let-go-5-content-marketing-myths/ HTTP/1.1" 404 5913 "-" "Mozilla/5.0 (Windows NT 10.0; Win64; x64) AppleWebKit/537.36 (KHTML, like Gecko) Chrome/145.0.0.0 Safari/537.36 (compatible; meta-externalagent/1.1 (+https://developers.facebook.com/docs/sharing/webmasters/crawler))"
207.244.250.86 - - [31/Aug/2026:05:13:42 -0500] "POST /wp-cron.php?doing_wp_cron=1788171222.7805080413818359375000 HTTP/1.1" 200 4887 "-" "WordPress/6.3.10; https://devsite.motionave.com"
162.241.194.11 - - [31/Aug/2026:05:13:40 -0500] "GET /wp-login.php HTTP/1.1" 200 11781 "-" "Mozilla/5.0 (Windows NT 10.0; Win64; x64) AppleWebKit/537.36 (KHTML, like Gecko) Chrome/151.0.0.0 Safari/537.36"
162.241.194.11 - - [31/Aug/2026:05:13:42 -0500] "POST /wp-login.php HTTP/1.1" 200 7456 "https://devsite.motionave.com/wp-login.php" "Mozilla/5.0 (Windows NT 10.0; Win64; x64) AppleWebKit/537.36 (KHTML, like Gecko) Chrome/151.0.0.0 Safari/537.36"
207.244.250.86 - - [31/Aug/2026:05:19:43 -0500] "POST /wp-cron.php?doing_wp_cron=1788171583.3345251083374023437500 HTTP/1.1" 200 4887 "-" "WordPress/6.3.10; https://devsite.motionave.com"
162.241.253.195 - - [31/Aug/2026:05:19:40 -0500] "GET /wp-login.php HTTP/1.1" 200 11781 "-" "Mozilla/5.0 (Windows NT 10.0; Win64; x64) AppleWebKit/537.36 (KHTML, like Gecko) Chrome/151.0.0.0 Safari/537.36"
162.241.253.195 - - [31/Aug/2026:05:19:43 -0500] "POST /wp-login.php HTTP/1.1" 200 7452 "https://devsite.motionave.com/wp-login.php" "Mozilla/5.0 (Windows NT 10.0; Win64; x64) AppleWebKit/537.36 (KHTML, like Gecko) Chrome/151.0.0.0 Safari/537.36"
69.6.220.159 - - [31/Aug/2026:05:23:08 -0500] "GET /wp-login.php HTTP/1.1" 200 11781 "-" "69.6.220.159"
69.6.220.159 - - [31/Aug/2026:05:23:12 -0500] "POST /wp-login.php HTTP/1.1" 200 7440 "https://devsite.motionave.com/wp-login.php" "69.6.220.159"
57.141.4.49 - - [31/Aug/2026:05:23:28 -0500] "GET /brand-communication-tragedy-5-essential-tips-authentic-messages/radiohead2/ HTTP/1.1" 404 5913 "-" "Mozilla/5.0 (Windows NT 10.0; Win64; x64) AppleWebKit/537.36 (KHTML, like Gecko) Chrome/145.0.0.0 Safari/537.36 (compatible; meta-externalagent/1.1 (+https://developers.facebook.com/docs/sharing/webmasters/crawler))"
57.141.4.73 - - [31/Aug/2026:05:25:11 -0500] "GET /oye-why-you-shouldnt-ignore-the-hispanic-market-in-the-u-s/fb_tuesdayhorizontal/ HTTP/1.1" 404 5913 "-" "Mozilla/5.0 (Windows NT 10.0; Win64; x64) AppleWebKit/537.36 (KHTML, like Gecko) Chrome/145.0.0.0 Safari/537.36 (compatible; meta-externalagent/1.1 (+https://developers.facebook.com/docs/sharing/webmasters/crawler))"
207.244.250.86 - - [31/Aug/2026:05:28:58 -0500] "POST /wp-cron.php?doing_wp_cron=1788172138.7311899662017822265625 HTTP/1.1" 200 4887 "-" "WordPress/6.3.10; https://devsite.motionave.com"
69.6.213.39 - - [31/Aug/2026:05:28:56 -0500] "GET /wp-login.php HTTP/1.1" 200 11781 "-" "Mozilla/5.0 (Windows NT 10.0; Win64; x64) AppleWebKit/537.36 (KHTML, like Gecko) Chrome/151.0.0.0 Safari/537.36"
69.6.213.39 - - [31/Aug/2026:05:28:59 -0500] "POST /wp-login.php HTTP/1.1" 200 7440 "https://devsite.motionave.com/wp-login.php" "Mozilla/5.0 (Windows NT 10.0; Win64; x64) AppleWebKit/537.36 (KHTML, like Gecko) Chrome/151.0.0.0 Safari/537.36"
192.185.176.183 - - [31/Aug/2026:05:31:55 -0500] "GET /wp-login.php HTTP/1.1" 200 11781 "-" "Mozilla/5.0 (Windows NT 10.0; Win64; x64) AppleWebKit/537.36 (KHTML, like Gecko) Chrome/151.0.0.0 Safari/537.36"
57.141.4.49 - - [31/Aug/2026:05:32:04 -0500] "GET /colony-theatre-case-study/image5-8/ HTTP/1.1" 404 5913 "-" "Mozilla/5.0 (Macintosh; Intel Mac OS X 10_15_7) AppleWebKit/537.36 (KHTML, like Gecko) Chrome/145.0.0.0 Safari/537.36 (compatible; meta-externalagent/1.1 (+https://developers.facebook.com/docs/sharing/webmasters/crawler))"
192.185.176.183 - - [31/Aug/2026:05:31:58 -0500] "POST /wp-login.php HTTP/1.1" 200 7456 "https://devsite.motionave.com/wp-login.php" "Mozilla/5.0 (Windows NT 10.0; Win64; x64) AppleWebKit/537.36 (KHTML, like Gecko) Chrome/151.0.0.0 Safari/537.36"
57.141.4.41 - - [31/Aug/2026:05:33:19 -0500] "GET /marketing-updates-with-motion-ave-26/ HTTP/1.1" 404 5913 "-" "Mozilla/5.0 (Macintosh; Intel Mac OS X 10_15_7) AppleWebKit/537.36 (KHTML, like Gecko) Chrome/145.0.0.0 Safari/537.36 (compatible; meta-externalagent/1.1 (+https://developers.facebook.com/docs/sharing/webmasters/crawler))"
207.244.250.86 - - [31/Aug/2026:05:35:08 -0500] "POST /wp-cron.php?doing_wp_cron=1788172508.5341749191284179687500 HTTP/1.1" 200 4887 "-" "WordPress/6.3.10; https://devsite.motionave.com"
66.29.141.155 - - [31/Aug/2026:05:35:02 -0500] "GET /wp-login.php HTTP/1.1" 200 11781 "-" "Mozilla/5.0 (Windows NT 10.0; Win64; x64) AppleWebKit/537.36 (KHTML, like Gecko) Chrome/151.0.0.0 Safari/537.36"
66.29.141.155 - - [31/Aug/2026:05:35:08 -0500] "POST /wp-login.php HTTP/1.1" 200 7436 "https://devsite.motionave.com/wp-login.php" "Mozilla/5.0 (Windows NT 10.0; Win64; x64) AppleWebKit/537.36 (KHTML, like Gecko) Chrome/151.0.0.0 Safari/537.36"
207.244.250.86 - - [31/Aug/2026:05:39:08 -0500] "POST /wp-cron.php?doing_wp_cron=1788172748.3902359008789062500000 HTTP/1.1" 200 4887 "-" "WordPress/6.3.10; https://devsite.motionave.com"
69.16.218.67 - - [31/Aug/2026:05:39:03 -0500] "GET /wp-login.php HTTP/1.1" 200 11781 "-" "69.16.218.67"
69.16.218.67 - - [31/Aug/2026:05:39:09 -0500] "POST /wp-login.php HTTP/1.1" 200 7440 "https://devsite.motionave.com/wp-login.php" "69.16.218.67"
57.141.4.53 - - [31/Aug/2026:05:41:24 -0500] "GET /brand-communication-tragedy-5-essential-tips-authentic-messages/screen-shot-2013-10-11-at-4-07-18-pm-300x124/ HTTP/1.1" 404 5913 "-" "Mozilla/5.0 (Windows NT 10.0; Win64; x64) AppleWebKit/537.36 (KHTML, like Gecko) Chrome/145.0.0.0 Safari/537.36 (compatible; meta-externalagent/1.1 (+https://developers.facebook.com/docs/sharing/webmasters/crawler))"
207.244.250.86 - - [31/Aug/2026:05:44:46 -0500] "POST /wp-cron.php?doing_wp_cron=1788173086.5367538928985595703125 HTTP/1.1" 200 4887 "-" "WordPress/6.3.10; https://devsite.motionave.com"
192.185.2.195 - - [31/Aug/2026:05:44:56 -0500] "GET /wp-login.php HTTP/1.1" 200 11781 "-" "Mozilla/5.0 (Windows NT 10.0; Win64; x64) AppleWebKit/537.36 (KHTML, like Gecko) Chrome/151.0.0.0 Safari/537.36"
192.185.2.195 - - [31/Aug/2026:05:44:57 -0500] "POST /wp-login.php HTTP/1.1" 200 7452 "https://devsite.motionave.com/wp-login.php" "Mozilla/5.0 (Windows NT 10.0; Win64; x64) AppleWebKit/537.36 (KHTML, like Gecko) Chrome/151.0.0.0 Safari/537.36"
162.241.219.206 - - [31/Aug/2026:05:45:16 -0500] "GET /wp-login.php HTTP/1.1" 200 11781 "-" "Mozilla/5.0 (Windows NT 10.0; Win64; x64) AppleWebKit/537.36 (KHTML, like Gecko) Chrome/151.0.0.0 Safari/537.36"
162.241.219.206 - - [31/Aug/2026:05:45:19 -0500] "POST /wp-login.php HTTP/1.1" 200 7440 "https://devsite.motionave.com/wp-login.php" "Mozilla/5.0 (Windows NT 10.0; Win64; x64) AppleWebKit/537.36 (KHTML, like Gecko) Chrome/151.0.0.0 Safari/537.36"
207.244.250.86 - - [31/Aug/2026:05:47:00 -0500] "POST /wp-cron.php?doing_wp_cron=1788173220.7286980152130126953125 HTTP/1.1" 200 4887 "-" "WordPress/6.3.10; https://devsite.motionave.com"
57.141.4.25 - - [31/Aug/2026:05:47:51 -0500] "GET /avoid-pitfalls-clickbait/ HTTP/1.1" 404 5913 "-" "Mozilla/5.0 (X11; Linux x86_64) AppleWebKit/537.36 (KHTML, like Gecko) Chrome/145.0.0.0 Safari/537.36 (compatible; meta-externalagent/1.1 (+https://developers.facebook.com/docs/sharing/webmasters/crawler))"
207.244.250.86 - - [31/Aug/2026:05:54:23 -0500] "POST /wp-cron.php?doing_wp_cron=1788173663.9131031036376953125000 HTTP/1.1" 200 4887 "-" "WordPress/6.3.10; https://devsite.motionave.com"
66.29.141.32 - - [31/Aug/2026:05:54:21 -0500] "GET /wp-login.php HTTP/1.1" 200 11781 "-" "Mozilla/5.0 (Windows NT 10.0; Win64; x64) AppleWebKit/537.36 (KHTML, like Gecko) Chrome/151.0.0.0 Safari/537.36"
66.29.141.32 - - [31/Aug/2026:05:54:24 -0500] "POST /wp-login.php HTTP/1.1" 200 7456 "https://devsite.motionave.com/wp-login.php" "Mozilla/5.0 (Windows NT 10.0; Win64; x64) AppleWebKit/537.36 (KHTML, like Gecko) Chrome/151.0.0.0 Safari/537.36"
57.141.4.11 - - [31/Aug/2026:05:55:17 -0500] "GET /dpi/group-65/ HTTP/1.1" 404 5913 "-" "Mozilla/5.0 (Windows NT 10.0; Win64; x64) AppleWebKit/537.36 (KHTML, like Gecko) Chrome/145.0.0.0 Safari/537.36 (compatible; meta-externalagent/1.1 (+https://developers.facebook.com/docs/sharing/webmasters/crawler))"
207.244.250.86 - - [31/Aug/2026:06:00:43 -0500] "POST /wp-cron.php?doing_wp_cron=1788174043.1533830165863037109375 HTTP/1.1" 200 4887 "-" "WordPress/6.3.10; https://devsite.motionave.com"
108.167.161.148 - - [31/Aug/2026:06:00:38 -0500] "GET /wp-login.php HTTP/1.1" 200 11781 "-" "Mozilla/5.0 (Windows NT 10.0; Win64; x64) AppleWebKit/537.36 (KHTML, like Gecko) Chrome/151.0.0.0 Safari/537.36"
108.167.161.148 - - [31/Aug/2026:06:00:43 -0500] "POST /wp-login.php HTTP/1.1" 200 7456 "https://devsite.motionave.com/wp-login.php" "Mozilla/5.0 (Windows NT 10.0; Win64; x64) AppleWebKit/537.36 (KHTML, like Gecko) Chrome/151.0.0.0 Safari/537.36"
40.77.167.14 - - [31/Aug/2026:06:01:18 -0500] "GET /8-secrets-create-killer-facebook-ads/image7/ HTTP/1.1" 404 5890 "-" "Mozilla/5.0 AppleWebKit/537.36 (KHTML, like Gecko; compatible; bingbot/2.0; +http://www.bing.com/bingbot.htm) Chrome/116.0.1938.76 Safari/537.36"
207.244.250.86 - - [31/Aug/2026:06:13:30 -0500] "POST /wp-cron.php?doing_wp_cron=1788174810.5065240859985351562500 HTTP/1.1" 200 4887 "-" "WordPress/6.3.10; https://devsite.motionave.com"
130.185.123.55 - - [31/Aug/2026:06:13:27 -0500] "GET /wp-login.php HTTP/1.1" 200 11781 "-" "Mozilla/5.0 (Windows NT 10.0; Win64; x64) AppleWebKit/537.36 (KHTML, like Gecko) Chrome/151.0.0.0 Safari/537.36"
130.185.123.55 - - [31/Aug/2026:06:13:30 -0500] "POST /wp-login.php HTTP/1.1" 200 7456 "https://devsite.motionave.com/wp-login.php" "Mozilla/5.0 (Windows NT 10.0; Win64; x64) AppleWebKit/537.36 (KHTML, like Gecko) Chrome/151.0.0.0 Safari/537.36"
57.141.4.49 - - [31/Aug/2026:06:14:52 -0500] "GET /5-ways-you-can-use-chatbots-in-your-marketing-strategy/image6-4/ HTTP/1.1" 404 5913 "-" "Mozilla/5.0 (Windows NT 10.0; Win64; x64) AppleWebKit/537.36 (KHTML, like Gecko) Chrome/145.0.0.0 Safari/537.36 (compatible; meta-externalagent/1.1 (+https://developers.facebook.com/docs/sharing/webmasters/crawler))"
207.244.250.86 - - [31/Aug/2026:06:24:39 -0500] "POST /wp-cron.php?doing_wp_cron=1788175479.6781520843505859375000 HTTP/1.1" 200 4887 "-" "WordPress/6.3.10; https://devsite.motionave.com"
65.108.194.49 - - [31/Aug/2026:06:24:36 -0500] "GET /wp-login.php HTTP/1.1" 200 11781 "-" "Mozilla/5.0 (Windows NT 10.0; Win64; x64) AppleWebKit/537.36 (KHTML, like Gecko) Chrome/151.0.0.0 Safari/537.36"
65.108.194.49 - - [31/Aug/2026:06:24:39 -0500] "POST /wp-login.php HTTP/1.1" 200 7456 "https://devsite.motionave.com/wp-login.php" "Mozilla/5.0 (Windows NT 10.0; Win64; x64) AppleWebKit/537.36 (KHTML, like Gecko) Chrome/151.0.0.0 Safari/537.36"
207.244.250.86 - - [31/Aug/2026:06:36:19 -0500] "POST /wp-cron.php?doing_wp_cron=1788176179.3405349254608154296875 HTTP/1.1" 200 4887 "-" "WordPress/6.3.10; https://devsite.motionave.com"
167.71.240.77 - - [31/Aug/2026:06:36:16 -0500] "GET /wp-login.php HTTP/1.1" 200 11781 "-" "167.71.240.77"
167.71.240.77 - - [31/Aug/2026:06:36:19 -0500] "POST /wp-login.php HTTP/1.1" 200 7440 "https://devsite.motionave.com/wp-login.php" "167.71.240.77"
57.141.4.10 - - [31/Aug/2026:06:37:00 -0500] "GET /todo-lo-que-necesitas-saber-acerca-de-instagram-shopping/ HTTP/1.1" 404 5913 "-" "Mozilla/5.0 (Windows NT 10.0; Win64; x64) AppleWebKit/537.36 (KHTML, like Gecko) Chrome/145.0.0.0 Safari/537.36 (compatible; meta-externalagent/1.1 (+https://developers.facebook.com/docs/sharing/webmasters/crawler))"
209.74.67.138 - - [31/Aug/2026:06:37:06 -0500] "GET /wp-login.php HTTP/1.1" 200 11781 "-" "Mozilla/5.0 (Windows NT 10.0; Win64; x64) AppleWebKit/537.36 (KHTML, like Gecko) Chrome/151.0.0.0 Safari/537.36"
209.74.67.138 - - [31/Aug/2026:06:37:09 -0500] "POST /wp-login.php HTTP/1.1" 200 7452 "https://devsite.motionave.com/wp-login.php" "Mozilla/5.0 (Windows NT 10.0; Win64; x64) AppleWebKit/537.36 (KHTML, like Gecko) Chrome/151.0.0.0 Safari/537.36"
57.141.4.33 - - [31/Aug/2026:06:38:36 -0500] "GET /get-ready-for-these-four-awesome-and-scary-applications-of-ai-in-marketing/ HTTP/1.1" 404 5913 "-" "Mozilla/5.0 (Windows NT 10.0; Win64; x64) AppleWebKit/537.36 (KHTML, like Gecko) Chrome/145.0.0.0 Safari/537.36 Edg/145.0.0.0 (compatible; meta-externalagent/1.1 (+https://developers.facebook.com/docs/sharing/webmasters/crawler))"
57.141.4.22 - - [31/Aug/2026:06:38:56 -0500] "GET /4-recomendaciones-para-videos-exitosos/4hlf9i97zfznb3sfbnunfkhxbrlxy_c8ppb7vj9lefmv2wu0lmnhxgjtivnniautf5qa8s8lba1jcasjniosmvdcfsj3kjt2ica9tgblfikkcuy-jlx-b0tcesc2fxr_7nmclqft/ HTTP/1.1" 404 5913 "-" "Mozilla/5.0 (Windows NT 10.0; Win64; x64) AppleWebKit/537.36 (KHTML, like Gecko) Chrome/145.0.0.0 Safari/537.36 (compatible; meta-externalagent/1.1 (+https://developers.facebook.com/docs/sharing/webmasters/crawler))"
207.244.250.86 - - [31/Aug/2026:06:46:06 -0500] "POST /wp-cron.php?doing_wp_cron=1788176765.8600389957427978515625 HTTP/1.1" 200 4887 "-" "WordPress/6.3.10; https://devsite.motionave.com"
50.6.200.195 - - [31/Aug/2026:06:46:01 -0500] "GET /wp-login.php HTTP/1.1" 200 11781 "-" "Mozilla/5.0 (Windows NT 10.0; Win64; x64) AppleWebKit/537.36 (KHTML, like Gecko) Chrome/151.0.0.0 Safari/537.36"
50.6.200.195 - - [31/Aug/2026:06:46:06 -0500] "POST /wp-login.php HTTP/1.1" 200 7440 "https://devsite.motionave.com/wp-login.php" "Mozilla/5.0 (Windows NT 10.0; Win64; x64) AppleWebKit/537.36 (KHTML, like Gecko) Chrome/151.0.0.0 Safari/537.36"
207.244.250.86 - - [31/Aug/2026:06:53:29 -0500] "POST /wp-cron.php?doing_wp_cron=1788177209.0123639106750488281250 HTTP/1.1" 200 4887 "-" "WordPress/6.3.10; https://devsite.motionave.com"
135.236.141.8 - - [31/Aug/2026:06:53:26 -0500] "GET /wp-login.php HTTP/1.1" 200 11781 "-" "Mozilla/5.0 (Windows NT 10.0; Win64; x64) AppleWebKit/537.36 (KHTML, like Gecko) Chrome/151.0.0.0 Safari/537.36"
135.236.141.8 - - [31/Aug/2026:06:53:29 -0500] "POST /wp-login.php HTTP/1.1" 200 7440 "https://devsite.motionave.com/wp-login.php" "Mozilla/5.0 (Windows NT 10.0; Win64; x64) AppleWebKit/537.36 (KHTML, like Gecko) Chrome/151.0.0.0 Safari/537.36"
57.141.4.27 - - [31/Aug/2026:06:54:20 -0500] "GET /portfolio-category/edited-pictures/ HTTP/1.1" 404 5913 "-" "Mozilla/5.0 (Macintosh; Intel Mac OS X 10_15_7) AppleWebKit/537.36 (KHTML, like Gecko) Chrome/145.0.0.0 Safari/537.36 (compatible; meta-externalagent/1.1 (+https://developers.facebook.com/docs/sharing/webmasters/crawler))"
88.90.243.36 - - [31/Aug/2026:06:56:28 -0500] "GET /robots.txt HTTP/1.1" 403 5885 "-" "Mozilla/5.0 (compatible; MJ12bot/v1.4.8; http://mj12bot.com/)"
57.141.4.33 - - [31/Aug/2026:06:57:20 -0500] "GET /facebook-ads-works-for-b2b-companies/ HTTP/1.1" 404 5913 "-" "Mozilla/5.0 (Windows NT 10.0; Win64; x64) AppleWebKit/537.36 (KHTML, like Gecko) Chrome/145.0.0.0 Safari/537.36 (compatible; meta-externalagent/1.1 (+https://developers.facebook.com/docs/sharing/webmasters/crawler))"
207.244.250.86 - - [31/Aug/2026:06:58:26 -0500] "POST /wp-cron.php?doing_wp_cron=1788177506.3602170944213867187500 HTTP/1.1" 200 4887 "-" "WordPress/6.3.10; https://devsite.motionave.com"
162.241.203.127 - - [31/Aug/2026:06:58:23 -0500] "GET /wp-login.php HTTP/1.1" 200 11781 "-" "Mozilla/5.0 (Windows NT 10.0; Win64; x64) AppleWebKit/537.36 (KHTML, like Gecko) Chrome/151.0.0.0 Safari/537.36"
162.241.203.127 - - [31/Aug/2026:06:58:26 -0500] "POST /wp-login.php HTTP/1.1" 200 7452 "https://devsite.motionave.com/wp-login.php" "Mozilla/5.0 (Windows NT 10.0; Win64; x64) AppleWebKit/537.36 (KHTML, like Gecko) Chrome/151.0.0.0 Safari/537.36"
207.244.250.86 - - [31/Aug/2026:06:59:07 -0500] "POST /wp-cron.php?doing_wp_cron=1788177547.4378430843353271484375 HTTP/1.1" 200 4887 "-" "WordPress/6.3.10; https://devsite.motionave.com"
162.241.244.118 - - [31/Aug/2026:06:59:04 -0500] "GET /wp-login.php HTTP/1.1" 200 11781 "-" "Mozilla/5.0 (Windows NT 10.0; Win64; x64) AppleWebKit/537.36 (KHTML, like Gecko) Chrome/151.0.0.0 Safari/537.36"
162.241.244.118 - - [31/Aug/2026:06:59:07 -0500] "POST /wp-login.php HTTP/1.1" 200 7440 "https://devsite.motionave.com/wp-login.php" "Mozilla/5.0 (Windows NT 10.0; Win64; x64) AppleWebKit/537.36 (KHTML, like Gecko) Chrome/151.0.0.0 Safari/537.36"
162.241.219.185 - - [31/Aug/2026:06:59:16 -0500] "GET /wp-login.php HTTP/1.1" 200 11781 "-" "Mozilla/5.0 (Windows NT 10.0; Win64; x64) AppleWebKit/537.36 (KHTML, like Gecko) Chrome/151.0.0.0 Safari/537.36"
162.241.219.185 - - [31/Aug/2026:06:59:19 -0500] "POST /wp-login.php HTTP/1.1" 200 7456 "https://devsite.motionave.com/wp-login.php" "Mozilla/5.0 (Windows NT 10.0; Win64; x64) AppleWebKit/537.36 (KHTML, like Gecko) Chrome/151.0.0.0 Safari/537.36"
207.244.250.86 - - [31/Aug/2026:07:09:00 -0500] "POST /wp-cron.php?doing_wp_cron=1788178140.7708079814910888671875 HTTP/1.1" 200 4887 "-" "WordPress/6.3.10; https://devsite.motionave.com"
213.32.77.104 - - [31/Aug/2026:07:08:55 -0500] "GET /wp-login.php HTTP/1.1" 200 11781 "-" "213.32.77.104"
213.32.77.104 - - [31/Aug/2026:07:09:01 -0500] "POST /wp-login.php HTTP/1.1" 200 7440 "https://devsite.motionave.com/wp-login.php" "213.32.77.104"
57.141.4.66 - - [31/Aug/2026:07:10:09 -0500] "GET /get-the-most-out-of-blog/recipe_buyer_persona/ HTTP/1.1" 404 5913 "-" "Mozilla/5.0 (Windows NT 10.0; Win64; x64) AppleWebKit/537.36 (KHTML, like Gecko) Chrome/145.0.0.0 Safari/537.36 (compatible; meta-externalagent/1.1 (+https://developers.facebook.com/docs/sharing/webmasters/crawler))"
57.141.4.55 - - [31/Aug/2026:07:14:52 -0500] "GET /colony-theatre-case-study/ HTTP/1.1" 404 5913 "-" "Mozilla/5.0 (Windows NT 10.0; Win64; x64) AppleWebKit/537.36 (KHTML, like Gecko) Chrome/145.0.0.0 Safari/537.36 (compatible; meta-externalagent/1.1 (+https://developers.facebook.com/docs/sharing/webmasters/crawler))"
207.244.250.86 - - [31/Aug/2026:07:22:52 -0500] "POST /wp-cron.php?doing_wp_cron=1788178972.4418098926544189453125 HTTP/1.1" 200 4887 "-" "WordPress/6.3.10; https://devsite.motionave.com"
103.216.119.20 - - [31/Aug/2026:07:22:48 -0500] "GET /wp-login.php HTTP/1.1" 200 11781 "-" "Mozilla/5.0 (Windows NT 10.0; Win64; x64) AppleWebKit/537.36 (KHTML, like Gecko) Chrome/151.0.0.0 Safari/537.36"
103.216.119.20 - - [31/Aug/2026:07:22:52 -0500] "POST /wp-login.php HTTP/1.1" 200 7436 "https://devsite.motionave.com/wp-login.php" "Mozilla/5.0 (Windows NT 10.0; Win64; x64) AppleWebKit/537.36 (KHTML, like Gecko) Chrome/151.0.0.0 Safari/537.36"
207.244.250.86 - - [31/Aug/2026:07:24:14 -0500] "POST /wp-cron.php?doing_wp_cron=1788179054.7129580974578857421875 HTTP/1.1" 200 4887 "-" "WordPress/6.3.10; https://devsite.motionave.com"
41.185.8.187 - - [31/Aug/2026:07:24:11 -0500] "GET /wp-login.php HTTP/1.1" 200 11781 "-" "Mozilla/5.0 (Windows NT 10.0; Win64; x64) AppleWebKit/537.36 (KHTML, like Gecko) Chrome/151.0.0.0 Safari/537.36"
41.185.8.187 - - [31/Aug/2026:07:24:15 -0500] "POST /wp-login.php HTTP/1.1" 200 7440 "https://devsite.motionave.com/wp-login.php" "Mozilla/5.0 (Windows NT 10.0; Win64; x64) AppleWebKit/537.36 (KHTML, like Gecko) Chrome/151.0.0.0 Safari/537.36"
207.244.250.86 - - [31/Aug/2026:07:37:44 -0500] "POST /wp-cron.php?doing_wp_cron=1788179864.7435920238494873046875 HTTP/1.1" 200 4887 "-" "WordPress/6.3.10; https://devsite.motionave.com"
192.185.2.195 - - [31/Aug/2026:07:37:41 -0500] "GET /wp-login.php HTTP/1.1" 200 11781 "-" "Mozilla/5.0 (Windows NT 10.0; Win64; x64) AppleWebKit/537.36 (KHTML, like Gecko) Chrome/151.0.0.0 Safari/537.36"
192.185.2.195 - - [31/Aug/2026:07:37:44 -0500] "POST /wp-login.php HTTP/1.1" 200 7440 "https://devsite.motionave.com/wp-login.php" "Mozilla/5.0 (Windows NT 10.0; Win64; x64) AppleWebKit/537.36 (KHTML, like Gecko) Chrome/151.0.0.0 Safari/537.36"
108.179.253.165 - - [31/Aug/2026:07:38:29 -0500] "GET /wp-login.php HTTP/1.1" 200 11781 "-" "Mozilla/5.0 (Windows NT 10.0; Win64; x64) AppleWebKit/537.36 (KHTML, like Gecko) Chrome/151.0.0.0 Safari/537.36"
108.179.253.165 - - [31/Aug/2026:07:38:32 -0500] "POST /wp-login.php HTTP/1.1" 200 7456 "https://devsite.motionave.com/wp-login.php" "Mozilla/5.0 (Windows NT 10.0; Win64; x64) AppleWebKit/537.36 (KHTML, like Gecko) Chrome/151.0.0.0 Safari/537.36"
207.244.250.86 - - [31/Aug/2026:07:42:49 -0500] "POST /wp-cron.php?doing_wp_cron=1788180169.3181579113006591796875 HTTP/1.1" 200 4887 "-" "WordPress/6.3.10; https://devsite.motionave.com"
103.216.119.20 - - [31/Aug/2026:07:42:46 -0500] "GET /wp-login.php HTTP/1.1" 200 11781 "-" "103.216.119.20"
103.216.119.20 - - [31/Aug/2026:07:42:50 -0500] "POST /wp-login.php HTTP/1.1" 200 7440 "https://devsite.motionave.com/wp-login.php" "103.216.119.20"
207.244.250.86 - - [31/Aug/2026:07:42:50 -0500] "GET / HTTP/1.1" 200 245719 "-" "WordPress/6.3.10; https://devsite.motionave.com"
207.244.250.86 - - [31/Aug/2026:07:44:03 -0500] "POST /wp-cron.php?doing_wp_cron=1788180243.6513888835906982421875 HTTP/1.1" 200 4887 "-" "WordPress/6.3.10; https://devsite.motionave.com"
162.241.2.179 - - [31/Aug/2026:07:44:00 -0500] "GET /wp-login.php HTTP/1.1" 200 11781 "-" "Mozilla/5.0 (Windows NT 10.0; Win64; x64) AppleWebKit/537.36 (KHTML, like Gecko) Chrome/151.0.0.0 Safari/537.36"
162.241.2.179 - - [31/Aug/2026:07:44:03 -0500] "POST /wp-login.php HTTP/1.1" 200 7452 "https://devsite.motionave.com/wp-login.php" "Mozilla/5.0 (Windows NT 10.0; Win64; x64) AppleWebKit/537.36 (KHTML, like Gecko) Chrome/151.0.0.0 Safari/537.36"
103.211.202.70 - - [31/Aug/2026:07:44:27 -0500] "GET /wp-login.php HTTP/1.1" 200 11781 "-" "Mozilla/5.0 (Windows NT 10.0; Win64; x64) AppleWebKit/537.36 (KHTML, like Gecko) Chrome/151.0.0.0 Safari/537.36"
103.211.202.70 - - [31/Aug/2026:07:44:28 -0500] "POST /wp-login.php HTTP/1.1" 200 7440 "https://devsite.motionave.com/wp-login.php" "Mozilla/5.0 (Windows NT 10.0; Win64; x64) AppleWebKit/537.36 (KHTML, like Gecko) Chrome/151.0.0.0 Safari/537.36"
185.104.184.228 - - [31/Aug/2026:07:45:56 -0500] "GET /wp-content/uploads/ HTTP/1.1" 403 5821 "-" "-"
185.104.184.228 - - [31/Aug/2026:07:45:57 -0500] "GET /wp-includes/ HTTP/1.1" 403 1068 "-" "-"
185.104.184.228 - - [31/Aug/2026:07:45:57 -0500] "GET /wp-includes/css/ HTTP/1.1" 403 1068 "-" "-"
185.104.184.228 - - [31/Aug/2026:07:45:59 -0500] "GET /wp-includes/ID3/ HTTP/1.1" 403 1068 "-" "-"
185.104.184.228 - - [31/Aug/2026:07:45:59 -0500] "GET /wp-includes/IXR/ HTTP/1.1" 403 1068 "-" "-"
185.104.184.228 - - [31/Aug/2026:07:46:00 -0500] "GET /wp-includes/Requests/ HTTP/1.1" 403 1068 "-" "-"
185.104.184.228 - - [31/Aug/2026:07:46:00 -0500] "GET /wp-includes/SimplePie/ HTTP/1.1" 403 1068 "-" "-"
185.104.184.228 - - [31/Aug/2026:07:46:02 -0500] "GET /wp-includes/Text/ HTTP/1.1" 403 1068 "-" "-"
185.104.184.228 - - [31/Aug/2026:07:46:14 -0500] "GET /wp-content/mu-plugins-old/ HTTP/1.1" 404 1190 "-" "-"
185.104.184.228 - - [31/Aug/2026:07:46:15 -0500] "GET /wp-content/themes/classic/inc/ HTTP/1.1" 404 1081 "-" "-"
185.104.184.228 - - [31/Aug/2026:07:47:38 -0500] "GET /wp-content/plugins/ninja-forms/ HTTP/1.1" 404 5834 "-" "-"
185.104.184.228 - - [31/Aug/2026:07:47:39 -0500] "GET /wp-content/mu-plugins/ HTTP/1.1" 403 1068 "-" "-"
185.104.184.228 - - [31/Aug/2026:07:47:42 -0500] "GET /wp-includes/Text/Diff/Renderer/ HTTP/1.1" 403 1068 "-" "-"
185.104.184.228 - - [31/Aug/2026:07:47:43 -0500] "GET /wp-includes/blocks/ HTTP/1.1" 403 1068 "-" "-"
185.104.184.228 - - [31/Aug/2026:07:47:43 -0500] "GET /wp-includes/certificates/ HTTP/1.1" 403 1068 "-" "-"
185.104.184.228 - - [31/Aug/2026:07:49:38 -0500] "GET /wp-includes/fonts/ HTTP/1.1" 403 5821 "-" "-"
185.104.184.228 - - [31/Aug/2026:07:49:52 -0500] "GET /wp-includes/images/ HTTP/1.1" 403 1177 "-" "-"
185.104.184.228 - - [31/Aug/2026:07:50:12 -0500] "GET /.well-known/ HTTP/1.1" 404 1190 "-" "-"
185.104.184.228 - - [31/Aug/2026:07:50:26 -0500] "GET /ALFA_DATA/ HTTP/1.1" 404 1190 "-" "-"
185.104.184.228 - - [31/Aug/2026:07:50:30 -0500] "GET /.well-knownold/ HTTP/1.1" 404 1081 "-" "-"
185.104.184.228 - - [31/Aug/2026:07:50:31 -0500] "GET /.well-known/acme-challenge/ HTTP/1.1" 403 1068 "-" "-"
185.104.184.228 - - [31/Aug/2026:07:50:32 -0500] "GET /cgi-bin/ HTTP/1.1" 403 1068 "-" "-"
185.104.184.228 - - [31/Aug/2026:07:50:57 -0500] "GET /index/ HTTP/1.1" 404 1190 "-" "-"
185.104.184.228 - - [31/Aug/2026:07:51:00 -0500] "GET /id/ HTTP/1.1" 404 1081 "-" "-"
185.104.184.228 - - [31/Aug/2026:07:51:03 -0500] "GET /www/ HTTP/1.1" 404 1081 "-" "-"
185.104.184.228 - - [31/Aug/2026:07:51:03 -0500] "GET /web/ HTTP/1.1" 404 1081 "-" "-"
185.104.184.228 - - [31/Aug/2026:07:51:04 -0500] "GET /uploads/ HTTP/1.1" 404 1081 "-" "-"
185.104.184.228 - - [31/Aug/2026:07:51:04 -0500] "GET /upload/ HTTP/1.1" 404 1081 "-" "-"
185.104.184.228 - - [31/Aug/2026:07:51:05 -0500] "GET /admin/uploads/ HTTP/1.1" 404 1081 "-" "-"
185.104.184.228 - - [31/Aug/2026:07:51:07 -0500] "GET /Admin/uploads/ HTTP/1.1" 404 1081 "-" "-"
185.104.184.228 - - [31/Aug/2026:07:51:07 -0500] "GET /admin/ HTTP/1.1" 404 1081 "-" "-"
185.104.184.228 - - [31/Aug/2026:07:51:08 -0500] "GET /images/ HTTP/1.1" 404 1081 "-" "-"
185.104.184.228 - - [31/Aug/2026:07:51:08 -0500] "GET /assets/ HTTP/1.1" 404 1081 "-" "-"
207.244.250.86 - - [31/Aug/2026:07:52:28 -0500] "POST /wp-cron.php?doing_wp_cron=1788180748.0208709239959716796875 HTTP/1.1" 200 4887 "-" "WordPress/6.3.10; https://devsite.motionave.com"
216.172.172.240 - - [31/Aug/2026:07:52:24 -0500] "GET /wp-login.php HTTP/1.1" 200 11781 "-" "Mozilla/5.0 (Windows NT 10.0; Win64; x64) AppleWebKit/537.36 (KHTML, like Gecko) Chrome/151.0.0.0 Safari/537.36"
216.172.172.240 - - [31/Aug/2026:07:52:28 -0500] "POST /wp-login.php HTTP/1.1" 200 7456 "https://devsite.motionave.com/wp-login.php" "Mozilla/5.0 (Windows NT 10.0; Win64; x64) AppleWebKit/537.36 (KHTML, like Gecko) Chrome/151.0.0.0 Safari/537.36"
185.104.184.228 - - [31/Aug/2026:07:51:09 -0500] "GET /vendor/phpunit/phpunit/src/Util/PHP/ HTTP/1.1" 404 1081 "-" "-"
185.104.184.228 - - [31/Aug/2026:07:53:17 -0500] "GET /upload/image/ HTTP/1.1" 404 0 "-" "-"
185.104.184.228 - - [31/Aug/2026:07:53:20 -0500] "GET /assets/images/ HTTP/1.1" 404 1190 "-" "-"
185.104.184.228 - - [31/Aug/2026:07:53:24 -0500] "GET /Public/ HTTP/1.1" 404 1081 "-" "-"
185.104.184.228 - - [31/Aug/2026:07:53:25 -0500] "GET /vendor/ HTTP/1.1" 404 1081 "-" "-"
185.104.184.228 - - [31/Aug/2026:07:53:25 -0500] "GET /local/ HTTP/1.1" 404 1081 "-" "-"
185.104.184.228 - - [31/Aug/2026:07:53:26 -0500] "GET /modules/ HTTP/1.1" 404 1081 "-" "-"
185.104.184.228 - - [31/Aug/2026:07:53:26 -0500] "GET /Site/ HTTP/1.1" 404 1081 "-" "-"
185.104.184.228 - - [31/Aug/2026:07:53:29 -0500] "GET /system/ HTTP/1.1" 404 1081 "-" "-"
185.104.184.228 - - [31/Aug/2026:07:53:31 -0500] "GET /template/ HTTP/1.1" 404 1081 "-" "-"
185.104.184.228 - - [31/Aug/2026:07:53:34 -0500] "GET /shop/ HTTP/1.1" 404 1081 "-" "-"
185.104.184.228 - - [31/Aug/2026:07:52:13 -0500] "GET /upload/image/ HTTP/1.1" 404 1190 "-" "-"
185.104.184.228 - - [31/Aug/2026:07:53:40 -0500] "GET /assets/images/ HTTP/1.1" 404 0 "-" "-"
185.104.184.228 - - [31/Aug/2026:07:54:03 -0500] "GET /files/ HTTP/1.1" 404 1190 "-" "-"
185.104.184.228 - - [31/Aug/2026:07:54:04 -0500] "GET /admin/editor/ HTTP/1.1" 404 1081 "-" "-"
185.104.184.228 - - [31/Aug/2026:07:55:12 -0500] "GET /include/ HTTP/1.1" 404 5842 "-" "-"
57.141.4.13 - - [31/Aug/2026:07:55:15 -0500] "GET /jan-pro-case-study/ HTTP/1.1" 404 5913 "-" "Mozilla/5.0 (Windows NT 10.0; Win64; x64) AppleWebKit/537.36 (KHTML, like Gecko) Chrome/145.0.0.0 Safari/537.36 (compatible; meta-externalagent/1.1 (+https://developers.facebook.com/docs/sharing/webmasters/crawler))"
185.104.184.228 - - [31/Aug/2026:07:55:16 -0500] "GET /Assets/ HTTP/1.1" 404 1081 "-" "-"
207.244.250.86 - - [31/Aug/2026:07:55:52 -0500] "POST /wp-cron.php?doing_wp_cron=1788180951.9727540016174316406250 HTTP/1.1" 200 4887 "-" "WordPress/6.3.10; https://devsite.motionave.com"
103.255.250.10 - - [31/Aug/2026:07:55:49 -0500] "GET /wp-login.php HTTP/1.1" 200 11781 "-" "Mozilla/5.0 (Windows NT 10.0; Win64; x64) AppleWebKit/537.36 (KHTML, like Gecko) Chrome/151.0.0.0 Safari/537.36"
103.255.250.10 - - [31/Aug/2026:07:55:52 -0500] "POST /wp-login.php HTTP/1.1" 200 7452 "https://devsite.motionave.com/wp-login.php" "Mozilla/5.0 (Windows NT 10.0; Win64; x64) AppleWebKit/537.36 (KHTML, like Gecko) Chrome/151.0.0.0 Safari/537.36"
207.244.250.86 - - [31/Aug/2026:07:56:22 -0500] "POST /wp-cron.php?doing_wp_cron=1788180982.6626930236816406250000 HTTP/1.1" 200 4887 "-" "WordPress/6.3.10; https://devsite.motionave.com"
216.172.172.230 - - [31/Aug/2026:07:56:21 -0500] "GET /wp-login.php HTTP/1.1" 200 11781 "-" "Mozilla/5.0 (Windows NT 10.0; Win64; x64) AppleWebKit/537.36 (KHTML, like Gecko) Chrome/151.0.0.0 Safari/537.36"
216.172.172.230 - - [31/Aug/2026:07:56:22 -0500] "POST /wp-login.php HTTP/1.1" 200 7440 "https://devsite.motionave.com/wp-login.php" "Mozilla/5.0 (Windows NT 10.0; Win64; x64) AppleWebKit/537.36 (KHTML, like Gecko) Chrome/151.0.0.0 Safari/537.36"
192.254.224.255 - - [31/Aug/2026:07:56:33 -0500] "GET /wp-login.php HTTP/1.1" 200 11781 "-" "Mozilla/5.0 (Windows NT 10.0; Win64; x64) AppleWebKit/537.36 (KHTML, like Gecko) Chrome/151.0.0.0 Safari/537.36"
192.254.224.255 - - [31/Aug/2026:07:56:33 -0500] "POST /wp-login.php HTTP/1.1" 200 7436 "https://devsite.motionave.com/wp-login.php" "Mozilla/5.0 (Windows NT 10.0; Win64; x64) AppleWebKit/537.36 (KHTML, like Gecko) Chrome/151.0.0.0 Safari/537.36"
185.104.184.228 - - [31/Aug/2026:07:56:35 -0500] "GET /images/stories/ HTTP/1.1" 404 1190 "-" "-"
207.244.250.86 - - [31/Aug/2026:07:59:29 -0500] "POST /wp-cron.php?doing_wp_cron=1788181169.0446679592132568359375 HTTP/1.1" 200 4887 "-" "WordPress/6.3.10; https://devsite.motionave.com"
97.74.87.194 - - [31/Aug/2026:07:59:26 -0500] "GET /wp-login.php HTTP/1.1" 200 11781 "-" "97.74.87.194"
97.74.87.194 - - [31/Aug/2026:07:59:30 -0500] "POST /wp-login.php HTTP/1.1" 200 7440 "https://devsite.motionave.com/wp-login.php" "97.74.87.194"
190.107.177.233 - - [31/Aug/2026:08:01:52 -0500] "GET /wp-login.php HTTP/1.1" 200 11781 "-" "Mozilla/5.0 (Windows NT 10.0; Win64; x64) AppleWebKit/537.36 (KHTML, like Gecko) Chrome/151.0.0.0 Safari/537.36"
190.107.177.233 - - [31/Aug/2026:08:01:56 -0500] "POST /wp-login.php HTTP/1.1" 200 7440 "https://devsite.motionave.com/wp-login.php" "Mozilla/5.0 (Windows NT 10.0; Win64; x64) AppleWebKit/537.36 (KHTML, like Gecko) Chrome/151.0.0.0 Safari/537.36"
185.104.184.228 - - [31/Aug/2026:08:03:35 -0500] "GET /wp-admin/css/ HTTP/1.1" 403 5821 "-" "-"
185.104.184.228 - - [31/Aug/2026:08:06:35 -0500] "GET /wp-content/cache/ HTTP/1.1" 200 371 "-" "-"
185.104.184.228 - - [31/Aug/2026:08:06:39 -0500] "GET /wp-admin/maint/ HTTP/1.1" 403 1068 "-" "-"
185.104.184.228 - - [31/Aug/2026:08:06:40 -0500] "GET /wp-content/plugins/akismet/ HTTP/1.1" 403 1068 "-" "-"
185.104.184.228 - - [31/Aug/2026:08:06:42 -0500] "GET /wp-includes/assets/ HTTP/1.1" 403 1068 "-" "-"
185.104.184.228 - - [31/Aug/2026:08:06:46 -0500] "GET /wp-includes/block-patterns/ HTTP/1.1" 403 1068 "-" "-"
40.77.167.136 - - [31/Aug/2026:08:06:55 -0500] "GET /avoid-pitfalls-clickbait-3/how-to-avoid-the-pitfalls-of-clickbait-1-1024x683/ HTTP/1.1" 404 5890 "-" "Mozilla/5.0 AppleWebKit/537.36 (KHTML, like Gecko; compatible; bingbot/2.0; +http://www.bing.com/bingbot.htm) Chrome/116.0.1938.76 Safari/537.36"
185.104.184.228 - - [31/Aug/2026:08:08:18 -0500] "GET /wp-includes/block-supports/ HTTP/1.1" 403 1177 "-" "-"
207.244.250.86 - - [31/Aug/2026:08:09:49 -0500] "POST /wp-cron.php?doing_wp_cron=1788181789.1050620079040527343750 HTTP/1.1" 200 4887 "-" "WordPress/6.3.10; https://devsite.motionave.com"
162.241.3.6 - - [31/Aug/2026:08:09:45 -0500] "GET /wp-login.php HTTP/1.1" 200 11781 "-" "Mozilla/5.0 (Windows NT 10.0; Win64; x64) AppleWebKit/537.36 (KHTML, like Gecko) Chrome/151.0.0.0 Safari/537.36"
162.241.3.6 - - [31/Aug/2026:08:09:49 -0500] "POST /wp-login.php HTTP/1.1" 200 7440 "https://devsite.motionave.com/wp-login.php" "Mozilla/5.0 (Windows NT 10.0; Win64; x64) AppleWebKit/537.36 (KHTML, like Gecko) Chrome/151.0.0.0 Safari/537.36"
168.144.30.105 - - [31/Aug/2026:08:10:15 -0500] "GET /wp-login.php HTTP/1.1" 200 11781 "-" "Mozilla/5.0 (Windows NT 10.0; Win64; x64) AppleWebKit/537.36 (KHTML, like Gecko) Chrome/151.0.0.0 Safari/537.36"
168.144.30.105 - - [31/Aug/2026:08:10:20 -0500] "POST /wp-login.php HTTP/1.1" 200 7452 "https://devsite.motionave.com/wp-login.php" "Mozilla/5.0 (Windows NT 10.0; Win64; x64) AppleWebKit/537.36 (KHTML, like Gecko) Chrome/151.0.0.0 Safari/537.36"
185.104.184.228 - - [31/Aug/2026:08:13:18 -0500] "GET /wp-includes/js/ HTTP/1.1" 403 5829 "-" "-"
185.104.184.228 - - [31/Aug/2026:08:16:21 -0500] "GET /wp-includes/php-compat/ HTTP/1.1" 403 1177 "-" "-"
207.244.250.86 - - [31/Aug/2026:08:16:28 -0500] "POST /wp-cron.php?doing_wp_cron=1788182188.3830919265747070312500 HTTP/1.1" 200 4887 "-" "WordPress/6.3.10; https://devsite.motionave.com"
103.133.216.219 - - [31/Aug/2026:08:16:25 -0500] "GET /wp-login.php HTTP/1.1" 200 11781 "-" "103.133.216.219"
103.133.216.219 - - [31/Aug/2026:08:16:32 -0500] "POST /wp-login.php HTTP/1.1" 200 7440 "https://devsite.motionave.com/wp-login.php" "103.133.216.219"
123.253.29.3 - - [31/Aug/2026:08:18:19 -0500] "GET /wp-login.php HTTP/1.1" 200 11781 "-" "Mozilla/5.0 (Windows NT 10.0; Win64; x64) AppleWebKit/537.36 (KHTML, like Gecko) Chrome/151.0.0.0 Safari/537.36"
123.253.29.3 - - [31/Aug/2026:08:18:22 -0500] "POST /wp-login.php HTTP/1.1" 200 7440 "https://devsite.motionave.com/wp-login.php" "Mozilla/5.0 (Windows NT 10.0; Win64; x64) AppleWebKit/537.36 (KHTML, like Gecko) Chrome/151.0.0.0 Safari/537.36"
185.104.184.228 - - [31/Aug/2026:08:19:38 -0500] "GET /wp-includes/pomo/ HTTP/1.1" 403 5821 "-" "-"
185.104.184.228 - - [31/Aug/2026:08:19:38 -0500] "GET /wp-includes/random_compat/ HTTP/1.1" 404 1081 "-" "-"
185.104.184.228 - - [31/Aug/2026:08:19:39 -0500] "GET /wp-includes/rest-api/ HTTP/1.1" 403 1068 "-" "-"
185.104.184.228 - - [31/Aug/2026:08:19:40 -0500] "GET /wp-includes/sitemaps/ HTTP/1.1" 403 1068 "-" "-"
185.104.184.228 - - [31/Aug/2026:08:19:41 -0500] "GET /wp-includes/sodium_compat/ HTTP/1.1" 403 1068 "-" "-"
185.104.184.228 - - [31/Aug/2026:08:19:44 -0500] "GET /wp-includes/style-engine/ HTTP/1.1" 403 1068 "-" "-"
