108.179.253.175 - - [01/Sep/2026:09:57:21 -0500] "POST /wp-login.php HTTP/1.1" 200 7456 "https://devsite.motionave.com/wp-login.php" "Mozilla/5.0 (Windows NT 10.0; Win64; x64) AppleWebKit/537.36 (KHTML, like Gecko) Chrome/151.0.0.0 Safari/537.36"
108.167.161.80 - - [01/Sep/2026:09:57:45 -0500] "GET /wp-login.php HTTP/1.1" 200 11781 "-" "Mozilla/5.0 (Windows NT 10.0; Win64; x64) AppleWebKit/537.36 (KHTML, like Gecko) Chrome/151.0.0.0 Safari/537.36"
108.167.161.80 - - [01/Sep/2026:09:57:46 -0500] "POST /wp-login.php HTTP/1.1" 200 7436 "https://devsite.motionave.com/wp-login.php" "Mozilla/5.0 (Windows NT 10.0; Win64; x64) AppleWebKit/537.36 (KHTML, like Gecko) Chrome/151.0.0.0 Safari/537.36"
57.141.4.17 - - [01/Sep/2026:09:58:06 -0500] "GET /marketing-updates-with-motion-ave-18/ HTTP/1.1" 404 5913 "-" "Mozilla/5.0 (Windows NT 10.0; Win64; x64) AppleWebKit/537.36 (KHTML, like Gecko) Chrome/145.0.0.0 Safari/537.36 (compatible; meta-externalagent/1.1 (+https://developers.facebook.com/docs/sharing/webmasters/crawler))"
207.244.250.86 - - [01/Sep/2026:10:07:44 -0500] "POST /wp-cron.php?doing_wp_cron=1788275264.5838410854339599609375 HTTP/1.1" 200 4887 "-" "WordPress/6.3.10; https://devsite.motionave.com"
103.255.134.61 - - [01/Sep/2026:10:07:40 -0500] "GET /wp-login.php HTTP/1.1" 200 11781 "-" "Mozilla/5.0 (Windows NT 10.0; Win64; x64) AppleWebKit/537.36 (KHTML, like Gecko) Chrome/151.0.0.0 Safari/537.36"
103.255.134.61 - - [01/Sep/2026:10:07:45 -0500] "POST /wp-login.php HTTP/1.1" 200 7450 "https://devsite.motionave.com/wp-login.php" "Mozilla/5.0 (Windows NT 10.0; Win64; x64) AppleWebKit/537.36 (KHTML, like Gecko) Chrome/151.0.0.0 Safari/537.36"
57.141.4.44 - - [01/Sep/2026:10:16:36 -0500] "GET /marketing-updates-with-motion-ave-3/ HTTP/1.1" 404 5913 "-" "Mozilla/5.0 (Windows NT 10.0; Win64; x64) AppleWebKit/537.36 (KHTML, like Gecko) Chrome/145.0.0.0 Safari/537.36 (compatible; meta-externalagent/1.1 (+https://developers.facebook.com/docs/sharing/webmasters/crawler))"
57.141.4.25 - - [01/Sep/2026:10:16:38 -0500] "GET /marketing-updates-with-motion-ave-30/ HTTP/1.1" 404 5913 "-" "Mozilla/5.0 (Windows NT 10.0; Win64; x64) AppleWebKit/537.36 (KHTML, like Gecko) Chrome/145.0.0.0 Safari/537.36 (compatible; meta-externalagent/1.1 (+https://developers.facebook.com/docs/sharing/webmasters/crawler))"
20.220.204.93 - - [01/Sep/2026:10:17:11 -0500] "GET /wp-content/plugins/hellopress/wp_filemanager.php HTTP/1.1" 404 5842 "-" "-"
20.220.204.93 - - [01/Sep/2026:10:17:11 -0500] "GET /this_is_a_new_hello_world.php HTTP/1.1" 404 253 "-" "-"
20.220.204.93 - - [01/Sep/2026:10:17:12 -0500] "GET /fsfrl.php HTTP/1.1" 404 253 "-" "-"
20.220.204.93 - - [01/Sep/2026:10:17:12 -0500] "GET /xrp.php HTTP/1.1" 404 253 "-" "-"
20.220.204.93 - - [01/Sep/2026:10:17:12 -0500] "GET /zwso.php HTTP/1.1" 404 253 "-" "-"
20.220.204.93 - - [01/Sep/2026:10:17:12 -0500] "GET /mar.php HTTP/1.1" 404 253 "-" "-"
20.220.204.93 - - [01/Sep/2026:10:17:12 -0500] "GET /3.php HTTP/1.1" 404 253 "-" "-"
20.220.204.93 - - [01/Sep/2026:10:17:12 -0500] "GET /css.php HTTP/1.1" 404 253 "-" "-"
20.220.204.93 - - [01/Sep/2026:10:17:12 -0500] "GET /samll.php HTTP/1.1" 404 253 "-" "-"
20.220.204.93 - - [01/Sep/2026:10:17:12 -0500] "GET /js.php HTTP/1.1" 404 253 "-" "-"
20.220.204.93 - - [01/Sep/2026:10:17:12 -0500] "GET /go.php HTTP/1.1" 404 253 "-" "-"
20.220.204.93 - - [01/Sep/2026:10:17:12 -0500] "GET /esp.php HTTP/1.1" 404 253 "-" "-"
20.220.204.93 - - [01/Sep/2026:10:17:12 -0500] "GET /ho.php HTTP/1.1" 404 253 "-" "-"
20.220.204.93 - - [01/Sep/2026:10:17:12 -0500] "GET /bhigtouj.php HTTP/1.1" 404 253 "-" "-"
20.220.204.93 - - [01/Sep/2026:10:17:12 -0500] "GET /cilus.php HTTP/1.1" 404 253 "-" "-"
20.220.204.93 - - [01/Sep/2026:10:17:12 -0500] "GET /.cache.php HTTP/1.1" 404 253 "-" "-"
20.220.204.93 - - [01/Sep/2026:10:17:12 -0500] "GET /UT6UJndefault.php HTTP/1.1" 404 253 "-" "-"
20.220.204.93 - - [01/Sep/2026:10:17:28 -0500] "GET /aqotrjkg.php HTTP/1.1" 404 362 "-" "-"
20.220.204.93 - - [01/Sep/2026:10:17:29 -0500] "GET /curldect.php HTTP/1.1" 404 253 "-" "-"
20.220.204.93 - - [01/Sep/2026:10:17:29 -0500] "GET /w1px.php HTTP/1.1" 404 253 "-" "-"
20.220.204.93 - - [01/Sep/2026:10:17:29 -0500] "GET /xmini4.php HTTP/1.1" 404 253 "-" "-"
20.220.204.93 - - [01/Sep/2026:10:17:29 -0500] "GET /ccc.php HTTP/1.1" 404 253 "-" "-"
20.220.204.93 - - [01/Sep/2026:10:17:29 -0500] "GET /accesson.php HTTP/1.1" 404 253 "-" "-"
20.220.204.93 - - [01/Sep/2026:10:17:29 -0500] "GET /000.php HTTP/1.1" 404 253 "-" "-"
20.220.204.93 - - [01/Sep/2026:10:17:29 -0500] "GET /29.php HTTP/1.1" 404 253 "-" "-"
20.220.204.93 - - [01/Sep/2026:10:17:29 -0500] "GET /faiy.php HTTP/1.1" 404 253 "-" "-"
20.220.204.93 - - [01/Sep/2026:10:17:29 -0500] "GET /ho.php HTTP/1.1" 404 253 "-" "-"
20.220.204.93 - - [01/Sep/2026:10:17:29 -0500] "GET /e219b53abbindex.php HTTP/1.1" 404 253 "-" "-"
20.220.204.93 - - [01/Sep/2026:10:17:29 -0500] "GET /XrdbXydefault.php HTTP/1.1" 404 253 "-" "-"
20.220.204.93 - - [01/Sep/2026:10:17:29 -0500] "GET /82.php HTTP/1.1" 404 253 "-" "-"
20.220.204.93 - - [01/Sep/2026:10:17:29 -0500] "GET /20.php HTTP/1.1" 404 253 "-" "-"
207.244.250.86 - - [01/Sep/2026:10:17:33 -0500] "POST /wp-cron.php?doing_wp_cron=1788275853.5645480155944824218750 HTTP/1.1" 200 4887 "-" "WordPress/6.3.10; https://devsite.motionave.com"
185.33.54.5 - - [01/Sep/2026:10:17:30 -0500] "GET /wp-login.php HTTP/1.1" 200 11781 "-" "Mozilla/5.0 (Windows NT 10.0; Win64; x64) AppleWebKit/537.36 (KHTML, like Gecko) Chrome/151.0.0.0 Safari/537.36"
185.33.54.5 - - [01/Sep/2026:10:17:34 -0500] "POST /wp-login.php HTTP/1.1" 200 7452 "https://devsite.motionave.com/wp-login.php" "Mozilla/5.0 (Windows NT 10.0; Win64; x64) AppleWebKit/537.36 (KHTML, like Gecko) Chrome/151.0.0.0 Safari/537.36"
20.220.204.93 - - [01/Sep/2026:10:17:46 -0500] "GET /ilex.php HTTP/1.1" 404 5014 "-" "-"
20.220.204.93 - - [01/Sep/2026:10:17:46 -0500] "GET /pqfpcelx.php HTTP/1.1" 404 253 "-" "-"
20.220.204.93 - - [01/Sep/2026:10:17:46 -0500] "GET /f35.update.php HTTP/1.1" 404 253 "-" "-"
20.220.204.93 - - [01/Sep/2026:10:17:46 -0500] "GET /zoo1.php HTTP/1.1" 404 253 "-" "-"
20.220.204.93 - - [01/Sep/2026:10:17:46 -0500] "GET /ot.php HTTP/1.1" 404 253 "-" "-"
20.220.204.93 - - [01/Sep/2026:10:17:46 -0500] "GET /edorxrr.php HTTP/1.1" 404 253 "-" "-"
20.220.204.93 - - [01/Sep/2026:10:17:46 -0500] "GET /zoo2.php HTTP/1.1" 404 253 "-" "-"
20.220.204.93 - - [01/Sep/2026:10:17:46 -0500] "GET /hywzd.php HTTP/1.1" 404 253 "-" "-"
20.220.204.93 - - [01/Sep/2026:10:17:46 -0500] "GET /simple.php HTTP/1.1" 404 253 "-" "-"
20.220.204.93 - - [01/Sep/2026:10:17:46 -0500] "GET /acf1ced8aec2.php HTTP/1.1" 404 253 "-" "-"
20.220.204.93 - - [01/Sep/2026:10:17:47 -0500] "GET /wp-trackback.php HTTP/1.1" 404 612 "-" "-"
20.220.204.93 - - [01/Sep/2026:10:17:47 -0500] "GET /coffe.php HTTP/1.1" 404 253 "-" "-"
20.220.204.93 - - [01/Sep/2026:10:17:47 -0500] "GET /goods.php HTTP/1.1" 404 253 "-" "-"
20.220.204.93 - - [01/Sep/2026:10:17:47 -0500] "GET /asax.php HTTP/1.1" 404 253 "-" "-"
20.220.204.93 - - [01/Sep/2026:10:17:47 -0500] "GET /cjhnp.php HTTP/1.1" 404 253 "-" "-"
20.220.204.93 - - [01/Sep/2026:10:17:48 -0500] "GET /jlex.php HTTP/1.1" 404 253 "-" "-"
20.220.204.93 - - [01/Sep/2026:10:17:48 -0500] "GET /kerang.php HTTP/1.1" 404 253 "-" "-"
20.220.204.93 - - [01/Sep/2026:10:17:48 -0500] "GET /local.php HTTP/1.1" 404 253 "-" "-"
20.220.204.93 - - [01/Sep/2026:10:17:48 -0500] "GET /kbqhb.php HTTP/1.1" 404 253 "-" "-"
20.220.204.93 - - [01/Sep/2026:10:17:12 -0500] "GET /tvbxn.php HTTP/1.1" 404 253 "-" "-"
20.220.204.93 - - [01/Sep/2026:10:18:31 -0500] "GET /bn.php HTTP/1.1" 404 253 "-" "-"
207.244.250.86 - - [01/Sep/2026:10:18:47 -0500] "POST /wp-cron.php?doing_wp_cron=1788275927.5306580066680908203125 HTTP/1.1" 200 4887 "-" "WordPress/6.3.10; https://devsite.motionave.com"
69.49.241.76 - - [01/Sep/2026:10:18:45 -0500] "GET /wp-login.php HTTP/1.1" 200 11781 "-" "Mozilla/5.0 (Windows NT 10.0; Win64; x64) AppleWebKit/537.36 (KHTML, like Gecko) Chrome/151.0.0.0 Safari/537.36"
69.49.241.76 - - [01/Sep/2026:10:18:47 -0500] "POST /wp-login.php HTTP/1.1" 200 7450 "https://devsite.motionave.com/wp-login.php" "Mozilla/5.0 (Windows NT 10.0; Win64; x64) AppleWebKit/537.36 (KHTML, like Gecko) Chrome/151.0.0.0 Safari/537.36"
51.89.83.145 - - [01/Sep/2026:10:22:42 -0500] "GET /assets/images/accesson.php HTTP/1.1" 404 5646 "-" "Mozilla/5.0 (Windows NT 10.0; Win64; x64; rv:149.0) Gecko/20100101 Firefox/149.0"
51.89.83.145 - - [01/Sep/2026:10:24:00 -0500] "GET /blog-verify HTTP/1.1" 404 5646 "-" "Mozilla/5.0 (Macintosh; Intel Mac OS X 10_15_7) AppleWebKit/537.36 (KHTML, like Gecko) Chrome/149.0.0.0 Safari/537.36"
207.244.250.86 - - [01/Sep/2026:10:24:48 -0500] "POST /wp-cron.php?doing_wp_cron=1788276288.5305368900299072265625 HTTP/1.1" 200 4887 "-" "WordPress/6.3.10; https://devsite.motionave.com"
192.185.176.178 - - [01/Sep/2026:10:24:44 -0500] "GET /wp-login.php HTTP/1.1" 200 11781 "-" "Mozilla/5.0 (Windows NT 10.0; Win64; x64) AppleWebKit/537.36 (KHTML, like Gecko) Chrome/151.0.0.0 Safari/537.36"
192.185.176.178 - - [01/Sep/2026:10:24:48 -0500] "POST /wp-login.php HTTP/1.1" 200 7436 "https://devsite.motionave.com/wp-login.php" "Mozilla/5.0 (Windows NT 10.0; Win64; x64) AppleWebKit/537.36 (KHTML, like Gecko) Chrome/151.0.0.0 Safari/537.36"
51.89.83.145 - - [01/Sep/2026:10:24:55 -0500] "GET /?dev=devupdate HTTP/1.1" 200 245715 "-" "Mozilla/5.0 (Macintosh; Intel Mac OS X 10_15_7; rv:149.0) Gecko/20100101 Firefox/149.0"
202.51.202.242 - - [01/Sep/2026:10:27:33 -0500] "GET /wp-login.php HTTP/1.1" 200 11781 "-" "Mozilla/5.0 (Windows NT 10.0; Win64; x64) AppleWebKit/537.36 (KHTML, like Gecko) Chrome/151.0.0.0 Safari/537.36"
50.6.207.27 - - [01/Sep/2026:10:27:35 -0500] "GET /wp-login.php HTTP/1.1" 200 11781 "-" "Mozilla/5.0 (Windows NT 10.0; Win64; x64) AppleWebKit/537.36 (KHTML, like Gecko) Chrome/151.0.0.0 Safari/537.36"
50.6.207.27 - - [01/Sep/2026:10:27:36 -0500] "POST /wp-login.php HTTP/1.1" 200 7440 "https://devsite.motionave.com/wp-login.php" "Mozilla/5.0 (Windows NT 10.0; Win64; x64) AppleWebKit/537.36 (KHTML, like Gecko) Chrome/151.0.0.0 Safari/537.36"
202.51.202.242 - - [01/Sep/2026:10:27:39 -0500] "POST /wp-login.php HTTP/1.1" 200 7452 "https://devsite.motionave.com/wp-login.php" "Mozilla/5.0 (Windows NT 10.0; Win64; x64) AppleWebKit/537.36 (KHTML, like Gecko) Chrome/151.0.0.0 Safari/537.36"
47.86.33.52 - - [01/Sep/2026:10:27:59 -0500] "GET /wp-login.php HTTP/1.1" 200 11781 "-" "Mozilla/5.0 (Windows NT 10.0; Win64; x64) AppleWebKit/537.36 (KHTML, like Gecko) Chrome/151.0.0.0 Safari/537.36"
47.86.33.52 - - [01/Sep/2026:10:28:01 -0500] "POST /wp-login.php HTTP/1.1" 200 7452 "https://devsite.motionave.com/wp-login.php" "Mozilla/5.0 (Windows NT 10.0; Win64; x64) AppleWebKit/537.36 (KHTML, like Gecko) Chrome/151.0.0.0 Safari/537.36"
207.244.250.86 - - [01/Sep/2026:10:30:07 -0500] "POST /wp-cron.php?doing_wp_cron=1788276607.7857959270477294921875 HTTP/1.1" 200 4887 "-" "WordPress/6.3.10; https://devsite.motionave.com"
208.77.246.31 - - [01/Sep/2026:10:30:03 -0500] "GET /wp-login.php HTTP/1.1" 200 11781 "-" "Mozilla/5.0 (Windows NT 10.0; Win64; x64) AppleWebKit/537.36 (KHTML, like Gecko) Chrome/151.0.0.0 Safari/537.36"
208.77.246.31 - - [01/Sep/2026:10:30:08 -0500] "POST /wp-login.php HTTP/1.1" 200 7456 "https://devsite.motionave.com/wp-login.php" "Mozilla/5.0 (Windows NT 10.0; Win64; x64) AppleWebKit/537.36 (KHTML, like Gecko) Chrome/151.0.0.0 Safari/537.36"
207.244.250.86 - - [01/Sep/2026:10:36:09 -0500] "POST /wp-cron.php?doing_wp_cron=1788276969.5315248966217041015625 HTTP/1.1" 200 4887 "-" "WordPress/6.3.10; https://devsite.motionave.com"
162.241.2.179 - - [01/Sep/2026:10:36:06 -0500] "GET /wp-login.php HTTP/1.1" 200 11781 "-" "Mozilla/5.0 (Windows NT 10.0; Win64; x64) AppleWebKit/537.36 (KHTML, like Gecko) Chrome/151.0.0.0 Safari/537.36"
162.241.2.179 - - [01/Sep/2026:10:36:09 -0500] "POST /wp-login.php HTTP/1.1" 200 7450 "https://devsite.motionave.com/wp-login.php" "Mozilla/5.0 (Windows NT 10.0; Win64; x64) AppleWebKit/537.36 (KHTML, like Gecko) Chrome/151.0.0.0 Safari/537.36"
129.121.74.194 - - [01/Sep/2026:10:37:32 -0500] "GET /wp-login.php HTTP/1.1" 200 11781 "-" "Mozilla/5.0 (Windows NT 10.0; Win64; x64) AppleWebKit/537.36 (KHTML, like Gecko) Chrome/151.0.0.0 Safari/537.36"
129.121.74.194 - - [01/Sep/2026:10:37:34 -0500] "POST /wp-login.php HTTP/1.1" 200 7450 "https://devsite.motionave.com/wp-login.php" "Mozilla/5.0 (Windows NT 10.0; Win64; x64) AppleWebKit/537.36 (KHTML, like Gecko) Chrome/151.0.0.0 Safari/537.36"
57.141.4.18 - - [01/Sep/2026:10:38:43 -0500] "GET /marketing-updates-with-motion-ave-35/ HTTP/1.1" 404 5913 "-" "Mozilla/5.0 (Macintosh; Intel Mac OS X 10_15_7) AppleWebKit/537.36 (KHTML, like Gecko) Chrome/145.0.0.0 Safari/537.36 (compatible; meta-externalagent/1.1 (+https://developers.facebook.com/docs/sharing/webmasters/crawler))"
207.244.250.86 - - [01/Sep/2026:10:40:27 -0500] "POST /wp-cron.php?doing_wp_cron=1788277227.2129669189453125000000 HTTP/1.1" 200 4887 "-" "WordPress/6.3.10; https://devsite.motionave.com"
163.61.188.5 - - [01/Sep/2026:10:40:24 -0500] "GET /wp-login.php HTTP/1.1" 200 11781 "-" "Mozilla/5.0 (Windows NT 10.0; Win64; x64) AppleWebKit/537.36 (KHTML, like Gecko) Chrome/151.0.0.0 Safari/537.36"
163.61.188.5 - - [01/Sep/2026:10:40:27 -0500] "POST /wp-login.php HTTP/1.1" 200 7450 "https://devsite.motionave.com/wp-login.php" "Mozilla/5.0 (Windows NT 10.0; Win64; x64) AppleWebKit/537.36 (KHTML, like Gecko) Chrome/151.0.0.0 Safari/537.36"
57.141.4.71 - - [01/Sep/2026:10:44:57 -0500] "GET /marketing-updates-with-motion-ave-3/photo5116401721919252508/ HTTP/1.1" 404 5913 "-" "Mozilla/5.0 (Windows NT 10.0; Win64; x64) AppleWebKit/537.36 (KHTML, like Gecko) Chrome/145.0.0.0 Safari/537.36 (compatible; meta-externalagent/1.1 (+https://developers.facebook.com/docs/sharing/webmasters/crawler))"
207.244.250.86 - - [01/Sep/2026:10:46:47 -0500] "POST /wp-cron.php?doing_wp_cron=1788277607.8986198902130126953125 HTTP/1.1" 200 4887 "-" "WordPress/6.3.10; https://devsite.motionave.com"
192.250.230.11 - - [01/Sep/2026:10:46:45 -0500] "GET /wp-login.php HTTP/1.1" 200 11781 "-" "Mozilla/5.0 (Windows NT 10.0; Win64; x64) AppleWebKit/537.36 (KHTML, like Gecko) Chrome/151.0.0.0 Safari/537.36"
192.250.230.11 - - [01/Sep/2026:10:46:48 -0500] "POST /wp-login.php HTTP/1.1" 200 7436 "https://devsite.motionave.com/wp-login.php" "Mozilla/5.0 (Windows NT 10.0; Win64; x64) AppleWebKit/537.36 (KHTML, like Gecko) Chrome/151.0.0.0 Safari/537.36"
50.6.152.190 - - [01/Sep/2026:10:47:24 -0500] "GET /wp-login.php HTTP/1.1" 200 11781 "-" "Mozilla/5.0 (Windows NT 10.0; Win64; x64) AppleWebKit/537.36 (KHTML, like Gecko) Chrome/151.0.0.0 Safari/537.36"
50.6.152.190 - - [01/Sep/2026:10:47:26 -0500] "POST /wp-login.php HTTP/1.1" 200 7450 "https://devsite.motionave.com/wp-login.php" "Mozilla/5.0 (Windows NT 10.0; Win64; x64) AppleWebKit/537.36 (KHTML, like Gecko) Chrome/151.0.0.0 Safari/537.36"
207.244.250.86 - - [01/Sep/2026:10:49:50 -0500] "POST /wp-cron.php?doing_wp_cron=1788277790.7674319744110107421875 HTTP/1.1" 200 4887 "-" "WordPress/6.3.10; https://devsite.motionave.com"
162.241.203.127 - - [01/Sep/2026:10:49:48 -0500] "GET /wp-login.php HTTP/1.1" 200 11781 "-" "Mozilla/5.0 (Windows NT 10.0; Win64; x64) AppleWebKit/537.36 (KHTML, like Gecko) Chrome/151.0.0.0 Safari/537.36"
162.241.203.127 - - [01/Sep/2026:10:49:51 -0500] "POST /wp-login.php HTTP/1.1" 200 7452 "https://devsite.motionave.com/wp-login.php" "Mozilla/5.0 (Windows NT 10.0; Win64; x64) AppleWebKit/537.36 (KHTML, like Gecko) Chrome/151.0.0.0 Safari/537.36"
57.141.4.12 - - [01/Sep/2026:10:50:16 -0500] "GET /guide-for-creating-initial-strategy-will-set-your-business-for-success-part-1/b-motion_-blog-post-jun-2/ HTTP/1.1" 404 5913 "-" "Mozilla/5.0 (X11; Linux x86_64) AppleWebKit/537.36 (KHTML, like Gecko) Chrome/145.0.0.0 Safari/537.36 (compatible; meta-externalagent/1.1 (+https://developers.facebook.com/docs/sharing/webmasters/crawler))"
207.244.250.86 - - [01/Sep/2026:10:53:48 -0500] "POST /wp-cron.php?doing_wp_cron=1788278028.1114079952239990234375 HTTP/1.1" 200 4887 "-" "WordPress/6.3.10; https://devsite.motionave.com"
160.16.208.110 - - [01/Sep/2026:10:53:45 -0500] "GET /wp-login.php HTTP/1.1" 200 11781 "-" "Mozilla/5.0 (Windows NT 10.0; Win64; x64) AppleWebKit/537.36 (KHTML, like Gecko) Chrome/151.0.0.0 Safari/537.36"
160.16.208.110 - - [01/Sep/2026:10:53:48 -0500] "POST /wp-login.php HTTP/1.1" 200 7450 "https://devsite.motionave.com/wp-login.php" "Mozilla/5.0 (Windows NT 10.0; Win64; x64) AppleWebKit/537.36 (KHTML, like Gecko) Chrome/151.0.0.0 Safari/537.36"
207.244.250.86 - - [01/Sep/2026:10:59:51 -0500] "POST /wp-cron.php?doing_wp_cron=1788278391.9119310379028320312500 HTTP/1.1" 200 4887 "-" "WordPress/6.3.10; https://devsite.motionave.com"
50.6.200.195 - - [01/Sep/2026:10:59:49 -0500] "GET /wp-login.php HTTP/1.1" 200 11781 "-" "Mozilla/5.0 (Windows NT 10.0; Win64; x64) AppleWebKit/537.36 (KHTML, like Gecko) Chrome/151.0.0.0 Safari/537.36"
50.6.200.195 - - [01/Sep/2026:10:59:52 -0500] "POST /wp-login.php HTTP/1.1" 200 7436 "https://devsite.motionave.com/wp-login.php" "Mozilla/5.0 (Windows NT 10.0; Win64; x64) AppleWebKit/537.36 (KHTML, like Gecko) Chrome/151.0.0.0 Safari/537.36"
108.167.188.130 - - [01/Sep/2026:11:00:31 -0500] "GET /wp-login.php HTTP/1.1" 200 11781 "-" "Mozilla/5.0 (Windows NT 10.0; Win64; x64) AppleWebKit/537.36 (KHTML, like Gecko) Chrome/151.0.0.0 Safari/537.36"
108.167.188.130 - - [01/Sep/2026:11:00:32 -0500] "POST /wp-login.php HTTP/1.1" 200 7440 "https://devsite.motionave.com/wp-login.php" "Mozilla/5.0 (Windows NT 10.0; Win64; x64) AppleWebKit/537.36 (KHTML, like Gecko) Chrome/151.0.0.0 Safari/537.36"
207.244.250.86 - - [01/Sep/2026:11:03:52 -0500] "POST /wp-cron.php?doing_wp_cron=1788278632.2095780372619628906250 HTTP/1.1" 200 4887 "-" "WordPress/6.3.10; https://devsite.motionave.com"
50.6.108.183 - - [01/Sep/2026:11:03:49 -0500] "GET /wp-login.php HTTP/1.1" 200 11781 "-" "Mozilla/5.0 (Windows NT 10.0; Win64; x64) AppleWebKit/537.36 (KHTML, like Gecko) Chrome/151.0.0.0 Safari/537.36"
50.6.108.183 - - [01/Sep/2026:11:03:52 -0500] "POST /wp-login.php HTTP/1.1" 200 7456 "https://devsite.motionave.com/wp-login.php" "Mozilla/5.0 (Windows NT 10.0; Win64; x64) AppleWebKit/537.36 (KHTML, like Gecko) Chrome/151.0.0.0 Safari/537.36"
57.141.4.23 - - [01/Sep/2026:11:05:42 -0500] "GET /todo-lo-que-necesitas-saber-acerca-de-instagram-shopping/ HTTP/1.1" 404 5913 "-" "Mozilla/5.0 (Windows NT 10.0; Win64; x64) AppleWebKit/537.36 (KHTML, like Gecko) Chrome/145.0.0.0 Safari/537.36 (compatible; meta-externalagent/1.1 (+https://developers.facebook.com/docs/sharing/webmasters/crawler))"
207.244.250.86 - - [01/Sep/2026:11:06:27 -0500] "POST /wp-cron.php?doing_wp_cron=1788278787.6639659404754638671875 HTTP/1.1" 200 4887 "-" "WordPress/6.3.10; https://devsite.motionave.com"
162.241.194.11 - - [01/Sep/2026:11:06:25 -0500] "GET /wp-login.php HTTP/1.1" 200 11781 "-" "Mozilla/5.0 (Windows NT 10.0; Win64; x64) AppleWebKit/537.36 (KHTML, like Gecko) Chrome/151.0.0.0 Safari/537.36"
162.241.194.11 - - [01/Sep/2026:11:06:27 -0500] "POST /wp-login.php HTTP/1.1" 200 7450 "https://devsite.motionave.com/wp-login.php" "Mozilla/5.0 (Windows NT 10.0; Win64; x64) AppleWebKit/537.36 (KHTML, like Gecko) Chrome/151.0.0.0 Safari/537.36"
57.141.4.40 - - [01/Sep/2026:11:09:38 -0500] "GET /about-motion-ave/we-are-good-at/new-york-pagina/ HTTP/1.1" 404 5913 "-" "Mozilla/5.0 (Windows NT 10.0; Win64; x64) AppleWebKit/537.36 (KHTML, like Gecko) Chrome/145.0.0.0 Safari/537.36 Edg/145.0.0.0 (compatible; meta-externalagent/1.1 (+https://developers.facebook.com/docs/sharing/webmasters/crawler))"
207.244.250.86 - - [01/Sep/2026:11:12:03 -0500] "POST /wp-cron.php?doing_wp_cron=1788279123.3019928932189941406250 HTTP/1.1" 200 4887 "-" "WordPress/6.3.10; https://devsite.motionave.com"
41.185.8.187 - - [01/Sep/2026:11:11:58 -0500] "GET /wp-login.php HTTP/1.1" 200 11781 "-" "Mozilla/5.0 (Windows NT 10.0; Win64; x64) AppleWebKit/537.36 (KHTML, like Gecko) Chrome/151.0.0.0 Safari/537.36"
41.185.8.187 - - [01/Sep/2026:11:12:03 -0500] "POST /wp-login.php HTTP/1.1" 200 7452 "https://devsite.motionave.com/wp-login.php" "Mozilla/5.0 (Windows NT 10.0; Win64; x64) AppleWebKit/537.36 (KHTML, like Gecko) Chrome/151.0.0.0 Safari/537.36"
50.6.200.195 - - [01/Sep/2026:11:12:22 -0500] "GET /wp-login.php HTTP/1.1" 200 11781 "-" "Mozilla/5.0 (Windows NT 10.0; Win64; x64) AppleWebKit/537.36 (KHTML, like Gecko) Chrome/151.0.0.0 Safari/537.36"
50.6.200.195 - - [01/Sep/2026:11:12:24 -0500] "POST /wp-login.php HTTP/1.1" 200 7452 "https://devsite.motionave.com/wp-login.php" "Mozilla/5.0 (Windows NT 10.0; Win64; x64) AppleWebKit/537.36 (KHTML, like Gecko) Chrome/151.0.0.0 Safari/537.36"
57.141.4.1 - - [01/Sep/2026:11:13:10 -0500] "GET /portfolio-category/edited-pictures/ HTTP/1.1" 404 5913 "-" "Mozilla/5.0 (Macintosh; Intel Mac OS X 10_15_7) AppleWebKit/537.36 (KHTML, like Gecko) Chrome/145.0.0.0 Safari/537.36 (compatible; meta-externalagent/1.1 (+https://developers.facebook.com/docs/sharing/webmasters/crawler))"
207.244.250.86 - - [01/Sep/2026:11:20:58 -0500] "POST /wp-cron.php?doing_wp_cron=1788279658.4733180999755859375000 HTTP/1.1" 200 4887 "-" "WordPress/6.3.10; https://devsite.motionave.com"
69.16.218.67 - - [01/Sep/2026:11:20:55 -0500] "GET /wp-login.php HTTP/1.1" 200 11781 "-" "Mozilla/5.0 (Windows NT 10.0; Win64; x64) AppleWebKit/537.36 (KHTML, like Gecko) Chrome/151.0.0.0 Safari/537.36"
69.16.218.67 - - [01/Sep/2026:11:20:58 -0500] "POST /wp-login.php HTTP/1.1" 200 7456 "https://devsite.motionave.com/wp-login.php" "Mozilla/5.0 (Windows NT 10.0; Win64; x64) AppleWebKit/537.36 (KHTML, like Gecko) Chrome/151.0.0.0 Safari/537.36"
103.255.250.10 - - [01/Sep/2026:11:21:33 -0500] "GET /wp-login.php HTTP/1.1" 200 11781 "-" "Mozilla/5.0 (Windows NT 10.0; Win64; x64) AppleWebKit/537.36 (KHTML, like Gecko) Chrome/151.0.0.0 Safari/537.36"
103.255.250.10 - - [01/Sep/2026:11:21:36 -0500] "POST /wp-login.php HTTP/1.1" 200 7436 "https://devsite.motionave.com/wp-login.php" "Mozilla/5.0 (Windows NT 10.0; Win64; x64) AppleWebKit/537.36 (KHTML, like Gecko) Chrome/151.0.0.0 Safari/537.36"
109.236.48.208 - - [01/Sep/2026:11:22:19 -0500] "GET /wp-login.php HTTP/1.1" 200 11781 "-" "Mozilla/5.0 (Windows NT 10.0; Win64; x64) AppleWebKit/537.36 (KHTML, like Gecko) Chrome/151.0.0.0 Safari/537.36"
109.236.48.208 - - [01/Sep/2026:11:22:22 -0500] "POST /wp-login.php HTTP/1.1" 200 7456 "https://devsite.motionave.com/wp-login.php" "Mozilla/5.0 (Windows NT 10.0; Win64; x64) AppleWebKit/537.36 (KHTML, like Gecko) Chrome/151.0.0.0 Safari/537.36"
207.244.250.86 - - [01/Sep/2026:11:23:46 -0500] "POST /wp-cron.php?doing_wp_cron=1788279826.4401819705963134765625 HTTP/1.1" 200 4887 "-" "WordPress/6.3.10; https://devsite.motionave.com"
163.61.188.5 - - [01/Sep/2026:11:23:44 -0500] "GET /wp-login.php HTTP/1.1" 200 11781 "-" "Mozilla/5.0 (Windows NT 10.0; Win64; x64) AppleWebKit/537.36 (KHTML, like Gecko) Chrome/151.0.0.0 Safari/537.36"
163.61.188.5 - - [01/Sep/2026:11:23:46 -0500] "POST /wp-login.php HTTP/1.1" 200 7440 "https://devsite.motionave.com/wp-login.php" "Mozilla/5.0 (Windows NT 10.0; Win64; x64) AppleWebKit/537.36 (KHTML, like Gecko) Chrome/151.0.0.0 Safari/537.36"
68.168.124.162 - - [01/Sep/2026:11:24:45 -0500] "GET /wp-login.php HTTP/1.1" 200 11781 "-" "Mozilla/5.0 (Windows NT 10.0; Win64; x64) AppleWebKit/537.36 (KHTML, like Gecko) Chrome/151.0.0.0 Safari/537.36"
68.168.124.162 - - [01/Sep/2026:11:24:47 -0500] "POST /wp-login.php HTTP/1.1" 200 7450 "https://devsite.motionave.com/wp-login.php" "Mozilla/5.0 (Windows NT 10.0; Win64; x64) AppleWebKit/537.36 (KHTML, like Gecko) Chrome/151.0.0.0 Safari/537.36"
108.167.161.80 - - [01/Sep/2026:11:26:01 -0500] "GET /wp-login.php HTTP/1.1" 200 11781 "-" "Mozilla/5.0 (Windows NT 10.0; Win64; x64) AppleWebKit/537.36 (KHTML, like Gecko) Chrome/151.0.0.0 Safari/537.36"
108.167.161.80 - - [01/Sep/2026:11:26:04 -0500] "POST /wp-login.php HTTP/1.1" 200 7452 "https://devsite.motionave.com/wp-login.php" "Mozilla/5.0 (Windows NT 10.0; Win64; x64) AppleWebKit/537.36 (KHTML, like Gecko) Chrome/151.0.0.0 Safari/537.36"
207.244.250.86 - - [01/Sep/2026:11:28:52 -0500] "POST /wp-cron.php?doing_wp_cron=1788280132.5881719589233398437500 HTTP/1.1" 200 4887 "-" "WordPress/6.3.10; https://devsite.motionave.com"
108.179.192.110 - - [01/Sep/2026:11:28:50 -0500] "GET /wp-login.php HTTP/1.1" 200 11781 "-" "Mozilla/5.0 (Windows NT 10.0; Win64; x64) AppleWebKit/537.36 (KHTML, like Gecko) Chrome/151.0.0.0 Safari/537.36"
108.179.192.110 - - [01/Sep/2026:11:28:52 -0500] "POST /wp-login.php HTTP/1.1" 200 7436 "https://devsite.motionave.com/wp-login.php" "Mozilla/5.0 (Windows NT 10.0; Win64; x64) AppleWebKit/537.36 (KHTML, like Gecko) Chrome/151.0.0.0 Safari/537.36"
57.141.4.45 - - [01/Sep/2026:11:29:49 -0500] "GET /five-lessons-legendary-horror-movies-content-marketers/five-lessons-from-legendary-horror-movies-for-content-marketers/ HTTP/1.1" 404 5913 "-" "Mozilla/5.0 (Windows NT 10.0; Win64; x64) AppleWebKit/537.36 (KHTML, like Gecko) Chrome/145.0.0.0 Safari/537.36 (compatible; meta-externalagent/1.1 (+https://developers.facebook.com/docs/sharing/webmasters/crawler))"
57.141.4.67 - - [01/Sep/2026:11:29:51 -0500] "GET /how-content-marketing-back-to-school-2/ HTTP/1.1" 404 5913 "-" "Mozilla/5.0 (Windows NT 10.0; Win64; x64) AppleWebKit/537.36 (KHTML, like Gecko) Chrome/145.0.0.0 Safari/537.36 (compatible; meta-externalagent/1.1 (+https://developers.facebook.com/docs/sharing/webmasters/crawler))"
57.141.4.47 - - [01/Sep/2026:11:30:37 -0500] "GET /marketing-updates-with-motion-ave-46/ HTTP/1.1" 404 5913 "-" "Mozilla/5.0 (Windows NT 10.0; Win64; x64) AppleWebKit/537.36 (KHTML, like Gecko) Chrome/145.0.0.0 Safari/537.36 Edg/145.0.0.0 (compatible; meta-externalagent/1.1 (+https://developers.facebook.com/docs/sharing/webmasters/crawler))"
68.65.122.55 - - [01/Sep/2026:11:30:59 -0500] "GET /wp-login.php HTTP/1.1" 200 11781 "-" "Mozilla/5.0 (Windows NT 10.0; Win64; x64) AppleWebKit/537.36 (KHTML, like Gecko) Chrome/151.0.0.0 Safari/537.36"
68.65.122.55 - - [01/Sep/2026:11:31:03 -0500] "POST /wp-login.php HTTP/1.1" 200 7452 "https://devsite.motionave.com/wp-login.php" "Mozilla/5.0 (Windows NT 10.0; Win64; x64) AppleWebKit/537.36 (KHTML, like Gecko) Chrome/151.0.0.0 Safari/537.36"
207.244.250.86 - - [01/Sep/2026:11:33:50 -0500] "POST /wp-cron.php?doing_wp_cron=1788280430.3950030803680419921875 HTTP/1.1" 200 4887 "-" "WordPress/6.3.10; https://devsite.motionave.com"
108.167.161.80 - - [01/Sep/2026:11:33:48 -0500] "GET /wp-login.php HTTP/1.1" 200 11781 "-" "Mozilla/5.0 (Windows NT 10.0; Win64; x64) AppleWebKit/537.36 (KHTML, like Gecko) Chrome/151.0.0.0 Safari/537.36"
108.167.161.80 - - [01/Sep/2026:11:33:50 -0500] "POST /wp-login.php HTTP/1.1" 200 7436 "https://devsite.motionave.com/wp-login.php" "Mozilla/5.0 (Windows NT 10.0; Win64; x64) AppleWebKit/537.36 (KHTML, like Gecko) Chrome/151.0.0.0 Safari/537.36"
50.6.160.110 - - [01/Sep/2026:11:34:36 -0500] "GET /wp-login.php HTTP/1.1" 200 11781 "-" "Mozilla/5.0 (Windows NT 10.0; Win64; x64) AppleWebKit/537.36 (KHTML, like Gecko) Chrome/151.0.0.0 Safari/537.36"
50.6.160.110 - - [01/Sep/2026:11:34:38 -0500] "POST /wp-login.php HTTP/1.1" 200 7450 "https://devsite.motionave.com/wp-login.php" "Mozilla/5.0 (Windows NT 10.0; Win64; x64) AppleWebKit/537.36 (KHTML, like Gecko) Chrome/151.0.0.0 Safari/537.36"
135.236.141.8 - - [01/Sep/2026:11:34:48 -0500] "GET /wp-login.php HTTP/1.1" 200 11781 "-" "Mozilla/5.0 (Windows NT 10.0; Win64; x64) AppleWebKit/537.36 (KHTML, like Gecko) Chrome/151.0.0.0 Safari/537.36"
135.236.141.8 - - [01/Sep/2026:11:34:50 -0500] "POST /wp-login.php HTTP/1.1" 200 7450 "https://devsite.motionave.com/wp-login.php" "Mozilla/5.0 (Windows NT 10.0; Win64; x64) AppleWebKit/537.36 (KHTML, like Gecko) Chrome/151.0.0.0 Safari/537.36"
103.255.134.61 - - [01/Sep/2026:11:35:51 -0500] "GET /wp-login.php HTTP/1.1" 200 11781 "-" "Mozilla/5.0 (Windows NT 10.0; Win64; x64) AppleWebKit/537.36 (KHTML, like Gecko) Chrome/151.0.0.0 Safari/537.36"
103.255.134.61 - - [01/Sep/2026:11:35:54 -0500] "POST /wp-login.php HTTP/1.1" 200 7436 "https://devsite.motionave.com/wp-login.php" "Mozilla/5.0 (Windows NT 10.0; Win64; x64) AppleWebKit/537.36 (KHTML, like Gecko) Chrome/151.0.0.0 Safari/537.36"
57.141.4.71 - - [01/Sep/2026:11:36:40 -0500] "GET /get-conversation-going-chatbots-2/ HTTP/1.1" 404 5913 "-" "Mozilla/5.0 (Windows NT 10.0; Win64; x64) AppleWebKit/537.36 (KHTML, like Gecko) Chrome/145.0.0.0 Safari/537.36 (compatible; meta-externalagent/1.1 (+https://developers.facebook.com/docs/sharing/webmasters/crawler))"
207.244.250.86 - - [01/Sep/2026:11:39:36 -0500] "POST /wp-cron.php?doing_wp_cron=1788280776.8352930545806884765625 HTTP/1.1" 200 4887 "-" "WordPress/6.3.10; https://devsite.motionave.com"
192.185.4.166 - - [01/Sep/2026:11:39:33 -0500] "GET /wp-login.php HTTP/1.1" 200 11781 "-" "Mozilla/5.0 (Windows NT 10.0; Win64; x64) AppleWebKit/537.36 (KHTML, like Gecko) Chrome/151.0.0.0 Safari/537.36"
192.185.4.166 - - [01/Sep/2026:11:39:37 -0500] "POST /wp-login.php HTTP/1.1" 200 7436 "https://devsite.motionave.com/wp-login.php" "Mozilla/5.0 (Windows NT 10.0; Win64; x64) AppleWebKit/537.36 (KHTML, like Gecko) Chrome/151.0.0.0 Safari/537.36"
69.49.241.76 - - [01/Sep/2026:11:40:31 -0500] "GET /wp-login.php HTTP/1.1" 200 11781 "-" "Mozilla/5.0 (Windows NT 10.0; Win64; x64) AppleWebKit/537.36 (KHTML, like Gecko) Chrome/151.0.0.0 Safari/537.36"
69.49.241.76 - - [01/Sep/2026:11:40:34 -0500] "POST /wp-login.php HTTP/1.1" 200 7450 "https://devsite.motionave.com/wp-login.php" "Mozilla/5.0 (Windows NT 10.0; Win64; x64) AppleWebKit/537.36 (KHTML, like Gecko) Chrome/151.0.0.0 Safari/537.36"
198.57.247.188 - - [01/Sep/2026:11:43:15 -0500] "GET /wp-login.php HTTP/1.1" 200 11781 "-" "Mozilla/5.0 (Windows NT 10.0; Win64; x64) AppleWebKit/537.36 (KHTML, like Gecko) Chrome/151.0.0.0 Safari/537.36"
198.57.247.188 - - [01/Sep/2026:11:43:18 -0500] "POST /wp-login.php HTTP/1.1" 200 7450 "https://devsite.motionave.com/wp-login.php" "Mozilla/5.0 (Windows NT 10.0; Win64; x64) AppleWebKit/537.36 (KHTML, like Gecko) Chrome/151.0.0.0 Safari/537.36"
207.244.250.86 - - [01/Sep/2026:11:43:46 -0500] "POST /wp-cron.php?doing_wp_cron=1788281026.6756319999694824218750 HTTP/1.1" 200 4887 "-" "WordPress/6.3.10; https://devsite.motionave.com"
108.179.192.20 - - [01/Sep/2026:11:43:45 -0500] "GET /wp-login.php HTTP/1.1" 200 11781 "-" "Mozilla/5.0 (Windows NT 10.0; Win64; x64) AppleWebKit/537.36 (KHTML, like Gecko) Chrome/151.0.0.0 Safari/537.36"
108.179.192.20 - - [01/Sep/2026:11:43:46 -0500] "POST /wp-login.php HTTP/1.1" 200 7456 "https://devsite.motionave.com/wp-login.php" "Mozilla/5.0 (Windows NT 10.0; Win64; x64) AppleWebKit/537.36 (KHTML, like Gecko) Chrome/151.0.0.0 Safari/537.36"
57.141.4.6 - - [01/Sep/2026:11:51:03 -0500] "GET /get-conversation-going-chatbots/picmonkey-collage3-2/ HTTP/1.1" 404 5913 "-" "Mozilla/5.0 (X11; Linux x86_64; rv:147.0) Gecko/20100101 Firefox/147.0 (compatible; meta-externalagent/1.1 (+https://developers.facebook.com/docs/sharing/webmasters/crawler))"
207.244.250.86 - - [01/Sep/2026:11:54:38 -0500] "POST /wp-cron.php?doing_wp_cron=1788281678.3665618896484375000000 HTTP/1.1" 200 4887 "-" "WordPress/6.3.10; https://devsite.motionave.com"
162.241.252.11 - - [01/Sep/2026:11:54:35 -0500] "GET /wp-login.php HTTP/1.1" 200 11781 "-" "Mozilla/5.0 (Windows NT 10.0; Win64; x64) AppleWebKit/537.36 (KHTML, like Gecko) Chrome/151.0.0.0 Safari/537.36"
162.241.252.11 - - [01/Sep/2026:11:54:38 -0500] "POST /wp-login.php HTTP/1.1" 200 7436 "https://devsite.motionave.com/wp-login.php" "Mozilla/5.0 (Windows NT 10.0; Win64; x64) AppleWebKit/537.36 (KHTML, like Gecko) Chrome/151.0.0.0 Safari/537.36"
192.185.4.96 - - [01/Sep/2026:11:56:21 -0500] "GET /wp-login.php HTTP/1.1" 200 11781 "-" "Mozilla/5.0 (Windows NT 10.0; Win64; x64) AppleWebKit/537.36 (KHTML, like Gecko) Chrome/151.0.0.0 Safari/537.36"
192.185.4.96 - - [01/Sep/2026:11:56:24 -0500] "POST /wp-login.php HTTP/1.1" 200 7440 "https://devsite.motionave.com/wp-login.php" "Mozilla/5.0 (Windows NT 10.0; Win64; x64) AppleWebKit/537.36 (KHTML, like Gecko) Chrome/151.0.0.0 Safari/537.36"
50.6.109.131 - - [01/Sep/2026:11:57:30 -0500] "GET /wp-login.php HTTP/1.1" 200 11781 "-" "Mozilla/5.0 (Windows NT 10.0; Win64; x64) AppleWebKit/537.36 (KHTML, like Gecko) Chrome/151.0.0.0 Safari/537.36"
50.6.109.131 - - [01/Sep/2026:11:57:33 -0500] "POST /wp-login.php HTTP/1.1" 200 7456 "https://devsite.motionave.com/wp-login.php" "Mozilla/5.0 (Windows NT 10.0; Win64; x64) AppleWebKit/537.36 (KHTML, like Gecko) Chrome/151.0.0.0 Safari/537.36"
20.84.23.209 - - [01/Sep/2026:11:57:38 -0500] "GET /wp-login.php HTTP/1.1" 200 11781 "-" "Mozilla/5.0 (Windows NT 10.0; Win64; x64) AppleWebKit/537.36 (KHTML, like Gecko) Chrome/151.0.0.0 Safari/537.36"
20.84.23.209 - - [01/Sep/2026:11:57:39 -0500] "POST /wp-login.php HTTP/1.1" 200 7450 "https://devsite.motionave.com/wp-login.php" "Mozilla/5.0 (Windows NT 10.0; Win64; x64) AppleWebKit/537.36 (KHTML, like Gecko) Chrome/151.0.0.0 Safari/537.36"
207.244.250.86 - - [01/Sep/2026:12:04:10 -0500] "POST /wp-cron.php?doing_wp_cron=1788282250.3554329872131347656250 HTTP/1.1" 200 4887 "-" "WordPress/6.3.10; https://devsite.motionave.com"
109.236.48.208 - - [01/Sep/2026:12:04:08 -0500] "GET /wp-login.php HTTP/1.1" 200 11781 "-" "Mozilla/5.0 (Windows NT 10.0; Win64; x64) AppleWebKit/537.36 (KHTML, like Gecko) Chrome/151.0.0.0 Safari/537.36"
109.236.48.208 - - [01/Sep/2026:12:04:10 -0500] "POST /wp-login.php HTTP/1.1" 200 7436 "https://devsite.motionave.com/wp-login.php" "Mozilla/5.0 (Windows NT 10.0; Win64; x64) AppleWebKit/537.36 (KHTML, like Gecko) Chrome/151.0.0.0 Safari/537.36"
20.15.145.84 - - [01/Sep/2026:12:06:14 -0500] "GET /wp-login.php HTTP/1.1" 200 11781 "-" "Mozilla/5.0 (Windows NT 10.0; Win64; x64) AppleWebKit/537.36 (KHTML, like Gecko) Chrome/151.0.0.0 Safari/537.36"
20.15.145.84 - - [01/Sep/2026:12:06:16 -0500] "POST /wp-login.php HTTP/1.1" 200 7436 "https://devsite.motionave.com/wp-login.php" "Mozilla/5.0 (Windows NT 10.0; Win64; x64) AppleWebKit/537.36 (KHTML, like Gecko) Chrome/151.0.0.0 Safari/537.36"
207.244.250.86 - - [01/Sep/2026:12:09:54 -0500] "POST /wp-cron.php?doing_wp_cron=1788282594.8860170841217041015625 HTTP/1.1" 200 4887 "-" "WordPress/6.3.10; https://devsite.motionave.com"
50.6.200.195 - - [01/Sep/2026:12:09:52 -0500] "GET /wp-login.php HTTP/1.1" 200 11781 "-" "Mozilla/5.0 (Windows NT 10.0; Win64; x64) AppleWebKit/537.36 (KHTML, like Gecko) Chrome/151.0.0.0 Safari/537.36"
50.6.200.195 - - [01/Sep/2026:12:09:55 -0500] "POST /wp-login.php HTTP/1.1" 200 7436 "https://devsite.motionave.com/wp-login.php" "Mozilla/5.0 (Windows NT 10.0; Win64; x64) AppleWebKit/537.36 (KHTML, like Gecko) Chrome/151.0.0.0 Safari/537.36"
198.54.114.76 - - [01/Sep/2026:12:12:37 -0500] "GET /wp-login.php HTTP/1.1" 200 11781 "-" "Mozilla/5.0 (Windows NT 10.0; Win64; x64) AppleWebKit/537.36 (KHTML, like Gecko) Chrome/151.0.0.0 Safari/537.36"
198.54.114.76 - - [01/Sep/2026:12:12:40 -0500] "POST /wp-login.php HTTP/1.1" 200 7452 "https://devsite.motionave.com/wp-login.php" "Mozilla/5.0 (Windows NT 10.0; Win64; x64) AppleWebKit/537.36 (KHTML, like Gecko) Chrome/151.0.0.0 Safari/537.36"
207.244.250.86 - - [01/Sep/2026:12:20:31 -0500] "POST /wp-cron.php?doing_wp_cron=1788283231.7604639530181884765625 HTTP/1.1" 200 4887 "-" "WordPress/6.3.10; https://devsite.motionave.com"
162.241.2.179 - - [01/Sep/2026:12:20:29 -0500] "GET /wp-login.php HTTP/1.1" 200 11781 "-" "Mozilla/5.0 (Windows NT 10.0; Win64; x64) AppleWebKit/537.36 (KHTML, like Gecko) Chrome/151.0.0.0 Safari/537.36"
162.241.2.179 - - [01/Sep/2026:12:20:32 -0500] "POST /wp-login.php HTTP/1.1" 200 7450 "https://devsite.motionave.com/wp-login.php" "Mozilla/5.0 (Windows NT 10.0; Win64; x64) AppleWebKit/537.36 (KHTML, like Gecko) Chrome/151.0.0.0 Safari/537.36"
207.244.250.86 - - [01/Sep/2026:12:24:37 -0500] "POST /wp-cron.php?doing_wp_cron=1788283477.2119429111480712890625 HTTP/1.1" 200 4887 "-" "WordPress/6.3.10; https://devsite.motionave.com"
50.6.200.195 - - [01/Sep/2026:12:24:52 -0500] "GET /wp-json/wp/v2/users/me HTTP/1.1" 404 5857 "-" "Mozilla/5.0 (Windows NT 10.0; Win64; x64) AppleWebKit/537.36 (KHTML, like Gecko) Chrome/151.0.0.0 Safari/537.36"
69.6.213.66 - - [01/Sep/2026:12:25:37 -0500] "GET /wp-login.php HTTP/1.1" 200 11781 "-" "Mozilla/5.0 (Windows NT 10.0; Win64; x64) AppleWebKit/537.36 (KHTML, like Gecko) Chrome/151.0.0.0 Safari/537.36"
69.6.213.66 - - [01/Sep/2026:12:25:41 -0500] "POST /wp-login.php HTTP/1.1" 200 7450 "https://devsite.motionave.com/wp-login.php" "Mozilla/5.0 (Windows NT 10.0; Win64; x64) AppleWebKit/537.36 (KHTML, like Gecko) Chrome/151.0.0.0 Safari/537.36"
192.185.131.115 - - [01/Sep/2026:12:25:50 -0500] "GET /wp-login.php HTTP/1.1" 200 11781 "-" "Mozilla/5.0 (Windows NT 10.0; Win64; x64) AppleWebKit/537.36 (KHTML, like Gecko) Chrome/151.0.0.0 Safari/537.36"
192.185.131.115 - - [01/Sep/2026:12:25:51 -0500] "POST /wp-login.php HTTP/1.1" 200 7456 "https://devsite.motionave.com/wp-login.php" "Mozilla/5.0 (Windows NT 10.0; Win64; x64) AppleWebKit/537.36 (KHTML, like Gecko) Chrome/151.0.0.0 Safari/537.36"
50.6.200.195 - - [01/Sep/2026:12:24:34 -0500] "GET /wp-login.php HTTP/1.1" 200 11781 "-" "Mozilla/5.0 (Windows NT 10.0; Win64; x64) AppleWebKit/537.36 (KHTML, like Gecko) Chrome/151.0.0.0 Safari/537.36"
50.6.200.195 - - [01/Sep/2026:12:26:07 -0500] "POST /wp-login.php HTTP/1.1" 200 7450 "https://devsite.motionave.com/wp-login.php" "Mozilla/5.0 (Windows NT 10.0; Win64; x64) AppleWebKit/537.36 (KHTML, like Gecko) Chrome/151.0.0.0 Safari/537.36"
108.179.192.20 - - [01/Sep/2026:12:28:09 -0500] "GET /wp-login.php HTTP/1.1" 200 11781 "-" "Mozilla/5.0 (Windows NT 10.0; Win64; x64) AppleWebKit/537.36 (KHTML, like Gecko) Chrome/151.0.0.0 Safari/537.36"
108.179.192.20 - - [01/Sep/2026:12:28:12 -0500] "POST /wp-login.php HTTP/1.1" 200 7450 "https://devsite.motionave.com/wp-login.php" "Mozilla/5.0 (Windows NT 10.0; Win64; x64) AppleWebKit/537.36 (KHTML, like Gecko) Chrome/151.0.0.0 Safari/537.36"
57.141.4.4 - - [01/Sep/2026:12:30:12 -0500] "GET /avoid-pitfalls-clickbait-2/ HTTP/1.1" 404 5913 "-" "Mozilla/5.0 (Windows NT 10.0; Win64; x64) AppleWebKit/537.36 (KHTML, like Gecko) Chrome/145.0.0.0 Safari/537.36 (compatible; meta-externalagent/1.1 (+https://developers.facebook.com/docs/sharing/webmasters/crawler))"
207.244.250.86 - - [01/Sep/2026:12:31:41 -0500] "POST /wp-cron.php?doing_wp_cron=1788283901.1864240169525146484375 HTTP/1.1" 200 4887 "-" "WordPress/6.3.10; https://devsite.motionave.com"
109.236.48.208 - - [01/Sep/2026:12:31:38 -0500] "GET /wp-login.php HTTP/1.1" 200 11781 "-" "Mozilla/5.0 (Windows NT 10.0; Win64; x64) AppleWebKit/537.36 (KHTML, like Gecko) Chrome/151.0.0.0 Safari/537.36"
109.236.48.208 - - [01/Sep/2026:12:31:41 -0500] "POST /wp-login.php HTTP/1.1" 200 7452 "https://devsite.motionave.com/wp-login.php" "Mozilla/5.0 (Windows NT 10.0; Win64; x64) AppleWebKit/537.36 (KHTML, like Gecko) Chrome/151.0.0.0 Safari/537.36"
57.141.4.23 - - [01/Sep/2026:12:34:06 -0500] "GET /let-go-5-content-marketing-myths-3/ HTTP/1.1" 404 5913 "-" "Mozilla/5.0 (Windows NT 10.0; Win64; x64) AppleWebKit/537.36 (KHTML, like Gecko) Chrome/145.0.0.0 Safari/537.36 (compatible; meta-externalagent/1.1 (+https://developers.facebook.com/docs/sharing/webmasters/crawler))"
207.244.250.86 - - [01/Sep/2026:12:36:07 -0500] "POST /wp-cron.php?doing_wp_cron=1788284167.4575679302215576171875 HTTP/1.1" 200 4887 "-" "WordPress/6.3.10; https://devsite.motionave.com"
135.236.141.8 - - [01/Sep/2026:12:35:57 -0500] "GET /wp-login.php HTTP/1.1" 200 11781 "-" "Mozilla/5.0 (Windows NT 10.0; Win64; x64) AppleWebKit/537.36 (KHTML, like Gecko) Chrome/151.0.0.0 Safari/537.36"
135.236.141.8 - - [01/Sep/2026:12:36:09 -0500] "POST /wp-login.php HTTP/1.1" 200 7456 "https://devsite.motionave.com/wp-login.php" "Mozilla/5.0 (Windows NT 10.0; Win64; x64) AppleWebKit/537.36 (KHTML, like Gecko) Chrome/151.0.0.0 Safari/537.36"
50.6.200.195 - - [01/Sep/2026:12:37:10 -0500] "GET /wp-login.php HTTP/1.1" 200 11781 "-" "Mozilla/5.0 (Windows NT 10.0; Win64; x64) AppleWebKit/537.36 (KHTML, like Gecko) Chrome/151.0.0.0 Safari/537.36"
50.6.200.195 - - [01/Sep/2026:12:37:12 -0500] "POST /wp-login.php HTTP/1.1" 200 7456 "https://devsite.motionave.com/wp-login.php" "Mozilla/5.0 (Windows NT 10.0; Win64; x64) AppleWebKit/537.36 (KHTML, like Gecko) Chrome/151.0.0.0 Safari/537.36"
208.77.246.31 - - [01/Sep/2026:12:38:16 -0500] "GET /wp-login.php HTTP/1.1" 200 11781 "-" "Mozilla/5.0 (Windows NT 10.0; Win64; x64) AppleWebKit/537.36 (KHTML, like Gecko) Chrome/151.0.0.0 Safari/537.36"
208.77.246.31 - - [01/Sep/2026:12:38:19 -0500] "POST /wp-login.php HTTP/1.1" 200 7436 "https://devsite.motionave.com/wp-login.php" "Mozilla/5.0 (Windows NT 10.0; Win64; x64) AppleWebKit/537.36 (KHTML, like Gecko) Chrome/151.0.0.0 Safari/537.36"
207.244.250.86 - - [01/Sep/2026:12:39:31 -0500] "POST /wp-cron.php?doing_wp_cron=1788284371.1636779308319091796875 HTTP/1.1" 200 4887 "-" "WordPress/6.3.10; https://devsite.motionave.com"
41.185.8.187 - - [01/Sep/2026:12:39:28 -0500] "GET /wp-login.php HTTP/1.1" 200 11781 "-" "Mozilla/5.0 (Windows NT 10.0; Win64; x64) AppleWebKit/537.36 (KHTML, like Gecko) Chrome/151.0.0.0 Safari/537.36"
41.185.8.187 - - [01/Sep/2026:12:39:31 -0500] "POST /wp-login.php HTTP/1.1" 200 7440 "https://devsite.motionave.com/wp-login.php" "Mozilla/5.0 (Windows NT 10.0; Win64; x64) AppleWebKit/537.36 (KHTML, like Gecko) Chrome/151.0.0.0 Safari/537.36"
162.144.3.250 - - [01/Sep/2026:12:41:23 -0500] "GET /wp-login.php HTTP/1.1" 200 11781 "-" "Mozilla/5.0 (Windows NT 10.0; Win64; x64) AppleWebKit/537.36 (KHTML, like Gecko) Chrome/151.0.0.0 Safari/537.36"
162.144.3.250 - - [01/Sep/2026:12:41:26 -0500] "POST /wp-login.php HTTP/1.1" 200 7456 "https://devsite.motionave.com/wp-login.php" "Mozilla/5.0 (Windows NT 10.0; Win64; x64) AppleWebKit/537.36 (KHTML, like Gecko) Chrome/151.0.0.0 Safari/537.36"
207.244.250.86 - - [01/Sep/2026:12:45:56 -0500] "POST /wp-cron.php?doing_wp_cron=1788284756.3269789218902587890625 HTTP/1.1" 200 4887 "-" "WordPress/6.3.10; https://devsite.motionave.com"
129.121.65.255 - - [01/Sep/2026:12:45:53 -0500] "GET /wp-login.php HTTP/1.1" 200 11781 "-" "Mozilla/5.0 (Windows NT 10.0; Win64; x64) AppleWebKit/537.36 (KHTML, like Gecko) Chrome/151.0.0.0 Safari/537.36"
129.121.65.255 - - [01/Sep/2026:12:45:56 -0500] "POST /wp-login.php HTTP/1.1" 200 7450 "https://devsite.motionave.com/wp-login.php" "Mozilla/5.0 (Windows NT 10.0; Win64; x64) AppleWebKit/537.36 (KHTML, like Gecko) Chrome/151.0.0.0 Safari/537.36"
57.141.4.73 - - [01/Sep/2026:12:48:37 -0500] "GET /marketing-updates-with-motion-ave-42/ HTTP/1.1" 404 5913 "-" "Mozilla/5.0 (Windows NT 10.0; Win64; x64) AppleWebKit/537.36 (KHTML, like Gecko) Chrome/145.0.0.0 Safari/537.36 (compatible; meta-externalagent/1.1 (+https://developers.facebook.com/docs/sharing/webmasters/crawler))"
207.244.250.86 - - [01/Sep/2026:12:52:29 -0500] "POST /wp-cron.php?doing_wp_cron=1788285149.3445219993591308593750 HTTP/1.1" 200 4887 "-" "WordPress/6.3.10; https://devsite.motionave.com"
94.154.43.180 - - [01/Sep/2026:12:52:24 -0500] "GET / HTTP/1.1" 200 245915 "-" "Mozilla/5.0 (Windows NT 10.0; Win64; x64) AppleWebKit/537.36 (KHTML, like Gecko) Chrome/147.0.0.0 Safari/537.36"
207.244.250.86 - - [01/Sep/2026:12:54:15 -0500] "POST /wp-cron.php?doing_wp_cron=1788285255.2399680614471435546875 HTTP/1.1" 200 4887 "-" "WordPress/6.3.10; https://devsite.motionave.com"
14.128.14.9 - - [01/Sep/2026:12:54:12 -0500] "GET /wp-login.php HTTP/1.1" 200 11781 "-" "Mozilla/5.0 (Windows NT 10.0; Win64; x64) AppleWebKit/537.36 (KHTML, like Gecko) Chrome/151.0.0.0 Safari/537.36"
14.128.14.9 - - [01/Sep/2026:12:54:15 -0500] "POST /wp-login.php HTTP/1.1" 200 7456 "https://devsite.motionave.com/wp-login.php" "Mozilla/5.0 (Windows NT 10.0; Win64; x64) AppleWebKit/537.36 (KHTML, like Gecko) Chrome/151.0.0.0 Safari/537.36"
209.42.18.204 - - [01/Sep/2026:12:57:00 -0500] "GET /wp-json/wp/v2/users/me HTTP/1.1" 404 5857 "-" "Mozilla/5.0 (Windows NT 10.0; Win64; x64) AppleWebKit/537.36 (KHTML, like Gecko) Chrome/151.0.0.0 Safari/537.36"
207.244.250.86 - - [01/Sep/2026:12:58:06 -0500] "POST /wp-cron.php?doing_wp_cron=1788285486.8332679271697998046875 HTTP/1.1" 200 4887 "-" "WordPress/6.3.10; https://devsite.motionave.com"
109.236.48.208 - - [01/Sep/2026:12:58:03 -0500] "GET /wp-login.php HTTP/1.1" 200 11781 "-" "Mozilla/5.0 (Windows NT 10.0; Win64; x64) AppleWebKit/537.36 (KHTML, like Gecko) Chrome/151.0.0.0 Safari/537.36"
109.236.48.208 - - [01/Sep/2026:12:58:07 -0500] "POST /wp-login.php HTTP/1.1" 200 7452 "https://devsite.motionave.com/wp-login.php" "Mozilla/5.0 (Windows NT 10.0; Win64; x64) AppleWebKit/537.36 (KHTML, like Gecko) Chrome/151.0.0.0 Safari/537.36"
207.244.250.86 - - [01/Sep/2026:13:00:43 -0500] "POST /wp-cron.php?doing_wp_cron=1788285642.9918489456176757812500 HTTP/1.1" 200 4887 "-" "WordPress/6.3.10; https://devsite.motionave.com"
69.49.241.76 - - [01/Sep/2026:13:00:39 -0500] "GET /wp-login.php HTTP/1.1" 200 11781 "-" "Mozilla/5.0 (Windows NT 10.0; Win64; x64) AppleWebKit/537.36 (KHTML, like Gecko) Chrome/151.0.0.0 Safari/537.36"
69.49.241.76 - - [01/Sep/2026:13:00:43 -0500] "POST /wp-login.php HTTP/1.1" 200 7450 "https://devsite.motionave.com/wp-login.php" "Mozilla/5.0 (Windows NT 10.0; Win64; x64) AppleWebKit/537.36 (KHTML, like Gecko) Chrome/151.0.0.0 Safari/537.36"
198.54.114.190 - - [01/Sep/2026:13:02:30 -0500] "GET /wp-login.php HTTP/1.1" 200 11781 "-" "Mozilla/5.0 (Windows NT 10.0; Win64; x64) AppleWebKit/537.36 (KHTML, like Gecko) Chrome/151.0.0.0 Safari/537.36"
198.54.114.190 - - [01/Sep/2026:13:02:32 -0500] "POST /wp-login.php HTTP/1.1" 200 7452 "https://devsite.motionave.com/wp-login.php" "Mozilla/5.0 (Windows NT 10.0; Win64; x64) AppleWebKit/537.36 (KHTML, like Gecko) Chrome/151.0.0.0 Safari/537.36"
57.141.4.49 - - [01/Sep/2026:13:03:45 -0500] "GET /get-the-most-out-of-blog/image1-2/ HTTP/1.1" 404 5913 "-" "Mozilla/5.0 (Windows NT 10.0; Win64; x64) AppleWebKit/537.36 (KHTML, like Gecko) Chrome/145.0.0.0 Safari/537.36 (compatible; meta-externalagent/1.1 (+https://developers.facebook.com/docs/sharing/webmasters/crawler))"
207.244.250.86 - - [01/Sep/2026:13:05:17 -0500] "POST /wp-cron.php?doing_wp_cron=1788285916.9453070163726806640625 HTTP/1.1" 200 4887 "-" "WordPress/6.3.10; https://devsite.motionave.com"
209.42.18.204 - - [01/Sep/2026:13:05:10 -0500] "GET /wp-login.php HTTP/1.1" 200 11781 "-" "Mozilla/5.0 (Windows NT 10.0; Win64; x64) AppleWebKit/537.36 (KHTML, like Gecko) Chrome/151.0.0.0 Safari/537.36"
209.42.18.204 - - [01/Sep/2026:13:05:17 -0500] "POST /wp-login.php HTTP/1.1" 200 7436 "https://devsite.motionave.com/wp-login.php" "Mozilla/5.0 (Windows NT 10.0; Win64; x64) AppleWebKit/537.36 (KHTML, like Gecko) Chrome/151.0.0.0 Safari/537.36"
103.75.187.26 - - [01/Sep/2026:13:05:50 -0500] "GET /wp-login.php HTTP/1.1" 200 11781 "-" "Mozilla/5.0 (Windows NT 10.0; Win64; x64) AppleWebKit/537.36 (KHTML, like Gecko) Chrome/151.0.0.0 Safari/537.36"
103.75.187.26 - - [01/Sep/2026:13:05:52 -0500] "POST /wp-login.php HTTP/1.1" 200 7440 "https://devsite.motionave.com/wp-login.php" "Mozilla/5.0 (Windows NT 10.0; Win64; x64) AppleWebKit/537.36 (KHTML, like Gecko) Chrome/151.0.0.0 Safari/537.36"
47.86.33.52 - - [01/Sep/2026:13:08:20 -0500] "GET /wp-login.php HTTP/1.1" 200 11781 "-" "Mozilla/5.0 (Windows NT 10.0; Win64; x64) AppleWebKit/537.36 (KHTML, like Gecko) Chrome/151.0.0.0 Safari/537.36"
207.244.250.86 - - [01/Sep/2026:13:16:05 -0500] "POST /wp-cron.php?doing_wp_cron=1788286565.6204819679260253906250 HTTP/1.1" 200 4887 "-" "WordPress/6.3.10; https://devsite.motionave.com"
198.54.114.190 - - [01/Sep/2026:13:16:00 -0500] "GET /wp-login.php HTTP/1.1" 200 11781 "-" "Mozilla/5.0 (Windows NT 10.0; Win64; x64) AppleWebKit/537.36 (KHTML, like Gecko) Chrome/151.0.0.0 Safari/537.36"
198.54.114.190 - - [01/Sep/2026:13:16:06 -0500] "POST /wp-login.php HTTP/1.1" 200 7440 "https://devsite.motionave.com/wp-login.php" "Mozilla/5.0 (Windows NT 10.0; Win64; x64) AppleWebKit/537.36 (KHTML, like Gecko) Chrome/151.0.0.0 Safari/537.36"
57.141.4.16 - - [01/Sep/2026:13:16:43 -0500] "GET /brand-communication-tragedy-5-essential-tips-authentic-messages/times/ HTTP/1.1" 404 5913 "-" "Mozilla/5.0 (Windows NT 10.0; Win64; x64) AppleWebKit/537.36 (KHTML, like Gecko) Chrome/145.0.0.0 Safari/537.36 (compatible; meta-externalagent/1.1 (+https://developers.facebook.com/docs/sharing/webmasters/crawler))"
192.185.131.115 - - [01/Sep/2026:13:17:53 -0500] "GET /wp-login.php HTTP/1.1" 200 11781 "-" "Mozilla/5.0 (Windows NT 10.0; Win64; x64) AppleWebKit/537.36 (KHTML, like Gecko) Chrome/151.0.0.0 Safari/537.36"
192.185.131.115 - - [01/Sep/2026:13:17:55 -0500] "POST /wp-login.php HTTP/1.1" 200 7450 "https://devsite.motionave.com/wp-login.php" "Mozilla/5.0 (Windows NT 10.0; Win64; x64) AppleWebKit/537.36 (KHTML, like Gecko) Chrome/151.0.0.0 Safari/537.36"
40.77.167.51 - - [01/Sep/2026:13:18:46 -0500] "GET /digital-marketing-design-agency-copy/ HTTP/1.1" 404 5890 "-" "Mozilla/5.0 AppleWebKit/537.36 (KHTML, like Gecko; compatible; bingbot/2.0; +http://www.bing.com/bingbot.htm) Chrome/116.0.1938.76 Safari/537.36"
207.244.250.86 - - [01/Sep/2026:13:19:05 -0500] "POST /wp-cron.php?doing_wp_cron=1788286745.8966870307922363281250 HTTP/1.1" 200 4887 "-" "WordPress/6.3.10; https://devsite.motionave.com"
50.116.87.215 - - [01/Sep/2026:13:19:03 -0500] "GET /wp-login.php HTTP/1.1" 200 11781 "-" "Mozilla/5.0 (Windows NT 10.0; Win64; x64) AppleWebKit/537.36 (KHTML, like Gecko) Chrome/151.0.0.0 Safari/537.36"
50.116.87.215 - - [01/Sep/2026:13:19:06 -0500] "POST /wp-login.php HTTP/1.1" 200 7450 "https://devsite.motionave.com/wp-login.php" "Mozilla/5.0 (Windows NT 10.0; Win64; x64) AppleWebKit/537.36 (KHTML, like Gecko) Chrome/151.0.0.0 Safari/537.36"
