162.241.230.122 - - [31/Aug/2026:14:44:21 -0500] "POST /wp-login.php HTTP/1.1" 200 7436 "https://devsite.motionave.com/wp-login.php" "Mozilla/5.0 (Windows NT 10.0; Win64; x64) AppleWebKit/537.36 (KHTML, like Gecko) Chrome/151.0.0.0 Safari/537.36"
57.141.4.36 - - [31/Aug/2026:14:47:21 -0500] "GET /marketing-updates-with-motion-ave-39/ HTTP/1.1" 404 5913 "-" "Mozilla/5.0 (Macintosh; Intel Mac OS X 10_15_7) AppleWebKit/537.36 (KHTML, like Gecko) Chrome/145.0.0.0 Safari/537.36 (compatible; meta-externalagent/1.1 (+https://developers.facebook.com/docs/sharing/webmasters/crawler))"
207.244.250.86 - - [31/Aug/2026:14:48:49 -0500] "POST /wp-cron.php?doing_wp_cron=1788205728.9710540771484375000000 HTTP/1.1" 200 4887 "-" "WordPress/6.3.10; https://devsite.motionave.com"
209.42.18.204 - - [31/Aug/2026:14:48:46 -0500] "GET /wp-login.php HTTP/1.1" 200 11781 "-" "209.42.18.204"
209.42.18.204 - - [31/Aug/2026:14:48:49 -0500] "POST /wp-login.php HTTP/1.1" 200 7440 "https://devsite.motionave.com/wp-login.php" "209.42.18.204"
162.241.2.179 - - [31/Aug/2026:14:52:18 -0500] "GET /wp-login.php HTTP/1.1" 200 11781 "-" "Mozilla/5.0 (Windows NT 10.0; Win64; x64) AppleWebKit/537.36 (KHTML, like Gecko) Chrome/151.0.0.0 Safari/537.36"
162.241.2.179 - - [31/Aug/2026:14:52:21 -0500] "POST /wp-login.php HTTP/1.1" 200 7452 "https://devsite.motionave.com/wp-login.php" "Mozilla/5.0 (Windows NT 10.0; Win64; x64) AppleWebKit/537.36 (KHTML, like Gecko) Chrome/151.0.0.0 Safari/537.36"
207.244.250.86 - - [31/Aug/2026:14:54:55 -0500] "POST /wp-cron.php?doing_wp_cron=1788206095.3856279850006103515625 HTTP/1.1" 200 4887 "-" "WordPress/6.3.10; https://devsite.motionave.com"
108.179.253.175 - - [31/Aug/2026:14:54:51 -0500] "GET /wp-login.php HTTP/1.1" 200 11781 "-" "Mozilla/5.0 (Windows NT 10.0; Win64; x64) AppleWebKit/537.36 (KHTML, like Gecko) Chrome/151.0.0.0 Safari/537.36"
108.179.253.175 - - [31/Aug/2026:14:54:55 -0500] "POST /wp-login.php HTTP/1.1" 200 7440 "https://devsite.motionave.com/wp-login.php" "Mozilla/5.0 (Windows NT 10.0; Win64; x64) AppleWebKit/537.36 (KHTML, like Gecko) Chrome/151.0.0.0 Safari/537.36"
50.6.109.131 - - [31/Aug/2026:14:56:48 -0500] "GET /wp-login.php HTTP/1.1" 200 11781 "-" "Mozilla/5.0 (Windows NT 10.0; Win64; x64) AppleWebKit/537.36 (KHTML, like Gecko) Chrome/151.0.0.0 Safari/537.36"
50.6.109.131 - - [31/Aug/2026:14:56:52 -0500] "POST /wp-login.php HTTP/1.1" 200 7456 "https://devsite.motionave.com/wp-login.php" "Mozilla/5.0 (Windows NT 10.0; Win64; x64) AppleWebKit/537.36 (KHTML, like Gecko) Chrome/151.0.0.0 Safari/537.36"
207.244.250.86 - - [31/Aug/2026:15:03:14 -0500] "POST /wp-cron.php?doing_wp_cron=1788206593.9054698944091796875000 HTTP/1.1" 200 4887 "-" "WordPress/6.3.10; https://devsite.motionave.com"
172.168.194.20 - - [31/Aug/2026:15:03:10 -0500] "GET /wp-login.php HTTP/1.1" 200 11781 "-" "172.168.194.20"
57.141.4.28 - - [31/Aug/2026:15:07:05 -0500] "GET /14-marketing-tips-trends-for-2018-holiday-shopping-season/header/ HTTP/1.1" 404 5913 "-" "Mozilla/5.0 (Macintosh; Intel Mac OS X 10_15_7) AppleWebKit/537.36 (KHTML, like Gecko) Chrome/145.0.0.0 Safari/537.36 (compatible; meta-externalagent/1.1 (+https://developers.facebook.com/docs/sharing/webmasters/crawler))"
57.141.4.31 - - [31/Aug/2026:15:10:30 -0500] "GET /pokemon-go-brand-reviving-done-right-2/ HTTP/1.1" 404 5913 "-" "Mozilla/5.0 (Windows NT 10.0; Win64; x64) AppleWebKit/537.36 (KHTML, like Gecko) Chrome/145.0.0.0 Safari/537.36 (compatible; meta-externalagent/1.1 (+https://developers.facebook.com/docs/sharing/webmasters/crawler))"
57.141.4.50 - - [31/Aug/2026:15:11:15 -0500] "GET /let-go-5-content-marketing-myths/let-go-of-these-5-content-marketing-myths/ HTTP/1.1" 404 5913 "-" "Mozilla/5.0 (Windows NT 10.0; Win64; x64) AppleWebKit/537.36 (KHTML, like Gecko) Chrome/145.0.0.0 Safari/537.36 (compatible; meta-externalagent/1.1 (+https://developers.facebook.com/docs/sharing/webmasters/crawler))"
207.244.250.86 - - [31/Aug/2026:15:16:30 -0500] "POST /wp-cron.php?doing_wp_cron=1788207390.2685968875885009765625 HTTP/1.1" 200 4887 "-" "WordPress/6.3.10; https://devsite.motionave.com"
103.191.209.159 - - [31/Aug/2026:15:16:27 -0500] "GET /wp-login.php HTTP/1.1" 200 11781 "-" "103.191.209.159"
103.191.209.159 - - [31/Aug/2026:15:16:30 -0500] "POST /wp-login.php HTTP/1.1" 200 7440 "https://devsite.motionave.com/wp-login.php" "103.191.209.159"
207.244.250.86 - - [31/Aug/2026:15:21:21 -0500] "POST /wp-cron.php?doing_wp_cron=1788207681.6259229183197021484375 HTTP/1.1" 200 4887 "-" "WordPress/6.3.10; https://devsite.motionave.com"
138.201.91.72 - - [31/Aug/2026:15:21:15 -0500] "GET /wp-login.php HTTP/1.1" 200 11781 "-" "Mozilla/5.0 (Windows NT 10.0; Win64; x64) AppleWebKit/537.36 (KHTML, like Gecko) Chrome/151.0.0.0 Safari/537.36"
138.201.91.72 - - [31/Aug/2026:15:21:22 -0500] "POST /wp-login.php HTTP/1.1" 200 7456 "https://devsite.motionave.com/wp-login.php" "Mozilla/5.0 (Windows NT 10.0; Win64; x64) AppleWebKit/537.36 (KHTML, like Gecko) Chrome/151.0.0.0 Safari/537.36"
57.141.4.2 - - [31/Aug/2026:15:23:59 -0500] "GET /brand-communication-tragedy-5-essential-tips-authentic-messages/twitter-open/ HTTP/1.1" 404 5913 "-" "Mozilla/5.0 (Windows NT 10.0; Win64; x64) AppleWebKit/537.36 (KHTML, like Gecko) Chrome/145.0.0.0 Safari/537.36 (compatible; meta-externalagent/1.1 (+https://developers.facebook.com/docs/sharing/webmasters/crawler))"
57.141.4.41 - - [31/Aug/2026:15:27:15 -0500] "GET /presidential-slogans-race-capturing-votes/ HTTP/1.1" 404 5913 "-" "Mozilla/5.0 (Macintosh; Intel Mac OS X 10_15_7) AppleWebKit/537.36 (KHTML, like Gecko) Chrome/145.0.0.0 Safari/537.36 (compatible; meta-externalagent/1.1 (+https://developers.facebook.com/docs/sharing/webmasters/crawler))"
57.141.4.36 - - [31/Aug/2026:15:28:31 -0500] "GET /four-ways-master-customer-service-brand-2/ HTTP/1.1" 404 5913 "-" "Mozilla/5.0 (X11; Linux x86_64) AppleWebKit/537.36 (KHTML, like Gecko) Chrome/145.0.0.0 Safari/537.36 (compatible; meta-externalagent/1.1 (+https://developers.facebook.com/docs/sharing/webmasters/crawler))"
207.244.250.86 - - [31/Aug/2026:15:29:17 -0500] "POST /wp-cron.php?doing_wp_cron=1788208157.4146780967712402343750 HTTP/1.1" 200 4887 "-" "WordPress/6.3.10; https://devsite.motionave.com"
192.254.224.255 - - [31/Aug/2026:15:29:14 -0500] "GET /wp-login.php HTTP/1.1" 200 11781 "-" "Mozilla/5.0 (Windows NT 10.0; Win64; x64) AppleWebKit/537.36 (KHTML, like Gecko) Chrome/151.0.0.0 Safari/537.36"
192.254.224.255 - - [31/Aug/2026:15:29:17 -0500] "POST /wp-login.php HTTP/1.1" 200 7452 "https://devsite.motionave.com/wp-login.php" "Mozilla/5.0 (Windows NT 10.0; Win64; x64) AppleWebKit/537.36 (KHTML, like Gecko) Chrome/151.0.0.0 Safari/537.36"
57.141.4.73 - - [31/Aug/2026:15:32:48 -0500] "GET /about-motion-ave/we-are-good-at/cara-amarilla/ HTTP/1.1" 404 5913 "-" "Mozilla/5.0 (Windows NT 10.0; Win64; x64) AppleWebKit/537.36 (KHTML, like Gecko) Chrome/145.0.0.0 Safari/537.36 (compatible; meta-externalagent/1.1 (+https://developers.facebook.com/docs/sharing/webmasters/crawler))"
57.141.4.31 - - [31/Aug/2026:15:34:38 -0500] "GET /marketing-updates-with-motion-ave-22/ HTTP/1.1" 404 5913 "-" "Mozilla/5.0 (Windows NT 10.0; Win64; x64) AppleWebKit/537.36 (KHTML, like Gecko) Chrome/145.0.0.0 Safari/537.36 (compatible; meta-externalagent/1.1 (+https://developers.facebook.com/docs/sharing/webmasters/crawler))"
57.141.4.43 - - [31/Aug/2026:15:39:17 -0500] "GET /how-to-tell-which-is-the-right-facebook-ad-format-for-your-business/inphographic_motion_header/ HTTP/1.1" 404 5913 "-" "Mozilla/5.0 (Windows NT 10.0; Win64; x64) AppleWebKit/537.36 (KHTML, like Gecko) Chrome/145.0.0.0 Safari/537.36 (compatible; meta-externalagent/1.1 (+https://developers.facebook.com/docs/sharing/webmasters/crawler))"
57.141.4.34 - - [31/Aug/2026:15:39:41 -0500] "GET /brand-communication-tragedy-5-essential-tips-authentic-messages/ HTTP/1.1" 404 5913 "-" "Mozilla/5.0 (Windows NT 10.0; Win64; x64) AppleWebKit/537.36 (KHTML, like Gecko) Chrome/145.0.0.0 Safari/537.36 (compatible; meta-externalagent/1.1 (+https://developers.facebook.com/docs/sharing/webmasters/crawler))"
207.244.250.86 - - [31/Aug/2026:15:40:39 -0500] "POST /wp-cron.php?doing_wp_cron=1788208839.2819740772247314453125 HTTP/1.1" 200 4887 "-" "WordPress/6.3.10; https://devsite.motionave.com"
69.16.218.67 - - [31/Aug/2026:15:40:36 -0500] "GET /wp-login.php HTTP/1.1" 200 11781 "-" "Mozilla/5.0 (Windows NT 10.0; Win64; x64) AppleWebKit/537.36 (KHTML, like Gecko) Chrome/151.0.0.0 Safari/537.36"
69.16.218.67 - - [31/Aug/2026:15:40:39 -0500] "POST /wp-login.php HTTP/1.1" 200 7456 "https://devsite.motionave.com/wp-login.php" "Mozilla/5.0 (Windows NT 10.0; Win64; x64) AppleWebKit/537.36 (KHTML, like Gecko) Chrome/151.0.0.0 Safari/537.36"
216.172.172.45 - - [31/Aug/2026:15:42:37 -0500] "GET /wp-login.php HTTP/1.1" 200 11781 "-" "Mozilla/5.0 (Windows NT 10.0; Win64; x64) AppleWebKit/537.36 (KHTML, like Gecko) Chrome/151.0.0.0 Safari/537.36"
216.172.172.45 - - [31/Aug/2026:15:42:40 -0500] "POST /wp-login.php HTTP/1.1" 200 7440 "https://devsite.motionave.com/wp-login.php" "Mozilla/5.0 (Windows NT 10.0; Win64; x64) AppleWebKit/537.36 (KHTML, like Gecko) Chrome/151.0.0.0 Safari/537.36"
207.244.250.86 - - [31/Aug/2026:15:43:44 -0500] "POST /wp-cron.php?doing_wp_cron=1788209024.7151339054107666015625 HTTP/1.1" 200 4887 "-" "WordPress/6.3.10; https://devsite.motionave.com"
69.72.248.123 - - [31/Aug/2026:15:43:41 -0500] "GET /wp-login.php HTTP/1.1" 200 11781 "-" "69.72.248.123"
69.72.248.123 - - [31/Aug/2026:15:43:45 -0500] "POST /wp-login.php HTTP/1.1" 200 7440 "https://devsite.motionave.com/wp-login.php" "69.72.248.123"
40.77.167.62 - - [31/Aug/2026:15:45:23 -0500] "GET /6-expert-tips-to-writing-ads-for-google-adwords/image7-5/ HTTP/1.1" 404 5890 "-" "Mozilla/5.0 AppleWebKit/537.36 (KHTML, like Gecko; compatible; bingbot/2.0; +http://www.bing.com/bingbot.htm) Chrome/116.0.1938.76 Safari/537.36"
207.244.250.86 - - [31/Aug/2026:15:47:29 -0500] "POST /wp-cron.php?doing_wp_cron=1788209249.8432610034942626953125 HTTP/1.1" 200 4887 "-" "WordPress/6.3.10; https://devsite.motionave.com"
69.49.241.76 - - [31/Aug/2026:15:47:27 -0500] "GET /wp-login.php HTTP/1.1" 200 11781 "-" "Mozilla/5.0 (Windows NT 10.0; Win64; x64) AppleWebKit/537.36 (KHTML, like Gecko) Chrome/151.0.0.0 Safari/537.36"
69.49.241.76 - - [31/Aug/2026:15:47:30 -0500] "POST /wp-login.php HTTP/1.1" 200 7456 "https://devsite.motionave.com/wp-login.php" "Mozilla/5.0 (Windows NT 10.0; Win64; x64) AppleWebKit/537.36 (KHTML, like Gecko) Chrome/151.0.0.0 Safari/537.36"
207.244.250.86 - - [31/Aug/2026:15:55:02 -0500] "POST /wp-cron.php?doing_wp_cron=1788209702.8127191066741943359375 HTTP/1.1" 200 4887 "-" "WordPress/6.3.10; https://devsite.motionave.com"
69.6.213.102 - - [31/Aug/2026:15:54:58 -0500] "GET /wp-login.php HTTP/1.1" 200 11781 "-" "Mozilla/5.0 (Windows NT 10.0; Win64; x64) AppleWebKit/537.36 (KHTML, like Gecko) Chrome/151.0.0.0 Safari/537.36"
69.6.213.102 - - [31/Aug/2026:15:55:03 -0500] "POST /wp-login.php HTTP/1.1" 200 7436 "https://devsite.motionave.com/wp-login.php" "Mozilla/5.0 (Windows NT 10.0; Win64; x64) AppleWebKit/537.36 (KHTML, like Gecko) Chrome/151.0.0.0 Safari/537.36"
162.144.20.85 - - [31/Aug/2026:15:57:18 -0500] "GET /wp-login.php HTTP/1.1" 200 11781 "-" "162.144.20.85"
162.144.20.85 - - [31/Aug/2026:15:57:22 -0500] "POST /wp-login.php HTTP/1.1" 200 7440 "https://devsite.motionave.com/wp-login.php" "162.144.20.85"
57.141.4.49 - - [31/Aug/2026:15:58:40 -0500] "GET /marketing-updates-with-motion-ave-24/ HTTP/1.1" 404 5913 "-" "Mozilla/5.0 (Macintosh; Intel Mac OS X 10_15_7) AppleWebKit/537.36 (KHTML, like Gecko) Chrome/145.0.0.0 Safari/537.36 (compatible; meta-externalagent/1.1 (+https://developers.facebook.com/docs/sharing/webmasters/crawler))"
207.244.250.86 - - [31/Aug/2026:16:18:04 -0500] "POST /wp-cron.php?doing_wp_cron=1788211084.4705820083618164062500 HTTP/1.1" 200 4887 "-" "WordPress/6.3.10; https://devsite.motionave.com"
69.6.213.102 - - [31/Aug/2026:16:17:59 -0500] "GET /wp-login.php HTTP/1.1" 200 11781 "-" "Mozilla/5.0 (Windows NT 10.0; Win64; x64) AppleWebKit/537.36 (KHTML, like Gecko) Chrome/151.0.0.0 Safari/537.36"
69.6.213.102 - - [31/Aug/2026:16:18:05 -0500] "POST /wp-login.php HTTP/1.1" 200 7440 "https://devsite.motionave.com/wp-login.php" "Mozilla/5.0 (Windows NT 10.0; Win64; x64) AppleWebKit/537.36 (KHTML, like Gecko) Chrome/151.0.0.0 Safari/537.36"
57.141.4.36 - - [31/Aug/2026:16:19:30 -0500] "GET /marketing-updates-with-motion-ave/image1-11/ HTTP/1.1" 404 5913 "-" "Mozilla/5.0 (Macintosh; Intel Mac OS X 10_15_7) AppleWebKit/537.36 (KHTML, like Gecko) Chrome/145.0.0.0 Safari/537.36 (compatible; meta-externalagent/1.1 (+https://developers.facebook.com/docs/sharing/webmasters/crawler))"
207.244.250.86 - - [31/Aug/2026:16:24:47 -0500] "POST /wp-cron.php?doing_wp_cron=1788211487.7903020381927490234375 HTTP/1.1" 200 4887 "-" "WordPress/6.3.10; https://devsite.motionave.com"
66.116.251.167 - - [31/Aug/2026:16:24:44 -0500] "GET /wp-login.php HTTP/1.1" 200 11781 "-" "Mozilla/5.0 (Windows NT 10.0; Win64; x64) AppleWebKit/537.36 (KHTML, like Gecko) Chrome/151.0.0.0 Safari/537.36"
66.116.251.167 - - [31/Aug/2026:16:24:50 -0500] "GET /wp-json/wp/v2/users/me HTTP/1.1" 404 5857 "-" "Mozilla/5.0 (Windows NT 10.0; Win64; x64) AppleWebKit/537.36 (KHTML, like Gecko) Chrome/151.0.0.0 Safari/537.36"
57.141.4.16 - - [31/Aug/2026:16:29:57 -0500] "GET /four-ways-master-customer-service-brand/sony-dsc/ HTTP/1.1" 404 5913 "-" "Mozilla/5.0 (Macintosh; Intel Mac OS X 10_15_7) AppleWebKit/537.36 (KHTML, like Gecko) Chrome/145.0.0.0 Safari/537.36 (compatible; meta-externalagent/1.1 (+https://developers.facebook.com/docs/sharing/webmasters/crawler))"
207.244.250.86 - - [31/Aug/2026:16:38:23 -0500] "POST /wp-cron.php?doing_wp_cron=1788212303.2964301109313964843750 HTTP/1.1" 200 4887 "-" "WordPress/6.3.10; https://devsite.motionave.com"
143.95.209.25 - - [31/Aug/2026:16:38:18 -0500] "GET /wp-login.php HTTP/1.1" 200 11781 "-" "143.95.209.25"
143.95.209.25 - - [31/Aug/2026:16:38:23 -0500] "POST /wp-login.php HTTP/1.1" 200 7440 "https://devsite.motionave.com/wp-login.php" "143.95.209.25"
207.244.250.86 - - [31/Aug/2026:16:44:44 -0500] "POST /wp-cron.php?doing_wp_cron=1788212684.7427051067352294921875 HTTP/1.1" 200 4887 "-" "WordPress/6.3.10; https://devsite.motionave.com"
108.167.161.80 - - [31/Aug/2026:16:44:42 -0500] "GET /wp-login.php HTTP/1.1" 200 11781 "-" "Mozilla/5.0 (Windows NT 10.0; Win64; x64) AppleWebKit/537.36 (KHTML, like Gecko) Chrome/151.0.0.0 Safari/537.36"
108.167.161.80 - - [31/Aug/2026:16:44:44 -0500] "POST /wp-login.php HTTP/1.1" 200 7452 "https://devsite.motionave.com/wp-login.php" "Mozilla/5.0 (Windows NT 10.0; Win64; x64) AppleWebKit/537.36 (KHTML, like Gecko) Chrome/151.0.0.0 Safari/537.36"
103.255.250.10 - - [31/Aug/2026:16:45:17 -0500] "GET /wp-login.php HTTP/1.1" 200 11781 "-" "Mozilla/5.0 (Windows NT 10.0; Win64; x64) AppleWebKit/537.36 (KHTML, like Gecko) Chrome/151.0.0.0 Safari/537.36"
103.255.250.10 - - [31/Aug/2026:16:45:22 -0500] "POST /wp-login.php HTTP/1.1" 200 7440 "https://devsite.motionave.com/wp-login.php" "Mozilla/5.0 (Windows NT 10.0; Win64; x64) AppleWebKit/537.36 (KHTML, like Gecko) Chrome/151.0.0.0 Safari/537.36"
207.244.250.86 - - [31/Aug/2026:16:47:50 -0500] "POST /wp-cron.php?doing_wp_cron=1788212869.9920439720153808593750 HTTP/1.1" 200 4887 "-" "WordPress/6.3.10; https://devsite.motionave.com"
50.6.152.190 - - [31/Aug/2026:16:47:58 -0500] "GET /wp-json/wp/v2/users/me HTTP/1.1" 404 5857 "-" "Mozilla/5.0 (Windows NT 10.0; Win64; x64) AppleWebKit/537.36 (KHTML, like Gecko) Chrome/151.0.0.0 Safari/537.36"
50.6.152.190 - - [31/Aug/2026:16:47:47 -0500] "GET /wp-login.php HTTP/1.1" 200 11781 "-" "Mozilla/5.0 (Windows NT 10.0; Win64; x64) AppleWebKit/537.36 (KHTML, like Gecko) Chrome/151.0.0.0 Safari/537.36"
207.244.250.86 - - [31/Aug/2026:16:49:01 -0500] "POST /wp-cron.php?doing_wp_cron=1788212941.2892670631408691406250 HTTP/1.1" 200 4887 "-" "WordPress/6.3.10; https://devsite.motionave.com"
50.6.152.190 - - [31/Aug/2026:16:48:58 -0500] "POST /wp-login.php HTTP/1.1" 200 7436 "https://devsite.motionave.com/wp-login.php" "Mozilla/5.0 (Windows NT 10.0; Win64; x64) AppleWebKit/537.36 (KHTML, like Gecko) Chrome/151.0.0.0 Safari/537.36"
197.155.134.251 - - [31/Aug/2026:16:51:48 -0500] "GET /wp-login.php HTTP/1.1" 200 11781 "-" "197.155.134.251"
197.155.134.251 - - [31/Aug/2026:16:51:54 -0500] "POST /wp-login.php HTTP/1.1" 200 7440 "https://devsite.motionave.com/wp-login.php" "197.155.134.251"
57.141.4.16 - - [31/Aug/2026:16:58:49 -0500] "GET /our-you-use-video-marketing-our-you-have-a-disadvantage/ HTTP/1.1" 404 5913 "-" "Mozilla/5.0 (Windows NT 10.0; Win64; x64) AppleWebKit/537.36 (KHTML, like Gecko) Chrome/145.0.0.0 Safari/537.36 (compatible; meta-externalagent/1.1 (+https://developers.facebook.com/docs/sharing/webmasters/crawler))"
57.141.4.55 - - [31/Aug/2026:16:58:53 -0500] "GET /marketing-strategies-cleaning-companies-during-coronavirus-outbreak/image1-17/ HTTP/1.1" 404 5913 "-" "Mozilla/5.0 (Macintosh; Intel Mac OS X 10_15_7) AppleWebKit/537.36 (KHTML, like Gecko) Chrome/145.0.0.0 Safari/537.36 (compatible; meta-externalagent/1.1 (+https://developers.facebook.com/docs/sharing/webmasters/crawler))"
207.244.250.86 - - [31/Aug/2026:17:05:39 -0500] "POST /wp-cron.php?doing_wp_cron=1788213939.1783881187438964843750 HTTP/1.1" 200 4887 "-" "WordPress/6.3.10; https://devsite.motionave.com"
66.116.199.98 - - [31/Aug/2026:17:05:32 -0500] "GET /wp-login.php HTTP/1.1" 200 11781 "-" "66.116.199.98"
66.116.199.98 - - [31/Aug/2026:17:05:40 -0500] "GET /wp-json/wp/v2/users/me HTTP/1.1" 404 5857 "-" "66.116.199.98"
173.252.70.23 - - [31/Aug/2026:17:13:19 -0500] "GET /robots.txt HTTP/1.1" 404 5913 "-" "facebookexternalhit/1.1 (+http://www.facebook.com/externalhit_uatext.php)"
173.252.82.33 - - [31/Aug/2026:17:13:24 -0500] "GET /robots.txt HTTP/1.1" 404 5913 "-" "facebookexternalhit/1.1 (+http://www.facebook.com/externalhit_uatext.php)"
57.141.4.22 - - [31/Aug/2026:17:13:25 -0500] "GET /author/alejandrav/ HTTP/1.1" 404 5913 "-" "Mozilla/5.0 (Windows NT 10.0; Win64; x64) AppleWebKit/537.36 (KHTML, like Gecko) Chrome/145.0.0.0 Safari/537.36 (compatible; meta-externalagent/1.1 (+https://developers.facebook.com/docs/sharing/webmasters/crawler))"
57.141.4.7 - - [31/Aug/2026:17:16:28 -0500] "GET /marketing-updates-with-motion-ave/ HTTP/1.1" 404 5913 "-" "Mozilla/5.0 (Macintosh; Intel Mac OS X 10_15_7) AppleWebKit/537.36 (KHTML, like Gecko) Chrome/145.0.0.0 Safari/537.36 (compatible; meta-externalagent/1.1 (+https://developers.facebook.com/docs/sharing/webmasters/crawler))"
109.236.48.208 - - [31/Aug/2026:17:18:25 -0500] "GET /wp-json/wp/v2/users/me HTTP/1.1" 404 5857 "-" "Mozilla/5.0 (Windows NT 10.0; Win64; x64) AppleWebKit/537.36 (KHTML, like Gecko) Chrome/151.0.0.0 Safari/537.36"
207.244.250.86 - - [31/Aug/2026:17:26:32 -0500] "POST /wp-cron.php?doing_wp_cron=1788215192.0034129619598388671875 HTTP/1.1" 200 4887 "-" "WordPress/6.3.10; https://devsite.motionave.com"
162.241.203.157 - - [31/Aug/2026:17:26:25 -0500] "GET /wp-login.php HTTP/1.1" 200 11781 "-" "Mozilla/5.0 (Windows NT 10.0; Win64; x64) AppleWebKit/537.36 (KHTML, like Gecko) Chrome/151.0.0.0 Safari/537.36"
192.185.176.178 - - [31/Aug/2026:17:27:11 -0500] "GET /wp-login.php HTTP/1.1" 200 11781 "-" "Mozilla/5.0 (Windows NT 10.0; Win64; x64) AppleWebKit/537.36 (KHTML, like Gecko) Chrome/151.0.0.0 Safari/537.36"
192.185.176.178 - - [31/Aug/2026:17:27:14 -0500] "POST /wp-login.php HTTP/1.1" 200 7440 "https://devsite.motionave.com/wp-login.php" "Mozilla/5.0 (Windows NT 10.0; Win64; x64) AppleWebKit/537.36 (KHTML, like Gecko) Chrome/151.0.0.0 Safari/537.36"
162.241.203.157 - - [31/Aug/2026:17:26:32 -0500] "GET /wp-json/wp/v2/users/me HTTP/1.1" 404 5857 "-" "Mozilla/5.0 (Windows NT 10.0; Win64; x64) AppleWebKit/537.36 (KHTML, like Gecko) Chrome/151.0.0.0 Safari/537.36"
69.171.249.7 - - [31/Aug/2026:17:28:34 -0500] "GET /robots.txt HTTP/1.1" 404 5913 "-" "facebookexternalhit/1.1 (+http://www.facebook.com/externalhit_uatext.php)"
57.141.4.46 - - [31/Aug/2026:17:28:35 -0500] "GET /portfolio-item/proper-cloth/proper-cloth-3/ HTTP/1.1" 404 5913 "-" "Mozilla/5.0 (Windows NT 10.0; Win64; x64) AppleWebKit/537.36 (KHTML, like Gecko) Chrome/145.0.0.0 Safari/537.36 (compatible; meta-externalagent/1.1 (+https://developers.facebook.com/docs/sharing/webmasters/crawler))"
207.244.250.86 - - [31/Aug/2026:17:31:01 -0500] "POST /wp-cron.php?doing_wp_cron=1788215461.0753490924835205078125 HTTP/1.1" 200 4887 "-" "WordPress/6.3.10; https://devsite.motionave.com"
109.236.48.208 - - [31/Aug/2026:17:30:58 -0500] "GET /wp-login.php HTTP/1.1" 200 11781 "-" "Mozilla/5.0 (Windows NT 10.0; Win64; x64) AppleWebKit/537.36 (KHTML, like Gecko) Chrome/151.0.0.0 Safari/537.36"
109.236.48.208 - - [31/Aug/2026:17:31:01 -0500] "POST /wp-login.php HTTP/1.1" 200 7436 "https://devsite.motionave.com/wp-login.php" "Mozilla/5.0 (Windows NT 10.0; Win64; x64) AppleWebKit/537.36 (KHTML, like Gecko) Chrome/151.0.0.0 Safari/537.36"
207.244.250.86 - - [31/Aug/2026:17:36:55 -0500] "POST /wp-cron.php?doing_wp_cron=1788215815.4740009307861328125000 HTTP/1.1" 200 4887 "-" "WordPress/6.3.10; https://devsite.motionave.com"
209.42.18.223 - - [31/Aug/2026:17:36:52 -0500] "GET /wp-login.php HTTP/1.1" 200 11781 "-" "209.42.18.223"
209.42.18.223 - - [31/Aug/2026:17:36:55 -0500] "POST /wp-login.php HTTP/1.1" 200 7440 "https://devsite.motionave.com/wp-login.php" "209.42.18.223"
173.252.95.32 - - [31/Aug/2026:17:38:02 -0500] "GET /robots.txt HTTP/1.1" 404 5913 "-" "facebookexternalhit/1.1 (+http://www.facebook.com/externalhit_uatext.php)"
57.141.4.50 - - [31/Aug/2026:17:38:02 -0500] "GET /marketing-updates-with-motion-ave-16/ HTTP/1.1" 404 5913 "-" "Mozilla/5.0 (Macintosh; Intel Mac OS X 10_15_7) AppleWebKit/537.36 (KHTML, like Gecko) Chrome/145.0.0.0 Safari/537.36 (compatible; meta-externalagent/1.1 (+https://developers.facebook.com/docs/sharing/webmasters/crawler))"
57.141.4.48 - - [31/Aug/2026:17:38:58 -0500] "GET /digital-marketing-trends-you-cant-ignore-2019/8trends/ HTTP/1.1" 404 5913 "-" "Mozilla/5.0 (X11; Linux x86_64) AppleWebKit/537.36 (KHTML, like Gecko) Chrome/145.0.0.0 Safari/537.36 (compatible; meta-externalagent/1.1 (+https://developers.facebook.com/docs/sharing/webmasters/crawler))"
207.244.250.86 - - [31/Aug/2026:17:40:46 -0500] "POST /wp-cron.php?doing_wp_cron=1788216046.6906559467315673828125 HTTP/1.1" 200 4887 "-" "WordPress/6.3.10; https://devsite.motionave.com"
163.61.188.5 - - [31/Aug/2026:17:40:43 -0500] "GET /wp-login.php HTTP/1.1" 200 11781 "-" "Mozilla/5.0 (Windows NT 10.0; Win64; x64) AppleWebKit/537.36 (KHTML, like Gecko) Chrome/151.0.0.0 Safari/537.36"
163.61.188.5 - - [31/Aug/2026:17:40:46 -0500] "POST /wp-login.php HTTP/1.1" 200 7452 "https://devsite.motionave.com/wp-login.php" "Mozilla/5.0 (Windows NT 10.0; Win64; x64) AppleWebKit/537.36 (KHTML, like Gecko) Chrome/151.0.0.0 Safari/537.36"
207.244.250.86 - - [31/Aug/2026:17:44:43 -0500] "POST /wp-cron.php?doing_wp_cron=1788216283.8813469409942626953125 HTTP/1.1" 200 4887 "-" "WordPress/6.3.10; https://devsite.motionave.com"
162.241.2.220 - - [31/Aug/2026:17:44:41 -0500] "GET /wp-login.php HTTP/1.1" 200 11781 "-" "Mozilla/5.0 (Windows NT 10.0; Win64; x64) AppleWebKit/537.36 (KHTML, like Gecko) Chrome/151.0.0.0 Safari/537.36"
162.241.2.220 - - [31/Aug/2026:17:44:44 -0500] "POST /wp-login.php HTTP/1.1" 200 7436 "https://devsite.motionave.com/wp-login.php" "Mozilla/5.0 (Windows NT 10.0; Win64; x64) AppleWebKit/537.36 (KHTML, like Gecko) Chrome/151.0.0.0 Safari/537.36"
103.86.139.29 - - [31/Aug/2026:17:46:49 -0500] "GET /wp-json/wp/v2/users/me HTTP/1.1" 404 5857 "-" "Mozilla/5.0 (Windows NT 10.0; Win64; x64) AppleWebKit/537.36 (KHTML, like Gecko) Chrome/151.0.0.0 Safari/537.36"
207.244.250.86 - - [31/Aug/2026:17:46:56 -0500] "POST /wp-cron.php?doing_wp_cron=1788216416.1252529621124267578125 HTTP/1.1" 200 4887 "-" "WordPress/6.3.10; https://devsite.motionave.com"
162.241.2.240 - - [31/Aug/2026:17:46:53 -0500] "GET /wp-login.php HTTP/1.1" 200 11781 "-" "Mozilla/5.0 (Windows NT 10.0; Win64; x64) AppleWebKit/537.36 (KHTML, like Gecko) Chrome/151.0.0.0 Safari/537.36"
162.241.2.240 - - [31/Aug/2026:17:46:56 -0500] "POST /wp-login.php HTTP/1.1" 200 7456 "https://devsite.motionave.com/wp-login.php" "Mozilla/5.0 (Windows NT 10.0; Win64; x64) AppleWebKit/537.36 (KHTML, like Gecko) Chrome/151.0.0.0 Safari/537.36"
207.244.250.86 - - [31/Aug/2026:17:51:15 -0500] "POST /wp-cron.php?doing_wp_cron=1788216675.2848329544067382812500 HTTP/1.1" 200 4887 "-" "WordPress/6.3.10; https://devsite.motionave.com"
143.95.158.36 - - [31/Aug/2026:17:51:11 -0500] "GET /wp-login.php HTTP/1.1" 200 11781 "-" "143.95.158.36"
143.95.158.36 - - [31/Aug/2026:17:51:16 -0500] "POST /wp-login.php HTTP/1.1" 200 7440 "https://devsite.motionave.com/wp-login.php" "143.95.158.36"
173.252.107.10 - - [31/Aug/2026:17:52:57 -0500] "GET /robots.txt HTTP/1.1" 404 5913 "-" "facebookexternalhit/1.1 (+http://www.facebook.com/externalhit_uatext.php)"
57.141.4.36 - - [31/Aug/2026:17:53:02 -0500] "GET /get-connected/ HTTP/1.1" 404 5913 "-" "Mozilla/5.0 (Windows NT 10.0; Win64; x64) AppleWebKit/537.36 (KHTML, like Gecko) Chrome/145.0.0.0 Safari/537.36 (compatible; meta-externalagent/1.1 (+https://developers.facebook.com/docs/sharing/webmasters/crawler))"
207.244.250.86 - - [31/Aug/2026:17:53:44 -0500] "POST /wp-cron.php?doing_wp_cron=1788216824.8342781066894531250000 HTTP/1.1" 200 4887 "-" "WordPress/6.3.10; https://devsite.motionave.com"
162.241.63.63 - - [31/Aug/2026:17:53:42 -0500] "GET /wp-login.php HTTP/1.1" 200 11781 "-" "Mozilla/5.0 (Windows NT 10.0; Win64; x64) AppleWebKit/537.36 (KHTML, like Gecko) Chrome/151.0.0.0 Safari/537.36"
162.241.63.63 - - [31/Aug/2026:17:53:45 -0500] "POST /wp-login.php HTTP/1.1" 200 7452 "https://devsite.motionave.com/wp-login.php" "Mozilla/5.0 (Windows NT 10.0; Win64; x64) AppleWebKit/537.36 (KHTML, like Gecko) Chrome/151.0.0.0 Safari/537.36"
97.74.87.194 - - [31/Aug/2026:17:54:20 -0500] "GET /wp-login.php HTTP/1.1" 200 11781 "-" "Mozilla/5.0 (Windows NT 10.0; Win64; x64) AppleWebKit/537.36 (KHTML, like Gecko) Chrome/151.0.0.0 Safari/537.36"
97.74.87.194 - - [31/Aug/2026:17:54:23 -0500] "POST /wp-login.php HTTP/1.1" 200 7440 "https://devsite.motionave.com/wp-login.php" "Mozilla/5.0 (Windows NT 10.0; Win64; x64) AppleWebKit/537.36 (KHTML, like Gecko) Chrome/151.0.0.0 Safari/537.36"
57.141.4.41 - - [31/Aug/2026:17:54:32 -0500] "GET /five-things-annoy-customers-social-media-3/five-things-that-annoy-customers-on-social-media-1-1024x683/ HTTP/1.1" 404 5913 "-" "Mozilla/5.0 (Macintosh; Intel Mac OS X 10_15_7) AppleWebKit/537.36 (KHTML, like Gecko) Chrome/145.0.0.0 Safari/537.36 (compatible; meta-externalagent/1.1 (+https://developers.facebook.com/docs/sharing/webmasters/crawler))"
85.204.70.116 - - [31/Aug/2026:17:56:43 -0500] "GET /wp-content/uploads/ HTTP/1.1" 403 5821 "-" "-"
85.204.70.116 - - [31/Aug/2026:17:56:43 -0500] "GET /wp-includes/ HTTP/1.1" 403 1068 "-" "-"
85.204.70.116 - - [31/Aug/2026:17:56:44 -0500] "GET /wp-includes/css/ HTTP/1.1" 403 1068 "-" "-"
85.204.70.116 - - [31/Aug/2026:17:56:44 -0500] "GET /wp-includes/ID3/ HTTP/1.1" 403 1068 "-" "-"
85.204.70.116 - - [31/Aug/2026:17:56:44 -0500] "GET /wp-includes/IXR/ HTTP/1.1" 403 1068 "-" "-"
85.204.70.116 - - [31/Aug/2026:17:56:45 -0500] "GET /wp-includes/Requests/ HTTP/1.1" 403 1068 "-" "-"
85.204.70.116 - - [31/Aug/2026:17:56:45 -0500] "GET /wp-includes/SimplePie/ HTTP/1.1" 403 1068 "-" "-"
85.204.70.116 - - [31/Aug/2026:17:56:45 -0500] "GET /wp-includes/Text/ HTTP/1.1" 403 1068 "-" "-"
85.204.70.116 - - [31/Aug/2026:17:56:46 -0500] "GET /wp-content/mu-plugins-old/ HTTP/1.1" 404 1081 "-" "-"
85.204.70.116 - - [31/Aug/2026:17:56:46 -0500] "GET /wp-content/themes/classic/inc/ HTTP/1.1" 404 1081 "-" "-"
85.204.70.116 - - [31/Aug/2026:17:56:46 -0500] "GET /wp-content/plugins/ninja-forms/ HTTP/1.1" 404 1081 "-" "-"
85.204.70.116 - - [31/Aug/2026:17:56:47 -0500] "GET /wp-content/mu-plugins/ HTTP/1.1" 403 1068 "-" "-"
85.204.70.116 - - [31/Aug/2026:17:56:47 -0500] "GET /wp-includes/Text/Diff/Renderer/ HTTP/1.1" 403 1068 "-" "-"
85.204.70.116 - - [31/Aug/2026:17:56:47 -0500] "GET /wp-includes/blocks/ HTTP/1.1" 403 1068 "-" "-"
85.204.70.116 - - [31/Aug/2026:17:56:47 -0500] "GET /wp-includes/certificates/ HTTP/1.1" 403 1068 "-" "-"
85.204.70.116 - - [31/Aug/2026:17:56:48 -0500] "GET /wp-includes/customize/ HTTP/1.1" 403 1068 "-" "-"
85.204.70.116 - - [31/Aug/2026:17:56:48 -0500] "GET /wp-includes/fonts/ HTTP/1.1" 403 1068 "-" "-"
85.204.70.116 - - [31/Aug/2026:17:56:48 -0500] "GET /wp-includes/images/ HTTP/1.1" 403 1068 "-" "-"
85.204.70.116 - - [31/Aug/2026:17:56:49 -0500] "GET /.well-known/ HTTP/1.1" 404 1081 "-" "-"
85.204.70.116 - - [31/Aug/2026:17:56:49 -0500] "GET /ALFA_DATA/ HTTP/1.1" 404 1081 "-" "-"
85.204.70.116 - - [31/Aug/2026:17:56:49 -0500] "GET /.well-knownold/ HTTP/1.1" 404 1081 "-" "-"
85.204.70.116 - - [31/Aug/2026:17:56:49 -0500] "GET /.well-known/acme-challenge/ HTTP/1.1" 403 1068 "-" "-"
85.204.70.116 - - [31/Aug/2026:17:56:50 -0500] "GET /cgi-bin/ HTTP/1.1" 403 1068 "-" "-"
85.204.70.116 - - [31/Aug/2026:17:56:50 -0500] "GET /index/ HTTP/1.1" 404 1081 "-" "-"
85.204.70.116 - - [31/Aug/2026:17:56:50 -0500] "GET /id/ HTTP/1.1" 404 1081 "-" "-"
85.204.70.116 - - [31/Aug/2026:17:56:51 -0500] "GET /www/ HTTP/1.1" 404 1081 "-" "-"
85.204.70.116 - - [31/Aug/2026:17:56:51 -0500] "GET /web/ HTTP/1.1" 404 1081 "-" "-"
85.204.70.116 - - [31/Aug/2026:17:56:51 -0500] "GET /uploads/ HTTP/1.1" 404 1081 "-" "-"
85.204.70.116 - - [31/Aug/2026:17:56:52 -0500] "GET /upload/ HTTP/1.1" 404 1081 "-" "-"
85.204.70.116 - - [31/Aug/2026:17:56:52 -0500] "GET /admin/uploads/ HTTP/1.1" 404 1081 "-" "-"
85.204.70.116 - - [31/Aug/2026:17:56:52 -0500] "GET /Admin/uploads/ HTTP/1.1" 404 1081 "-" "-"
85.204.70.116 - - [31/Aug/2026:17:56:53 -0500] "GET /admin/ HTTP/1.1" 404 1081 "-" "-"
85.204.70.116 - - [31/Aug/2026:17:56:53 -0500] "GET /images/ HTTP/1.1" 404 1081 "-" "-"
85.204.70.116 - - [31/Aug/2026:17:56:53 -0500] "GET /assets/ HTTP/1.1" 404 1081 "-" "-"
85.204.70.116 - - [31/Aug/2026:17:56:54 -0500] "GET /vendor/phpunit/phpunit/src/Util/PHP/ HTTP/1.1" 404 1081 "-" "-"
85.204.70.116 - - [31/Aug/2026:17:56:54 -0500] "GET /upload/image/ HTTP/1.1" 404 1081 "-" "-"
85.204.70.116 - - [31/Aug/2026:17:56:54 -0500] "GET /assets/images/ HTTP/1.1" 404 1081 "-" "-"
85.204.70.116 - - [31/Aug/2026:17:56:54 -0500] "GET /Public/ HTTP/1.1" 404 1081 "-" "-"
85.204.70.116 - - [31/Aug/2026:17:56:55 -0500] "GET /vendor/ HTTP/1.1" 404 1081 "-" "-"
85.204.70.116 - - [31/Aug/2026:17:56:55 -0500] "GET /local/ HTTP/1.1" 404 1081 "-" "-"
85.204.70.116 - - [31/Aug/2026:17:56:55 -0500] "GET /modules/ HTTP/1.1" 404 1081 "-" "-"
85.204.70.116 - - [31/Aug/2026:17:56:56 -0500] "GET /Site/ HTTP/1.1" 404 1081 "-" "-"
85.204.70.116 - - [31/Aug/2026:17:56:56 -0500] "GET /system/ HTTP/1.1" 404 1081 "-" "-"
85.204.70.116 - - [31/Aug/2026:17:56:56 -0500] "GET /template/ HTTP/1.1" 404 1081 "-" "-"
85.204.70.116 - - [31/Aug/2026:17:56:57 -0500] "GET /shop/ HTTP/1.1" 404 1081 "-" "-"
85.204.70.116 - - [31/Aug/2026:17:56:57 -0500] "GET /files/ HTTP/1.1" 404 1081 "-" "-"
85.204.70.116 - - [31/Aug/2026:17:56:57 -0500] "GET /admin/editor/ HTTP/1.1" 404 1081 "-" "-"
85.204.70.116 - - [31/Aug/2026:17:56:57 -0500] "GET /include/ HTTP/1.1" 404 1081 "-" "-"
85.204.70.116 - - [31/Aug/2026:17:56:58 -0500] "GET /Assets/ HTTP/1.1" 404 1081 "-" "-"
85.204.70.116 - - [31/Aug/2026:17:56:58 -0500] "GET /images/stories/ HTTP/1.1" 404 1081 "-" "-"
85.204.70.116 - - [31/Aug/2026:17:56:58 -0500] "GET /plugins/ HTTP/1.1" 404 1081 "-" "-"
85.204.70.116 - - [31/Aug/2026:17:56:59 -0500] "GET /php/ HTTP/1.1" 404 1081 "-" "-"
85.204.70.116 - - [31/Aug/2026:17:56:59 -0500] "GET /wp-admin/css/ HTTP/1.1" 403 1068 "-" "-"
85.204.70.116 - - [31/Aug/2026:17:57:00 -0500] "GET /wp-content/themes/twentytwenty/ HTTP/1.1" 500 248 "-" "-"
85.204.70.116 - - [31/Aug/2026:17:57:00 -0500] "GET /wp-content/cache/ HTTP/1.1" 200 371 "-" "-"
85.204.70.116 - - [31/Aug/2026:17:57:01 -0500] "GET /wp-admin/maint/ HTTP/1.1" 403 1068 "-" "-"
85.204.70.116 - - [31/Aug/2026:17:57:01 -0500] "GET /wp-content/plugins/akismet/ HTTP/1.1" 403 1068 "-" "-"
85.204.70.116 - - [31/Aug/2026:17:57:01 -0500] "GET /wp-includes/assets/ HTTP/1.1" 403 1068 "-" "-"
85.204.70.116 - - [31/Aug/2026:17:57:02 -0500] "GET /wp-includes/block-patterns/ HTTP/1.1" 403 1068 "-" "-"
85.204.70.116 - - [31/Aug/2026:17:57:02 -0500] "GET /wp-includes/block-supports/ HTTP/1.1" 403 1068 "-" "-"
85.204.70.116 - - [31/Aug/2026:17:57:02 -0500] "GET /wp-includes/html-api/ HTTP/1.1" 403 1068 "-" "-"
85.204.70.116 - - [31/Aug/2026:17:57:03 -0500] "GET /wp-includes/js/ HTTP/1.1" 403 1068 "-" "-"
85.204.70.116 - - [31/Aug/2026:17:57:03 -0500] "GET /wp-includes/php-compat/ HTTP/1.1" 403 1068 "-" "-"
85.204.70.116 - - [31/Aug/2026:17:57:03 -0500] "GET /wp-includes/PHPMailer/ HTTP/1.1" 403 1068 "-" "-"
85.204.70.116 - - [31/Aug/2026:17:57:03 -0500] "GET /wp-includes/pomo/ HTTP/1.1" 403 1068 "-" "-"
85.204.70.116 - - [31/Aug/2026:17:57:04 -0500] "GET /wp-includes/random_compat/ HTTP/1.1" 404 1081 "-" "-"
85.204.70.116 - - [31/Aug/2026:17:57:04 -0500] "GET /wp-includes/rest-api/ HTTP/1.1" 403 1068 "-" "-"
85.204.70.116 - - [31/Aug/2026:17:57:04 -0500] "GET /wp-includes/sitemaps/ HTTP/1.1" 403 1068 "-" "-"
85.204.70.116 - - [31/Aug/2026:17:57:05 -0500] "GET /wp-includes/sodium_compat/ HTTP/1.1" 403 1068 "-" "-"
85.204.70.116 - - [31/Aug/2026:17:57:05 -0500] "GET /wp-includes/style-engine/ HTTP/1.1" 403 1068 "-" "-"
85.204.70.116 - - [31/Aug/2026:17:57:05 -0500] "GET /wp-includes/theme-compat/ HTTP/1.1" 403 1068 "-" "-"
85.204.70.116 - - [31/Aug/2026:17:57:06 -0500] "GET /wp-includes/widgets/ HTTP/1.1" 403 1068 "-" "-"
85.204.70.116 - - [31/Aug/2026:17:57:06 -0500] "GET /wp-admin/css/colors/ectoplasm/ HTTP/1.1" 403 1068 "-" "-"
85.204.70.116 - - [31/Aug/2026:17:57:06 -0500] "GET /wp-admin/css/colors/ HTTP/1.1" 403 1068 "-" "-"
85.204.70.116 - - [31/Aug/2026:17:57:07 -0500] "GET /admin/images/slider/ HTTP/1.1" 404 1081 "-" "-"
85.204.70.116 - - [31/Aug/2026:17:57:07 -0500] "GET /admin/fckeditor/editor/filemanager/ HTTP/1.1" 404 1081 "-" "-"
85.204.70.116 - - [31/Aug/2026:17:57:07 -0500] "GET /sites/default/files/ HTTP/1.1" 404 1081 "-" "-"
85.204.70.116 - - [31/Aug/2026:17:57:07 -0500] "GET /admin/controller/extension/extension/ HTTP/1.1" 404 1081 "-" "-"
85.204.70.116 - - [31/Aug/2026:17:57:08 -0500] "GET /modules/mod_simplefileuploadv1.3/elements/ HTTP/1.1" 404 1081 "-" "-"
85.204.70.116 - - [31/Aug/2026:17:57:08 -0500] "GET /components/ HTTP/1.1" 404 1081 "-" "-"
85.204.70.116 - - [31/Aug/2026:17:57:08 -0500] "GET /admin/uploads/images/ HTTP/1.1" 404 1081 "-" "-"
85.204.70.116 - - [31/Aug/2026:17:57:09 -0500] "GET /wp-content/plugins/classic-editor/ HTTP/1.1" 403 1068 "-" "-"
85.204.70.116 - - [31/Aug/2026:17:57:10 -0500] "GET /wp-content/fonts/ HTTP/1.1" 404 1081 "-" "-"
85.204.70.116 - - [31/Aug/2026:17:57:10 -0500] "GET /wp-content/plugins/contact-form-7/admin/js/ HTTP/1.1" 403 1068 "-" "-"
85.204.70.116 - - [31/Aug/2026:17:57:10 -0500] "GET /wp-content/plugins/contact-form-7/ HTTP/1.1" 403 1068 "-" "-"
85.204.70.116 - - [31/Aug/2026:17:57:10 -0500] "GET /wordpress/ HTTP/1.1" 404 1081 "-" "-"
85.204.70.116 - - [31/Aug/2026:17:57:11 -0500] "GET /wp-admin/images/ HTTP/1.1" 403 1068 "-" "-"
85.204.70.116 - - [31/Aug/2026:17:57:11 -0500] "GET /wp-content/plugins/wordpress-seo/js/dist/ HTTP/1.1" 403 1068 "-" "-"
85.204.70.116 - - [31/Aug/2026:17:57:11 -0500] "GET /wp-content/plugins/wordpress-seo/ HTTP/1.1" 200 210 "-" "-"
85.204.70.116 - - [31/Aug/2026:17:57:12 -0500] "GET /js/ HTTP/1.1" 404 1081 "-" "-"
85.204.70.116 - - [31/Aug/2026:17:57:12 -0500] "GET /wp-content/plugins/woocommerce/assets/js/ HTTP/1.1" 404 1081 "-" "-"
85.204.70.116 - - [31/Aug/2026:17:57:12 -0500] "GET /wp-content/plugins/woocommerce/ HTTP/1.1" 404 1081 "-" "-"
85.204.70.116 - - [31/Aug/2026:17:57:12 -0500] "GET /wp-admin/meta/ HTTP/1.1" 404 1081 "-" "-"
85.204.70.116 - - [31/Aug/2026:17:57:13 -0500] "GET /wp-admin/network/ HTTP/1.1" 302 467 "-" "-"
85.204.70.116 - - [31/Aug/2026:17:57:16 -0500] "GET /wp-login.php?redirect_to=https%3A%2F%2Fdevsite.motionave.com%2Fwp-admin%2Fnetwork%2F&reauth=1 HTTP/1.1" 200 9166 "-" "-"
85.204.70.116 - - [31/Aug/2026:17:57:17 -0500] "GET /wp-admin/user/ HTTP/1.1" 302 464 "-" "-"
85.204.70.116 - - [31/Aug/2026:17:57:18 -0500] "GET /wp-login.php?redirect_to=https%3A%2F%2Fdevsite.motionave.com%2Fwp-admin%2Fuser%2F&reauth=1 HTTP/1.1" 200 9163 "-" "-"
85.204.70.116 - - [31/Aug/2026:17:57:19 -0500] "GET /wp-content/ HTTP/1.1" 200 210 "-" "-"
85.204.70.116 - - [31/Aug/2026:17:57:19 -0500] "GET /wp-content/plugins/ HTTP/1.1" 200 210 "-" "-"
85.204.70.116 - - [31/Aug/2026:17:57:20 -0500] "GET /wp-content/themes/ HTTP/1.1" 200 210 "-" "-"
85.204.70.116 - - [31/Aug/2026:17:57:20 -0500] "GET /wp-admin/includes/ HTTP/1.1" 403 1068 "-" "-"
85.204.70.116 - - [31/Aug/2026:17:57:20 -0500] "GET /wp-admin/ HTTP/1.1" 302 457 "-" "-"
85.204.70.116 - - [31/Aug/2026:17:57:21 -0500] "GET /wp-login.php?redirect_to=https%3A%2F%2Fdevsite.motionave.com%2Fwp-admin%2F&reauth=1 HTTP/1.1" 200 9158 "-" "-"
85.204.70.116 - - [31/Aug/2026:17:57:22 -0500] "GET /wp-content/upgrade/ HTTP/1.1" 403 1068 "-" "-"
162.241.203.157 - - [31/Aug/2026:17:57:52 -0500] "GET /wp-login.php HTTP/1.1" 200 11781 "-" "Mozilla/5.0 (Windows NT 10.0; Win64; x64) AppleWebKit/537.36 (KHTML, like Gecko) Chrome/151.0.0.0 Safari/537.36"
162.241.203.157 - - [31/Aug/2026:17:57:53 -0500] "POST /wp-login.php HTTP/1.1" 200 7456 "https://devsite.motionave.com/wp-login.php" "Mozilla/5.0 (Windows NT 10.0; Win64; x64) AppleWebKit/537.36 (KHTML, like Gecko) Chrome/151.0.0.0 Safari/537.36"
57.141.4.21 - - [31/Aug/2026:18:04:23 -0500] "GET /marketing-updates-with-motion-ave-4/ HTTP/1.1" 404 5913 "-" "Mozilla/5.0 (Windows NT 10.0; Win64; x64) AppleWebKit/537.36 (KHTML, like Gecko) Chrome/145.0.0.0 Safari/537.36 (compatible; meta-externalagent/1.1 (+https://developers.facebook.com/docs/sharing/webmasters/crawler))"
207.244.250.86 - - [31/Aug/2026:18:04:30 -0500] "POST /wp-cron.php?doing_wp_cron=1788217470.8961110115051269531250 HTTP/1.1" 200 4887 "-" "WordPress/6.3.10; https://devsite.motionave.com"
20.75.217.68 - - [31/Aug/2026:18:04:27 -0500] "GET /wp-login.php HTTP/1.1" 200 11781 "-" "20.75.217.69"
20.75.217.68 - - [31/Aug/2026:18:04:31 -0500] "POST /wp-login.php HTTP/1.1" 200 7440 "https://devsite.motionave.com/wp-login.php" "20.75.217.69"
173.252.69.23 - - [31/Aug/2026:18:05:00 -0500] "GET /robots.txt HTTP/1.1" 404 5913 "-" "facebookexternalhit/1.1 (+http://www.facebook.com/externalhit_uatext.php)"
57.141.4.44 - - [31/Aug/2026:18:05:01 -0500] "GET /get-connected/twitter/p3/ HTTP/1.1" 404 5913 "-" "Mozilla/5.0 (Macintosh; Intel Mac OS X 10_15_7) AppleWebKit/537.36 (KHTML, like Gecko) Chrome/145.0.0.0 Safari/537.36 (compatible; meta-externalagent/1.1 (+https://developers.facebook.com/docs/sharing/webmasters/crawler))"
57.141.4.5 - - [31/Aug/2026:18:19:41 -0500] "GET /category/e-mail-marketing/ HTTP/1.1" 404 5913 "-" "Mozilla/5.0 (Windows NT 10.0; Win64; x64) AppleWebKit/537.36 (KHTML, like Gecko) Chrome/145.0.0.0 Safari/537.36 (compatible; meta-externalagent/1.1 (+https://developers.facebook.com/docs/sharing/webmasters/crawler))"
52.167.144.218 - - [31/Aug/2026:18:20:11 -0500] "GET /6-expert-tips-to-writing-ads-for-google-adwords/image9-5/ HTTP/1.1" 404 5890 "-" "Mozilla/5.0 AppleWebKit/537.36 (KHTML, like Gecko; compatible; bingbot/2.0; +http://www.bing.com/bingbot.htm) Chrome/116.0.1938.76 Safari/537.36"
57.141.4.64 - - [31/Aug/2026:18:22:36 -0500] "GET /marketing-strategies-cleaning-companies-during-coronavirus-outbreak/image2-16/ HTTP/1.1" 404 5913 "-" "Mozilla/5.0 (X11; Linux x86_64) AppleWebKit/537.36 (KHTML, like Gecko) Chrome/145.0.0.0 Safari/537.36 (compatible; meta-externalagent/1.1 (+https://developers.facebook.com/docs/sharing/webmasters/crawler))"
207.244.250.86 - - [31/Aug/2026:18:23:46 -0500] "POST /wp-cron.php?doing_wp_cron=1788218626.0569329261779785156250 HTTP/1.1" 200 4887 "-" "WordPress/6.3.10; https://devsite.motionave.com"
162.241.253.195 - - [31/Aug/2026:18:23:41 -0500] "GET /wp-login.php HTTP/1.1" 200 11781 "-" "Mozilla/5.0 (Windows NT 10.0; Win64; x64) AppleWebKit/537.36 (KHTML, like Gecko) Chrome/151.0.0.0 Safari/537.36"
162.241.253.195 - - [31/Aug/2026:18:23:46 -0500] "POST /wp-login.php HTTP/1.1" 200 7440 "https://devsite.motionave.com/wp-login.php" "Mozilla/5.0 (Windows NT 10.0; Win64; x64) AppleWebKit/537.36 (KHTML, like Gecko) Chrome/151.0.0.0 Safari/537.36"
207.244.250.86 - - [31/Aug/2026:18:28:42 -0500] "POST /wp-cron.php?doing_wp_cron=1788218922.8707458972930908203125 HTTP/1.1" 200 4887 "-" "WordPress/6.3.10; https://devsite.motionave.com"
69.57.162.82 - - [31/Aug/2026:18:28:39 -0500] "GET /wp-login.php HTTP/1.1" 200 11781 "-" "Mozilla/5.0 (Windows NT 10.0; Win64; x64) AppleWebKit/537.36 (KHTML, like Gecko) Chrome/151.0.0.0 Safari/537.36"
69.57.162.82 - - [31/Aug/2026:18:28:43 -0500] "POST /wp-login.php HTTP/1.1" 200 7436 "https://devsite.motionave.com/wp-login.php" "Mozilla/5.0 (Windows NT 10.0; Win64; x64) AppleWebKit/537.36 (KHTML, like Gecko) Chrome/151.0.0.0 Safari/537.36"
57.141.4.63 - - [31/Aug/2026:18:32:39 -0500] "GET /presidential-slogans-race-capturing-votes/presidential-slogans-the-race-for-capturing-votes-2/ HTTP/1.1" 404 5913 "-" "Mozilla/5.0 (Windows NT 10.0; Win64; x64) AppleWebKit/537.36 (KHTML, like Gecko) Chrome/145.0.0.0 Safari/537.36 (compatible; meta-externalagent/1.1 (+https://developers.facebook.com/docs/sharing/webmasters/crawler))"
207.244.250.86 - - [31/Aug/2026:18:35:52 -0500] "POST /wp-cron.php?doing_wp_cron=1788219352.7537720203399658203125 HTTP/1.1" 200 4887 "-" "WordPress/6.3.10; https://devsite.motionave.com"
168.144.30.105 - - [31/Aug/2026:18:35:48 -0500] "GET /wp-login.php HTTP/1.1" 200 11781 "-" "Mozilla/5.0 (Windows NT 10.0; Win64; x64) AppleWebKit/537.36 (KHTML, like Gecko) Chrome/151.0.0.0 Safari/537.36"
168.144.30.105 - - [31/Aug/2026:18:35:53 -0500] "POST /wp-login.php HTTP/1.1" 200 7456 "https://devsite.motionave.com/wp-login.php" "Mozilla/5.0 (Windows NT 10.0; Win64; x64) AppleWebKit/537.36 (KHTML, like Gecko) Chrome/151.0.0.0 Safari/537.36"
207.244.250.86 - - [31/Aug/2026:18:40:57 -0500] "POST /wp-cron.php?doing_wp_cron=1788219657.4971680641174316406250 HTTP/1.1" 200 4887 "-" "WordPress/6.3.10; https://devsite.motionave.com"
198.54.114.69 - - [31/Aug/2026:18:40:55 -0500] "GET /wp-login.php HTTP/1.1" 200 11781 "-" "Mozilla/5.0 (Windows NT 10.0; Win64; x64) AppleWebKit/537.36 (KHTML, like Gecko) Chrome/151.0.0.0 Safari/537.36"
198.54.114.69 - - [31/Aug/2026:18:40:57 -0500] "POST /wp-login.php HTTP/1.1" 200 7436 "https://devsite.motionave.com/wp-login.php" "Mozilla/5.0 (Windows NT 10.0; Win64; x64) AppleWebKit/537.36 (KHTML, like Gecko) Chrome/151.0.0.0 Safari/537.36"
162.241.2.240 - - [31/Aug/2026:18:42:45 -0500] "GET /wp-json/wp/v2/users/me HTTP/1.1" 404 5857 "-" "Mozilla/5.0 (Windows NT 10.0; Win64; x64) AppleWebKit/537.36 (KHTML, like Gecko) Chrome/151.0.0.0 Safari/537.36"
162.241.2.240 - - [31/Aug/2026:18:42:35 -0500] "GET /wp-login.php HTTP/1.1" 200 11781 "-" "Mozilla/5.0 (Windows NT 10.0; Win64; x64) AppleWebKit/537.36 (KHTML, like Gecko) Chrome/151.0.0.0 Safari/537.36"
207.244.250.86 - - [31/Aug/2026:18:44:08 -0500] "POST /wp-cron.php?doing_wp_cron=1788219848.6130039691925048828125 HTTP/1.1" 200 4887 "-" "WordPress/6.3.10; https://devsite.motionave.com"
162.241.2.240 - - [31/Aug/2026:18:44:05 -0500] "POST /wp-login.php HTTP/1.1" 200 7456 "https://devsite.motionave.com/wp-login.php" "Mozilla/5.0 (Windows NT 10.0; Win64; x64) AppleWebKit/537.36 (KHTML, like Gecko) Chrome/151.0.0.0 Safari/537.36"
57.141.4.4 - - [31/Aug/2026:18:44:11 -0500] "GET /15-essential-facebook-ads-strategies-for-ecommerce/ HTTP/1.1" 404 5913 "-" "Mozilla/5.0 (Windows NT 10.0; Win64; x64) AppleWebKit/537.36 (KHTML, like Gecko) Chrome/145.0.0.0 Safari/537.36 (compatible; meta-externalagent/1.1 (+https://developers.facebook.com/docs/sharing/webmasters/crawler))"
192.250.229.196 - - [31/Aug/2026:18:45:07 -0500] "GET /wp-login.php HTTP/1.1" 200 11781 "-" "192.250.229.196"
192.250.229.196 - - [31/Aug/2026:18:45:10 -0500] "POST /wp-login.php HTTP/1.1" 200 7440 "https://devsite.motionave.com/wp-login.php" "192.250.229.196"
20.48.251.3 - - [31/Aug/2026:18:51:24 -0500] "GET /wp-content/plugins/hellopress/wp_filemanager.php HTTP/1.1" 404 5842 "-" "-"
20.48.251.3 - - [31/Aug/2026:18:51:24 -0500] "GET /this_is_a_new_hello_world.php HTTP/1.1" 404 253 "-" "-"
20.48.251.3 - - [31/Aug/2026:18:51:25 -0500] "GET /xp.php HTTP/1.1" 404 253 "-" "-"
20.48.251.3 - - [31/Aug/2026:18:51:25 -0500] "GET /database.php HTTP/1.1" 404 253 "-" "-"
20.48.251.3 - - [31/Aug/2026:18:51:25 -0500] "GET /a33.php HTTP/1.1" 404 253 "-" "-"
20.48.251.3 - - [31/Aug/2026:18:51:25 -0500] "GET /debug.php HTTP/1.1" 404 253 "-" "-"
20.48.251.3 - - [31/Aug/2026:18:51:25 -0500] "GET /admin.php HTTP/1.1" 404 253 "-" "-"
207.244.250.86 - - [31/Aug/2026:19:00:18 -0500] "POST /wp-cron.php?doing_wp_cron=1788220818.3804159164428710937500 HTTP/1.1" 200 4887 "-" "WordPress/6.3.10; https://devsite.motionave.com"
138.68.158.60 - - [31/Aug/2026:19:00:14 -0500] "GET /wp-login.php HTTP/1.1" 200 11781 "-" "138.68.158.60"
57.141.4.70 - - [31/Aug/2026:19:01:32 -0500] "GET /zydo-case-study/image5-9/ HTTP/1.1" 404 5913 "-" "Mozilla/5.0 (Windows NT 10.0; Win64; x64) AppleWebKit/537.36 (KHTML, like Gecko) Chrome/145.0.0.0 Safari/537.36 (compatible; meta-externalagent/1.1 (+https://developers.facebook.com/docs/sharing/webmasters/crawler))"
57.141.4.22 - - [31/Aug/2026:19:08:54 -0500] "GET /part-2-guide-for-creating-initial-strategy-to-set-business-up-for-success/image1-15/ HTTP/1.1" 404 5913 "-" "Mozilla/5.0 (Windows NT 10.0; Win64; x64) AppleWebKit/537.36 (KHTML, like Gecko) Chrome/145.0.0.0 Safari/537.36 (compatible; meta-externalagent/1.1 (+https://developers.facebook.com/docs/sharing/webmasters/crawler))"
57.141.4.60 - - [31/Aug/2026:19:11:13 -0500] "GET /typography/ HTTP/1.1" 404 5913 "-" "Mozilla/5.0 (X11; Linux x86_64) AppleWebKit/537.36 (KHTML, like Gecko) Chrome/145.0.0.0 Safari/537.36 (compatible; meta-externalagent/1.1 (+https://developers.facebook.com/docs/sharing/webmasters/crawler))"
57.141.4.34 - - [31/Aug/2026:19:16:56 -0500] "GET /3764-2/ HTTP/1.1" 404 5913 "-" "Mozilla/5.0 (Windows NT 10.0; Win64; x64) AppleWebKit/537.36 (KHTML, like Gecko) Chrome/145.0.0.0 Safari/537.36 (compatible; meta-externalagent/1.1 (+https://developers.facebook.com/docs/sharing/webmasters/crawler))"
207.244.250.86 - - [31/Aug/2026:19:25:47 -0500] "POST /wp-cron.php?doing_wp_cron=1788222347.4008970260620117187500 HTTP/1.1" 200 4887 "-" "WordPress/6.3.10; https://devsite.motionave.com"
118.71.62.248 - - [31/Aug/2026:19:25:44 -0500] "GET /wp-login.php HTTP/1.1" 200 11781 "-" "118.71.62.248"
118.71.62.248 - - [31/Aug/2026:19:25:49 -0500] "POST /wp-login.php HTTP/1.1" 200 7440 "https://devsite.motionave.com/wp-login.php" "118.71.62.248"
207.244.250.86 - - [31/Aug/2026:19:32:03 -0500] "POST /wp-cron.php?doing_wp_cron=1788222723.3595860004425048828125 HTTP/1.1" 200 4887 "-" "WordPress/6.3.10; https://devsite.motionave.com"
95.217.124.130 - - [31/Aug/2026:19:32:00 -0500] "GET /wp-login.php HTTP/1.1" 200 11781 "-" "Mozilla/5.0 (Windows NT 10.0; Win64; x64) AppleWebKit/537.36 (KHTML, like Gecko) Chrome/151.0.0.0 Safari/537.36"
95.217.124.130 - - [31/Aug/2026:19:32:03 -0500] "POST /wp-login.php HTTP/1.1" 200 7440 "https://devsite.motionave.com/wp-login.php" "Mozilla/5.0 (Windows NT 10.0; Win64; x64) AppleWebKit/537.36 (KHTML, like Gecko) Chrome/151.0.0.0 Safari/537.36"
207.244.250.86 - - [31/Aug/2026:19:35:14 -0500] "POST /wp-cron.php?doing_wp_cron=1788222914.6846001148223876953125 HTTP/1.1" 200 4887 "-" "WordPress/6.3.10; https://devsite.motionave.com"
109.236.48.208 - - [31/Aug/2026:19:35:11 -0500] "GET /wp-login.php HTTP/1.1" 200 11781 "-" "Mozilla/5.0 (Windows NT 10.0; Win64; x64) AppleWebKit/537.36 (KHTML, like Gecko) Chrome/151.0.0.0 Safari/537.36"
109.236.48.208 - - [31/Aug/2026:19:35:15 -0500] "POST /wp-login.php HTTP/1.1" 200 7456 "https://devsite.motionave.com/wp-login.php" "Mozilla/5.0 (Windows NT 10.0; Win64; x64) AppleWebKit/537.36 (KHTML, like Gecko) Chrome/151.0.0.0 Safari/537.36"
192.185.179.137 - - [31/Aug/2026:19:35:41 -0500] "GET /wp-login.php HTTP/1.1" 200 11781 "-" "Mozilla/5.0 (Windows NT 10.0; Win64; x64) AppleWebKit/537.36 (KHTML, like Gecko) Chrome/151.0.0.0 Safari/537.36"
192.185.179.137 - - [31/Aug/2026:19:35:42 -0500] "POST /wp-login.php HTTP/1.1" 200 7436 "https://devsite.motionave.com/wp-login.php" "Mozilla/5.0 (Windows NT 10.0; Win64; x64) AppleWebKit/537.36 (KHTML, like Gecko) Chrome/151.0.0.0 Safari/537.36"
57.141.4.15 - - [31/Aug/2026:19:42:22 -0500] "GET /how-content-marketing-back-to-school-3/ HTTP/1.1" 404 5913 "-" "Mozilla/5.0 (Macintosh; Intel Mac OS X 10_15_7) AppleWebKit/537.36 (KHTML, like Gecko) Chrome/145.0.0.0 Safari/537.36 (compatible; meta-externalagent/1.1 (+https://developers.facebook.com/docs/sharing/webmasters/crawler))"
57.141.4.52 - - [31/Aug/2026:19:42:37 -0500] "GET /need-a-map-for-rebranding-follow-these-five-key-steps/ HTTP/1.1" 404 5913 "-" "Mozilla/5.0 (Macintosh; Intel Mac OS X 10_15_7) AppleWebKit/537.36 (KHTML, like Gecko) Chrome/145.0.0.0 Safari/537.36 (compatible; meta-externalagent/1.1 (+https://developers.facebook.com/docs/sharing/webmasters/crawler))"
57.141.4.15 - - [31/Aug/2026:19:43:51 -0500] "GET /how-content-marketing-back-to-school/ HTTP/1.1" 404 5913 "-" "Mozilla/5.0 (Windows NT 10.0; Win64; x64) AppleWebKit/537.36 (KHTML, like Gecko) Chrome/145.0.0.0 Safari/537.36 (compatible; meta-externalagent/1.1 (+https://developers.facebook.com/docs/sharing/webmasters/crawler))"
