50.6.200.195 - - [01/Sep/2026:19:29:43 -0500] "GET /wp-login.php HTTP/1.1" 200 11781 "-" "Mozilla/5.0 (Windows NT 10.0; Win64; x64) AppleWebKit/537.36 (KHTML, like Gecko) Chrome/151.0.0.0 Safari/537.36"
50.6.200.195 - - [01/Sep/2026:19:29:45 -0500] "POST /wp-login.php HTTP/1.1" 200 7450 "https://devsite.motionave.com/wp-login.php" "Mozilla/5.0 (Windows NT 10.0; Win64; x64) AppleWebKit/537.36 (KHTML, like Gecko) Chrome/151.0.0.0 Safari/537.36"
57.141.4.15 - - [01/Sep/2026:19:32:01 -0500] "GET /5-ways-you-can-use-chatbots-in-your-marketing-strategy/image3-4/ HTTP/1.1" 404 5913 "-" "Mozilla/5.0 (Windows NT 10.0; Win64; x64) AppleWebKit/537.36 (KHTML, like Gecko) Chrome/145.0.0.0 Safari/537.36 (compatible; meta-externalagent/1.1 (+https://developers.facebook.com/docs/sharing/webmasters/crawler))"
198.235.24.39 - - [01/Sep/2026:19:34:11 -0500] "GET /shell HTTP/1.1" 404 5631 "-" "Hello from Palo Alto Networks, find out more about our scans in https://docs-cortex.paloaltonetworks.com/r/1/Cortex-Xpanse/Scanning-activity"
207.244.250.86 - - [01/Sep/2026:19:34:25 -0500] "POST /wp-cron.php?doing_wp_cron=1788309265.6874580383300781250000 HTTP/1.1" 200 4887 "-" "WordPress/6.3.10; https://devsite.motionave.com"
50.6.200.195 - - [01/Sep/2026:19:34:23 -0500] "GET /wp-login.php HTTP/1.1" 200 11781 "-" "Mozilla/5.0 (Windows NT 10.0; Win64; x64) AppleWebKit/537.36 (KHTML, like Gecko) Chrome/151.0.0.0 Safari/537.36"
50.6.200.195 - - [01/Sep/2026:19:34:25 -0500] "POST /wp-login.php HTTP/1.1" 200 7452 "https://devsite.motionave.com/wp-login.php" "Mozilla/5.0 (Windows NT 10.0; Win64; x64) AppleWebKit/537.36 (KHTML, like Gecko) Chrome/151.0.0.0 Safari/537.36"
162.144.3.250 - - [01/Sep/2026:19:36:13 -0500] "GET /wp-login.php HTTP/1.1" 200 11781 "-" "Mozilla/5.0 (Windows NT 10.0; Win64; x64) AppleWebKit/537.36 (KHTML, like Gecko) Chrome/151.0.0.0 Safari/537.36"
162.144.3.250 - - [01/Sep/2026:19:36:15 -0500] "POST /wp-login.php HTTP/1.1" 200 7436 "https://devsite.motionave.com/wp-login.php" "Mozilla/5.0 (Windows NT 10.0; Win64; x64) AppleWebKit/537.36 (KHTML, like Gecko) Chrome/151.0.0.0 Safari/537.36"
135.236.141.8 - - [01/Sep/2026:19:36:25 -0500] "GET /wp-login.php HTTP/1.1" 200 11781 "-" "Mozilla/5.0 (Windows NT 10.0; Win64; x64) AppleWebKit/537.36 (KHTML, like Gecko) Chrome/151.0.0.0 Safari/537.36"
135.236.141.8 - - [01/Sep/2026:19:36:26 -0500] "POST /wp-login.php HTTP/1.1" 200 7436 "https://devsite.motionave.com/wp-login.php" "Mozilla/5.0 (Windows NT 10.0; Win64; x64) AppleWebKit/537.36 (KHTML, like Gecko) Chrome/151.0.0.0 Safari/537.36"
50.6.207.27 - - [01/Sep/2026:19:37:12 -0500] "GET /wp-login.php HTTP/1.1" 200 11781 "-" "Mozilla/5.0 (Windows NT 10.0; Win64; x64) AppleWebKit/537.36 (KHTML, like Gecko) Chrome/151.0.0.0 Safari/537.36"
50.6.207.27 - - [01/Sep/2026:19:37:14 -0500] "POST /wp-login.php HTTP/1.1" 200 7450 "https://devsite.motionave.com/wp-login.php" "Mozilla/5.0 (Windows NT 10.0; Win64; x64) AppleWebKit/537.36 (KHTML, like Gecko) Chrome/151.0.0.0 Safari/537.36"
207.244.250.86 - - [01/Sep/2026:19:38:36 -0500] "POST /wp-cron.php?doing_wp_cron=1788309516.1394779682159423828125 HTTP/1.1" 200 4887 "-" "WordPress/6.3.10; https://devsite.motionave.com"
103.101.58.128 - - [01/Sep/2026:19:38:33 -0500] "GET /wp-login.php HTTP/1.1" 200 11781 "-" "Mozilla/5.0 (Windows NT 10.0; Win64; x64) AppleWebKit/537.36 (KHTML, like Gecko) Chrome/151.0.0.0 Safari/537.36"
103.101.58.128 - - [01/Sep/2026:19:38:36 -0500] "POST /wp-login.php HTTP/1.1" 200 7450 "https://devsite.motionave.com/wp-login.php" "Mozilla/5.0 (Windows NT 10.0; Win64; x64) AppleWebKit/537.36 (KHTML, like Gecko) Chrome/151.0.0.0 Safari/537.36"
57.141.4.50 - - [01/Sep/2026:19:39:11 -0500] "GET /why-you-need-to-think-seriously-about-how-to-approach-the-hispanic-market-0/bpost_img_1/ HTTP/1.1" 404 5913 "-" "Mozilla/5.0 (Windows NT 10.0; Win64; x64) AppleWebKit/537.36 (KHTML, like Gecko) Chrome/145.0.0.0 Safari/537.36 (compatible; meta-externalagent/1.1 (+https://developers.facebook.com/docs/sharing/webmasters/crawler))"
207.244.250.86 - - [01/Sep/2026:19:39:48 -0500] "POST /wp-cron.php?doing_wp_cron=1788309588.0586330890655517578125 HTTP/1.1" 200 4887 "-" "WordPress/6.3.10; https://devsite.motionave.com"
50.6.160.110 - - [01/Sep/2026:19:39:46 -0500] "GET /wp-login.php HTTP/1.1" 200 11781 "-" "Mozilla/5.0 (Windows NT 10.0; Win64; x64) AppleWebKit/537.36 (KHTML, like Gecko) Chrome/151.0.0.0 Safari/537.36"
50.6.160.110 - - [01/Sep/2026:19:39:48 -0500] "POST /wp-login.php HTTP/1.1" 200 7456 "https://devsite.motionave.com/wp-login.php" "Mozilla/5.0 (Windows NT 10.0; Win64; x64) AppleWebKit/537.36 (KHTML, like Gecko) Chrome/151.0.0.0 Safari/537.36"
66.29.153.181 - - [01/Sep/2026:19:40:06 -0500] "GET /wp-login.php HTTP/1.1" 200 11781 "-" "Mozilla/5.0 (Windows NT 10.0; Win64; x64) AppleWebKit/537.36 (KHTML, like Gecko) Chrome/151.0.0.0 Safari/537.36"
66.29.153.181 - - [01/Sep/2026:19:40:08 -0500] "POST /wp-login.php HTTP/1.1" 200 7450 "https://devsite.motionave.com/wp-login.php" "Mozilla/5.0 (Windows NT 10.0; Win64; x64) AppleWebKit/537.36 (KHTML, like Gecko) Chrome/151.0.0.0 Safari/537.36"
209.42.18.223 - - [01/Sep/2026:19:41:49 -0500] "GET /wp-login.php HTTP/1.1" 200 11781 "-" "Mozilla/5.0 (Windows NT 10.0; Win64; x64) AppleWebKit/537.36 (KHTML, like Gecko) Chrome/151.0.0.0 Safari/537.36"
209.42.18.223 - - [01/Sep/2026:19:41:52 -0500] "POST /wp-login.php HTTP/1.1" 200 7452 "https://devsite.motionave.com/wp-login.php" "Mozilla/5.0 (Windows NT 10.0; Win64; x64) AppleWebKit/537.36 (KHTML, like Gecko) Chrome/151.0.0.0 Safari/537.36"
207.244.250.86 - - [01/Sep/2026:19:42:43 -0500] "POST /wp-cron.php?doing_wp_cron=1788309763.3052420616149902343750 HTTP/1.1" 200 4887 "-" "WordPress/6.3.10; https://devsite.motionave.com"
50.6.200.195 - - [01/Sep/2026:19:42:41 -0500] "GET /wp-login.php HTTP/1.1" 200 11781 "-" "Mozilla/5.0 (Windows NT 10.0; Win64; x64) AppleWebKit/537.36 (KHTML, like Gecko) Chrome/151.0.0.0 Safari/537.36"
50.6.200.195 - - [01/Sep/2026:19:42:43 -0500] "POST /wp-login.php HTTP/1.1" 200 7440 "https://devsite.motionave.com/wp-login.php" "Mozilla/5.0 (Windows NT 10.0; Win64; x64) AppleWebKit/537.36 (KHTML, like Gecko) Chrome/151.0.0.0 Safari/537.36"
207.244.250.86 - - [01/Sep/2026:19:42:44 -0500] "GET / HTTP/1.1" 200 245719 "-" "WordPress/6.3.10; https://devsite.motionave.com"
207.244.250.86 - - [01/Sep/2026:19:45:21 -0500] "POST /wp-cron.php?doing_wp_cron=1788309920.9856460094451904296875 HTTP/1.1" 200 4887 "-" "WordPress/6.3.10; https://devsite.motionave.com"
129.121.65.255 - - [01/Sep/2026:19:45:17 -0500] "GET /wp-login.php HTTP/1.1" 200 11781 "-" "Mozilla/5.0 (Windows NT 10.0; Win64; x64) AppleWebKit/537.36 (KHTML, like Gecko) Chrome/151.0.0.0 Safari/537.36"
129.121.65.255 - - [01/Sep/2026:19:45:21 -0500] "POST /wp-login.php HTTP/1.1" 200 7456 "https://devsite.motionave.com/wp-login.php" "Mozilla/5.0 (Windows NT 10.0; Win64; x64) AppleWebKit/537.36 (KHTML, like Gecko) Chrome/151.0.0.0 Safari/537.36"
57.141.4.43 - - [01/Sep/2026:19:46:01 -0500] "GET /marketing-updates-with-motion-ave-24/ HTTP/1.1" 404 5913 "-" "Mozilla/5.0 (Windows NT 10.0; Win64; x64) AppleWebKit/537.36 (KHTML, like Gecko) Chrome/145.0.0.0 Safari/537.36 (compatible; meta-externalagent/1.1 (+https://developers.facebook.com/docs/sharing/webmasters/crawler))"
207.244.250.86 - - [01/Sep/2026:19:58:54 -0500] "POST /wp-cron.php?doing_wp_cron=1788310734.3785259723663330078125 HTTP/1.1" 200 4887 "-" "WordPress/6.3.10; https://devsite.motionave.com"
97.74.87.194 - - [01/Sep/2026:19:58:51 -0500] "GET /wp-login.php HTTP/1.1" 200 11781 "-" "Mozilla/5.0 (Windows NT 10.0; Win64; x64) AppleWebKit/537.36 (KHTML, like Gecko) Chrome/151.0.0.0 Safari/537.36"
57.141.4.15 - - [01/Sep/2026:19:58:54 -0500] "GET /5-game-changers-instagram-marketing-trends-2019/ HTTP/1.1" 404 5913 "-" "Mozilla/5.0 (Macintosh; Intel Mac OS X 10_15_7) AppleWebKit/537.36 (KHTML, like Gecko) Chrome/145.0.0.0 Safari/537.36 (compatible; meta-externalagent/1.1 (+https://developers.facebook.com/docs/sharing/webmasters/crawler))"
97.74.87.194 - - [01/Sep/2026:19:58:54 -0500] "POST /wp-login.php HTTP/1.1" 200 7436 "https://devsite.motionave.com/wp-login.php" "Mozilla/5.0 (Windows NT 10.0; Win64; x64) AppleWebKit/537.36 (KHTML, like Gecko) Chrome/151.0.0.0 Safari/537.36"
173.252.87.12 - - [01/Sep/2026:19:59:01 -0500] "GET /robots.txt HTTP/1.1" 404 5913 "-" "facebookexternalhit/1.1 (+http://www.facebook.com/externalhit_uatext.php)"
173.252.70.6 - - [01/Sep/2026:19:59:03 -0500] "GET /category/digital-marketing/ HTTP/1.1" 404 5913 "-" "Mozilla/5.0 (Windows NT 10.0; Win64; x64) AppleWebKit/537.36 (KHTML, like Gecko) Chrome/145.0.0.0 Safari/537.36 (compatible; meta-webindexer/1.1 (+https://developers.facebook.com/docs/sharing/webmasters/crawler))"
129.121.74.194 - - [01/Sep/2026:19:59:39 -0500] "GET /wp-login.php HTTP/1.1" 200 11781 "-" "Mozilla/5.0 (Windows NT 10.0; Win64; x64) AppleWebKit/537.36 (KHTML, like Gecko) Chrome/151.0.0.0 Safari/537.36"
129.121.74.194 - - [01/Sep/2026:19:59:41 -0500] "POST /wp-login.php HTTP/1.1" 200 7456 "https://devsite.motionave.com/wp-login.php" "Mozilla/5.0 (Windows NT 10.0; Win64; x64) AppleWebKit/537.36 (KHTML, like Gecko) Chrome/151.0.0.0 Safari/537.36"
207.244.250.86 - - [01/Sep/2026:20:04:51 -0500] "POST /wp-cron.php?doing_wp_cron=1788311091.7632761001586914062500 HTTP/1.1" 200 4887 "-" "WordPress/6.3.10; https://devsite.motionave.com"
66.29.141.155 - - [01/Sep/2026:20:04:49 -0500] "GET /wp-login.php HTTP/1.1" 200 11781 "-" "Mozilla/5.0 (Windows NT 10.0; Win64; x64) AppleWebKit/537.36 (KHTML, like Gecko) Chrome/151.0.0.0 Safari/537.36"
207.244.250.86 - - [01/Sep/2026:20:12:15 -0500] "POST /wp-cron.php?doing_wp_cron=1788311535.2786428928375244140625 HTTP/1.1" 200 4887 "-" "WordPress/6.3.10; https://devsite.motionave.com"
66.29.146.85 - - [01/Sep/2026:20:12:12 -0500] "GET /wp-login.php HTTP/1.1" 200 11781 "-" "Mozilla/5.0 (Windows NT 10.0; Win64; x64) AppleWebKit/537.36 (KHTML, like Gecko) Chrome/151.0.0.0 Safari/537.36"
66.29.146.85 - - [01/Sep/2026:20:12:15 -0500] "POST /wp-login.php HTTP/1.1" 200 7452 "https://devsite.motionave.com/wp-login.php" "Mozilla/5.0 (Windows NT 10.0; Win64; x64) AppleWebKit/537.36 (KHTML, like Gecko) Chrome/151.0.0.0 Safari/537.36"
192.185.176.178 - - [01/Sep/2026:20:12:21 -0500] "GET /wp-login.php HTTP/1.1" 200 11781 "-" "Mozilla/5.0 (Windows NT 10.0; Win64; x64) AppleWebKit/537.36 (KHTML, like Gecko) Chrome/151.0.0.0 Safari/537.36"
192.185.176.178 - - [01/Sep/2026:20:12:22 -0500] "POST /wp-login.php HTTP/1.1" 200 7450 "https://devsite.motionave.com/wp-login.php" "Mozilla/5.0 (Windows NT 10.0; Win64; x64) AppleWebKit/537.36 (KHTML, like Gecko) Chrome/151.0.0.0 Safari/537.36"
207.244.250.86 - - [01/Sep/2026:20:14:54 -0500] "POST /wp-cron.php?doing_wp_cron=1788311694.3674800395965576171875 HTTP/1.1" 200 4887 "-" "WordPress/6.3.10; https://devsite.motionave.com"
198.57.247.188 - - [01/Sep/2026:20:14:52 -0500] "GET /wp-login.php HTTP/1.1" 200 11781 "-" "Mozilla/5.0 (Windows NT 10.0; Win64; x64) AppleWebKit/537.36 (KHTML, like Gecko) Chrome/151.0.0.0 Safari/537.36"
198.57.247.188 - - [01/Sep/2026:20:14:54 -0500] "POST /wp-login.php HTTP/1.1" 200 7440 "https://devsite.motionave.com/wp-login.php" "Mozilla/5.0 (Windows NT 10.0; Win64; x64) AppleWebKit/537.36 (KHTML, like Gecko) Chrome/151.0.0.0 Safari/537.36"
50.6.207.27 - - [01/Sep/2026:20:16:08 -0500] "GET /wp-login.php HTTP/1.1" 200 11781 "-" "Mozilla/5.0 (Windows NT 10.0; Win64; x64) AppleWebKit/537.36 (KHTML, like Gecko) Chrome/151.0.0.0 Safari/537.36"
50.6.207.27 - - [01/Sep/2026:20:16:11 -0500] "POST /wp-login.php HTTP/1.1" 200 7436 "https://devsite.motionave.com/wp-login.php" "Mozilla/5.0 (Windows NT 10.0; Win64; x64) AppleWebKit/537.36 (KHTML, like Gecko) Chrome/151.0.0.0 Safari/537.36"
57.141.4.19 - - [01/Sep/2026:20:17:08 -0500] "GET /3-fundamental-facebook-ads-strategies-for-ecommerce-you-need-to-know/ HTTP/1.1" 404 5913 "-" "Mozilla/5.0 (Windows NT 10.0; Win64; x64) AppleWebKit/537.36 (KHTML, like Gecko) Chrome/145.0.0.0 Safari/537.36 (compatible; meta-externalagent/1.1 (+https://developers.facebook.com/docs/sharing/webmasters/crawler))"
207.244.250.86 - - [01/Sep/2026:20:19:43 -0500] "POST /wp-cron.php?doing_wp_cron=1788311983.2010939121246337890625 HTTP/1.1" 200 4887 "-" "WordPress/6.3.10; https://devsite.motionave.com"
50.116.87.215 - - [01/Sep/2026:20:19:40 -0500] "GET /wp-login.php HTTP/1.1" 200 11781 "-" "Mozilla/5.0 (Windows NT 10.0; Win64; x64) AppleWebKit/537.36 (KHTML, like Gecko) Chrome/151.0.0.0 Safari/537.36"
50.116.87.215 - - [01/Sep/2026:20:19:43 -0500] "POST /wp-login.php HTTP/1.1" 200 7450 "https://devsite.motionave.com/wp-login.php" "Mozilla/5.0 (Windows NT 10.0; Win64; x64) AppleWebKit/537.36 (KHTML, like Gecko) Chrome/151.0.0.0 Safari/537.36"
20.75.217.64 - - [01/Sep/2026:20:23:21 -0500] "GET /wp-login.php HTTP/1.1" 200 11781 "-" "Mozilla/5.0 (Windows NT 10.0; Win64; x64) AppleWebKit/537.36 (KHTML, like Gecko) Chrome/151.0.0.0 Safari/537.36"
20.75.217.64 - - [01/Sep/2026:20:23:24 -0500] "POST /wp-login.php HTTP/1.1" 200 7436 "https://devsite.motionave.com/wp-login.php" "Mozilla/5.0 (Windows NT 10.0; Win64; x64) AppleWebKit/537.36 (KHTML, like Gecko) Chrome/151.0.0.0 Safari/537.36"
52.167.144.63 - - [01/Sep/2026:20:26:25 -0500] "GET /robots.txt HTTP/1.1" 404 5946 "-" "Mozilla/5.0 AppleWebKit/537.36 (KHTML, like Gecko; compatible; bingbot/2.0; +http://www.bing.com/bingbot.htm) Chrome/116.0.1938.76 Safari/537.36"
52.167.144.188 - - [01/Sep/2026:20:26:38 -0500] "GET /four-ways-master-customer-service-brand/microsoft-helps-four-ways-to-master-customer-service-for-our-brand/ HTTP/1.1" 404 5890 "-" "Mozilla/5.0 AppleWebKit/537.36 (KHTML, like Gecko; compatible; bingbot/2.0; +http://www.bing.com/bingbot.htm) Chrome/116.0.1938.76 Safari/537.36"
207.244.250.86 - - [01/Sep/2026:20:34:08 -0500] "POST /wp-cron.php?doing_wp_cron=1788312847.8218090534210205078125 HTTP/1.1" 200 4887 "-" "WordPress/6.3.10; https://devsite.motionave.com"
198.187.31.117 - - [01/Sep/2026:20:34:04 -0500] "GET /wp-login.php HTTP/1.1" 200 11781 "-" "Mozilla/5.0 (Windows NT 10.0; Win64; x64) AppleWebKit/537.36 (KHTML, like Gecko) Chrome/151.0.0.0 Safari/537.36"
198.187.31.117 - - [01/Sep/2026:20:34:08 -0500] "POST /wp-login.php HTTP/1.1" 200 7456 "https://devsite.motionave.com/wp-login.php" "Mozilla/5.0 (Windows NT 10.0; Win64; x64) AppleWebKit/537.36 (KHTML, like Gecko) Chrome/151.0.0.0 Safari/537.36"
57.141.4.55 - - [01/Sep/2026:20:34:56 -0500] "GET /how-to-build-strong-customer-relationship/ HTTP/1.1" 404 5913 "-" "Mozilla/5.0 (Windows NT 10.0; Win64; x64) AppleWebKit/537.36 (KHTML, like Gecko) Chrome/145.0.0.0 Safari/537.36 Edg/145.0.0.0 (compatible; meta-externalagent/1.1 (+https://developers.facebook.com/docs/sharing/webmasters/crawler))"
50.6.200.195 - - [01/Sep/2026:20:35:47 -0500] "GET /wp-login.php HTTP/1.1" 200 11781 "-" "Mozilla/5.0 (Windows NT 10.0; Win64; x64) AppleWebKit/537.36 (KHTML, like Gecko) Chrome/151.0.0.0 Safari/537.36"
50.6.200.195 - - [01/Sep/2026:20:35:51 -0500] "POST /wp-login.php HTTP/1.1" 200 7440 "https://devsite.motionave.com/wp-login.php" "Mozilla/5.0 (Windows NT 10.0; Win64; x64) AppleWebKit/537.36 (KHTML, like Gecko) Chrome/151.0.0.0 Safari/537.36"
162.241.2.94 - - [01/Sep/2026:20:35:58 -0500] "GET /wp-login.php HTTP/1.1" 200 11781 "-" "Mozilla/5.0 (Windows NT 10.0; Win64; x64) AppleWebKit/537.36 (KHTML, like Gecko) Chrome/151.0.0.0 Safari/537.36"
162.241.2.94 - - [01/Sep/2026:20:35:59 -0500] "POST /wp-login.php HTTP/1.1" 200 7450 "https://devsite.motionave.com/wp-login.php" "Mozilla/5.0 (Windows NT 10.0; Win64; x64) AppleWebKit/537.36 (KHTML, like Gecko) Chrome/151.0.0.0 Safari/537.36"
66.132.172.194 - - [01/Sep/2026:20:36:39 -0500] "GET / HTTP/1.1" 200 245682 "-" "Mozilla/5.0 (compatible; CensysInspect/1.1; +https://about.censys.io/)"
66.132.172.194 - - [01/Sep/2026:20:36:53 -0500] "GET /wp-content/uploads/2016/04/favicon-ico.png HTTP/1.1" 200 5185 "-" "Mozilla/5.0 (compatible; CensysInspect/1.1; +https://about.censys.io/)"
207.244.250.86 - - [01/Sep/2026:20:39:21 -0500] "POST /wp-cron.php?doing_wp_cron=1788313161.5700659751892089843750 HTTP/1.1" 200 4887 "-" "WordPress/6.3.10; https://devsite.motionave.com"
129.121.74.194 - - [01/Sep/2026:20:39:19 -0500] "GET /wp-login.php HTTP/1.1" 200 11781 "-" "Mozilla/5.0 (Windows NT 10.0; Win64; x64) AppleWebKit/537.36 (KHTML, like Gecko) Chrome/151.0.0.0 Safari/537.36"
129.121.74.194 - - [01/Sep/2026:20:39:21 -0500] "POST /wp-login.php HTTP/1.1" 200 7452 "https://devsite.motionave.com/wp-login.php" "Mozilla/5.0 (Windows NT 10.0; Win64; x64) AppleWebKit/537.36 (KHTML, like Gecko) Chrome/151.0.0.0 Safari/537.36"
66.132.172.194 - - [01/Sep/2026:20:39:34 -0500] "GET /wp-json/?_fields=name,description,home,gmt_offset,timezone_string,namespaces HTTP/1.1" 404 5627 "-" "Mozilla/5.0 (compatible; CensysInspect/1.1; +https://about.censys.io/)"
66.132.172.194 - - [01/Sep/2026:20:39:45 -0500] "GET / HTTP/1.1" 301 5012 "-" "Mozilla/5.0 (compatible; CensysInspect/1.1; +https://about.censys.io/)"
50.6.160.110 - - [01/Sep/2026:20:42:55 -0500] "GET /wp-login.php HTTP/1.1" 200 11781 "-" "Mozilla/5.0 (Windows NT 10.0; Win64; x64) AppleWebKit/537.36 (KHTML, like Gecko) Chrome/151.0.0.0 Safari/537.36"
50.6.160.110 - - [01/Sep/2026:20:42:56 -0500] "POST /wp-login.php HTTP/1.1" 200 7452 "https://devsite.motionave.com/wp-login.php" "Mozilla/5.0 (Windows NT 10.0; Win64; x64) AppleWebKit/537.36 (KHTML, like Gecko) Chrome/151.0.0.0 Safari/537.36"
50.6.160.110 - - [01/Sep/2026:20:43:26 -0500] "GET /wp-login.php HTTP/1.1" 200 11781 "-" "Mozilla/5.0 (Windows NT 10.0; Win64; x64) AppleWebKit/537.36 (KHTML, like Gecko) Chrome/151.0.0.0 Safari/537.36"
50.6.160.110 - - [01/Sep/2026:20:43:28 -0500] "POST /wp-login.php HTTP/1.1" 200 7456 "https://devsite.motionave.com/wp-login.php" "Mozilla/5.0 (Windows NT 10.0; Win64; x64) AppleWebKit/537.36 (KHTML, like Gecko) Chrome/151.0.0.0 Safari/537.36"
57.141.4.46 - - [01/Sep/2026:20:43:59 -0500] "GET / HTTP/1.1" 200 245968 "-" "Mozilla/5.0 (Windows NT 10.0; Win64; x64) AppleWebKit/537.36 (KHTML, like Gecko) Chrome/145.0.0.0 Safari/537.36 (compatible; meta-externalagent/1.1 (+https://developers.facebook.com/docs/sharing/webmasters/crawler))"
207.244.250.86 - - [01/Sep/2026:20:43:59 -0500] "POST /wp-cron.php?doing_wp_cron=1788313439.6105790138244628906250 HTTP/1.1" 200 4887 "-" "WordPress/6.3.10; https://devsite.motionave.com"
207.244.250.86 - - [01/Sep/2026:20:50:59 -0500] "POST /wp-cron.php?doing_wp_cron=1788313859.6280019283294677734375 HTTP/1.1" 200 4887 "-" "WordPress/6.3.10; https://devsite.motionave.com"
50.6.160.110 - - [01/Sep/2026:20:50:57 -0500] "GET /wp-login.php HTTP/1.1" 200 11781 "-" "Mozilla/5.0 (Windows NT 10.0; Win64; x64) AppleWebKit/537.36 (KHTML, like Gecko) Chrome/151.0.0.0 Safari/537.36"
50.6.160.110 - - [01/Sep/2026:20:50:59 -0500] "POST /wp-login.php HTTP/1.1" 200 7450 "https://devsite.motionave.com/wp-login.php" "Mozilla/5.0 (Windows NT 10.0; Win64; x64) AppleWebKit/537.36 (KHTML, like Gecko) Chrome/151.0.0.0 Safari/537.36"
69.16.218.67 - - [01/Sep/2026:20:52:25 -0500] "GET /wp-login.php HTTP/1.1" 200 11781 "-" "Mozilla/5.0 (Windows NT 10.0; Win64; x64) AppleWebKit/537.36 (KHTML, like Gecko) Chrome/151.0.0.0 Safari/537.36"
69.16.218.67 - - [01/Sep/2026:20:52:27 -0500] "POST /wp-login.php HTTP/1.1" 200 7452 "https://devsite.motionave.com/wp-login.php" "Mozilla/5.0 (Windows NT 10.0; Win64; x64) AppleWebKit/537.36 (KHTML, like Gecko) Chrome/151.0.0.0 Safari/537.36"
57.141.4.31 - - [01/Sep/2026:20:53:24 -0500] "GET /sem-or-facebook-ads-where-to-put-your-money/ HTTP/1.1" 404 5913 "-" "Mozilla/5.0 (Windows NT 10.0; Win64; x64) AppleWebKit/537.36 (KHTML, like Gecko) Chrome/145.0.0.0 Safari/537.36 Edg/145.0.0.0 (compatible; meta-externalagent/1.1 (+https://developers.facebook.com/docs/sharing/webmasters/crawler))"
207.244.250.86 - - [01/Sep/2026:20:54:19 -0500] "POST /wp-cron.php?doing_wp_cron=1788314059.5195889472961425781250 HTTP/1.1" 200 4887 "-" "WordPress/6.3.10; https://devsite.motionave.com"
50.116.87.215 - - [01/Sep/2026:20:54:17 -0500] "GET /wp-login.php HTTP/1.1" 200 11781 "-" "Mozilla/5.0 (Windows NT 10.0; Win64; x64) AppleWebKit/537.36 (KHTML, like Gecko) Chrome/151.0.0.0 Safari/537.36"
50.116.87.215 - - [01/Sep/2026:20:54:19 -0500] "POST /wp-login.php HTTP/1.1" 200 7456 "https://devsite.motionave.com/wp-login.php" "Mozilla/5.0 (Windows NT 10.0; Win64; x64) AppleWebKit/537.36 (KHTML, like Gecko) Chrome/151.0.0.0 Safari/537.36"
162.241.244.118 - - [01/Sep/2026:20:55:13 -0500] "GET /wp-login.php HTTP/1.1" 200 11781 "-" "Mozilla/5.0 (Windows NT 10.0; Win64; x64) AppleWebKit/537.36 (KHTML, like Gecko) Chrome/151.0.0.0 Safari/537.36"
162.241.244.118 - - [01/Sep/2026:20:55:16 -0500] "POST /wp-login.php HTTP/1.1" 200 7436 "https://devsite.motionave.com/wp-login.php" "Mozilla/5.0 (Windows NT 10.0; Win64; x64) AppleWebKit/537.36 (KHTML, like Gecko) Chrome/151.0.0.0 Safari/537.36"
207.244.250.86 - - [01/Sep/2026:20:58:41 -0500] "POST /wp-cron.php?doing_wp_cron=1788314321.7764298915863037109375 HTTP/1.1" 200 4887 "-" "WordPress/6.3.10; https://devsite.motionave.com"
50.6.200.195 - - [01/Sep/2026:20:58:40 -0500] "GET /wp-login.php HTTP/1.1" 200 11781 "-" "Mozilla/5.0 (Windows NT 10.0; Win64; x64) AppleWebKit/537.36 (KHTML, like Gecko) Chrome/151.0.0.0 Safari/537.36"
50.6.200.195 - - [01/Sep/2026:20:58:41 -0500] "POST /wp-login.php HTTP/1.1" 200 7452 "https://devsite.motionave.com/wp-login.php" "Mozilla/5.0 (Windows NT 10.0; Win64; x64) AppleWebKit/537.36 (KHTML, like Gecko) Chrome/151.0.0.0 Safari/537.36"
69.6.213.102 - - [01/Sep/2026:21:00:10 -0500] "GET /wp-login.php HTTP/1.1" 200 11781 "-" "Mozilla/5.0 (Windows NT 10.0; Win64; x64) AppleWebKit/537.36 (KHTML, like Gecko) Chrome/151.0.0.0 Safari/537.36"
69.6.213.102 - - [01/Sep/2026:21:00:14 -0500] "POST /wp-login.php HTTP/1.1" 200 7436 "https://devsite.motionave.com/wp-login.php" "Mozilla/5.0 (Windows NT 10.0; Win64; x64) AppleWebKit/537.36 (KHTML, like Gecko) Chrome/151.0.0.0 Safari/537.36"
209.42.18.204 - - [01/Sep/2026:21:16:05 -0500] "GET /wp-json/wp/v2/users/me HTTP/1.1" 404 5857 "-" "Mozilla/5.0 (Windows NT 10.0; Win64; x64) AppleWebKit/537.36 (KHTML, like Gecko) Chrome/151.0.0.0 Safari/537.36"
207.244.250.86 - - [01/Sep/2026:21:17:33 -0500] "POST /wp-cron.php?doing_wp_cron=1788315453.0469439029693603515625 HTTP/1.1" 200 4887 "-" "WordPress/6.3.10; https://devsite.motionave.com"
207.244.250.86 - - [01/Sep/2026:21:17:33 -0500] "POST /wp-cron.php?doing_wp_cron=1788315453.0469620227813720703125 HTTP/1.1" 200 4887 "-" "WordPress/6.3.10; https://devsite.motionave.com"
129.121.74.194 - - [01/Sep/2026:21:17:30 -0500] "GET /wp-login.php HTTP/1.1" 200 11781 "-" "Mozilla/5.0 (Windows NT 10.0; Win64; x64) AppleWebKit/537.36 (KHTML, like Gecko) Chrome/151.0.0.0 Safari/537.36"
167.172.113.95 - - [01/Sep/2026:21:17:32 -0500] "GET /wp-login.php HTTP/1.1" 200 11781 "-" "Mozilla/5.0 (Windows NT 10.0; Win64; x64) AppleWebKit/537.36 (KHTML, like Gecko) Chrome/151.0.0.0 Safari/537.36"
167.172.113.95 - - [01/Sep/2026:21:17:33 -0500] "POST /wp-login.php HTTP/1.1" 200 7452 "https://devsite.motionave.com/wp-login.php" "Mozilla/5.0 (Windows NT 10.0; Win64; x64) AppleWebKit/537.36 (KHTML, like Gecko) Chrome/151.0.0.0 Safari/537.36"
129.121.74.194 - - [01/Sep/2026:21:17:33 -0500] "POST /wp-login.php HTTP/1.1" 200 7450 "https://devsite.motionave.com/wp-login.php" "Mozilla/5.0 (Windows NT 10.0; Win64; x64) AppleWebKit/537.36 (KHTML, like Gecko) Chrome/151.0.0.0 Safari/537.36"
207.244.250.86 - - [01/Sep/2026:21:19:14 -0500] "POST /wp-cron.php?doing_wp_cron=1788315554.9198269844055175781250 HTTP/1.1" 200 4887 "-" "WordPress/6.3.10; https://devsite.motionave.com"
160.16.208.110 - - [01/Sep/2026:21:19:13 -0500] "GET /wp-login.php HTTP/1.1" 200 11781 "-" "Mozilla/5.0 (Windows NT 10.0; Win64; x64) AppleWebKit/537.36 (KHTML, like Gecko) Chrome/151.0.0.0 Safari/537.36"
160.16.208.110 - - [01/Sep/2026:21:19:15 -0500] "POST /wp-login.php HTTP/1.1" 200 7450 "https://devsite.motionave.com/wp-login.php" "Mozilla/5.0 (Windows NT 10.0; Win64; x64) AppleWebKit/537.36 (KHTML, like Gecko) Chrome/151.0.0.0 Safari/537.36"
14.128.14.9 - - [01/Sep/2026:21:20:12 -0500] "GET /wp-login.php HTTP/1.1" 200 11781 "-" "Mozilla/5.0 (Windows NT 10.0; Win64; x64) AppleWebKit/537.36 (KHTML, like Gecko) Chrome/151.0.0.0 Safari/537.36"
14.128.14.9 - - [01/Sep/2026:21:20:15 -0500] "POST /wp-login.php HTTP/1.1" 200 7436 "https://devsite.motionave.com/wp-login.php" "Mozilla/5.0 (Windows NT 10.0; Win64; x64) AppleWebKit/537.36 (KHTML, like Gecko) Chrome/151.0.0.0 Safari/537.36"
167.71.240.77 - - [01/Sep/2026:21:21:10 -0500] "GET /wp-login.php HTTP/1.1" 200 11781 "-" "Mozilla/5.0 (Windows NT 10.0; Win64; x64) AppleWebKit/537.36 (KHTML, like Gecko) Chrome/151.0.0.0 Safari/537.36"
167.71.240.77 - - [01/Sep/2026:21:21:12 -0500] "POST /wp-login.php HTTP/1.1" 200 7440 "https://devsite.motionave.com/wp-login.php" "Mozilla/5.0 (Windows NT 10.0; Win64; x64) AppleWebKit/537.36 (KHTML, like Gecko) Chrome/151.0.0.0 Safari/537.36"
198.57.247.188 - - [01/Sep/2026:21:21:51 -0500] "GET /wp-login.php HTTP/1.1" 200 11781 "-" "Mozilla/5.0 (Windows NT 10.0; Win64; x64) AppleWebKit/537.36 (KHTML, like Gecko) Chrome/151.0.0.0 Safari/537.36"
198.57.247.188 - - [01/Sep/2026:21:21:52 -0500] "POST /wp-login.php HTTP/1.1" 200 7456 "https://devsite.motionave.com/wp-login.php" "Mozilla/5.0 (Windows NT 10.0; Win64; x64) AppleWebKit/537.36 (KHTML, like Gecko) Chrome/151.0.0.0 Safari/537.36"
57.141.4.46 - - [01/Sep/2026:21:23:30 -0500] "GET /portfolio-item/photography/img_6927-carol-y-hanah-retouch950-leonklein-com_/ HTTP/1.1" 404 5913 "-" "Mozilla/5.0 (Windows NT 10.0; Win64; x64) AppleWebKit/537.36 (KHTML, like Gecko) Chrome/145.0.0.0 Safari/537.36 (compatible; meta-externalagent/1.1 (+https://developers.facebook.com/docs/sharing/webmasters/crawler))"
57.141.4.4 - - [01/Sep/2026:21:26:57 -0500] "GET /get-the-most-out-of-blog/recipe_buyer_persona/ HTTP/1.1" 404 5913 "-" "Mozilla/5.0 (Windows NT 10.0; Win64; x64) AppleWebKit/537.36 (KHTML, like Gecko) Chrome/145.0.0.0 Safari/537.36 (compatible; meta-externalagent/1.1 (+https://developers.facebook.com/docs/sharing/webmasters/crawler))"
207.244.250.86 - - [01/Sep/2026:21:28:12 -0500] "POST /wp-cron.php?doing_wp_cron=1788316092.8882560729980468750000 HTTP/1.1" 200 4887 "-" "WordPress/6.3.10; https://devsite.motionave.com"
198.57.247.188 - - [01/Sep/2026:21:28:10 -0500] "GET /wp-login.php HTTP/1.1" 200 11781 "-" "Mozilla/5.0 (Windows NT 10.0; Win64; x64) AppleWebKit/537.36 (KHTML, like Gecko) Chrome/151.0.0.0 Safari/537.36"
198.57.247.188 - - [01/Sep/2026:21:28:13 -0500] "POST /wp-login.php HTTP/1.1" 200 7450 "https://devsite.motionave.com/wp-login.php" "Mozilla/5.0 (Windows NT 10.0; Win64; x64) AppleWebKit/537.36 (KHTML, like Gecko) Chrome/151.0.0.0 Safari/537.36"
207.244.250.86 - - [01/Sep/2026:21:31:41 -0500] "POST /wp-cron.php?doing_wp_cron=1788316301.5733230113983154296875 HTTP/1.1" 200 4887 "-" "WordPress/6.3.10; https://devsite.motionave.com"
50.6.200.195 - - [01/Sep/2026:21:31:39 -0500] "GET /wp-login.php HTTP/1.1" 200 11781 "-" "Mozilla/5.0 (Windows NT 10.0; Win64; x64) AppleWebKit/537.36 (KHTML, like Gecko) Chrome/151.0.0.0 Safari/537.36"
209.42.18.204 - - [01/Sep/2026:21:32:02 -0500] "GET /wp-json/wp/v2/users/me HTTP/1.1" 404 5857 "-" "Mozilla/5.0 (Windows NT 10.0; Win64; x64) AppleWebKit/537.36 (KHTML, like Gecko) Chrome/151.0.0.0 Safari/537.36"
50.6.200.195 - - [01/Sep/2026:21:31:41 -0500] "POST /wp-login.php HTTP/1.1" 200 7436 "https://devsite.motionave.com/wp-login.php" "Mozilla/5.0 (Windows NT 10.0; Win64; x64) AppleWebKit/537.36 (KHTML, like Gecko) Chrome/151.0.0.0 Safari/537.36"
207.244.250.86 - - [01/Sep/2026:21:33:45 -0500] "POST /wp-cron.php?doing_wp_cron=1788316425.2769789695739746093750 HTTP/1.1" 200 4887 "-" "WordPress/6.3.10; https://devsite.motionave.com"
162.241.203.147 - - [01/Sep/2026:21:33:43 -0500] "GET /wp-login.php HTTP/1.1" 200 11781 "-" "Mozilla/5.0 (Windows NT 10.0; Win64; x64) AppleWebKit/537.36 (KHTML, like Gecko) Chrome/151.0.0.0 Safari/537.36"
162.241.203.147 - - [01/Sep/2026:21:33:45 -0500] "POST /wp-login.php HTTP/1.1" 200 7450 "https://devsite.motionave.com/wp-login.php" "Mozilla/5.0 (Windows NT 10.0; Win64; x64) AppleWebKit/537.36 (KHTML, like Gecko) Chrome/151.0.0.0 Safari/537.36"
57.141.4.29 - - [01/Sep/2026:21:34:23 -0500] "GET /pokemon-go-brand-reviving-done-right-2/ HTTP/1.1" 404 5913 "-" "Mozilla/5.0 (Windows NT 10.0; Win64; x64) AppleWebKit/537.36 (KHTML, like Gecko) Chrome/145.0.0.0 Safari/537.36 (compatible; meta-externalagent/1.1 (+https://developers.facebook.com/docs/sharing/webmasters/crawler))"
98.92.145.125 - - [01/Sep/2026:21:35:02 -0500] "GET / HTTP/1.1" 200 4776 "-" "Mozilla/5.0 (Windows NT 10.0; Win64; x64) AppleWebKit/537.36 (KHTML, like Gecko) Chrome/146.0.0.0 Safari/537.36"
57.141.4.57 - - [01/Sep/2026:21:35:24 -0500] "GET /portfolio-item/pictu/piictu/ HTTP/1.1" 404 5913 "-" "Mozilla/5.0 (Macintosh; Intel Mac OS X 10_15_7) AppleWebKit/537.36 (KHTML, like Gecko) Chrome/145.0.0.0 Safari/537.36 (compatible; meta-externalagent/1.1 (+https://developers.facebook.com/docs/sharing/webmasters/crawler))"
57.141.4.17 - - [01/Sep/2026:21:36:28 -0500] "GET /media/ HTTP/1.1" 404 5913 "-" "Mozilla/5.0 (Windows NT 10.0; Win64; x64) AppleWebKit/537.36 (KHTML, like Gecko) Chrome/145.0.0.0 Safari/537.36 (compatible; meta-externalagent/1.1 (+https://developers.facebook.com/docs/sharing/webmasters/crawler))"
207.244.250.86 - - [01/Sep/2026:21:39:02 -0500] "POST /wp-cron.php?doing_wp_cron=1788316741.9564700126647949218750 HTTP/1.1" 200 4887 "-" "WordPress/6.3.10; https://devsite.motionave.com"
162.241.194.11 - - [01/Sep/2026:21:38:59 -0500] "GET /wp-login.php HTTP/1.1" 200 11781 "-" "Mozilla/5.0 (Windows NT 10.0; Win64; x64) AppleWebKit/537.36 (KHTML, like Gecko) Chrome/151.0.0.0 Safari/537.36"
162.241.194.11 - - [01/Sep/2026:21:39:02 -0500] "POST /wp-login.php HTTP/1.1" 200 7452 "https://devsite.motionave.com/wp-login.php" "Mozilla/5.0 (Windows NT 10.0; Win64; x64) AppleWebKit/537.36 (KHTML, like Gecko) Chrome/151.0.0.0 Safari/537.36"
167.71.240.77 - - [01/Sep/2026:21:39:32 -0500] "GET /wp-login.php HTTP/1.1" 200 11781 "-" "Mozilla/5.0 (Windows NT 10.0; Win64; x64) AppleWebKit/537.36 (KHTML, like Gecko) Chrome/151.0.0.0 Safari/537.36"
167.71.240.77 - - [01/Sep/2026:21:39:35 -0500] "POST /wp-login.php HTTP/1.1" 200 7436 "https://devsite.motionave.com/wp-login.php" "Mozilla/5.0 (Windows NT 10.0; Win64; x64) AppleWebKit/537.36 (KHTML, like Gecko) Chrome/151.0.0.0 Safari/537.36"
57.141.4.42 - - [01/Sep/2026:21:41:31 -0500] "GET /marketing-updates-with-motion-ave-20/ HTTP/1.1" 404 5913 "-" "Mozilla/5.0 (Windows NT 10.0; Win64; x64) AppleWebKit/537.36 (KHTML, like Gecko) Chrome/145.0.0.0 Safari/537.36 (compatible; meta-externalagent/1.1 (+https://developers.facebook.com/docs/sharing/webmasters/crawler))"
209.42.18.204 - - [01/Sep/2026:21:42:23 -0500] "GET /wp-login.php HTTP/1.1" 200 11781 "-" "Mozilla/5.0 (Windows NT 10.0; Win64; x64) AppleWebKit/537.36 (KHTML, like Gecko) Chrome/151.0.0.0 Safari/537.36"
209.42.18.204 - - [01/Sep/2026:21:42:25 -0500] "POST /wp-login.php HTTP/1.1" 200 7452 "https://devsite.motionave.com/wp-login.php" "Mozilla/5.0 (Windows NT 10.0; Win64; x64) AppleWebKit/537.36 (KHTML, like Gecko) Chrome/151.0.0.0 Safari/537.36"
103.190.47.78 - - [01/Sep/2026:21:42:26 -0500] "GET /wp-json/wp/v2/users/me HTTP/1.1" 404 5857 "-" "Mozilla/5.0 (Windows NT 10.0; Win64; x64) AppleWebKit/537.36 (KHTML, like Gecko) Chrome/151.0.0.0 Safari/537.36"
57.141.4.24 - - [01/Sep/2026:21:42:31 -0500] "GET /15-attention-getting-post-ideas/img12-3/ HTTP/1.1" 404 5913 "-" "Mozilla/5.0 (Windows NT 10.0; Win64; x64) AppleWebKit/537.36 (KHTML, like Gecko) Chrome/145.0.0.0 Safari/537.36 (compatible; meta-externalagent/1.1 (+https://developers.facebook.com/docs/sharing/webmasters/crawler))"
57.141.4.47 - - [01/Sep/2026:21:47:44 -0500] "GET /post_tag-sitemap.xml HTTP/1.1" 404 5913 "-" "Mozilla/5.0 (Macintosh; Intel Mac OS X 10_15_7) AppleWebKit/537.36 (KHTML, like Gecko) Chrome/145.0.0.0 Safari/537.36 (compatible; meta-externalagent/1.1 (+https://developers.facebook.com/docs/sharing/webmasters/crawler))"
57.141.4.34 - - [01/Sep/2026:21:48:57 -0500] "GET /zydo-case-study/image6-8/ HTTP/1.1" 404 5913 "-" "Mozilla/5.0 (Windows NT 10.0; Win64; x64) AppleWebKit/537.36 (KHTML, like Gecko) Chrome/145.0.0.0 Safari/537.36 (compatible; meta-externalagent/1.1 (+https://developers.facebook.com/docs/sharing/webmasters/crawler))"
207.244.250.86 - - [01/Sep/2026:21:50:15 -0500] "POST /wp-cron.php?doing_wp_cron=1788317415.0384099483489990234375 HTTP/1.1" 200 4887 "-" "WordPress/6.3.10; https://devsite.motionave.com"
103.101.58.128 - - [01/Sep/2026:21:50:11 -0500] "GET /wp-login.php HTTP/1.1" 200 11781 "-" "Mozilla/5.0 (Windows NT 10.0; Win64; x64) AppleWebKit/537.36 (KHTML, like Gecko) Chrome/151.0.0.0 Safari/537.36"
103.101.58.128 - - [01/Sep/2026:21:50:15 -0500] "POST /wp-login.php HTTP/1.1" 200 7452 "https://devsite.motionave.com/wp-login.php" "Mozilla/5.0 (Windows NT 10.0; Win64; x64) AppleWebKit/537.36 (KHTML, like Gecko) Chrome/151.0.0.0 Safari/537.36"
207.244.250.86 - - [01/Sep/2026:21:56:48 -0500] "POST /wp-cron.php?doing_wp_cron=1788317807.8793010711669921875000 HTTP/1.1" 200 4887 "-" "WordPress/6.3.10; https://devsite.motionave.com"
103.101.58.128 - - [01/Sep/2026:21:56:43 -0500] "GET /wp-login.php HTTP/1.1" 200 11781 "-" "Mozilla/5.0 (Windows NT 10.0; Win64; x64) AppleWebKit/537.36 (KHTML, like Gecko) Chrome/151.0.0.0 Safari/537.36"
103.101.58.128 - - [01/Sep/2026:21:56:48 -0500] "POST /wp-login.php HTTP/1.1" 200 7450 "https://devsite.motionave.com/wp-login.php" "Mozilla/5.0 (Windows NT 10.0; Win64; x64) AppleWebKit/537.36 (KHTML, like Gecko) Chrome/151.0.0.0 Safari/537.36"
207.244.250.86 - - [01/Sep/2026:22:01:44 -0500] "POST /wp-cron.php?doing_wp_cron=1788318104.2038729190826416015625 HTTP/1.1" 200 4887 "-" "WordPress/6.3.10; https://devsite.motionave.com"
135.236.141.8 - - [01/Sep/2026:22:01:42 -0500] "GET /wp-login.php HTTP/1.1" 200 11781 "-" "Mozilla/5.0 (Windows NT 10.0; Win64; x64) AppleWebKit/537.36 (KHTML, like Gecko) Chrome/151.0.0.0 Safari/537.36"
135.236.141.8 - - [01/Sep/2026:22:01:44 -0500] "POST /wp-login.php HTTP/1.1" 200 7452 "https://devsite.motionave.com/wp-login.php" "Mozilla/5.0 (Windows NT 10.0; Win64; x64) AppleWebKit/537.36 (KHTML, like Gecko) Chrome/151.0.0.0 Safari/537.36"
57.141.4.59 - - [01/Sep/2026:22:03:27 -0500] "GET /team/some-fun-facts-2/ HTTP/1.1" 404 5913 "-" "Mozilla/5.0 (Windows NT 10.0; Win64; x64) AppleWebKit/537.36 (KHTML, like Gecko) Chrome/145.0.0.0 Safari/537.36 (compatible; meta-externalagent/1.1 (+https://developers.facebook.com/docs/sharing/webmasters/crawler))"
57.141.4.36 - - [01/Sep/2026:22:05:37 -0500] "GET /portfolio-item/toning-commercial-zumba-fitness/ HTTP/1.1" 404 5913 "-" "Mozilla/5.0 (Windows NT 10.0; Win64; x64) AppleWebKit/537.36 (KHTML, like Gecko) Chrome/145.0.0.0 Safari/537.36 (compatible; meta-externalagent/1.1 (+https://developers.facebook.com/docs/sharing/webmasters/crawler))"
103.154.49.91 - - [01/Sep/2026:22:20:12 -0500] "GET /worksec.php HTTP/1.1" 200 5447 "-" "Mozilla/5.0 (Macintosh; Intel Mac OS X 10_15_6) AppleWebKit/537.36 (KHTML, like Gecko) Chrome/84.0.4147.105 Safari/537.36"
103.154.49.91 - - [01/Sep/2026:22:20:12 -0500] "GET /worksec.php HTTP/1.1" 200 5447 "-" "Mozilla/5.0 (Windows NT 10.0) AppleWebKit/537.36 (KHTML, like Gecko) Chrome/84.0.4147.105 Safari/537.36"
103.154.49.91 - - [01/Sep/2026:22:20:12 -0500] "GET /worksec.php HTTP/1.1" 200 5447 "-" "Mozilla/5.0 (Windows NT 10.0; Win64; x64) AppleWebKit/537.36 (KHTML, like Gecko) Chrome/74.0.3729.157 Safari/537.36"
103.154.49.91 - - [01/Sep/2026:22:20:12 -0500] "GET /worksec.php HTTP/1.1" 200 5447 "-" "Mozilla/5.0 (Windows NT 6.1; Win64; x64) AppleWebKit/537.36 (KHTML, like Gecko) Chrome/78.0.3904.108 Safari/537.36"
103.154.49.91 - - [01/Sep/2026:22:20:13 -0500] "GET /worksec.php HTTP/1.1" 200 5447 "-" "Mozilla/5.0 (Linux x86_64; rv:79.0) Gecko/20100101 Firefox/79.0"
103.154.49.91 - - [01/Sep/2026:22:20:13 -0500] "POST /worksec.php HTTP/1.1" 200 5385 "http://devsite.motionave.com/worksec.php" "Mozilla/5.0 (Windows NT 10.0) AppleWebKit/537.36 (KHTML, like Gecko) Chrome/84.0.4147.105 Safari/537.36"
103.154.49.91 - - [01/Sep/2026:22:20:13 -0500] "POST /worksec.php HTTP/1.1" 200 5381 "http://devsite.motionave.com/worksec.php" "Mozilla/5.0 (Windows NT 6.1; Win64; x64) AppleWebKit/537.36 (KHTML, like Gecko) Chrome/78.0.3904.108 Safari/537.36"
103.154.49.91 - - [01/Sep/2026:22:20:13 -0500] "POST /worksec.php HTTP/1.1" 200 5383 "http://devsite.motionave.com/worksec.php" "Mozilla/5.0 (Macintosh; Intel Mac OS X 10_15_6) AppleWebKit/537.36 (KHTML, like Gecko) Chrome/84.0.4147.105 Safari/537.36"
103.154.49.91 - - [01/Sep/2026:22:20:13 -0500] "POST /worksec.php HTTP/1.1" 200 5383 "http://devsite.motionave.com/worksec.php" "Mozilla/5.0 (Windows NT 10.0; Win64; x64) AppleWebKit/537.36 (KHTML, like Gecko) Chrome/74.0.3729.157 Safari/537.36"
103.154.49.91 - - [01/Sep/2026:22:20:14 -0500] "POST /worksec.php HTTP/1.1" 200 5373 "http://devsite.motionave.com/worksec.php" "Mozilla/5.0 (Linux x86_64; rv:79.0) Gecko/20100101 Firefox/79.0"
57.141.4.22 - - [01/Sep/2026:22:24:18 -0500] "GET /3-fundamental-facebook-ads-strategies-for-ecommerce-you-need-to-know/image3-14/ HTTP/1.1" 404 5913 "-" "Mozilla/5.0 (Macintosh; Intel Mac OS X 10_15_7) AppleWebKit/537.36 (KHTML, like Gecko) Chrome/145.0.0.0 Safari/537.36 (compatible; meta-externalagent/1.1 (+https://developers.facebook.com/docs/sharing/webmasters/crawler))"
57.141.4.16 - - [01/Sep/2026:22:30:42 -0500] "GET /brand-communication-tragedy-5-essential-tips-authentic-messages/pmarca/ HTTP/1.1" 404 5913 "-" "Mozilla/5.0 (Macintosh; Intel Mac OS X 10_15_7) AppleWebKit/537.36 (KHTML, like Gecko) Chrome/145.0.0.0 Safari/537.36 (compatible; meta-externalagent/1.1 (+https://developers.facebook.com/docs/sharing/webmasters/crawler))"
57.141.4.16 - - [01/Sep/2026:23:24:41 -0500] "GET /5-ways-you-can-use-chatbots-in-your-marketing-strategy/ HTTP/1.1" 404 5913 "-" "Mozilla/5.0 (Windows NT 10.0; Win64; x64) AppleWebKit/537.36 (KHTML, like Gecko) Chrome/145.0.0.0 Safari/537.36 (compatible; meta-externalagent/1.1 (+https://developers.facebook.com/docs/sharing/webmasters/crawler))"
57.141.4.47 - - [01/Sep/2026:23:25:41 -0500] "GET /portfolio-item/photography/ HTTP/1.1" 404 5913 "-" "Mozilla/5.0 (Windows NT 10.0; Win64; x64) AppleWebKit/537.36 (KHTML, like Gecko) Chrome/145.0.0.0 Safari/537.36 Edg/145.0.0.0 (compatible; meta-externalagent/1.1 (+https://developers.facebook.com/docs/sharing/webmasters/crawler))"
57.141.4.55 - - [01/Sep/2026:23:40:15 -0500] "GET /our-you-use-video-marketing-our-you-have-a-disadvantage-3/9774499486_6dc5bffa4d_z-300x225/ HTTP/1.1" 404 5913 "-" "Mozilla/5.0 (Macintosh; Intel Mac OS X 10_15_7) AppleWebKit/537.36 (KHTML, like Gecko) Chrome/145.0.0.0 Safari/537.36 (compatible; meta-externalagent/1.1 (+https://developers.facebook.com/docs/sharing/webmasters/crawler))"
207.244.250.86 - - [01/Sep/2026:23:53:20 -0500] "POST /wp-cron.php?doing_wp_cron=1788324800.7338500022888183593750 HTTP/1.1" 200 4887 "-" "WordPress/6.3.10; https://devsite.motionave.com"
3.238.6.143 - - [01/Sep/2026:23:53:15 -0500] "GET / HTTP/1.1" 200 4776 "-" "Mozilla/5.0 (Windows NT 10.0; Win64; x64) AppleWebKit/537.36 (KHTML, like Gecko) Chrome/144.0.0.0 Safari/537.36"
57.141.4.16 - - [01/Sep/2026:23:56:06 -0500] "GET /marketing-updates-with-motion-ave-2/motion_-blog-post-may-2/ HTTP/1.1" 404 5913 "-" "Mozilla/5.0 (Macintosh; Intel Mac OS X 10_15_7) AppleWebKit/537.36 (KHTML, like Gecko) Chrome/145.0.0.0 Safari/537.36 (compatible; meta-externalagent/1.1 (+https://developers.facebook.com/docs/sharing/webmasters/crawler))"
57.141.4.19 - - [02/Sep/2026:00:01:09 -0500] "GET /6-simple-seo-best-practices-stay-on-a-game/ HTTP/1.1" 404 5913 "-" "Mozilla/5.0 (Macintosh; Intel Mac OS X 10_15_7) AppleWebKit/537.36 (KHTML, like Gecko) Chrome/145.0.0.0 Safari/537.36 (compatible; meta-externalagent/1.1 (+https://developers.facebook.com/docs/sharing/webmasters/crawler))"
57.141.4.22 - - [02/Sep/2026:00:02:36 -0500] "GET /zydo-case-study/ HTTP/1.1" 404 5913 "-" "Mozilla/5.0 (Macintosh; Intel Mac OS X 10_15_7) AppleWebKit/537.36 (KHTML, like Gecko) Chrome/145.0.0.0 Safari/537.36 (compatible; meta-externalagent/1.1 (+https://developers.facebook.com/docs/sharing/webmasters/crawler))"
57.141.4.27 - - [02/Sep/2026:00:14:25 -0500] "GET /marketing-updates-with-motion-ave-11/ HTTP/1.1" 404 5913 "-" "Mozilla/5.0 (Windows NT 10.0; Win64; x64) AppleWebKit/537.36 (KHTML, like Gecko) Chrome/145.0.0.0 Safari/537.36 (compatible; meta-externalagent/1.1 (+https://developers.facebook.com/docs/sharing/webmasters/crawler))"
52.167.144.175 - - [02/Sep/2026:00:23:12 -0500] "GET /8-secrets-create-killer-facebook-ads/image16/ HTTP/1.1" 404 5890 "-" "Mozilla/5.0 AppleWebKit/537.36 (KHTML, like Gecko; compatible; bingbot/2.0; +http://www.bing.com/bingbot.htm) Chrome/116.0.1938.76 Safari/537.36"
57.141.4.55 - - [02/Sep/2026:00:25:11 -0500] "GET /marketing-updates-with-motion-ave-15/ HTTP/1.1" 404 5913 "-" "Mozilla/5.0 (Windows NT 10.0; Win64; x64) AppleWebKit/537.36 (KHTML, like Gecko) Chrome/145.0.0.0 Safari/537.36 (compatible; meta-externalagent/1.1 (+https://developers.facebook.com/docs/sharing/webmasters/crawler))"
57.141.4.53 - - [02/Sep/2026:00:37:59 -0500] "GET /portfolio-item/photography-events/ HTTP/1.1" 404 5913 "-" "Mozilla/5.0 (Windows NT 10.0; Win64; x64) AppleWebKit/537.36 (KHTML, like Gecko) Chrome/145.0.0.0 Safari/537.36 (compatible; meta-externalagent/1.1 (+https://developers.facebook.com/docs/sharing/webmasters/crawler))"
207.244.250.86 - - [02/Sep/2026:00:40:59 -0500] "POST /wp-cron.php?doing_wp_cron=1788327659.1605920791625976562500 HTTP/1.1" 200 4887 "-" "WordPress/6.3.10; https://devsite.motionave.com"
63.141.253.98 - - [02/Sep/2026:00:40:55 -0500] "GET / HTTP/1.1" 200 246112 "http://devsite.motionave.com" "Mozilla/5.0 (Windows NT 10.0; Win64; x64) AppleWebKit/537.36 (KHTML, like Gecko) Chrome/103.0.0.0 Safari/537.36"
63.141.253.98 - - [02/Sep/2026:00:41:05 -0500] "GET / HTTP/1.1" 200 246112 "http://devsite.motionave.com" "Googlebot/2.1 (+http://www.googlebot.com/bot.html)"
57.141.4.31 - - [02/Sep/2026:00:53:43 -0500] "GET /portfolio-item/proper-cloth/proper-cloth-3/ HTTP/1.1" 404 5913 "-" "Mozilla/5.0 (Macintosh; Intel Mac OS X 10_15_7) AppleWebKit/537.36 (KHTML, like Gecko) Chrome/145.0.0.0 Safari/537.36 (compatible; meta-externalagent/1.1 (+https://developers.facebook.com/docs/sharing/webmasters/crawler))"
57.141.18.88 - - [02/Sep/2026:01:11:51 -0500] "GET /no-more-excuses-business-marketing-funnel-why/ HTTP/1.1" 404 5913 "-" "Mozilla/5.0 (Macintosh; Intel Mac OS X 10_15_7) AppleWebKit/537.36 (KHTML, like Gecko) Chrome/145.0.0.0 Safari/537.36 (compatible; meta-externalagent/1.1 (+https://developers.facebook.com/docs/sharing/webmasters/crawler))"
57.141.18.93 - - [02/Sep/2026:01:17:23 -0500] "GET /pokemon-go-brand-reviving-done-right/pokemon-go-and-the-case-for-brand-reviving-done-right/ HTTP/1.1" 404 5913 "-" "Mozilla/5.0 (Macintosh; Intel Mac OS X 10_15_7) AppleWebKit/537.36 (KHTML, like Gecko) Chrome/145.0.0.0 Safari/537.36 (compatible; meta-externalagent/1.1 (+https://developers.facebook.com/docs/sharing/webmasters/crawler))"
57.141.18.75 - - [02/Sep/2026:01:27:28 -0500] "GET /emojis-making-marketing-fun-one-time-2/ HTTP/1.1" 404 5913 "-" "Mozilla/5.0 (Windows NT 10.0; Win64; x64) AppleWebKit/537.36 (KHTML, like Gecko) Chrome/145.0.0.0 Safari/537.36 (compatible; meta-externalagent/1.1 (+https://developers.facebook.com/docs/sharing/webmasters/crawler))"
4.205.62.107 - - [02/Sep/2026:01:47:45 -0500] "GET /wp-content/plugins/hellopress/wp_filemanager.php HTTP/1.1" 404 5842 "-" "-"
4.205.62.107 - - [02/Sep/2026:01:47:45 -0500] "GET /this_is_a_new_hello_world.php HTTP/1.1" 404 253 "-" "-"
4.205.62.107 - - [02/Sep/2026:01:47:45 -0500] "GET /bb.php HTTP/1.1" 404 253 "-" "-"
4.205.62.107 - - [02/Sep/2026:01:47:45 -0500] "GET /params.php HTTP/1.1" 404 253 "-" "-"
4.205.62.107 - - [02/Sep/2026:01:47:45 -0500] "GET /setup-config.php HTTP/1.1" 403 1068 "-" "-"
4.205.62.107 - - [02/Sep/2026:01:47:45 -0500] "GET /phpinfo01.php HTTP/1.1" 404 253 "-" "-"
4.205.62.107 - - [02/Sep/2026:01:47:45 -0500] "GET /product.php HTTP/1.1" 404 253 "-" "-"
4.205.62.107 - - [02/Sep/2026:01:47:45 -0500] "GET /test.config.php HTTP/1.1" 404 253 "-" "-"
4.205.62.107 - - [02/Sep/2026:01:47:45 -0500] "GET /phpversion.php HTTP/1.1" 404 253 "-" "-"
4.205.62.107 - - [02/Sep/2026:01:47:45 -0500] "GET /gk.php HTTP/1.1" 404 253 "-" "-"
4.205.62.107 - - [02/Sep/2026:01:47:46 -0500] "GET /w.php HTTP/1.1" 404 253 "-" "-"
4.205.62.107 - - [02/Sep/2026:01:47:46 -0500] "GET /update.php HTTP/1.1" 404 253 "-" "-"
4.205.62.107 - - [02/Sep/2026:01:47:46 -0500] "GET /h.php HTTP/1.1" 404 253 "-" "-"
4.205.62.107 - - [02/Sep/2026:01:47:46 -0500] "GET /aws_sdk_settings.php HTTP/1.1" 404 253 "-" "-"
4.205.62.107 - - [02/Sep/2026:01:47:46 -0500] "GET /css.php HTTP/1.1" 404 253 "-" "-"
4.205.62.107 - - [02/Sep/2026:01:47:46 -0500] "GET /i.php HTTP/1.1" 404 253 "-" "-"
4.205.62.107 - - [02/Sep/2026:01:47:46 -0500] "GET /doc.php HTTP/1.1" 404 253 "-" "-"
4.205.62.107 - - [02/Sep/2026:01:47:46 -0500] "GET /G-in.php HTTP/1.1" 404 253 "-" "-"
4.205.62.107 - - [02/Sep/2026:01:47:46 -0500] "GET /ms.php HTTP/1.1" 404 253 "-" "-"
4.205.62.107 - - [02/Sep/2026:01:47:46 -0500] "GET /channels.php HTTP/1.1" 404 253 "-" "-"
4.205.62.107 - - [02/Sep/2026:01:47:46 -0500] "GET /wp-admin/sc.php HTTP/1.1" 404 253 "-" "-"
4.205.62.107 - - [02/Sep/2026:01:47:46 -0500] "GET /asa.php HTTP/1.1" 404 253 "-" "-"
4.205.62.107 - - [02/Sep/2026:01:47:46 -0500] "GET /broadcasting.php HTTP/1.1" 404 253 "-" "-"
4.205.62.107 - - [02/Sep/2026:01:47:46 -0500] "GET /god.php HTTP/1.1" 404 253 "-" "-"
4.205.62.107 - - [02/Sep/2026:01:47:47 -0500] "GET /config/laravolt/css/index.php HTTP/1.1" 404 1081 "-" "-"
4.205.62.107 - - [02/Sep/2026:01:47:47 -0500] "GET /06.php HTTP/1.1" 404 253 "-" "-"
4.205.62.107 - - [02/Sep/2026:01:47:47 -0500] "GET /aws_config.php HTTP/1.1" 404 253 "-" "-"
4.205.62.107 - - [02/Sep/2026:01:47:47 -0500] "GET /phina.php HTTP/1.1" 404 253 "-" "-"
4.205.62.107 - - [02/Sep/2026:01:47:47 -0500] "GET /66.php HTTP/1.1" 404 253 "-" "-"
4.205.62.107 - - [02/Sep/2026:01:47:47 -0500] "GET /localconf.php HTTP/1.1" 404 253 "-" "-"
4.205.62.107 - - [02/Sep/2026:01:47:47 -0500] "GET /cli_bootstrap.php HTTP/1.1" 404 253 "-" "-"
4.205.62.107 - - [02/Sep/2026:01:47:47 -0500] "GET /dialog.php HTTP/1.1" 404 253 "-" "-"
4.205.62.107 - - [02/Sep/2026:01:47:47 -0500] "GET /wp-admin/css/bolt.php HTTP/1.1" 404 253 "-" "-"
4.205.62.107 - - [02/Sep/2026:01:47:47 -0500] "GET /error_log.php HTTP/1.1" 404 253 "-" "-"
4.205.62.107 - - [02/Sep/2026:01:47:47 -0500] "GET /bengi.php HTTP/1.1" 404 253 "-" "-"
4.205.62.107 - - [02/Sep/2026:01:47:47 -0500] "GET /a1vx.php HTTP/1.1" 404 253 "-" "-"
4.205.62.107 - - [02/Sep/2026:01:47:47 -0500] "GET /konfig.php HTTP/1.1" 404 253 "-" "-"
4.205.62.107 - - [02/Sep/2026:01:47:47 -0500] "GET /xqq.php HTTP/1.1" 404 253 "-" "-"
4.205.62.107 - - [02/Sep/2026:01:47:47 -0500] "GET /aws-credentials.php HTTP/1.1" 404 253 "-" "-"
4.205.62.107 - - [02/Sep/2026:01:47:47 -0500] "GET /wpver.php HTTP/1.1" 404 253 "-" "-"
4.205.62.107 - - [02/Sep/2026:01:47:48 -0500] "GET /admin.php HTTP/1.1" 404 253 "-" "-"
4.205.62.107 - - [02/Sep/2026:01:47:48 -0500] "GET /paths.php HTTP/1.1" 404 253 "-" "-"
4.205.62.107 - - [02/Sep/2026:01:47:48 -0500] "GET /wp-konfig.backup.php HTTP/1.1" 404 253 "-" "-"
4.205.62.107 - - [02/Sep/2026:01:47:48 -0500] "GET /motu.php HTTP/1.1" 404 253 "-" "-"
4.205.62.107 - - [02/Sep/2026:01:47:48 -0500] "GET /var/www/wallet/index.php HTTP/1.1" 404 1081 "-" "-"
4.205.62.107 - - [02/Sep/2026:01:47:48 -0500] "GET /xza.php HTTP/1.1" 404 253 "-" "-"
4.205.62.107 - - [02/Sep/2026:01:47:48 -0500] "GET /doc.php HTTP/1.1" 404 253 "-" "-"
4.205.62.107 - - [02/Sep/2026:01:47:48 -0500] "GET /cu.php HTTP/1.1" 404 253 "-" "-"
4.205.62.107 - - [02/Sep/2026:01:47:48 -0500] "GET /groceries/index.php HTTP/1.1" 404 1081 "-" "-"
4.205.62.107 - - [02/Sep/2026:01:47:48 -0500] "GET /wp-config.backup.php HTTP/1.1" 404 253 "-" "-"
4.205.62.107 - - [02/Sep/2026:01:47:48 -0500] "GET /app.default.php HTTP/1.1" 404 253 "-" "-"
4.205.62.107 - - [02/Sep/2026:01:47:48 -0500] "GET /database.php HTTP/1.1" 404 253 "-" "-"
4.205.62.107 - - [02/Sep/2026:01:47:48 -0500] "GET /wp-blog.php HTTP/1.1" 404 253 "-" "-"
4.205.62.107 - - [02/Sep/2026:01:47:48 -0500] "GET /apikeys.php HTTP/1.1" 404 253 "-" "-"
4.205.62.107 - - [02/Sep/2026:01:47:49 -0500] "GET /wp-class.php HTTP/1.1" 404 253 "-" "-"
4.205.62.107 - - [02/Sep/2026:01:47:49 -0500] "GET /infos.php HTTP/1.1" 404 253 "-" "-"
4.205.62.107 - - [02/Sep/2026:01:48:04 -0500] "GET /cp2.php HTTP/1.1" 404 362 "-" "-"
4.205.62.107 - - [02/Sep/2026:01:48:04 -0500] "GET /agg.php HTTP/1.1" 404 253 "-" "-"
4.205.62.107 - - [02/Sep/2026:01:48:04 -0500] "GET /fucku.php HTTP/1.1" 404 253 "-" "-"
4.205.62.107 - - [02/Sep/2026:01:48:04 -0500] "GET /dd.php HTTP/1.1" 404 253 "-" "-"
4.205.62.107 - - [02/Sep/2026:01:48:04 -0500] "GET /environment.php HTTP/1.1" 404 253 "-" "-"
4.205.62.107 - - [02/Sep/2026:01:48:04 -0500] "GET /aws_auth.php HTTP/1.1" 404 253 "-" "-"
4.205.62.107 - - [02/Sep/2026:01:48:04 -0500] "GET /koiy.php HTTP/1.1" 404 253 "-" "-"
4.205.62.107 - - [02/Sep/2026:01:48:05 -0500] "GET /userfuns.php HTTP/1.1" 404 253 "-" "-"
4.205.62.107 - - [02/Sep/2026:01:48:05 -0500] "GET /register.php HTTP/1.1" 404 253 "-" "-"
4.205.62.107 - - [02/Sep/2026:01:48:05 -0500] "GET /autogooey.php HTTP/1.1" 404 253 "-" "-"
4.205.62.107 - - [02/Sep/2026:01:48:05 -0500] "GET /oc460l3x.php HTTP/1.1" 404 253 "-" "-"
4.205.62.107 - - [02/Sep/2026:01:48:05 -0500] "GET /log.php HTTP/1.1" 404 253 "-" "-"
4.205.62.107 - - [02/Sep/2026:01:48:05 -0500] "GET /wp-konfig.php HTTP/1.1" 404 253 "-" "-"
