57.141.4.62 - - [30/Aug/2026:17:37:48 -0500] "GET /5-tips-to-optimize-your-website-for-mobile-search/ HTTP/1.1" 404 5913 "-" "Mozilla/5.0 (Windows NT 10.0; Win64; x64) AppleWebKit/537.36 (KHTML, like Gecko) Chrome/145.0.0.0 Safari/537.36 (compatible; meta-externalagent/1.1 (+https://developers.facebook.com/docs/sharing/webmasters/crawler))"
57.141.4.46 - - [30/Aug/2026:17:38:52 -0500] "GET /avoid-pitfalls-clickbait/how-to-avoid-the-pitfalls-of-clickbait/ HTTP/1.1" 404 5913 "-" "Mozilla/5.0 (X11; Linux x86_64) AppleWebKit/537.36 (KHTML, like Gecko) Chrome/145.0.0.0 Safari/537.36 (compatible; meta-externalagent/1.1 (+https://developers.facebook.com/docs/sharing/webmasters/crawler))"
57.141.4.27 - - [30/Aug/2026:17:38:58 -0500] "GET /our-you-use-video-marketing-our-you-have-a-disadvantage/6257252299_5d9a2ce977_z/ HTTP/1.1" 404 5913 "-" "Mozilla/5.0 (Windows NT 10.0; Win64; x64) AppleWebKit/537.36 (KHTML, like Gecko) Chrome/145.0.0.0 Safari/537.36 (compatible; meta-externalagent/1.1 (+https://developers.facebook.com/docs/sharing/webmasters/crawler))"
57.141.4.19 - - [30/Aug/2026:17:40:32 -0500] "GET /5-ways-you-can-use-chatbots-in-your-marketing-strategy/image1-5/ HTTP/1.1" 404 5913 "-" "Mozilla/5.0 (Macintosh; Intel Mac OS X 10_15_7) AppleWebKit/537.36 (KHTML, like Gecko) Chrome/145.0.0.0 Safari/537.36 (compatible; meta-externalagent/1.1 (+https://developers.facebook.com/docs/sharing/webmasters/crawler))"
57.141.4.67 - - [30/Aug/2026:17:41:45 -0500] "GET /thank-you-page-lets-date/ HTTP/1.1" 404 5913 "-" "Mozilla/5.0 (X11; Linux x86_64) AppleWebKit/537.36 (KHTML, like Gecko) Chrome/145.0.0.0 Safari/537.36 (compatible; meta-externalagent/1.1 (+https://developers.facebook.com/docs/sharing/webmasters/crawler))"
57.141.4.47 - - [30/Aug/2026:17:53:50 -0500] "GET /our-top-content-marketing-lessons-from-2017/ HTTP/1.1" 404 5913 "-" "Mozilla/5.0 (Windows NT 10.0; Win64; x64) AppleWebKit/537.36 (KHTML, like Gecko) Chrome/145.0.0.0 Safari/537.36 (compatible; meta-externalagent/1.1 (+https://developers.facebook.com/docs/sharing/webmasters/crawler))"
207.244.250.86 - - [30/Aug/2026:17:54:08 -0500] "POST /wp-cron.php?doing_wp_cron=1788130448.3381190299987792968750 HTTP/1.1" 200 4887 "-" "WordPress/6.3.10; https://devsite.motionave.com"
160.250.130.168 - - [30/Aug/2026:17:53:59 -0500] "GET /wp-login.php HTTP/1.1" 200 11781 "-" "160.250.130.168"
160.250.130.168 - - [30/Aug/2026:17:54:09 -0500] "GET /wp-json/wp/v2/users/me HTTP/1.1" 404 5857 "-" "160.250.130.168"
57.141.4.18 - - [30/Aug/2026:18:03:22 -0500] "GET /portfolio-category/cool-things/ HTTP/1.1" 404 5913 "-" "Mozilla/5.0 (Macintosh; Intel Mac OS X 10_15_7) AppleWebKit/537.36 (KHTML, like Gecko) Chrome/145.0.0.0 Safari/537.36 (compatible; meta-externalagent/1.1 (+https://developers.facebook.com/docs/sharing/webmasters/crawler))"
57.141.4.16 - - [30/Aug/2026:18:08:17 -0500] "GET /five-things-annoy-customers-social-media-2/ HTTP/1.1" 404 5913 "-" "Mozilla/5.0 (Macintosh; Intel Mac OS X 10_15_7) AppleWebKit/537.36 (KHTML, like Gecko) Chrome/145.0.0.0 Safari/537.36 (compatible; meta-externalagent/1.1 (+https://developers.facebook.com/docs/sharing/webmasters/crawler))"
57.141.4.18 - - [30/Aug/2026:18:08:47 -0500] "GET /5-reasons-why-we-love-the-facebook-pixel-and-you-should-too/bpost_img1/ HTTP/1.1" 404 5913 "-" "Mozilla/5.0 (X11; Linux x86_64) AppleWebKit/537.36 (KHTML, like Gecko) Chrome/145.0.0.0 Safari/537.36 (compatible; meta-externalagent/1.1 (+https://developers.facebook.com/docs/sharing/webmasters/crawler))"
57.141.4.47 - - [30/Aug/2026:18:11:48 -0500] "GET /get-ready-for-these-four-awesome-and-scary-applications-of-ai-in-marketing/get-ready-for-these-four-awesome-and-scary-applications-of-ai-in-marketing-2/ HTTP/1.1" 404 5913 "-" "Mozilla/5.0 (Windows NT 10.0; Win64; x64) AppleWebKit/537.36 (KHTML, like Gecko) Chrome/145.0.0.0 Safari/537.36 (compatible; meta-externalagent/1.1 (+https://developers.facebook.com/docs/sharing/webmasters/crawler))"
57.141.4.12 - - [30/Aug/2026:18:29:33 -0500] "GET /author/samuelklein/ HTTP/1.1" 404 5913 "-" "Mozilla/5.0 (Windows NT 10.0; Win64; x64) AppleWebKit/537.36 (KHTML, like Gecko) Chrome/145.0.0.0 Safari/537.36 (compatible; meta-externalagent/1.1 (+https://developers.facebook.com/docs/sharing/webmasters/crawler))"
93.123.109.53 - - [30/Aug/2026:18:30:03 -0500] "GET /wp-json/gravitysmtp/v1/tests/mock-data?page=gravitysmtp-settings HTTP/1.1" 404 5650 "-" "Mozilla/5.0 (SS; Linux i686) AppleWebKit/537.36 (KHTML, like Gecko) Chrome/135.0.0.0 Safari/537.36"
207.244.250.86 - - [30/Aug/2026:18:33:14 -0500] "POST /wp-cron.php?doing_wp_cron=1788132793.9418950080871582031250 HTTP/1.1" 200 4887 "-" "WordPress/6.3.10; https://devsite.motionave.com"
209.42.18.223 - - [30/Aug/2026:18:33:10 -0500] "GET /wp-login.php HTTP/1.1" 200 11781 "-" "209.42.18.223"
209.42.18.223 - - [30/Aug/2026:18:33:14 -0500] "POST /wp-login.php HTTP/1.1" 200 7440 "https://devsite.motionave.com/wp-login.php" "209.42.18.223"
57.141.4.14 - - [30/Aug/2026:18:34:30 -0500] "GET /six-ways-optimize-google-my-business-local-seo/ HTTP/1.1" 404 5913 "-" "Mozilla/5.0 (Macintosh; Intel Mac OS X 10_15_7) AppleWebKit/537.36 (KHTML, like Gecko) Chrome/145.0.0.0 Safari/537.36 (compatible; meta-externalagent/1.1 (+https://developers.facebook.com/docs/sharing/webmasters/crawler))"
207.46.13.78 - - [30/Aug/2026:18:38:07 -0500] "GET /guide-for-creating-initial-strategy-will-set-your-business-for-success-part-1/ HTTP/1.1" 404 5890 "-" "Mozilla/5.0 AppleWebKit/537.36 (KHTML, like Gecko; compatible; bingbot/2.0; +http://www.bing.com/bingbot.htm) Chrome/116.0.1938.76 Safari/537.36"
57.141.4.16 - - [30/Aug/2026:18:44:07 -0500] "GET /marketing-updates-with-motion-ave-41/ HTTP/1.1" 404 5913 "-" "Mozilla/5.0 (Windows NT 10.0; Win64; x64) AppleWebKit/537.36 (KHTML, like Gecko) Chrome/145.0.0.0 Safari/537.36 (compatible; meta-externalagent/1.1 (+https://developers.facebook.com/docs/sharing/webmasters/crawler))"
207.244.250.86 - - [30/Aug/2026:18:45:39 -0500] "POST /wp-cron.php?doing_wp_cron=1788133539.3458020687103271484375 HTTP/1.1" 200 4887 "-" "WordPress/6.3.10; https://devsite.motionave.com"
160.153.252.100 - - [30/Aug/2026:18:45:35 -0500] "GET /wp-login.php HTTP/1.1" 200 11781 "-" "160.153.252.100"
160.153.252.100 - - [30/Aug/2026:18:45:39 -0500] "POST /wp-login.php HTTP/1.1" 200 7440 "https://devsite.motionave.com/wp-login.php" "160.153.252.100"
57.141.4.7 - - [30/Aug/2026:18:56:07 -0500] "GET /15-common-facebook-ad-mistakes-you-need-to-avoid/ HTTP/1.1" 404 5913 "-" "Mozilla/5.0 (Windows NT 10.0; Win64; x64) AppleWebKit/537.36 (KHTML, like Gecko) Chrome/145.0.0.0 Safari/537.36 (compatible; meta-externalagent/1.1 (+https://developers.facebook.com/docs/sharing/webmasters/crawler))"
207.244.250.86 - - [30/Aug/2026:18:59:29 -0500] "POST /wp-cron.php?doing_wp_cron=1788134369.7081069946289062500000 HTTP/1.1" 200 4887 "-" "WordPress/6.3.10; https://devsite.motionave.com"
20.84.23.223 - - [30/Aug/2026:18:59:27 -0500] "GET /wp-login.php HTTP/1.1" 200 11781 "-" "20.75.217.74"
20.84.23.223 - - [30/Aug/2026:18:59:30 -0500] "POST /wp-login.php HTTP/1.1" 200 7440 "https://devsite.motionave.com/wp-login.php" "20.75.217.74"
207.244.250.86 - - [30/Aug/2026:19:10:56 -0500] "POST /wp-cron.php?doing_wp_cron=1788135056.1891939640045166015625 HTTP/1.1" 200 4887 "-" "WordPress/6.3.10; https://devsite.motionave.com"
164.52.218.210 - - [30/Aug/2026:19:10:53 -0500] "GET /wp-login.php HTTP/1.1" 200 11781 "-" "164.52.218.210"
164.52.218.210 - - [30/Aug/2026:19:10:56 -0500] "POST /wp-login.php HTTP/1.1" 200 7440 "https://devsite.motionave.com/wp-login.php" "164.52.218.210"
57.141.4.66 - - [30/Aug/2026:19:11:34 -0500] "GET /marketing-updates-with-motion-ave-29/ HTTP/1.1" 404 5913 "-" "Mozilla/5.0 (Macintosh; Intel Mac OS X 10_15_7) AppleWebKit/537.36 (KHTML, like Gecko) Chrome/145.0.0.0 Safari/537.36 (compatible; meta-externalagent/1.1 (+https://developers.facebook.com/docs/sharing/webmasters/crawler))"
57.141.4.62 - - [30/Aug/2026:19:18:32 -0500] "GET /coldcall/ HTTP/1.1" 404 5913 "-" "Mozilla/5.0 (Macintosh; Intel Mac OS X 10_15_7) AppleWebKit/537.36 (KHTML, like Gecko) Chrome/145.0.0.0 Safari/537.36 (compatible; meta-externalagent/1.1 (+https://developers.facebook.com/docs/sharing/webmasters/crawler))"
52.167.144.63 - - [30/Aug/2026:19:19:49 -0500] "GET /robots.txt HTTP/1.1" 404 5946 "-" "Mozilla/5.0 AppleWebKit/537.36 (KHTML, like Gecko; compatible; bingbot/2.0; +http://www.bing.com/bingbot.htm) Chrome/116.0.1938.76 Safari/537.36"
207.244.250.86 - - [30/Aug/2026:19:22:42 -0500] "POST /wp-cron.php?doing_wp_cron=1788135762.8136439323425292968750 HTTP/1.1" 200 4887 "-" "WordPress/6.3.10; https://devsite.motionave.com"
192.250.227.171 - - [30/Aug/2026:19:22:40 -0500] "GET /wp-login.php HTTP/1.1" 200 11781 "-" "192.250.227.171"
192.250.227.171 - - [30/Aug/2026:19:22:44 -0500] "POST /wp-login.php HTTP/1.1" 200 7440 "https://devsite.motionave.com/wp-login.php" "192.250.227.171"
57.141.4.40 - - [30/Aug/2026:19:27:02 -0500] "GET /marketing-updates-with-motion-ave-19/ HTTP/1.1" 404 5913 "-" "Mozilla/5.0 (Windows NT 10.0; Win64; x64) AppleWebKit/537.36 (KHTML, like Gecko) Chrome/145.0.0.0 Safari/537.36 (compatible; meta-externalagent/1.1 (+https://developers.facebook.com/docs/sharing/webmasters/crawler))"
52.167.144.233 - - [30/Aug/2026:19:33:25 -0500] "GET /the-recipe-for-creating-awesome-buyer-personas-infographic/inphography_buyer-2/ HTTP/1.1" 404 5890 "-" "Mozilla/5.0 AppleWebKit/537.36 (KHTML, like Gecko; compatible; bingbot/2.0; +http://www.bing.com/bingbot.htm) Chrome/116.0.1938.76 Safari/537.36"
57.141.4.13 - - [30/Aug/2026:19:40:49 -0500] "GET /five-things-annoy-customers-social-media/ihop-flat-final-hed-2015/ HTTP/1.1" 404 5913 "-" "Mozilla/5.0 (Windows NT 10.0; Win64; x64) AppleWebKit/537.36 (KHTML, like Gecko) Chrome/145.0.0.0 Safari/537.36 (compatible; meta-externalagent/1.1 (+https://developers.facebook.com/docs/sharing/webmasters/crawler))"
57.141.4.25 - - [30/Aug/2026:19:42:41 -0500] "GET /commercial-cleaning/cover-1/ HTTP/1.1" 404 5913 "-" "Mozilla/5.0 (Windows NT 10.0; Win64; x64) AppleWebKit/537.36 (KHTML, like Gecko) Chrome/145.0.0.0 Safari/537.36 (compatible; meta-externalagent/1.1 (+https://developers.facebook.com/docs/sharing/webmasters/crawler))"
57.141.4.9 - - [30/Aug/2026:19:50:08 -0500] "GET /wireframes-or-mockups-difference/photo5078159577928804444-3/ HTTP/1.1" 404 5913 "-" "Mozilla/5.0 (Windows NT 10.0; Win64; x64) AppleWebKit/537.36 (KHTML, like Gecko) Chrome/145.0.0.0 Safari/537.36 (compatible; meta-externalagent/1.1 (+https://developers.facebook.com/docs/sharing/webmasters/crawler))"
57.141.4.7 - - [30/Aug/2026:19:54:24 -0500] "GET /four-ways-master-customer-service-brand/americna-airlines-four-ways-to-master-customer-service-for-our-brand/ HTTP/1.1" 404 5913 "-" "Mozilla/5.0 (Windows NT 10.0; Win64; x64) AppleWebKit/537.36 (KHTML, like Gecko) Chrome/145.0.0.0 Safari/537.36 (compatible; meta-externalagent/1.1 (+https://developers.facebook.com/docs/sharing/webmasters/crawler))"
207.244.250.86 - - [30/Aug/2026:20:09:50 -0500] "POST /wp-cron.php?doing_wp_cron=1788138590.3490190505981445312500 HTTP/1.1" 200 4887 "-" "WordPress/6.3.10; https://devsite.motionave.com"
20.16.180.61 - - [30/Aug/2026:20:09:48 -0500] "GET /wp-login.php HTTP/1.1" 200 11781 "-" "20.16.180.61"
20.16.180.61 - - [30/Aug/2026:20:09:50 -0500] "POST /wp-login.php HTTP/1.1" 200 7440 "https://devsite.motionave.com/wp-login.php" "20.16.180.61"
207.244.250.86 - - [30/Aug/2026:20:09:51 -0500] "GET / HTTP/1.1" 200 245719 "-" "WordPress/6.3.10; https://devsite.motionave.com"
57.141.4.21 - - [30/Aug/2026:20:26:49 -0500] "GET /are-your-facebook-campaigns-giant-mess/v2motion_-blog-post-oct/ HTTP/1.1" 404 5913 "-" "Mozilla/5.0 (Macintosh; Intel Mac OS X 10_15_7) AppleWebKit/537.36 (KHTML, like Gecko) Chrome/145.0.0.0 Safari/537.36 (compatible; meta-externalagent/1.1 (+https://developers.facebook.com/docs/sharing/webmasters/crawler))"
57.141.4.16 - - [30/Aug/2026:20:38:29 -0500] "GET /commercial-cleaning/cover-004/ HTTP/1.1" 404 5913 "-" "Mozilla/5.0 (Windows NT 10.0; Win64; x64) AppleWebKit/537.36 (KHTML, like Gecko) Chrome/145.0.0.0 Safari/537.36 (compatible; meta-externalagent/1.1 (+https://developers.facebook.com/docs/sharing/webmasters/crawler))"
52.139.44.162 - - [30/Aug/2026:20:41:22 -0500] "GET /wp-content/plugins/hellopress/wp_filemanager.php HTTP/1.1" 404 5842 "-" "-"
52.139.44.162 - - [30/Aug/2026:20:41:22 -0500] "GET /this_is_a_new_hello_world.php HTTP/1.1" 404 253 "-" "-"
52.139.44.162 - - [30/Aug/2026:20:41:22 -0500] "GET /nail.php HTTP/1.1" 404 253 "-" "-"
52.139.44.162 - - [30/Aug/2026:20:41:22 -0500] "GET /or.php HTTP/1.1" 404 253 "-" "-"
52.139.44.162 - - [30/Aug/2026:20:41:22 -0500] "GET /verox.php HTTP/1.1" 404 253 "-" "-"
52.139.44.162 - - [30/Aug/2026:20:41:22 -0500] "GET /ba.php?p= HTTP/1.1" 404 253 "-" "-"
52.139.44.162 - - [30/Aug/2026:20:41:22 -0500] "GET /G.php HTTP/1.1" 404 253 "-" "-"
52.139.44.162 - - [30/Aug/2026:20:41:22 -0500] "GET /great.php HTTP/1.1" 404 253 "-" "-"
52.139.44.162 - - [30/Aug/2026:20:41:22 -0500] "GET /dyt8mjxc3yofbkoriukvgjaCdefault.php HTTP/1.1" 404 253 "-" "-"
52.139.44.162 - - [30/Aug/2026:20:41:22 -0500] "GET /robots.php HTTP/1.1" 404 253 "-" "-"
52.139.44.162 - - [30/Aug/2026:20:41:22 -0500] "GET /sky.php HTTP/1.1" 404 253 "-" "-"
52.139.44.162 - - [30/Aug/2026:20:41:22 -0500] "GET /sixxis.php HTTP/1.1" 404 253 "-" "-"
52.139.44.162 - - [30/Aug/2026:20:41:22 -0500] "GET /yj09.php HTTP/1.1" 404 253 "-" "-"
52.139.44.162 - - [30/Aug/2026:20:41:22 -0500] "GET /k.php HTTP/1.1" 404 253 "-" "-"
52.139.44.162 - - [30/Aug/2026:20:41:23 -0500] "GET /w.php HTTP/1.1" 404 253 "-" "-"
52.139.44.162 - - [30/Aug/2026:20:41:23 -0500] "GET /FWAZ.php HTTP/1.1" 404 253 "-" "-"
52.139.44.162 - - [30/Aug/2026:20:41:23 -0500] "GET /blurbs.php HTTP/1.1" 404 253 "-" "-"
52.139.44.162 - - [30/Aug/2026:20:41:23 -0500] "GET /100.php HTTP/1.1" 404 253 "-" "-"
52.139.44.162 - - [30/Aug/2026:20:41:23 -0500] "GET /ccc.php?p= HTTP/1.1" 404 253 "-" "-"
52.139.44.162 - - [30/Aug/2026:20:41:23 -0500] "GET /images.php HTTP/1.1" 404 253 "-" "-"
52.139.44.162 - - [30/Aug/2026:20:41:23 -0500] "GET /alls.php HTTP/1.1" 404 253 "-" "-"
52.139.44.162 - - [30/Aug/2026:20:41:23 -0500] "GET /RRUWqtnBN.php HTTP/1.1" 404 253 "-" "-"
52.139.44.162 - - [30/Aug/2026:20:41:23 -0500] "GET /red.php HTTP/1.1" 404 253 "-" "-"
52.139.44.162 - - [30/Aug/2026:20:41:23 -0500] "GET /admin.php HTTP/1.1" 404 253 "-" "-"
52.139.44.162 - - [30/Aug/2026:20:41:23 -0500] "GET /file52.php HTTP/1.1" 404 253 "-" "-"
52.139.44.162 - - [30/Aug/2026:20:41:23 -0500] "GET /geck.php HTTP/1.1" 404 253 "-" "-"
52.139.44.162 - - [30/Aug/2026:20:41:23 -0500] "GET /biufile.php HTTP/1.1" 404 253 "-" "-"
52.139.44.162 - - [30/Aug/2026:20:41:23 -0500] "GET /dejavu.php HTTP/1.1" 404 253 "-" "-"
52.139.44.162 - - [30/Aug/2026:20:41:23 -0500] "GET /aaf.php HTTP/1.1" 404 253 "-" "-"
52.139.44.162 - - [30/Aug/2026:20:41:23 -0500] "GET /h02ugyh.php HTTP/1.1" 404 253 "-" "-"
52.139.44.162 - - [30/Aug/2026:20:41:23 -0500] "GET /155.php HTTP/1.1" 404 253 "-" "-"
52.139.44.162 - - [30/Aug/2026:20:41:23 -0500] "GET /ops.php HTTP/1.1" 404 253 "-" "-"
52.139.44.162 - - [30/Aug/2026:20:41:23 -0500] "GET /mac.php HTTP/1.1" 404 253 "-" "-"
52.139.44.162 - - [30/Aug/2026:20:41:24 -0500] "GET /makeasmtp.php?p= HTTP/1.1" 404 253 "-" "-"
52.139.44.162 - - [30/Aug/2026:20:41:24 -0500] "GET /pucci.php HTTP/1.1" 404 253 "-" "-"
52.139.44.162 - - [30/Aug/2026:20:41:24 -0500] "GET /puc.php HTTP/1.1" 404 253 "-" "-"
52.139.44.162 - - [30/Aug/2026:20:41:24 -0500] "GET /8.php HTTP/1.1" 404 253 "-" "-"
52.139.44.162 - - [30/Aug/2026:20:41:24 -0500] "GET /1.php HTTP/1.1" 404 253 "-" "-"
52.139.44.162 - - [30/Aug/2026:20:41:24 -0500] "GET /admin.php HTTP/1.1" 404 253 "-" "-"
52.139.44.162 - - [30/Aug/2026:20:41:24 -0500] "GET /edit.php HTTP/1.1" 404 253 "-" "-"
52.139.44.162 - - [30/Aug/2026:20:41:24 -0500] "GET /inputs.php HTTP/1.1" 404 253 "-" "-"
52.139.44.162 - - [30/Aug/2026:20:41:24 -0500] "GET /av.php HTTP/1.1" 404 253 "-" "-"
52.139.44.162 - - [30/Aug/2026:20:41:24 -0500] "GET /classwithtostring.php?p= HTTP/1.1" 404 253 "-" "-"
52.139.44.162 - - [30/Aug/2026:20:41:24 -0500] "GET /adminfuns.php HTTP/1.1" 404 253 "-" "-"
52.139.44.162 - - [30/Aug/2026:20:41:24 -0500] "GET /ms-edit.php HTTP/1.1" 404 253 "-" "-"
52.139.44.162 - - [30/Aug/2026:20:41:24 -0500] "GET /222.php HTTP/1.1" 404 253 "-" "-"
52.139.44.162 - - [30/Aug/2026:20:41:24 -0500] "GET /BDKR28WP.php HTTP/1.1" 404 253 "-" "-"
52.139.44.162 - - [30/Aug/2026:20:41:24 -0500] "GET /wp.php HTTP/1.1" 404 253 "-" "-"
52.139.44.162 - - [30/Aug/2026:20:41:24 -0500] "GET /abcd.php HTTP/1.1" 404 253 "-" "-"
52.139.44.162 - - [30/Aug/2026:20:41:24 -0500] "GET /simple.php HTTP/1.1" 404 253 "-" "-"
52.139.44.162 - - [30/Aug/2026:20:41:40 -0500] "GET /nox.php HTTP/1.1" 404 362 "-" "-"
52.139.44.162 - - [30/Aug/2026:20:41:40 -0500] "GET /file59.php HTTP/1.1" 404 253 "-" "-"
52.139.44.162 - - [30/Aug/2026:20:41:40 -0500] "GET /admin.php? HTTP/1.1" 404 253 "-" "-"
52.139.44.162 - - [30/Aug/2026:20:41:40 -0500] "GET /aa2.php HTTP/1.1" 404 253 "-" "-"
52.139.44.162 - - [30/Aug/2026:20:41:40 -0500] "GET /xamp.php HTTP/1.1" 404 253 "-" "-"
52.139.44.162 - - [30/Aug/2026:20:41:40 -0500] "GET /bless.php HTTP/1.1" 404 253 "-" "-"
52.139.44.162 - - [30/Aug/2026:20:41:40 -0500] "GET /f35.php HTTP/1.1" 404 253 "-" "-"
52.139.44.162 - - [30/Aug/2026:20:41:40 -0500] "GET /aaa.php HTTP/1.1" 404 253 "-" "-"
52.139.44.162 - - [30/Aug/2026:20:41:40 -0500] "GET /gecko.php HTTP/1.1" 404 253 "-" "-"
52.139.44.162 - - [30/Aug/2026:20:41:40 -0500] "GET /xiugai.php?p= HTTP/1.1" 404 253 "-" "-"
52.139.44.162 - - [30/Aug/2026:20:41:40 -0500] "GET /adminner.php HTTP/1.1" 404 253 "-" "-"
52.139.44.162 - - [30/Aug/2026:20:41:40 -0500] "GET /file1221.php HTTP/1.1" 404 253 "-" "-"
52.139.44.162 - - [30/Aug/2026:20:41:40 -0500] "GET /inx.php HTTP/1.1" 404 253 "-" "-"
52.139.44.162 - - [30/Aug/2026:20:41:40 -0500] "GET /reviall.php HTTP/1.1" 404 253 "-" "-"
52.139.44.162 - - [30/Aug/2026:20:41:40 -0500] "GET /11.php?p= HTTP/1.1" 404 253 "-" "-"
52.139.44.162 - - [30/Aug/2026:20:41:40 -0500] "GET /File.php HTTP/1.1" 404 253 "-" "-"
52.139.44.162 - - [30/Aug/2026:20:41:40 -0500] "GET /fi22.php HTTP/1.1" 404 253 "-" "-"
52.139.44.162 - - [30/Aug/2026:20:41:40 -0500] "GET /3PJcpMFsD8B.php HTTP/1.1" 404 253 "-" "-"
52.139.44.162 - - [30/Aug/2026:20:41:41 -0500] "GET /a3ampzmbipnkpxeqhqpsanCdefault.php HTTP/1.1" 404 253 "-" "-"
52.139.44.162 - - [30/Aug/2026:20:41:41 -0500] "GET /4PJcpMFsD8B.php HTTP/1.1" 404 253 "-" "-"
52.139.44.162 - - [30/Aug/2026:20:41:41 -0500] "GET /i99z7zzbwtpteujvv6s8hiCdefault.php HTTP/1.1" 404 253 "-" "-"
52.139.44.162 - - [30/Aug/2026:20:41:41 -0500] "GET /gwaih1gfzp5vuwr04Cdefault.php HTTP/1.1" 404 253 "-" "-"
52.139.44.162 - - [30/Aug/2026:20:41:41 -0500] "GET /1wvekeybd9it2di2vyipgr6Cdefault.php HTTP/1.1" 404 253 "-" "-"
52.139.44.162 - - [30/Aug/2026:20:41:41 -0500] "GET /media.php HTTP/1.1" 404 253 "-" "-"
52.139.44.162 - - [30/Aug/2026:20:41:41 -0500] "GET /inso.php HTTP/1.1" 404 253 "-" "-"
52.139.44.162 - - [30/Aug/2026:20:41:41 -0500] "GET /shiny.php HTTP/1.1" 404 253 "-" "-"
52.139.44.162 - - [30/Aug/2026:20:41:41 -0500] "GET /403dd.php HTTP/1.1" 404 253 "-" "-"
52.139.44.162 - - [30/Aug/2026:20:41:41 -0500] "GET /baba.php HTTP/1.1" 404 253 "-" "-"
52.139.44.162 - - [30/Aug/2026:20:41:41 -0500] "GET /site.php HTTP/1.1" 404 253 "-" "-"
52.139.44.162 - - [30/Aug/2026:20:41:41 -0500] "GET /cabs.php HTTP/1.1" 404 253 "-" "-"
52.139.44.162 - - [30/Aug/2026:20:41:41 -0500] "GET /insc.php HTTP/1.1" 404 253 "-" "-"
52.139.44.162 - - [30/Aug/2026:20:41:41 -0500] "GET /file.php? HTTP/1.1" 404 253 "-" "-"
52.139.44.162 - - [30/Aug/2026:20:41:41 -0500] "GET /dex.php HTTP/1.1" 404 253 "-" "-"
52.139.44.162 - - [30/Aug/2026:20:41:41 -0500] "GET /key.php HTTP/1.1" 404 253 "-" "-"
52.139.44.162 - - [30/Aug/2026:20:41:41 -0500] "GET /kir.php HTTP/1.1" 404 253 "-" "-"
52.139.44.162 - - [30/Aug/2026:20:41:41 -0500] "GET /nofile.php HTTP/1.1" 404 253 "-" "-"
52.139.44.162 - - [30/Aug/2026:20:41:41 -0500] "GET /fling.php?p= HTTP/1.1" 404 253 "-" "-"
52.139.44.162 - - [30/Aug/2026:20:41:41 -0500] "GET /zoo1.php?p= HTTP/1.1" 404 253 "-" "-"
52.139.44.162 - - [30/Aug/2026:20:41:42 -0500] "GET /btyuio.php HTTP/1.1" 404 253 "-" "-"
52.139.44.162 - - [30/Aug/2026:20:41:42 -0500] "GET /00zip.php HTTP/1.1" 404 253 "-" "-"
52.139.44.162 - - [30/Aug/2026:20:41:42 -0500] "GET /silver.php HTTP/1.1" 404 253 "-" "-"
52.139.44.162 - - [30/Aug/2026:20:41:42 -0500] "GET /wp-mails.php HTTP/1.1" 404 253 "-" "-"
52.139.44.162 - - [30/Aug/2026:20:41:42 -0500] "GET /new.php HTTP/1.1" 404 253 "-" "-"
52.139.44.162 - - [30/Aug/2026:20:41:42 -0500] "GET /run.php HTTP/1.1" 404 253 "-" "-"
52.139.44.162 - - [30/Aug/2026:20:41:42 -0500] "GET /sm.php HTTP/1.1" 404 253 "-" "-"
52.139.44.162 - - [30/Aug/2026:20:41:42 -0500] "GET /araso.php HTTP/1.1" 404 253 "-" "-"
52.139.44.162 - - [30/Aug/2026:20:41:42 -0500] "GET /a.php HTTP/1.1" 404 253 "-" "-"
52.139.44.162 - - [30/Aug/2026:20:41:42 -0500] "GET /ass.php HTTP/1.1" 404 253 "-" "-"
52.139.44.162 - - [30/Aug/2026:20:41:42 -0500] "GET /sb.php HTTP/1.1" 404 253 "-" "-"
52.139.44.162 - - [30/Aug/2026:20:41:42 -0500] "GET /in.php HTTP/1.1" 404 253 "-" "-"
52.139.44.162 - - [30/Aug/2026:20:41:42 -0500] "GET /ssg.php HTTP/1.1" 404 253 "-" "-"
52.139.44.162 - - [30/Aug/2026:20:41:42 -0500] "GET /gigi.php HTTP/1.1" 404 253 "-" "-"
52.139.44.162 - - [30/Aug/2026:20:41:42 -0500] "GET /xnm-apc.php?p= HTTP/1.1" 404 253 "-" "-"
52.139.44.162 - - [30/Aug/2026:20:41:42 -0500] "GET /adminimagess.php HTTP/1.1" 404 253 "-" "-"
52.139.44.162 - - [30/Aug/2026:20:41:42 -0500] "GET /wp-content/index.php HTTP/1.1" 200 210 "-" "-"
52.139.44.162 - - [30/Aug/2026:20:41:42 -0500] "GET /wp-includes/ID3/about.php HTTP/1.1" 403 1068 "-" "-"
52.139.44.162 - - [30/Aug/2026:20:41:42 -0500] "GET /wp-admin/css/ HTTP/1.1" 403 1068 "-" "-"
52.139.44.162 - - [30/Aug/2026:20:41:42 -0500] "GET /wp-admin/css/colors/modern/ HTTP/1.1" 403 1068 "-" "-"
52.139.44.162 - - [30/Aug/2026:20:41:43 -0500] "GET /wp-includes/blocks/details/ HTTP/1.1" 403 1068 "-" "-"
52.139.44.162 - - [30/Aug/2026:20:41:43 -0500] "GET /wp-includes/blocks/audio/ HTTP/1.1" 403 1068 "-" "-"
52.139.44.162 - - [30/Aug/2026:20:41:43 -0500] "GET /wp-temp.php HTTP/1.1" 404 253 "-" "-"
52.139.44.162 - - [30/Aug/2026:20:41:43 -0500] "GET /wp-admin/js/index.php HTTP/1.1" 404 253 "-" "-"
52.139.44.162 - - [30/Aug/2026:20:41:43 -0500] "GET /wp-includes/Requests/ HTTP/1.1" 403 1068 "-" "-"
52.139.44.162 - - [30/Aug/2026:20:41:43 -0500] "GET /wp-content/admin.php HTTP/1.1" 404 253 "-" "-"
52.139.44.162 - - [30/Aug/2026:20:41:43 -0500] "GET /wp-content/themes/index.php HTTP/1.1" 200 210 "-" "-"
52.139.44.162 - - [30/Aug/2026:20:41:43 -0500] "GET /av.php HTTP/1.1" 404 253 "-" "-"
52.139.44.162 - - [30/Aug/2026:20:41:43 -0500] "GET /wp-content/themes/index.php HTTP/1.1" 200 210 "-" "-"
52.139.44.162 - - [30/Aug/2026:20:41:43 -0500] "GET /wp-blog.php HTTP/1.1" 404 253 "-" "-"
52.139.44.162 - - [30/Aug/2026:20:41:43 -0500] "GET /wp-includes/js/jquery/ HTTP/1.1" 403 1068 "-" "-"
52.139.44.162 - - [30/Aug/2026:20:41:43 -0500] "GET /cgi-bin/index.php HTTP/1.1" 404 1081 "-" "-"
52.139.44.162 - - [30/Aug/2026:20:41:43 -0500] "GET /wp-includes/l10n/ HTTP/1.1" 404 1081 "-" "-"
52.139.44.162 - - [30/Aug/2026:20:41:43 -0500] "GET /wp-manager.php HTTP/1.1" 404 253 "-" "-"
52.139.44.162 - - [30/Aug/2026:20:41:43 -0500] "GET /wp-includes/Text/Diff/Engine/about.php HTTP/1.1" 403 1068 "-" "-"
52.139.44.162 - - [30/Aug/2026:20:41:43 -0500] "GET /cgi-bin/admin.php HTTP/1.1" 404 1081 "-" "-"
52.139.44.162 - - [30/Aug/2026:20:41:43 -0500] "GET /wp-content/ HTTP/1.1" 200 210 "-" "-"
52.139.44.162 - - [30/Aug/2026:20:41:43 -0500] "GET /wp-admin/css/colors/blue/ HTTP/1.1" 403 1068 "-" "-"
52.139.44.162 - - [30/Aug/2026:20:41:44 -0500] "GET /wp-includes/block-bindings/ HTTP/1.1" 404 1081 "-" "-"
52.139.44.162 - - [30/Aug/2026:20:41:59 -0500] "GET /wp-admin/css/colors/sunrise/ HTTP/1.1" 403 1177 "-" "-"
207.244.250.86 - - [30/Aug/2026:20:42:10 -0500] "POST /wp-cron.php?doing_wp_cron=1788140530.5947020053863525390625 HTTP/1.1" 200 4887 "-" "WordPress/6.3.10; https://devsite.motionave.com"
52.139.44.162 - - [30/Aug/2026:20:41:59 -0500] "GET /wp-admin/network/plugins.php HTTP/1.1" 302 478 "-" "-"
52.139.44.162 - - [30/Aug/2026:20:42:10 -0500] "GET /wp-login.php?redirect_to=https%3A%2F%2Fdevsite.motionave.com%2Fwp-admin%2Fnetwork%2Fplugins.php&reauth=1 HTTP/1.1" 200 9177 "-" "-"
52.139.44.162 - - [30/Aug/2026:20:42:13 -0500] "GET /wp-admin/maint/index.php HTTP/1.1" 404 253 "-" "-"
52.139.44.162 - - [30/Aug/2026:20:42:13 -0500] "GET /wp-includes/blocks/post-comments-form/ HTTP/1.1" 403 1068 "-" "-"
52.139.44.162 - - [30/Aug/2026:20:42:13 -0500] "GET /qazwsx.php HTTP/1.1" 404 253 "-" "-"
52.139.44.162 - - [30/Aug/2026:20:42:13 -0500] "GET /elp.php?p= HTTP/1.1" 404 253 "-" "-"
52.139.44.162 - - [30/Aug/2026:20:42:13 -0500] "GET /wp-content/uploads/ HTTP/1.1" 403 1068 "-" "-"
52.139.44.162 - - [30/Aug/2026:20:42:13 -0500] "GET /dorps.php HTTP/1.1" 404 253 "-" "-"
52.139.44.162 - - [30/Aug/2026:20:42:13 -0500] "GET /wp_blog_footer.php HTTP/1.1" 404 253 "-" "-"
52.139.44.162 - - [30/Aug/2026:20:42:13 -0500] "GET /cagor.php HTTP/1.1" 404 253 "-" "-"
52.139.44.162 - - [30/Aug/2026:20:42:13 -0500] "GET /billzgs.php HTTP/1.1" 404 253 "-" "-"
52.139.44.162 - - [30/Aug/2026:20:42:13 -0500] "GET /BDKR28_u7cn8y3b.php HTTP/1.1" 404 253 "-" "-"
52.139.44.162 - - [30/Aug/2026:20:42:13 -0500] "GET /dftwg.php HTTP/1.1" 404 253 "-" "-"
52.139.44.162 - - [30/Aug/2026:20:41:24 -0500] "GET /chosen.php HTTP/1.1" 404 253 "-" "-"
52.139.44.162 - - [30/Aug/2026:20:43:17 -0500] "GET /als.php HTTP/1.1" 404 253 "-" "-"
57.141.4.52 - - [30/Aug/2026:20:43:47 -0500] "GET /sem-or-facebook-ads-where-to-put-your-money/fb_wednesday/ HTTP/1.1" 404 5913 "-" "Mozilla/5.0 (X11; Linux x86_64) AppleWebKit/537.36 (KHTML, like Gecko) Chrome/145.0.0.0 Safari/537.36 (compatible; meta-externalagent/1.1 (+https://developers.facebook.com/docs/sharing/webmasters/crawler))"
207.244.250.86 - - [30/Aug/2026:20:44:34 -0500] "POST /wp-cron.php?doing_wp_cron=1788140674.3604619503021240234375 HTTP/1.1" 200 4887 "-" "WordPress/6.3.10; https://devsite.motionave.com"
69.57.172.119 - - [30/Aug/2026:20:44:32 -0500] "GET /wp-login.php HTTP/1.1" 200 11781 "-" "69.57.172.119"
57.141.4.61 - - [30/Aug/2026:20:52:34 -0500] "GET /how-to-create-killer-content-strategy-for-business/image1-7/ HTTP/1.1" 404 5913 "-" "Mozilla/5.0 (Macintosh; Intel Mac OS X 10_15_7) AppleWebKit/537.36 (KHTML, like Gecko) Chrome/145.0.0.0 Safari/537.36 (compatible; meta-externalagent/1.1 (+https://developers.facebook.com/docs/sharing/webmasters/crawler))"
57.141.4.40 - - [30/Aug/2026:21:09:36 -0500] "GET /dos-donts-running-your-webinar/ HTTP/1.1" 404 5913 "-" "Mozilla/5.0 (Windows NT 10.0; Win64; x64) AppleWebKit/537.36 (KHTML, like Gecko) Chrome/145.0.0.0 Safari/537.36 (compatible; meta-externalagent/1.1 (+https://developers.facebook.com/docs/sharing/webmasters/crawler))"
57.141.4.67 - - [30/Aug/2026:21:11:41 -0500] "GET /our-team/ HTTP/1.1" 404 5913 "-" "Mozilla/5.0 (Windows NT 10.0; Win64; x64) AppleWebKit/537.36 (KHTML, like Gecko) Chrome/145.0.0.0 Safari/537.36 (compatible; meta-externalagent/1.1 (+https://developers.facebook.com/docs/sharing/webmasters/crawler))"
57.141.4.4 - - [30/Aug/2026:21:13:11 -0500] "GET /how-to-create-killer-content-strategy-for-business/image4-6/ HTTP/1.1" 404 5913 "-" "Mozilla/5.0 (Windows NT 10.0; Win64; x64) AppleWebKit/537.36 (KHTML, like Gecko) Chrome/145.0.0.0 Safari/537.36 (compatible; meta-externalagent/1.1 (+https://developers.facebook.com/docs/sharing/webmasters/crawler))"
207.244.250.86 - - [30/Aug/2026:21:18:59 -0500] "POST /wp-cron.php?doing_wp_cron=1788142739.0808160305023193359375 HTTP/1.1" 200 4887 "-" "WordPress/6.3.10; https://devsite.motionave.com"
50.6.160.110 - - [30/Aug/2026:21:18:56 -0500] "GET /wp-login.php HTTP/1.1" 200 11781 "-" "50.6.160.110"
50.6.160.110 - - [30/Aug/2026:21:19:00 -0500] "POST /wp-login.php HTTP/1.1" 200 7440 "https://devsite.motionave.com/wp-login.php" "50.6.160.110"
57.141.4.42 - - [30/Aug/2026:21:33:37 -0500] "GET /4-things-you-need-to-optimize-in-your-facebook-ads-campaign-now/ HTTP/1.1" 404 5913 "-" "Mozilla/5.0 (Windows NT 10.0; Win64; x64) AppleWebKit/537.36 (KHTML, like Gecko) Chrome/145.0.0.0 Safari/537.36 (compatible; meta-externalagent/1.1 (+https://developers.facebook.com/docs/sharing/webmasters/crawler))"
207.244.250.86 - - [30/Aug/2026:21:41:20 -0500] "POST /wp-cron.php?doing_wp_cron=1788144080.6615400314331054687500 HTTP/1.1" 200 4887 "-" "WordPress/6.3.10; https://devsite.motionave.com"
192.250.235.17 - - [30/Aug/2026:21:41:16 -0500] "GET /wp-login.php HTTP/1.1" 200 11781 "-" "192.250.235.17"
192.250.235.17 - - [30/Aug/2026:21:41:21 -0500] "POST /wp-login.php HTTP/1.1" 200 7440 "https://devsite.motionave.com/wp-login.php" "192.250.235.17"
207.244.250.86 - - [30/Aug/2026:21:51:58 -0500] "POST /wp-cron.php?doing_wp_cron=1788144718.4402890205383300781250 HTTP/1.1" 200 4887 "-" "WordPress/6.3.10; https://devsite.motionave.com"
135.236.141.8 - - [30/Aug/2026:21:51:55 -0500] "GET /wp-login.php HTTP/1.1" 200 11781 "-" "135.236.141.8"
135.236.141.8 - - [30/Aug/2026:21:51:58 -0500] "POST /wp-login.php HTTP/1.1" 200 7440 "https://devsite.motionave.com/wp-login.php" "135.236.141.8"
57.141.4.19 - - [30/Aug/2026:22:02:14 -0500] "GET /14-marketing-tips-trends-for-2018-holiday-shopping-season/ HTTP/1.1" 404 5913 "-" "Mozilla/5.0 (Macintosh; Intel Mac OS X 10_15_7) AppleWebKit/537.36 (KHTML, like Gecko) Chrome/145.0.0.0 Safari/537.36 (compatible; meta-externalagent/1.1 (+https://developers.facebook.com/docs/sharing/webmasters/crawler))"
52.167.144.170 - - [30/Aug/2026:22:16:04 -0500] "GET /commercial-cleaning/insulation/ HTTP/1.1" 404 5890 "-" "Mozilla/5.0 AppleWebKit/537.36 (KHTML, like Gecko; compatible; bingbot/2.0; +http://www.bing.com/bingbot.htm) Chrome/116.0.1938.76 Safari/537.36"
57.141.4.27 - - [30/Aug/2026:22:19:07 -0500] "GET /its-not-too-early-to-start-thinking-about-holiday-marketing/its-not-too-late-to-start-thinking-about-holiday-marketing/ HTTP/1.1" 404 5913 "-" "Mozilla/5.0 (Windows NT 10.0; Win64; x64) AppleWebKit/537.36 (KHTML, like Gecko) Chrome/145.0.0.0 Safari/537.36 (compatible; meta-externalagent/1.1 (+https://developers.facebook.com/docs/sharing/webmasters/crawler))"
207.244.250.86 - - [30/Aug/2026:22:27:42 -0500] "POST /wp-cron.php?doing_wp_cron=1788146862.7801470756530761718750 HTTP/1.1" 200 4887 "-" "WordPress/6.3.10; https://devsite.motionave.com"
190.92.174.131 - - [30/Aug/2026:22:27:40 -0500] "GET /wp-login.php HTTP/1.1" 200 11781 "-" "190.92.174.131"
190.92.174.131 - - [30/Aug/2026:22:27:44 -0500] "POST /wp-login.php HTTP/1.1" 200 7440 "https://devsite.motionave.com/wp-login.php" "190.92.174.131"
207.244.250.86 - - [30/Aug/2026:22:51:46 -0500] "POST /wp-cron.php?doing_wp_cron=1788148306.7778921127319335937500 HTTP/1.1" 200 4887 "-" "WordPress/6.3.10; https://devsite.motionave.com"
106.0.62.80 - - [30/Aug/2026:22:51:44 -0500] "GET /wp-login.php HTTP/1.1" 200 11781 "-" "106.0.62.80"
106.0.62.80 - - [30/Aug/2026:22:51:48 -0500] "POST /wp-login.php HTTP/1.1" 200 7440 "https://devsite.motionave.com/wp-login.php" "106.0.62.80"
57.141.4.2 - - [30/Aug/2026:22:55:32 -0500] "GET /marketing-updates-with-motion-ave/photo5071517054523255027/ HTTP/1.1" 404 5913 "-" "Mozilla/5.0 (Macintosh; Intel Mac OS X 10_15_7) AppleWebKit/537.36 (KHTML, like Gecko) Chrome/145.0.0.0 Safari/537.36 (compatible; meta-externalagent/1.1 (+https://developers.facebook.com/docs/sharing/webmasters/crawler))"
57.141.4.26 - - [30/Aug/2026:22:56:23 -0500] "GET /portfolio-item/muevete-official-party-in-pink-warrior-move/pip-muevete1/ HTTP/1.1" 404 5913 "-" "Mozilla/5.0 (Windows NT 10.0; Win64; x64) AppleWebKit/537.36 (KHTML, like Gecko) Chrome/145.0.0.0 Safari/537.36 (compatible; meta-externalagent/1.1 (+https://developers.facebook.com/docs/sharing/webmasters/crawler))"
207.244.250.86 - - [30/Aug/2026:23:03:47 -0500] "POST /wp-cron.php?doing_wp_cron=1788149027.3038558959960937500000 HTTP/1.1" 200 4887 "-" "WordPress/6.3.10; https://devsite.motionave.com"
209.46.127.12 - - [30/Aug/2026:23:03:44 -0500] "GET /wp-login.php HTTP/1.1" 200 11781 "-" "209.46.127.12"
209.46.127.12 - - [30/Aug/2026:23:03:47 -0500] "POST /wp-login.php HTTP/1.1" 200 7440 "https://devsite.motionave.com/wp-login.php" "209.46.127.12"
57.141.4.50 - - [30/Aug/2026:23:05:14 -0500] "GET /colony-theatre-case-study/image2-8/ HTTP/1.1" 404 5913 "-" "Mozilla/5.0 (Windows NT 10.0; Win64; x64) AppleWebKit/537.36 (KHTML, like Gecko) Chrome/145.0.0.0 Safari/537.36 (compatible; meta-externalagent/1.1 (+https://developers.facebook.com/docs/sharing/webmasters/crawler))"
57.141.4.29 - - [30/Aug/2026:23:16:21 -0500] "GET /emojis-making-marketing-fun-one-%f0%9f%98%82-time/emojis-making-marketing-fun-one-at-a-time/ HTTP/1.1" 404 5913 "-" "Mozilla/5.0 (Windows NT 10.0; Win64; x64) AppleWebKit/537.36 (KHTML, like Gecko) Chrome/145.0.0.0 Safari/537.36 (compatible; meta-externalagent/1.1 (+https://developers.facebook.com/docs/sharing/webmasters/crawler))"
40.77.167.3 - - [30/Aug/2026:23:27:20 -0500] "GET /the-recipe-for-creating-awesome-buyer-personas-infographic/inphography_buyer_02/ HTTP/1.1" 404 5890 "-" "Mozilla/5.0 AppleWebKit/537.36 (KHTML, like Gecko; compatible; bingbot/2.0; +http://www.bing.com/bingbot.htm) Chrome/116.0.1938.76 Safari/537.36"
40.77.167.241 - - [30/Aug/2026:23:45:13 -0500] "GET /our-you-use-video-marketing-our-you-have-a-disadvantage-3/ HTTP/1.1" 404 5890 "-" "Mozilla/5.0 AppleWebKit/537.36 (KHTML, like Gecko; compatible; bingbot/2.0; +http://www.bing.com/bingbot.htm) Chrome/116.0.1938.76 Safari/537.36"
207.244.250.86 - - [30/Aug/2026:23:48:57 -0500] "POST /wp-cron.php?doing_wp_cron=1788151737.3586459159851074218750 HTTP/1.1" 200 4887 "-" "WordPress/6.3.10; https://devsite.motionave.com"
32.197.93.224 - - [30/Aug/2026:23:48:54 -0500] "GET / HTTP/1.1" 200 245701 "-" "Mozilla/5.0 (Windows NT 10.0; Win64; x64) AppleWebKit/537.36 (KHTML, like Gecko) Chrome/130.0.0.0 Safari/537.36 Edg/130.0.0.0"
91.92.241.196 - - [30/Aug/2026:23:54:13 -0500] "GET /.git/config HTTP/1.1" 404 5650 "-" "Mozilla/5.0 (Windows NT 10.0; Win64; x64) AppleWebKit/537.36"
91.92.241.196 - - [30/Aug/2026:23:54:12 -0500] "GET /.git/HEAD HTTP/1.1" 404 5650 "-" "Mozilla/5.0 (Windows NT 10.0; Win64; x64) AppleWebKit/537.36"
57.141.4.24 - - [30/Aug/2026:23:55:44 -0500] "GET /five-things-annoy-customers-social-media/five-things-that-annoy-customers-on-social-media-2/ HTTP/1.1" 404 5913 "-" "Mozilla/5.0 (Windows NT 10.0; Win64; x64) AppleWebKit/537.36 (KHTML, like Gecko) Chrome/145.0.0.0 Safari/537.36 (compatible; meta-externalagent/1.1 (+https://developers.facebook.com/docs/sharing/webmasters/crawler))"
57.141.4.23 - - [30/Aug/2026:23:59:08 -0500] "GET /portfolio-item/reel/ HTTP/1.1" 404 5913 "-" "Mozilla/5.0 (Windows NT 10.0; Win64; x64) AppleWebKit/537.36 (KHTML, like Gecko) Chrome/145.0.0.0 Safari/537.36 (compatible; meta-externalagent/1.1 (+https://developers.facebook.com/docs/sharing/webmasters/crawler))"
57.141.4.63 - - [31/Aug/2026:00:23:09 -0500] "GET /marketing-updates-with-motion-ave-16/image3-11/ HTTP/1.1" 404 5913 "-" "Mozilla/5.0 (Macintosh; Intel Mac OS X 10_15_7) AppleWebKit/537.36 (KHTML, like Gecko) Chrome/145.0.0.0 Safari/537.36 (compatible; meta-externalagent/1.1 (+https://developers.facebook.com/docs/sharing/webmasters/crawler))"
57.141.4.67 - - [31/Aug/2026:00:24:53 -0500] "GET /colony-theatre-case-study/photo5064484470777817169/ HTTP/1.1" 404 5913 "-" "Mozilla/5.0 (Macintosh; Intel Mac OS X 10_15_7) AppleWebKit/537.36 (KHTML, like Gecko) Chrome/145.0.0.0 Safari/537.36 (compatible; meta-externalagent/1.1 (+https://developers.facebook.com/docs/sharing/webmasters/crawler))"
207.244.250.86 - - [31/Aug/2026:00:31:52 -0500] "POST /wp-cron.php?doing_wp_cron=1788154312.6432890892028808593750 HTTP/1.1" 200 4887 "-" "WordPress/6.3.10; https://devsite.motionave.com"
67.20.112.211 - - [31/Aug/2026:00:31:50 -0500] "GET /wp-login.php HTTP/1.1" 200 11781 "-" "Mozilla/5.0 (Windows NT 10.0; Win64; x64) AppleWebKit/537.36 (KHTML, like Gecko) Chrome/151.0.0.0 Safari/537.36"
67.20.112.211 - - [31/Aug/2026:00:31:52 -0500] "POST /wp-login.php HTTP/1.1" 200 7440 "https://devsite.motionave.com/wp-login.php" "Mozilla/5.0 (Windows NT 10.0; Win64; x64) AppleWebKit/537.36 (KHTML, like Gecko) Chrome/151.0.0.0 Safari/537.36"
57.141.4.60 - - [31/Aug/2026:00:34:20 -0500] "GET /post-sitemap.xml HTTP/1.1" 404 5913 "-" "Mozilla/5.0 (Macintosh; Intel Mac OS X 10_15_7) AppleWebKit/537.36 (KHTML, like Gecko) Chrome/145.0.0.0 Safari/537.36 (compatible; meta-externalagent/1.1 (+https://developers.facebook.com/docs/sharing/webmasters/crawler))"
57.141.4.37 - - [31/Aug/2026:00:48:40 -0500] "GET /four-ways-master-customer-service-brand-3/ HTTP/1.1" 404 5913 "-" "Mozilla/5.0 (Windows NT 10.0; Win64; x64) AppleWebKit/537.36 (KHTML, like Gecko) Chrome/145.0.0.0 Safari/537.36 (compatible; meta-externalagent/1.1 (+https://developers.facebook.com/docs/sharing/webmasters/crawler))"
57.141.4.32 - - [31/Aug/2026:00:56:49 -0500] "GET /portfolio-item/toning-commercial-zumba-fitness/ HTTP/1.1" 404 5913 "-" "Mozilla/5.0 (Windows NT 10.0; Win64; x64) AppleWebKit/537.36 (KHTML, like Gecko) Chrome/145.0.0.0 Safari/537.36 (compatible; meta-externalagent/1.1 (+https://developers.facebook.com/docs/sharing/webmasters/crawler))"
207.244.250.86 - - [31/Aug/2026:00:58:49 -0500] "POST /wp-cron.php?doing_wp_cron=1788155929.6626169681549072265625 HTTP/1.1" 200 4887 "-" "WordPress/6.3.10; https://devsite.motionave.com"
168.144.30.105 - - [31/Aug/2026:00:58:46 -0500] "GET /wp-login.php HTTP/1.1" 200 11781 "-" "Mozilla/5.0 (Windows NT 10.0; Win64; x64) AppleWebKit/537.36 (KHTML, like Gecko) Chrome/151.0.0.0 Safari/537.36"
207.244.250.86 - - [31/Aug/2026:01:15:33 -0500] "POST /wp-cron.php?doing_wp_cron=1788156933.7003359794616699218750 HTTP/1.1" 200 4887 "-" "WordPress/6.3.10; https://devsite.motionave.com"
69.6.225.195 - - [31/Aug/2026:01:15:31 -0500] "GET /wp-login.php HTTP/1.1" 200 11781 "-" "Mozilla/5.0 (Windows NT 10.0; Win64; x64) AppleWebKit/537.36 (KHTML, like Gecko) Chrome/151.0.0.0 Safari/537.36"
69.6.225.195 - - [31/Aug/2026:01:15:33 -0500] "POST /wp-login.php HTTP/1.1" 200 7440 "https://devsite.motionave.com/wp-login.php" "Mozilla/5.0 (Windows NT 10.0; Win64; x64) AppleWebKit/537.36 (KHTML, like Gecko) Chrome/151.0.0.0 Safari/537.36"
57.141.4.42 - - [31/Aug/2026:01:20:10 -0500] "GET /how-to-rock-split-testing-on-facebook-ads/ HTTP/1.1" 404 5913 "-" "Mozilla/5.0 (X11; Linux x86_64) AppleWebKit/537.36 (KHTML, like Gecko) Chrome/145.0.0.0 Safari/537.36 (compatible; meta-externalagent/1.1 (+https://developers.facebook.com/docs/sharing/webmasters/crawler))"
94.154.43.74 - - [31/Aug/2026:01:23:36 -0500] "GET /wp-content/plugins/contact-form-7/includes/swv/js/index.js HTTP/1.1" 200 15861 "-" "Mozilla/5.0 (Windows NT 10.0; Win64; x64) AppleWebKit/537.36 (KHTML, like Gecko) Chrome/147.0.0.0 Safari/537.36"
94.154.43.164 - - [31/Aug/2026:01:24:07 -0500] "GET /wp-content/plugins/contact-form-7/includes/js/index.js HTTP/1.1" 200 18034 "-" "Mozilla/5.0 (Windows NT 10.0; Win64; x64) AppleWebKit/537.36 (KHTML, like Gecko) Chrome/147.0.0.0 Safari/537.36"
57.141.4.55 - - [31/Aug/2026:01:31:06 -0500] "GET /how-to-build-strong-customer-relationship/image1-8/ HTTP/1.1" 404 5913 "-" "Mozilla/5.0 (Macintosh; Intel Mac OS X 10_15_7) AppleWebKit/537.36 (KHTML, like Gecko) Chrome/145.0.0.0 Safari/537.36 (compatible; meta-externalagent/1.1 (+https://developers.facebook.com/docs/sharing/webmasters/crawler))"
57.141.4.53 - - [31/Aug/2026:01:35:08 -0500] "GET /our-you-use-video-marketing-our-you-have-a-disadvantage-3/ HTTP/1.1" 404 5913 "-" "Mozilla/5.0 (Macintosh; Intel Mac OS X 10_15_7) AppleWebKit/537.36 (KHTML, like Gecko) Chrome/145.0.0.0 Safari/537.36 (compatible; meta-externalagent/1.1 (+https://developers.facebook.com/docs/sharing/webmasters/crawler))"
207.244.250.86 - - [31/Aug/2026:01:35:58 -0500] "POST /wp-cron.php?doing_wp_cron=1788158158.2712988853454589843750 HTTP/1.1" 200 4887 "-" "WordPress/6.3.10; https://devsite.motionave.com"
198.54.125.68 - - [31/Aug/2026:01:35:56 -0500] "GET /wp-login.php HTTP/1.1" 200 11781 "-" "Mozilla/5.0 (Windows NT 10.0; Win64; x64) AppleWebKit/537.36 (KHTML, like Gecko) Chrome/151.0.0.0 Safari/537.36"
198.54.125.68 - - [31/Aug/2026:01:36:01 -0500] "POST /wp-login.php HTTP/1.1" 200 7440 "https://devsite.motionave.com/wp-login.php" "Mozilla/5.0 (Windows NT 10.0; Win64; x64) AppleWebKit/537.36 (KHTML, like Gecko) Chrome/151.0.0.0 Safari/537.36"
57.141.4.4 - - [31/Aug/2026:01:36:04 -0500] "GET /marketing-updates-with-motion-ave-2/motion_-blog-post-may-2/ HTTP/1.1" 404 5913 "-" "Mozilla/5.0 (X11; Linux x86_64) AppleWebKit/537.36 (KHTML, like Gecko) Chrome/145.0.0.0 Safari/537.36 (compatible; meta-externalagent/1.1 (+https://developers.facebook.com/docs/sharing/webmasters/crawler))"
57.141.4.3 - - [31/Aug/2026:01:42:44 -0500] "GET /avoid-pitfalls-clickbait-3/ HTTP/1.1" 404 5913 "-" "Mozilla/5.0 (Macintosh; Intel Mac OS X 10_15_7) AppleWebKit/537.36 (KHTML, like Gecko) Chrome/145.0.0.0 Safari/537.36 (compatible; meta-externalagent/1.1 (+https://developers.facebook.com/docs/sharing/webmasters/crawler))"
207.244.250.86 - - [31/Aug/2026:01:45:56 -0500] "POST /wp-cron.php?doing_wp_cron=1788158756.6185889244079589843750 HTTP/1.1" 200 4887 "-" "WordPress/6.3.10; https://devsite.motionave.com"
108.167.161.80 - - [31/Aug/2026:01:45:54 -0500] "GET /wp-login.php HTTP/1.1" 200 11781 "-" "Mozilla/5.0 (Windows NT 10.0; Win64; x64) AppleWebKit/537.36 (KHTML, like Gecko) Chrome/151.0.0.0 Safari/537.36"
57.141.4.70 - - [31/Aug/2026:01:47:16 -0500] "GET /5-reasons-why-we-love-the-facebook-pixel-and-you-should-too/ HTTP/1.1" 404 5913 "-" "Mozilla/5.0 (Windows NT 10.0; Win64; x64) AppleWebKit/537.36 (KHTML, like Gecko) Chrome/145.0.0.0 Safari/537.36 (compatible; meta-externalagent/1.1 (+https://developers.facebook.com/docs/sharing/webmasters/crawler))"
108.167.161.80 - - [31/Aug/2026:01:45:56 -0500] "POST /wp-login.php HTTP/1.1" 200 7440 "https://devsite.motionave.com/wp-login.php" "Mozilla/5.0 (Windows NT 10.0; Win64; x64) AppleWebKit/537.36 (KHTML, like Gecko) Chrome/151.0.0.0 Safari/537.36"
57.141.4.18 - - [31/Aug/2026:01:47:42 -0500] "GET /our-you-use-video-marketing-our-you-have-a-disadvantage/9774499486_6dc5bffa4d_z/ HTTP/1.1" 404 5913 "-" "Mozilla/5.0 (Macintosh; Intel Mac OS X 10_15_7) AppleWebKit/537.36 (KHTML, like Gecko) Chrome/145.0.0.0 Safari/537.36 (compatible; meta-externalagent/1.1 (+https://developers.facebook.com/docs/sharing/webmasters/crawler))"
40.77.167.68 - - [31/Aug/2026:01:48:43 -0500] "GET /8-secrets-create-killer-facebook-ads/image14/ HTTP/1.1" 404 5890 "-" "Mozilla/5.0 AppleWebKit/537.36 (KHTML, like Gecko; compatible; bingbot/2.0; +http://www.bing.com/bingbot.htm) Chrome/116.0.1938.76 Safari/537.36"
207.244.250.86 - - [31/Aug/2026:01:56:24 -0500] "POST /wp-cron.php?doing_wp_cron=1788159384.0107150077819824218750 HTTP/1.1" 200 4887 "-" "WordPress/6.3.10; https://devsite.motionave.com"
161.248.201.7 - - [31/Aug/2026:01:56:21 -0500] "GET /wp-login.php HTTP/1.1" 200 11781 "-" "161.248.201.7"
161.248.201.7 - - [31/Aug/2026:01:56:24 -0500] "POST /wp-login.php HTTP/1.1" 200 7440 "https://devsite.motionave.com/wp-login.php" "161.248.201.7"
207.244.250.86 - - [31/Aug/2026:01:58:47 -0500] "POST /wp-cron.php?doing_wp_cron=1788159527.2065110206604003906250 HTTP/1.1" 200 4887 "-" "WordPress/6.3.10; https://devsite.motionave.com"
129.121.65.255 - - [31/Aug/2026:01:58:45 -0500] "GET /wp-login.php HTTP/1.1" 200 11781 "-" "Mozilla/5.0 (Windows NT 10.0; Win64; x64) AppleWebKit/537.36 (KHTML, like Gecko) Chrome/151.0.0.0 Safari/537.36"
129.121.65.255 - - [31/Aug/2026:01:58:47 -0500] "POST /wp-login.php HTTP/1.1" 200 7440 "https://devsite.motionave.com/wp-login.php" "Mozilla/5.0 (Windows NT 10.0; Win64; x64) AppleWebKit/537.36 (KHTML, like Gecko) Chrome/151.0.0.0 Safari/537.36"
57.141.4.64 - - [31/Aug/2026:02:02:48 -0500] "GET /portfolio-category/featured-work/ HTTP/1.1" 404 5913 "-" "Mozilla/5.0 (Windows NT 10.0; Win64; x64) AppleWebKit/537.36 (KHTML, like Gecko) Chrome/145.0.0.0 Safari/537.36 (compatible; meta-externalagent/1.1 (+https://developers.facebook.com/docs/sharing/webmasters/crawler))"
57.141.4.52 - - [31/Aug/2026:02:07:19 -0500] "GET /jan-pro-case-study/cstudy_header_janpro_/ HTTP/1.1" 404 5913 "-" "Mozilla/5.0 (Windows NT 10.0; Win64; x64) AppleWebKit/537.36 (KHTML, like Gecko) Chrome/145.0.0.0 Safari/537.36 (compatible; meta-externalagent/1.1 (+https://developers.facebook.com/docs/sharing/webmasters/crawler))"
57.141.4.62 - - [31/Aug/2026:02:10:00 -0500] "GET /wireframes-o-mockups-diferencia/ HTTP/1.1" 404 5913 "-" "Mozilla/5.0 (X11; Linux x86_64) AppleWebKit/537.36 (KHTML, like Gecko) Chrome/145.0.0.0 Safari/537.36 (compatible; meta-externalagent/1.1 (+https://developers.facebook.com/docs/sharing/webmasters/crawler))"
52.167.144.21 - - [31/Aug/2026:02:14:06 -0500] "GET /brand-communication-tragedy-5-essential-tips-authentic-messages/radiohead2/ HTTP/1.1" 404 5890 "-" "Mozilla/5.0 AppleWebKit/537.36 (KHTML, like Gecko; compatible; bingbot/2.0; +http://www.bing.com/bingbot.htm) Chrome/116.0.1938.76 Safari/537.36"
57.141.4.3 - - [31/Aug/2026:02:24:25 -0500] "GET /marketing-updates-with-motion-ave-12/ HTTP/1.1" 404 5913 "-" "Mozilla/5.0 (Windows NT 10.0; Win64; x64) AppleWebKit/537.36 (KHTML, like Gecko) Chrome/145.0.0.0 Safari/537.36 Edg/145.0.0.0 (compatible; meta-externalagent/1.1 (+https://developers.facebook.com/docs/sharing/webmasters/crawler))"
207.244.250.86 - - [31/Aug/2026:02:32:28 -0500] "POST /wp-cron.php?doing_wp_cron=1788161548.7213909626007080078125 HTTP/1.1" 200 4887 "-" "WordPress/6.3.10; https://devsite.motionave.com"
80.150.6.150 - - [31/Aug/2026:02:32:25 -0500] "GET /wp-login.php HTTP/1.1" 200 11781 "-" "Mozilla/5.0 (Windows NT 10.0; Win64; x64) AppleWebKit/537.36 (KHTML, like Gecko) Chrome/151.0.0.0 Safari/537.36"
80.150.6.150 - - [31/Aug/2026:02:32:28 -0500] "POST /wp-login.php HTTP/1.1" 200 7440 "https://devsite.motionave.com/wp-login.php" "Mozilla/5.0 (Windows NT 10.0; Win64; x64) AppleWebKit/537.36 (KHTML, like Gecko) Chrome/151.0.0.0 Safari/537.36"
57.141.4.53 - - [31/Aug/2026:02:36:16 -0500] "GET /marketing-updates-with-motion-ave-20/ HTTP/1.1" 404 5913 "-" "Mozilla/5.0 (Windows NT 10.0; Win64; x64) AppleWebKit/537.36 (KHTML, like Gecko) Chrome/145.0.0.0 Safari/537.36 (compatible; meta-externalagent/1.1 (+https://developers.facebook.com/docs/sharing/webmasters/crawler))"
57.141.4.47 - - [31/Aug/2026:02:36:55 -0500] "GET /marketing-updates-with-motion-ave-34/ HTTP/1.1" 404 5913 "-" "Mozilla/5.0 (Macintosh; Intel Mac OS X 10_15_7) AppleWebKit/537.36 (KHTML, like Gecko) Chrome/145.0.0.0 Safari/537.36 (compatible; meta-externalagent/1.1 (+https://developers.facebook.com/docs/sharing/webmasters/crawler))"
57.141.4.10 - - [31/Aug/2026:02:37:12 -0500] "GET /marketing-updates-with-motion-ave-45/ HTTP/1.1" 404 5913 "-" "Mozilla/5.0 (Windows NT 10.0; Win64; x64) AppleWebKit/537.36 (KHTML, like Gecko) Chrome/145.0.0.0 Safari/537.36 (compatible; meta-externalagent/1.1 (+https://developers.facebook.com/docs/sharing/webmasters/crawler))"
57.141.4.46 - - [31/Aug/2026:02:48:02 -0500] "GET /marketing-updates-with-motion-ave-8/ HTTP/1.1" 404 5913 "-" "Mozilla/5.0 (Windows NT 10.0; Win64; x64) AppleWebKit/537.36 (KHTML, like Gecko) Chrome/145.0.0.0 Safari/537.36 (compatible; meta-externalagent/1.1 (+https://developers.facebook.com/docs/sharing/webmasters/crawler))"
207.244.250.86 - - [31/Aug/2026:02:48:14 -0500] "POST /wp-cron.php?doing_wp_cron=1788162494.0675559043884277343750 HTTP/1.1" 200 4887 "-" "WordPress/6.3.10; https://devsite.motionave.com"
162.240.171.12 - - [31/Aug/2026:02:48:11 -0500] "GET /wp-login.php HTTP/1.1" 200 11781 "-" "162.240.171.12"
162.240.171.12 - - [31/Aug/2026:02:48:14 -0500] "POST /wp-login.php HTTP/1.1" 200 7440 "https://devsite.motionave.com/wp-login.php" "162.240.171.12"
57.141.4.57 - - [31/Aug/2026:02:49:35 -0500] "GET /facebook-ads-work-for-b2b-companies-part-2/ HTTP/1.1" 404 5913 "-" "Mozilla/5.0 (Macintosh; Intel Mac OS X 10_15_7) AppleWebKit/537.36 (KHTML, like Gecko) Chrome/145.0.0.0 Safari/537.36 (compatible; meta-externalagent/1.1 (+https://developers.facebook.com/docs/sharing/webmasters/crawler))"
57.141.4.28 - - [31/Aug/2026:02:51:30 -0500] "GET /wireframes-o-mockups-diferencia/blog-tabla/ HTTP/1.1" 404 5913 "-" "Mozilla/5.0 (Windows NT 10.0; Win64; x64) AppleWebKit/537.36 (KHTML, like Gecko) Chrome/145.0.0.0 Safari/537.36 (compatible; meta-externalagent/1.1 (+https://developers.facebook.com/docs/sharing/webmasters/crawler))"
57.141.4.8 - - [31/Aug/2026:02:53:16 -0500] "GET /guide-for-creating-initial-strategy-will-set-your-business-for-success-part-1/motion_-blog-post-jun-2/ HTTP/1.1" 404 5913 "-" "Mozilla/5.0 (Windows NT 10.0; Win64; x64) AppleWebKit/537.36 (KHTML, like Gecko) Chrome/145.0.0.0 Safari/537.36 (compatible; meta-externalagent/1.1 (+https://developers.facebook.com/docs/sharing/webmasters/crawler))"
57.141.4.46 - - [31/Aug/2026:03:03:12 -0500] "GET /marketing-updates-with-motion-ave-2/ HTTP/1.1" 404 5913 "-" "Mozilla/5.0 (Windows NT 10.0; Win64; x64) AppleWebKit/537.36 (KHTML, like Gecko) Chrome/145.0.0.0 Safari/537.36 (compatible; meta-externalagent/1.1 (+https://developers.facebook.com/docs/sharing/webmasters/crawler))"
207.244.250.86 - - [31/Aug/2026:03:05:04 -0500] "POST /wp-cron.php?doing_wp_cron=1788163504.3726999759674072265625 HTTP/1.1" 200 4887 "-" "WordPress/6.3.10; https://devsite.motionave.com"
164.52.218.210 - - [31/Aug/2026:03:05:00 -0500] "GET /wp-login.php HTTP/1.1" 200 11781 "-" "164.52.218.210"
